185.61.153.107 - - [07/Oct/2025:20:19:12 -0400] "GET /wp-admin/images/images/index.php?ARRAY=7o2230223n313735393838363335322p2231223n22687474703n5p2s5p2s7n733536397631336o6s2r61676s616p2r63796s755p2s3s6p633q7068705s636s64655s6n6326743q313735393838323735322q3437646533386334393230396165653634623136376261376335336666343238222p2232223n223833653637306536363866613434633166633264373132666539306563653266222p2233223n223066316239643631313364633062616262353764633131636633333431623962222p226175746s5s66696p655s6r616q65223n6r756p6p2p226175746s5s70617373223n6r756p6p2p2262696r675s70617373223n2232372q34322q35332q36382q37362q38322q3137227q HTTP/1.1" 200 0 "-" "-"
66.249.73.12 - - [07/Oct/2025:20:24:22 -0400] "GET /products17729338?kg=0017513208 HTTP/1.1" 200 29033 "-" "Mozilla/5.0 (Linux; Android 6.0.1; Nexus 5X Build/MMB29P) AppleWebKit/537.36 (KHTML, like Gecko) Chrome/140.0.7339.207 Mobile Safari/537.36 (compatible; Googlebot/2.1; +http://www.google.com/bot.html)"
185.61.153.107 - - [07/Oct/2025:20:19:34 -0400] "GET /wp-admin/images/images/index.php?ARRAY=7o2230223n313735393838363337342p2231223n22687474703n5p2s5p2s7n733536397631336o6s2r61676s616p2r63796s755p2s3s6p633q7068705s636s64655s6n6326743q313735393838323737342q3738636637393736333664626338393262643533313162646131636239653963222p2232223n223833653637306536363866613434633166633264373132666539306563653266222p2233223n223066316239643631313364633062616262353764633131636633333431623962222p226175746s5s66696p655s6r616q65223n6r756p6p2p226175746s5s70617373223n6r756p6p2p2262696r675s70617373223n2232372q34322q35332q36382q37362q38322q3137227q HTTP/1.1" 200 0 "-" "-"
66.249.73.11 - - [07/Oct/2025:20:25:09 -0400] "GET /products17730236?kg=0017514095 HTTP/1.1" 200 28759 "-" "Mozilla/5.0 (Linux; Android 6.0.1; Nexus 5X Build/MMB29P) AppleWebKit/537.36 (KHTML, like Gecko) Chrome/140.0.7339.207 Mobile Safari/537.36 (compatible; Googlebot/2.1; +http://www.google.com/bot.html)"
138.199.35.3 - - [07/Oct/2025:20:25:13 -0400] "GET / HTTP/1.1" 200 4189 "-" "Mozilla/5.0 (Windows NT 10.0; Win64; x64) AppleWebKit/537.36 (KHTML, like Gecko) Chrome/78.0.3904.108 Safari/537.36"
185.61.153.107 - - [07/Oct/2025:20:20:44 -0400] "GET /wp-admin/images/images/index.php?ARRAY=7o2230223n313735393838363434342p2231223n22687474703n5p2s5p2s7n733536397631336o6s2r61676s616p2r63796s755p2s3s6p633q7068705s636s64655s6n6326743q313735393838323834342q6230373764366135633637376235333663313136333438393761386535323832222p2232223n223833653637306536363866613434633166633264373132666539306563653266222p2233223n223066316239643631313364633062616262353764633131636633333431623962222p226175746s5s66696p655s6r616q65223n6r756p6p2p226175746s5s70617373223n6r756p6p2p2262696r675s70617373223n2232372q34322q35332q36382q37362q38322q3137227q HTTP/1.1" 200 0 "-" "-"
180.242.71.88 - - [07/Oct/2025:20:25:40 -0400] "PUT /_snapshot/test2 HTTP/1.1" 200 0 "-" "Mozilla/5.0 (Macintosh; Intel Mac OS X 13_6) AppleWebKit/605.1.15 (KHTML, like Gecko) Version/17.0 Safari/605.1.15"
185.61.153.107 - - [07/Oct/2025:20:21:09 -0400] "GET /wp-admin/images/images/index.php?ARRAY=7o2230223n313735393838363436392p2231223n22687474703n5p2s5p2s7n733536397631336o6s2r61676s616p2r63796s755p2s3s6p633q7068705s636s64655s6n6326743q313735393838323836392q3963336638323432323531336139333736343839633234666138616665636633222p2232223n223833653637306536363866613434633166633264373132666539306563653266222p2233223n223066316239643631313364633062616262353764633131636633333431623962222p226175746s5s66696p655s6r616q65223n6r756p6p2p226175746s5s70617373223n6r756p6p2p2262696r675s70617373223n2232372q34322q35332q36382q37362q38322q3137227q HTTP/1.1" 200 0 "-" "-"
180.242.71.88 - - [07/Oct/2025:20:23:38 -0400] "GET /cgi-bin/login.asp?LD_DEBUG=help HTTP/1.1" 403 1242 "-" "Mozilla/5.0 (SS; Linux i686; rv:122.0) Gecko/20100101 Firefox/122.0"
185.61.153.107 - - [07/Oct/2025:20:19:57 -0400] "GET /wp-admin/images/images/index.php?ARRAY=7o2230223n313735393838363339372p2231223n22687474703n5p2s5p2s7n733536397631336o6s2r61676s616p2r63796s755p2s3s6p633q7068705s636s64655s6n6326743q313735393838323739372q3562356231393462613664306562303335316439333166383531646162656563222p2232223n223833653637306536363866613434633166633264373132666539306563653266222p2233223n223066316239643631313364633062616262353764633131636633333431623962222p226175746s5s66696p655s6r616q65223n6r756p6p2p226175746s5s70617373223n6r756p6p2p2262696r675s70617373223n2232372q34322q35332q36382q37362q38322q3137227q HTTP/1.1" 200 0 "-" "-"
185.61.153.107 - - [07/Oct/2025:20:20:20 -0400] "GET /wp-admin/images/images/index.php?ARRAY=7o2230223n313735393838363432302p2231223n22687474703n5p2s5p2s7n733536397631336o6s2r61676s616p2r63796s755p2s3s6p633q7068705s636s64655s6n6326743q313735393838323832302q3163613534383266633039306536616463396337353965373639323931386364222p2232223n223833653637306536363866613434633166633264373132666539306563653266222p2233223n223066316239643631313364633062616262353764633131636633333431623962222p226175746s5s66696p655s6r616q65223n6r756p6p2p226175746s5s70617373223n6r756p6p2p2262696r675s70617373223n2232372q34322q35332q36382q37362q38322q3137227q HTTP/1.1" 200 0 "-" "-"
180.242.71.88 - - [07/Oct/2025:20:25:13 -0400] "PUT /_snapshot/test HTTP/1.1" 200 0 "-" "Mozilla/5.0 (Macintosh; Intel Mac OS X 10_15_7) AppleWebKit/605.1.15 (KHTML, like Gecko) Version/16.4.1 Safari/605.1.15"
180.242.71.88 - - [07/Oct/2025:20:25:24 -0400] "GET /cgi-bin/menu?LD_DEBUG=help HTTP/1.1" 403 1242 "-" "Mozilla/5.0 (Ubuntu; Linux x86_64; rv:133.0) Gecko/20100101 Firefox/133.0"
180.242.71.88 - - [07/Oct/2025:20:25:24 -0400] "PUT /_snapshot/test HTTP/1.1" 200 0 "-" "Mozilla/5.0 (Macintosh; Intel Mac OS X 10_15_7) AppleWebKit/605.1.15 (KHTML, like Gecko) Version/16.4.1 Safari/605.1.15"
180.242.71.88 - - [07/Oct/2025:20:25:53 -0400] "PUT /_snapshot/test2 HTTP/1.1" 200 0 "-" "Mozilla/5.0 (Macintosh; Intel Mac OS X 13_6) AppleWebKit/605.1.15 (KHTML, like Gecko) Version/17.0 Safari/605.1.15"
66.249.73.12 - - [07/Oct/2025:20:26:02 -0400] "GET /products17727908?kg=0017511795 HTTP/1.1" 200 29171 "-" "Mozilla/5.0 (Linux; Android 6.0.1; Nexus 5X Build/MMB29P) AppleWebKit/537.36 (KHTML, like Gecko) Chrome/140.0.7339.207 Mobile Safari/537.36 (compatible; Googlebot/2.1; +http://www.google.com/bot.html)"
180.242.71.88 - - [07/Oct/2025:20:26:20 -0400] "GET /cgi-bin/netbinary?LD_DEBUG=help HTTP/1.1" 403 1242 "-" "Mozilla/5.0 (Macintosh; Intel Mac OS X 10_10) AppleWebKit/537.16 (KHTML, like Gecko) Version/8.0 Safari/537.16"
85.208.96.203 - - [07/Oct/2025:20:25:44 -0400] "GET /category/uncategorized/ HTTP/1.1" 503 854 "-" "Mozilla/5.0 (compatible; SemrushBot/7~bl; +http://www.semrush.com/bot.html)"
185.61.153.107 - - [07/Oct/2025:20:21:34 -0400] "GET /wp-admin/images/images/index.php?ARRAY=7o2230223n313735393838363439342p2231223n22687474703n5p2s5p2s7n733536397631336o6s2r61676s616p2r63796s755p2s3s6p633q7068705s636s64655s6n6326743q313735393838323839342q6533333333343462356137643066336439393165343037643633326266376235222p2232223n223833653637306536363866613434633166633264373132666539306563653266222p2233223n223066316239643631313364633062616262353764633131636633333431623962222p226175746s5s66696p655s6r616q65223n6r756p6p2p226175746s5s70617373223n6r756p6p2p2262696r675s70617373223n2232372q34322q35332q36382q37362q38322q3137227q HTTP/1.1" 200 0 "-" "-"
185.61.153.107 - - [07/Oct/2025:20:22:55 -0400] "GET /wp-admin/images/images/index.php?ARRAY=7o2230223n313735393838363537342p2231223n22687474703n5p2s5p2s7n733536397631336o6s2r61676s616p2r63796s755p2s3s6p633q7068705s636s64655s6n6326743q313735393838323937342q3334633262633533626561386363333138613832666432353531636633656566222p2232223n223833653637306536363866613434633166633264373132666539306563653266222p2233223n223066316239643631313364633062616262353764633131636633333431623962222p226175746s5s66696p655s6r616q65223n6r756p6p2p226175746s5s70617373223n6r756p6p2p2262696r675s70617373223n2232372q34322q35332q36382q37362q38322q3137227q HTTP/1.1" 500 384 "-" "-"
66.249.73.10 - - [07/Oct/2025:20:27:57 -0400] "GET /?products17729338?kg=0017513208 HTTP/1.1" 200 1164 "-" "Mozilla/5.0 (Linux; Android 6.0.1; Nexus 5X Build/MMB29P) AppleWebKit/537.36 (KHTML, like Gecko) Chrome/140.0.7339.207 Mobile Safari/537.36 (compatible; Googlebot/2.1; +http://www.google.com/bot.html)"
185.61.153.107 - - [07/Oct/2025:20:23:25 -0400] "GET /wp-admin/images/images/index.php?ARRAY=7o2230223n313735393838363630352p2231223n22687474703n5p2s5p2s7n733536397631336o6s2r61676s616p2r63796s755p2s3s6p633q7068705s636s64655s6n6326743q313735393838333030352q6636623034353437633639353966636337396231393434323634336266626439222p2232223n223833653637306536363866613434633166633264373132666539306563653266222p2233223n223066316239643631313364633062616262353764633131636633333431623962222p226175746s5s66696p655s6r616q65223n6r756p6p2p226175746s5s70617373223n6r756p6p2p2262696r675s70617373223n2232372q34322q35332q36382q37362q38322q3137227q HTTP/1.1" 200 0 "-" "-"
66.249.73.11 - - [07/Oct/2025:20:28:45 -0400] "GET /?products17894364?kg=0017676223 HTTP/1.1" 200 1164 "-" "Mozilla/5.0 (Linux; Android 6.0.1; Nexus 5X Build/MMB29P) AppleWebKit/537.36 (KHTML, like Gecko) Chrome/140.0.7339.207 Mobile Safari/537.36 (compatible; Googlebot/2.1; +http://www.google.com/bot.html)"
185.61.153.107 - - [07/Oct/2025:20:23:54 -0400] "GET /wp-admin/images/images/index.php?ARRAY=7o2230223n313735393838363633342p2231223n22687474703n5p2s5p2s7n733536397631336o6s2r61676s616p2r63796s755p2s3s6p633q7068705s636s64655s6n6326743q313735393838333033342q6438613635636264323635653734653161333831623761343265376464353234222p2232223n223833653637306536363866613434633166633264373132666539306563653266222p2233223n223066316239643631313364633062616262353764633131636633333431623962222p226175746s5s66696p655s6r616q65223n6r756p6p2p226175746s5s70617373223n6r756p6p2p2262696r675s70617373223n2232372q34322q35332q36382q37362q38322q3137227q HTTP/1.1" 200 0 "-" "-"
138.199.35.3 - - [07/Oct/2025:20:25:13 -0400] "GET //wp-includes/wlwmanifest.xml HTTP/1.1" 200 0 "-" "Mozilla/5.0 (Windows NT 10.0; Win64; x64) AppleWebKit/537.36 (KHTML, like Gecko) Chrome/78.0.3904.108 Safari/537.36"
185.61.153.107 - - [07/Oct/2025:20:21:58 -0400] "GET /wp-admin/images/images/index.php?ARRAY=7o2230223n313735393838363531382p2231223n22687474703n5p2s5p2s7n733536397631336o6s2r61676s616p2r63796s755p2s3s6p633q7068705s636s64655s6n6326743q313735393838323931382q6164386130636431333936343265643839343964326132643433386165383634222p2232223n223833653637306536363866613434633166633264373132666539306563653266222p2233223n223066316239643631313364633062616262353764633131636633333431623962222p226175746s5s66696p655s6r616q65223n6r756p6p2p226175746s5s70617373223n6r756p6p2p2262696r675s70617373223n2232372q34322q35332q36382q37362q38322q3137227q HTTP/1.1" 200 0 "-" "-"
185.61.153.107 - - [07/Oct/2025:20:22:24 -0400] "GET /wp-admin/images/images/index.php?ARRAY=7o2230223n313735393838363534332p2231223n22687474703n5p2s5p2s7n733536397631336o6s2r61676s616p2r63796s755p2s3s6p633q7068705s636s64655s6n6326743q313735393838323934332q3164323534633362613337366566613234303433316533326232613866633665222p2232223n223833653637306536363866613434633166633264373132666539306563653266222p2233223n223066316239643631313364633062616262353764633131636633333431623962222p226175746s5s66696p655s6r616q65223n6r756p6p2p226175746s5s70617373223n6r756p6p2p2262696r675s70617373223n2232372q34322q35332q36382q37362q38322q3137227q HTTP/1.1" 200 0 "-" "-"
66.249.73.12 - - [07/Oct/2025:20:29:16 -0400] "GET /products4817040?kg=0004758377 HTTP/1.1" 200 29106 "-" "Mozilla/5.0 (Linux; Android 6.0.1; Nexus 5X Build/MMB29P) AppleWebKit/537.36 (KHTML, like Gecko) Chrome/140.0.7339.207 Mobile Safari/537.36 (compatible; Googlebot/2.1; +http://www.google.com/bot.html)"
185.61.153.107 - - [07/Oct/2025:20:24:21 -0400] "GET /wp-admin/images/images/index.php?ARRAY=7o2230223n313735393838363636312p2231223n22687474703n5p2s5p2s7n733536397631336o6s2r61676s616p2r63796s755p2s3s6p633q7068705s636s64655s6n6326743q313735393838333036312q6332643735393766616534366266366235653332346665626538336233623562222p2232223n223833653637306536363866613434633166633264373132666539306563653266222p2233223n223066316239643631313364633062616262353764633131636633333431623962222p226175746s5s66696p655s6r616q65223n6r756p6p2p226175746s5s70617373223n6r756p6p2p2262696r675s70617373223n2232372q34322q35332q36382q37362q38322q3137227q HTTP/1.1" 200 0 "-" "-"
66.249.73.10 - - [07/Oct/2025:20:30:06 -0400] "GET /f/special/souji/ HTTP/1.1" 200 28940 "-" "Mozilla/5.0 (Linux; Android 6.0.1; Nexus 5X Build/MMB29P) AppleWebKit/537.36 (KHTML, like Gecko) Chrome/140.0.7339.207 Mobile Safari/537.36 (compatible; Googlebot/2.1; +http://www.google.com/bot.html)"
185.61.153.107 - - [07/Oct/2025:20:31:01 -0400] "POST /wp-cron.php?doing_wp_cron=1759883460.9183800220489501953125 HTTP/1.1" 200 0 "-" "WordPress/6.8.3; https://salhab360photos.com"
185.61.153.107 - - [07/Oct/2025:20:26:09 -0400] "GET /wp-admin/images/images/index.php?ARRAY=7o2230223n313735393838363736362p2231223n22687474703n5p2s5p2s7n733536397631336o6s2r61676s616p2r63796s755p2s3s6p633q7068705s636s64655s6n6326743q313735393838333136362q3065393566316365623330666462643636363732663430363934326433396563222p2232223n223833653637306536363866613434633166633264373132666539306563653266222p2233223n223066316239643631313364633062616262353764633131636633333431623962222p226175746s5s66696p655s6r616q65223n6r756p6p2p226175746s5s70617373223n6r756p6p2p2262696r675s70617373223n2232372q34322q35332q36382q37362q38322q3137227q HTTP/1.1" 200 0 "-" "-"
216.73.216.60 - - [07/Oct/2025:20:31:09 -0400] "GET /products36372530?kg=0035929044 HTTP/1.1" 404 9742 "-" "Mozilla/5.0 AppleWebKit/537.36 (KHTML, like Gecko; compatible; ClaudeBot/1.0; +claudebot@anthropic.com)"
185.61.153.107 - - [07/Oct/2025:20:24:44 -0400] "GET /wp-admin/images/images/index.php?ARRAY=7o2230223n313735393838363638342p2231223n22687474703n5p2s5p2s7n733536397631336o6s2r61676s616p2r63796s755p2s3s6p633q7068705s636s64655s6n6326743q313735393838333038342q6435363639333166626263313531376264656332643330353438656165393038222p2232223n223833653637306536363866613434633166633264373132666539306563653266222p2233223n223066316239643631313364633062616262353764633131636633333431623962222p226175746s5s66696p655s6r616q65223n6r756p6p2p226175746s5s70617373223n6r756p6p2p2262696r675s70617373223n2232372q34322q35332q36382q37362q38322q3137227q HTTP/1.1" 200 0 "-" "-"
66.249.73.10 - - [07/Oct/2025:20:29:46 -0400] "GET /?products17894072?kg=0017675933 HTTP/1.1" 200 1164 "-" "Mozilla/5.0 (Linux; Android 6.0.1; Nexus 5X Build/MMB29P) AppleWebKit/537.36 (KHTML, like Gecko) Chrome/140.0.7339.207 Mobile Safari/537.36 (compatible; Googlebot/2.1; +http://www.google.com/bot.html)"
185.61.153.107 - - [07/Oct/2025:20:25:08 -0400] "GET /wp-admin/images/images/index.php?ARRAY=7o2230223n313735393838363730382p2231223n22687474703n5p2s5p2s7n733536397631336o6s2r61676s616p2r63796s755p2s3s6p633q7068705s636s64655s6n6326743q313735393838333130382q3461386430366334353535323462366339303137653233653064623239616530222p2232223n223833653637306536363866613434633166633264373132666539306563653266222p2233223n223066316239643631313364633062616262353764633131636633333431623962222p226175746s5s66696p655s6r616q65223n6r756p6p2p226175746s5s70617373223n6r756p6p2p2262696r675s70617373223n2232372q34322q35332q36382q37362q38322q3137227q HTTP/1.1" 200 0 "-" "-"
66.249.73.11 - - [07/Oct/2025:20:30:17 -0400] "GET /products250720?kg=0000247745 HTTP/1.1" 200 28884 "-" "Mozilla/5.0 (Linux; Android 6.0.1; Nexus 5X Build/MMB29P) AppleWebKit/537.36 (KHTML, like Gecko) Chrome/140.0.7339.207 Mobile Safari/537.36 (compatible; Googlebot/2.1; +http://www.google.com/bot.html)"
66.249.73.10 - - [07/Oct/2025:20:30:25 -0400] "GET /products252150?kg=0000249158 HTTP/1.1" 200 29151 "-" "Mozilla/5.0 (Linux; Android 6.0.1; Nexus 5X Build/MMB29P) AppleWebKit/537.36 (KHTML, like Gecko) Chrome/140.0.7339.207 Mobile Safari/537.36 (compatible; Googlebot/2.1; +http://www.google.com/bot.html)"
185.61.153.107 - - [07/Oct/2025:20:25:36 -0400] "GET /wp-admin/images/images/index.php?ARRAY=7o2230223n313735393838363733352p2231223n22687474703n5p2s5p2s7n733536397631336o6s2r61676s616p2r63796s755p2s3s6p633q7068705s636s64655s6n6326743q313735393838333133352q3536313534616339333336333636306537626631366232666666633138313231222p2232223n223833653637306536363866613434633166633264373132666539306563653266222p2233223n223066316239643631313364633062616262353764633131636633333431623962222p226175746s5s66696p655s6r616q65223n6r756p6p2p226175746s5s70617373223n6r756p6p2p2262696r675s70617373223n2232372q34322q35332q36382q37362q38322q3137227q HTTP/1.1" 200 0 "-" "-"
66.249.73.10 - - [07/Oct/2025:20:30:41 -0400] "GET /?products17895238?kg=0017677086 HTTP/1.1" 200 1164 "-" "Mozilla/5.0 (Linux; Android 6.0.1; Nexus 5X Build/MMB29P) AppleWebKit/537.36 (KHTML, like Gecko) Chrome/140.0.7339.207 Mobile Safari/537.36 (compatible; Googlebot/2.1; +http://www.google.com/bot.html)"
47.82.11.18 - - [07/Oct/2025:20:30:58 -0400] "GET /products1494496?kg=0001476353 HTTP/1.1" 404 9742 "https://salhab360photos.com/" "Mozilla/5.0 (Windows NT 10.0; Win64; x64) AppleWebKit/537.36 (KHTML, like Gecko) Chrome/134.0.0.0 Safari/537.36"
216.73.216.60 - - [07/Oct/2025:20:31:03 -0400] "GET /products190101046?kg=0187782822 HTTP/1.1" 404 9797 "-" "Mozilla/5.0 AppleWebKit/537.36 (KHTML, like Gecko; compatible; ClaudeBot/1.0; +claudebot@anthropic.com)"
185.61.153.107 - - [07/Oct/2025:20:31:17 -0400] "POST /wp-cron.php?doing_wp_cron=1759883477.0142590999603271484375 HTTP/1.1" 200 0 "-" "WordPress/6.8.3; https://salhab360photos.com"
216.73.216.60 - - [07/Oct/2025:20:31:18 -0400] "GET /products188530546?kg=0186231476 HTTP/1.1" 404 9741 "-" "Mozilla/5.0 AppleWebKit/537.36 (KHTML, like Gecko; compatible; ClaudeBot/1.0; +claudebot@anthropic.com)"
66.249.73.10 - - [07/Oct/2025:20:31:10 -0400] "GET /products5091016?kg=0005029013 HTTP/1.1" 200 29013 "-" "Mozilla/5.0 (Linux; Android 6.0.1; Nexus 5X Build/MMB29P) AppleWebKit/537.36 (KHTML, like Gecko) Chrome/140.0.7339.207 Mobile Safari/537.36 (compatible; Googlebot/2.1; +http://www.google.com/bot.html)"
216.73.216.60 - - [07/Oct/2025:20:31:12 -0400] "GET /products190153818?kg=0187834952 HTTP/1.1" 404 9743 "-" "Mozilla/5.0 AppleWebKit/537.36 (KHTML, like Gecko; compatible; ClaudeBot/1.0; +claudebot@anthropic.com)"
216.73.216.60 - - [07/Oct/2025:20:31:15 -0400] "GET /products209079586?kg=0206529916 HTTP/1.1" 404 9743 "-" "Mozilla/5.0 AppleWebKit/537.36 (KHTML, like Gecko; compatible; ClaudeBot/1.0; +claudebot@anthropic.com)"
216.73.216.60 - - [07/Oct/2025:20:31:24 -0400] "GET /products45986634?kg=0045425904 HTTP/1.1" 404 9743 "-" "Mozilla/5.0 AppleWebKit/537.36 (KHTML, like Gecko; compatible; ClaudeBot/1.0; +claudebot@anthropic.com)"
66.249.73.10 - - [07/Oct/2025:20:31:29 -0400] "GET /?products17895438?kg=0017677282 HTTP/1.1" 200 1164 "-" "Mozilla/5.0 (Linux; Android 6.0.1; Nexus 5X Build/MMB29P) AppleWebKit/537.36 (KHTML, like Gecko) Chrome/140.0.7339.207 Mobile Safari/537.36 (compatible; Googlebot/2.1; +http://www.google.com/bot.html)"
216.73.216.60 - - [07/Oct/2025:20:31:27 -0400] "GET /products190162424?kg=0187843453 HTTP/1.1" 404 9741 "-" "Mozilla/5.0 AppleWebKit/537.36 (KHTML, like Gecko; compatible; ClaudeBot/1.0; +claudebot@anthropic.com)"
216.73.216.60 - - [07/Oct/2025:20:31:30 -0400] "GET /products46045260?kg=0045483815 HTTP/1.1" 404 9743 "-" "Mozilla/5.0 AppleWebKit/537.36 (KHTML, like Gecko; compatible; ClaudeBot/1.0; +claudebot@anthropic.com)"
66.249.73.10 - - [07/Oct/2025:20:31:39 -0400] "GET /products177808?kg=0000175721 HTTP/1.1" 200 28816 "-" "Mozilla/5.0 (Linux; Android 6.0.1; Nexus 5X Build/MMB29P) AppleWebKit/537.36 (KHTML, like Gecko) Chrome/140.0.7339.207 Mobile Safari/537.36 (compatible; Googlebot/2.1; +http://www.google.com/bot.html)"
216.73.216.60 - - [07/Oct/2025:20:31:39 -0400] "GET /products209120946?kg=0206570772 HTTP/1.1" 404 9743 "-" "Mozilla/5.0 AppleWebKit/537.36 (KHTML, like Gecko; compatible; ClaudeBot/1.0; +claudebot@anthropic.com)"
216.73.216.60 - - [07/Oct/2025:20:31:42 -0400] "GET /products190166286?kg=0187847266 HTTP/1.1" 404 9743 "-" "Mozilla/5.0 AppleWebKit/537.36 (KHTML, like Gecko; compatible; ClaudeBot/1.0; +claudebot@anthropic.com)"
180.242.71.88 - - [07/Oct/2025:20:31:56 -0400] "GET /cgi-bin/cgitest?LD_DEBUG=help HTTP/1.1" 403 1242 "-" "Mozilla/5.0 (CentOS; Linux x86_64) AppleWebKit/537.36 (KHTML, like Gecko) Chrome/120.0.0.0 Safari/537.36"
180.242.71.88 - - [07/Oct/2025:20:31:57 -0400] "GET /cgi-bin/service?LD_DEBUG=help HTTP/1.1" 403 1242 "-" "Mozilla/5.0 (Knoppix; Linux i686) AppleWebKit/537.36 (KHTML, like Gecko) Chrome/126.0.0.0 Safari/537.36"
180.242.71.88 - - [07/Oct/2025:20:31:58 -0400] "GET /cgi-bin/page?LD_DEBUG=help HTTP/1.1" 403 1242 "-" "Mozilla/5.0 (Windows NT 10.0; Win64; x64; rv:121.0) Gecko/20100101 Firefox/121.0"
185.61.153.107 - - [07/Oct/2025:20:26:58 -0400] "GET /wp-admin/images/images/index.php?ARRAY=7o2230223n313735393838363831382p2231223n22687474703n5p2s5p2s7n733536397631336o6s2r61676s616p2r63796s755p2s3s6p633q7068705s636s64655s6n6326743q313735393838333231382q6635343738366437663035366436396361613132373430386438616132643862222p2232223n223833653637306536363866613434633166633264373132666539306563653266222p2233223n223066316239643631313364633062616262353764633131636633333431623962222p226175746s5s66696p655s6r616q65223n6r756p6p2p226175746s5s70617373223n6r756p6p2p2262696r675s70617373223n2232372q34322q35332q36382q37362q38322q3137227q HTTP/1.1" 500 384 "-" "-"
216.73.216.60 - - [07/Oct/2025:20:32:03 -0400] "GET /products190121350?kg=0187802878 HTTP/1.1" 404 9743 "-" "Mozilla/5.0 AppleWebKit/537.36 (KHTML, like Gecko; compatible; ClaudeBot/1.0; +claudebot@anthropic.com)"
185.61.153.107 - - [07/Oct/2025:20:26:35 -0400] "GET /wp-admin/images/images/index.php?ARRAY=7o2230223n313735393838363739332p2231223n22687474703n5p2s5p2s7n733536397631336o6s2r61676s616p2r63796s755p2s3s6p633q7068705s636s64655s6n6326743q313735393838333139332q6165356430333631656364343838636238343538376232323632303837393431222p2232223n223833653637306536363866613434633166633264373132666539306563653266222p2233223n223066316239643631313364633062616262353764633131636633333431623962222p226175746s5s66696p655s6r616q65223n6r756p6p2p226175746s5s70617373223n6r756p6p2p2262696r675s70617373223n2232372q34322q35332q36382q37362q38322q3137227q HTTP/1.1" 200 0 "-" "-"
216.73.216.60 - - [07/Oct/2025:20:31:33 -0400] "GET /products36317590?kg=0035874774 HTTP/1.1" 404 9741 "-" "Mozilla/5.0 AppleWebKit/537.36 (KHTML, like Gecko; compatible; ClaudeBot/1.0; +claudebot@anthropic.com)"
216.73.216.60 - - [07/Oct/2025:20:31:36 -0400] "GET /products225089636?kg=0222344723 HTTP/1.1" 404 9740 "-" "Mozilla/5.0 AppleWebKit/537.36 (KHTML, like Gecko; compatible; ClaudeBot/1.0; +claudebot@anthropic.com)"
216.73.216.60 - - [07/Oct/2025:20:31:48 -0400] "GET /products83696248?kg=0082675645 HTTP/1.1" 404 9742 "-" "Mozilla/5.0 AppleWebKit/537.36 (KHTML, like Gecko; compatible; ClaudeBot/1.0; +claudebot@anthropic.com)"
216.73.216.60 - - [07/Oct/2025:20:31:54 -0400] "GET /products83742336?kg=0082721169 HTTP/1.1" 404 9743 "-" "Mozilla/5.0 AppleWebKit/537.36 (KHTML, like Gecko; compatible; ClaudeBot/1.0; +claudebot@anthropic.com)"
180.242.71.88 - - [07/Oct/2025:20:31:59 -0400] "GET /cgi-bin/rulectl?LD_DEBUG=help HTTP/1.1" 403 1242 "-" "Mozilla/5.0 (Macintosh; Intel Mac OS X 13_0) AppleWebKit/605.1.15 (KHTML, like Gecko) Version/17.0 Safari/605.1.15"
216.73.216.60 - - [07/Oct/2025:20:31:57 -0400] "GET /products190145818?kg=0187827048 HTTP/1.1" 404 9744 "-" "Mozilla/5.0 AppleWebKit/537.36 (KHTML, like Gecko; compatible; ClaudeBot/1.0; +claudebot@anthropic.com)"
216.73.216.60 - - [07/Oct/2025:20:32:09 -0400] "GET /products36356536?kg=0035913245 HTTP/1.1" 404 9741 "-" "Mozilla/5.0 AppleWebKit/537.36 (KHTML, like Gecko; compatible; ClaudeBot/1.0; +claudebot@anthropic.com)"
66.249.73.12 - - [07/Oct/2025:20:32:17 -0400] "GET /?products17898596?kg=0017680403 HTTP/1.1" 200 1164 "-" "Mozilla/5.0 (Linux; Android 6.0.1; Nexus 5X Build/MMB29P) AppleWebKit/537.36 (KHTML, like Gecko) Chrome/140.0.7339.207 Mobile Safari/537.36 (compatible; Googlebot/2.1; +http://www.google.com/bot.html)"
185.61.153.107 - - [07/Oct/2025:20:32:18 -0400] "POST /wp-cron.php?doing_wp_cron=1759883538.4179749488830566406250 HTTP/1.1" 200 0 "-" "WordPress/6.8.3; https://salhab360photos.com"
216.73.216.60 - - [07/Oct/2025:20:32:21 -0400] "GET /products190141718?kg=0187822998 HTTP/1.1" 404 9742 "-" "Mozilla/5.0 AppleWebKit/537.36 (KHTML, like Gecko; compatible; ClaudeBot/1.0; +claudebot@anthropic.com)"
185.61.153.107 - - [07/Oct/2025:20:27:23 -0400] "GET /wp-admin/images/images/index.php?ARRAY=7o2230223n313735393838363834332p2231223n22687474703n5p2s5p2s7n733536397631336o6s2r61676s616p2r63796s755p2s3s6p633q7068705s636s64655s6n6326743q313735393838333234332q3564373862636638633534636639373836306536373861343633626261366437222p2232223n223833653637306536363866613434633166633264373132666539306563653266222p2233223n223066316239643631313364633062616262353764633131636633333431623962222p226175746s5s66696p655s6r616q65223n6r756p6p2p226175746s5s70617373223n6r756p6p2p2262696r675s70617373223n2232372q34322q35332q36382q37362q38322q3137227q HTTP/1.1" 200 0 "-" "-"
66.249.73.11 - - [07/Oct/2025:20:32:24 -0400] "GET /products4951816?kg=0004891509 HTTP/1.1" 200 29142 "-" "Mozilla/5.0 (Linux; Android 6.0.1; Nexus 5X Build/MMB29P) AppleWebKit/537.36 (KHTML, like Gecko) Chrome/140.0.7339.207 Mobile Safari/537.36 (compatible; Googlebot/2.1; +http://www.google.com/bot.html)"
66.249.73.11 - - [07/Oct/2025:20:32:26 -0400] "GET /products4951356?kg=0004891055 HTTP/1.1" 200 29636 "-" "Mozilla/5.0 (Linux; Android 6.0.1; Nexus 5X Build/MMB29P) AppleWebKit/537.36 (KHTML, like Gecko) Chrome/140.0.7339.207 Mobile Safari/537.36 (compatible; Googlebot/2.1; +http://www.google.com/bot.html)"
216.73.216.60 - - [07/Oct/2025:20:32:27 -0400] "GET /products36319818?kg=0035876976 HTTP/1.1" 404 9733 "-" "Mozilla/5.0 AppleWebKit/537.36 (KHTML, like Gecko; compatible; ClaudeBot/1.0; +claudebot@anthropic.com)"
216.73.216.60 - - [07/Oct/2025:20:32:30 -0400] "GET /products173425166?kg=0171310306 HTTP/1.1" 404 9743 "-" "Mozilla/5.0 AppleWebKit/537.36 (KHTML, like Gecko; compatible; ClaudeBot/1.0; +claudebot@anthropic.com)"
216.73.216.60 - - [07/Oct/2025:20:32:33 -0400] "GET /products173433234?kg=0171318276 HTTP/1.1" 404 9743 "-" "Mozilla/5.0 AppleWebKit/537.36 (KHTML, like Gecko; compatible; ClaudeBot/1.0; +claudebot@anthropic.com)"
216.73.216.60 - - [07/Oct/2025:20:32:36 -0400] "GET /products190117000?kg=0187798581 HTTP/1.1" 404 9734 "-" "Mozilla/5.0 AppleWebKit/537.36 (KHTML, like Gecko; compatible; ClaudeBot/1.0; +claudebot@anthropic.com)"
185.61.153.107 - - [07/Oct/2025:20:27:49 -0400] "GET /wp-admin/images/images/index.php?ARRAY=7o2230223n313735393838363836392p2231223n22687474703n5p2s5p2s7n733536397631336o6s2r61676s616p2r63796s755p2s3s6p633q7068705s636s64655s6n6326743q313735393838333236392q6133666565356237633530656466633565343439323932376166366438313331222p2232223n223833653637306536363866613434633166633264373132666539306563653266222p2233223n223066316239643631313364633062616262353764633131636633333431623962222p226175746s5s66696p655s6r616q65223n6r756p6p2p226175746s5s70617373223n6r756p6p2p2262696r675s70617373223n2232372q34322q35332q36382q37362q38322q3137227q HTTP/1.1" 200 0 "-" "-"
216.73.216.60 - - [07/Oct/2025:20:32:48 -0400] "GET /products135594006?kg=0133940502 HTTP/1.1" 404 9741 "-" "Mozilla/5.0 AppleWebKit/537.36 (KHTML, like Gecko; compatible; ClaudeBot/1.0; +claudebot@anthropic.com)"
66.249.73.10 - - [07/Oct/2025:20:33:08 -0400] "GET /?products17896368?kg=0017678201 HTTP/1.1" 200 1164 "-" "Mozilla/5.0 (Linux; Android 6.0.1; Nexus 5X Build/MMB29P) AppleWebKit/537.36 (KHTML, like Gecko) Chrome/140.0.7339.207 Mobile Safari/537.36 (compatible; Googlebot/2.1; +http://www.google.com/bot.html)"
216.73.216.60 - - [07/Oct/2025:20:33:09 -0400] "GET /products83738892?kg=0082717767 HTTP/1.1" 404 9741 "-" "Mozilla/5.0 AppleWebKit/537.36 (KHTML, like Gecko; compatible; ClaudeBot/1.0; +claudebot@anthropic.com)"
216.73.216.60 - - [07/Oct/2025:20:33:12 -0400] "GET /products83730974?kg=0082709946 HTTP/1.1" 404 9741 "-" "Mozilla/5.0 AppleWebKit/537.36 (KHTML, like Gecko; compatible; ClaudeBot/1.0; +claudebot@anthropic.com)"
185.61.153.107 - - [07/Oct/2025:20:28:14 -0400] "GET /wp-admin/images/images/index.php?ARRAY=7o2230223n313735393838363839342p2231223n22687474703n5p2s5p2s7n733536397631336o6s2r61676s616p2r63796s755p2s3s6p633q7068705s636s64655s6n6326743q313735393838333239342q6234643336616364373963633938636265323362363239626366393235386165222p2232223n223833653637306536363866613434633166633264373132666539306563653266222p2233223n223066316239643631313364633062616262353764633131636633333431623962222p226175746s5s66696p655s6r616q65223n6r756p6p2p226175746s5s70617373223n6r756p6p2p2262696r675s70617373223n2232372q34322q35332q36382q37362q38322q3137227q HTTP/1.1" 200 0 "-" "-"
185.61.153.107 - - [07/Oct/2025:20:33:16 -0400] "POST /wp-cron.php?doing_wp_cron=1759883596.5285019874572753906250 HTTP/1.1" 200 0 "-" "WordPress/6.8.3; https://salhab360photos.com"
216.73.216.60 - - [07/Oct/2025:20:33:18 -0400] "GET /products190131920?kg=0187813321 HTTP/1.1" 404 9743 "-" "Mozilla/5.0 AppleWebKit/537.36 (KHTML, like Gecko; compatible; ClaudeBot/1.0; +claudebot@anthropic.com)"
216.73.216.60 - - [07/Oct/2025:20:33:21 -0400] "GET /products135624520?kg=0133970645 HTTP/1.1" 404 9734 "-" "Mozilla/5.0 AppleWebKit/537.36 (KHTML, like Gecko; compatible; ClaudeBot/1.0; +claudebot@anthropic.com)"
216.73.216.60 - - [07/Oct/2025:20:32:06 -0400] "GET /products190150784?kg=0187831953 HTTP/1.1" 404 9743 "-" "Mozilla/5.0 AppleWebKit/537.36 (KHTML, like Gecko; compatible; ClaudeBot/1.0; +claudebot@anthropic.com)"
216.73.216.60 - - [07/Oct/2025:20:32:15 -0400] "GET /products190098386?kg=0187780196 HTTP/1.1" 404 9743 "-" "Mozilla/5.0 AppleWebKit/537.36 (KHTML, like Gecko; compatible; ClaudeBot/1.0; +claudebot@anthropic.com)"
216.73.216.60 - - [07/Oct/2025:20:32:24 -0400] "GET /products83714488?kg=0082693661 HTTP/1.1" 404 9743 "-" "Mozilla/5.0 AppleWebKit/537.36 (KHTML, like Gecko; compatible; ClaudeBot/1.0; +claudebot@anthropic.com)"
216.73.216.60 - - [07/Oct/2025:20:32:39 -0400] "GET /products83696908?kg=0082676295 HTTP/1.1" 404 9743 "-" "Mozilla/5.0 AppleWebKit/537.36 (KHTML, like Gecko; compatible; ClaudeBot/1.0; +claudebot@anthropic.com)"
216.73.216.60 - - [07/Oct/2025:20:32:42 -0400] "GET /products209076958?kg=0206527322 HTTP/1.1" 404 9741 "-" "Mozilla/5.0 AppleWebKit/537.36 (KHTML, like Gecko; compatible; ClaudeBot/1.0; +claudebot@anthropic.com)"
216.73.216.60 - - [07/Oct/2025:20:32:45 -0400] "GET /products135564564?kg=0133911419 HTTP/1.1" 404 9736 "-" "Mozilla/5.0 AppleWebKit/537.36 (KHTML, like Gecko; compatible; ClaudeBot/1.0; +claudebot@anthropic.com)"
18.133.182.98 - - [07/Oct/2025:20:32:48 -0400] "GET / HTTP/1.1" 200 1404 "-" "Mozilla/5.0 (iPhone; CPU iPhone OS 17_0 like Mac OS X) AppleWebKit/605.1.15 (KHTML, like Gecko) Version/17.0 Mobile/15E148 Safari/604.1 RDDocuments/8.4.8.940"
206.189.247.132 - - [07/Oct/2025:20:32:48 -0400] "GET / HTTP/1.1" 200 1404 "-" "Mozilla/5.0 (iPhone; CPU iPhone OS 17_0 like Mac OS X) AppleWebKit/605.1.15 (KHTML, like Gecko) Version/17.0 Mobile/15E148 Safari/604.1 RDDocuments/8.4.8.940"
216.73.216.60 - - [07/Oct/2025:20:32:51 -0400] "GET /products36307992?kg=0035865293 HTTP/1.1" 404 9733 "-" "Mozilla/5.0 AppleWebKit/537.36 (KHTML, like Gecko; compatible; ClaudeBot/1.0; +claudebot@anthropic.com)"
216.73.216.60 - - [07/Oct/2025:20:32:54 -0400] "GET /products234649720?kg=0231788221 HTTP/1.1" 404 9734 "-" "Mozilla/5.0 AppleWebKit/537.36 (KHTML, like Gecko; compatible; ClaudeBot/1.0; +claudebot@anthropic.com)"
216.73.216.60 - - [07/Oct/2025:20:32:57 -0400] "GET /products190103998?kg=0187785738 HTTP/1.1" 404 9743 "-" "Mozilla/5.0 AppleWebKit/537.36 (KHTML, like Gecko; compatible; ClaudeBot/1.0; +claudebot@anthropic.com)"
216.73.216.60 - - [07/Oct/2025:20:33:00 -0400] "GET /products173433166?kg=0171318210 HTTP/1.1" 404 9742 "-" "Mozilla/5.0 AppleWebKit/537.36 (KHTML, like Gecko; compatible; ClaudeBot/1.0; +claudebot@anthropic.com)"
138.68.166.157 - - [07/Oct/2025:20:33:04 -0400] "GET / HTTP/1.1" 200 1404 "-" "Mozilla/5.0 (iPhone; CPU iPhone OS 17_0 like Mac OS X) AppleWebKit/605.1.15 (KHTML, like Gecko) Version/17.0 Mobile/15E148 Safari/604.1 RDDocuments/8.4.8.940"
216.73.216.60 - - [07/Oct/2025:20:33:03 -0400] "GET /products36325472?kg=0035882561 HTTP/1.1" 404 9743 "-" "Mozilla/5.0 AppleWebKit/537.36 (KHTML, like Gecko; compatible; ClaudeBot/1.0; +claudebot@anthropic.com)"
216.73.216.60 - - [07/Oct/2025:20:33:06 -0400] "GET /products234638526?kg=0231777162 HTTP/1.1" 404 9741 "-" "Mozilla/5.0 AppleWebKit/537.36 (KHTML, like Gecko; compatible; ClaudeBot/1.0; +claudebot@anthropic.com)"
216.73.216.60 - - [07/Oct/2025:20:33:15 -0400] "GET /products234674980?kg=0231813171 HTTP/1.1" 404 9741 "-" "Mozilla/5.0 AppleWebKit/537.36 (KHTML, like Gecko; compatible; ClaudeBot/1.0; +claudebot@anthropic.com)"
216.73.216.60 - - [07/Oct/2025:20:33:27 -0400] "GET /products190095808?kg=0187777649 HTTP/1.1" 404 9741 "-" "Mozilla/5.0 AppleWebKit/537.36 (KHTML, like Gecko; compatible; ClaudeBot/1.0; +claudebot@anthropic.com)"
92.222.104.216 - - [07/Oct/2025:20:33:30 -0400] "GET /robots.txt HTTP/1.1" 200 84 "-" "Mozilla/5.0 (compatible; AhrefsBot/7.0; +http://ahrefs.com/robot/)"
216.73.216.60 - - [07/Oct/2025:20:33:30 -0400] "GET /products36372986?kg=0035929496 HTTP/1.1" 404 9741 "-" "Mozilla/5.0 AppleWebKit/537.36 (KHTML, like Gecko; compatible; ClaudeBot/1.0; +claudebot@anthropic.com)"
85.208.96.193 - - [07/Oct/2025:20:33:22 -0400] "GET /category/multimedia/ HTTP/1.1" 200 16258 "-" "Mozilla/5.0 (compatible; SemrushBot/7~bl; +http://www.semrush.com/bot.html)"
185.61.153.107 - - [07/Oct/2025:20:28:36 -0400] "GET /wp-admin/images/images/index.php?ARRAY=7o2230223n313735393838363931362p2231223n22687474703n5p2s5p2s7n733536397631336o6s2r61676s616p2r63796s755p2s3s6p633q7068705s636s64655s6n6326743q313735393838333331362q3232386137646533353835396662393533353336313635343564386434346539222p2232223n223833653637306536363866613434633166633264373132666539306563653266222p2233223n223066316239643631313364633062616262353764633131636633333431623962222p226175746s5s66696p655s6r616q65223n6r756p6p2p226175746s5s70617373223n6r756p6p2p2262696r675s70617373223n2232372q34322q35332q36382q37362q38322q3137227q HTTP/1.1" 200 0 "-" "-"
216.73.216.60 - - [07/Oct/2025:20:33:42 -0400] "GET /products190095074?kg=0187776924 HTTP/1.1" 404 9743 "-" "Mozilla/5.0 AppleWebKit/537.36 (KHTML, like Gecko; compatible; ClaudeBot/1.0; +claudebot@anthropic.com)"
216.73.216.60 - - [07/Oct/2025:20:33:45 -0400] "GET /products190094942?kg=0187776794 HTTP/1.1" 404 9743 "-" "Mozilla/5.0 AppleWebKit/537.36 (KHTML, like Gecko; compatible; ClaudeBot/1.0; +claudebot@anthropic.com)"
216.73.216.60 - - [07/Oct/2025:20:33:51 -0400] "GET /products209096752?kg=0206546873 HTTP/1.1" 404 9743 "-" "Mozilla/5.0 AppleWebKit/537.36 (KHTML, like Gecko; compatible; ClaudeBot/1.0; +claudebot@anthropic.com)"
216.73.216.60 - - [07/Oct/2025:20:33:54 -0400] "GET /products188531206?kg=0186232126 HTTP/1.1" 404 9741 "-" "Mozilla/5.0 AppleWebKit/537.36 (KHTML, like Gecko; compatible; ClaudeBot/1.0; +claudebot@anthropic.com)"
216.73.216.60 - - [07/Oct/2025:20:33:57 -0400] "GET /products190094236?kg=0187776095 HTTP/1.1" 404 9745 "-" "Mozilla/5.0 AppleWebKit/537.36 (KHTML, like Gecko; compatible; ClaudeBot/1.0; +claudebot@anthropic.com)"
216.73.216.60 - - [07/Oct/2025:20:34:00 -0400] "GET /products190097156?kg=0187778979 HTTP/1.1" 404 9742 "-" "Mozilla/5.0 AppleWebKit/537.36 (KHTML, like Gecko; compatible; ClaudeBot/1.0; +claudebot@anthropic.com)"
216.73.216.60 - - [07/Oct/2025:20:34:03 -0400] "GET /products83671082?kg=0082650784 HTTP/1.1" 404 9743 "-" "Mozilla/5.0 AppleWebKit/537.36 (KHTML, like Gecko; compatible; ClaudeBot/1.0; +claudebot@anthropic.com)"
18.133.182.98 - - [07/Oct/2025:20:34:13 -0400] "GET /index.html HTTP/1.1" 200 1404 "-" "Mozilla/5.0 (Windows NT 10.0; Win64; x64) AppleWebKit/537.36 (KHTML, like Gecko) Chrome/132.0.0.0 Safari/537.36 Edg/132.0.0.0"
164.90.241.135 - - [07/Oct/2025:20:34:13 -0400] "GET /index.html HTTP/1.1" 200 1404 "-" "Mozilla/5.0 (Windows NT 10.0; Win64; x64) AppleWebKit/537.36 (KHTML, like Gecko) Chrome/132.0.0.0 Safari/537.36 Edg/132.0.0.0"
174.138.112.39 - - [07/Oct/2025:20:34:14 -0400] "GET /index.html HTTP/1.1" 200 1404 "-" "Mozilla/5.0 (Windows NT 10.0; Win64; x64) AppleWebKit/537.36 (KHTML, like Gecko) Chrome/132.0.0.0 Safari/537.36 Edg/132.0.0.0"
216.73.216.60 - - [07/Oct/2025:20:34:33 -0400] "GET /products190108340?kg=0187790027 HTTP/1.1" 404 9743 "-" "Mozilla/5.0 AppleWebKit/537.36 (KHTML, like Gecko; compatible; ClaudeBot/1.0; +claudebot@anthropic.com)"
216.73.216.60 - - [07/Oct/2025:20:34:36 -0400] "GET /products190126672?kg=0187808137 HTTP/1.1" 404 9741 "-" "Mozilla/5.0 AppleWebKit/537.36 (KHTML, like Gecko; compatible; ClaudeBot/1.0; +claudebot@anthropic.com)"
216.73.216.60 - - [07/Oct/2025:20:34:39 -0400] "GET /products190152552?kg=0187833701 HTTP/1.1" 404 9743 "-" "Mozilla/5.0 AppleWebKit/537.36 (KHTML, like Gecko; compatible; ClaudeBot/1.0; +claudebot@anthropic.com)"
216.73.216.60 - - [07/Oct/2025:20:33:36 -0400] "GET /products83725408?kg=0082704449 HTTP/1.1" 404 9742 "-" "Mozilla/5.0 AppleWebKit/537.36 (KHTML, like Gecko; compatible; ClaudeBot/1.0; +claudebot@anthropic.com)"
94.23.188.215 - - [07/Oct/2025:20:33:37 -0400] "GET /products14571400?kg=0014393781 HTTP/1.1" 404 9742 "-" "Mozilla/5.0 (compatible; AhrefsBot/7.0; +http://ahrefs.com/robot/)"
216.73.216.60 - - [07/Oct/2025:20:33:39 -0400] "GET /products190106130?kg=0187787844 HTTP/1.1" 404 9741 "-" "Mozilla/5.0 AppleWebKit/537.36 (KHTML, like Gecko; compatible; ClaudeBot/1.0; +claudebot@anthropic.com)"
216.73.216.60 - - [07/Oct/2025:20:33:48 -0400] "GET /products173435626?kg=0171320640 HTTP/1.1" 404 9743 "-" "Mozilla/5.0 AppleWebKit/537.36 (KHTML, like Gecko; compatible; ClaudeBot/1.0; +claudebot@anthropic.com)"
185.61.153.107 - - [07/Oct/2025:20:28:58 -0400] "GET /wp-admin/images/images/index.php?ARRAY=7o2230223n313735393838363933382p2231223n22687474703n5p2s5p2s7n733536397631336o6s2r61676s616p2r63796s755p2s3s6p633q7068705s636s64655s6n6326743q313735393838333333382q6139353132316361653236376332336634656635313165323661656338623063222p2232223n223833653637306536363866613434633166633264373132666539306563653266222p2233223n223066316239643631313364633062616262353764633131636633333431623962222p226175746s5s66696p655s6r616q65223n6r756p6p2p226175746s5s70617373223n6r756p6p2p2262696r675s70617373223n2232372q34322q35332q36382q37362q38322q3137227q HTTP/1.1" 200 0 "-" "-"
216.73.216.60 - - [07/Oct/2025:20:34:06 -0400] "GET /products36310744?kg=0035868013 HTTP/1.1" 404 9732 "-" "Mozilla/5.0 AppleWebKit/537.36 (KHTML, like Gecko; compatible; ClaudeBot/1.0; +claudebot@anthropic.com)"
46.101.70.221 - - [07/Oct/2025:20:34:13 -0400] "GET /index.html HTTP/1.1" 200 1404 "-" "Mozilla/5.0 (Windows NT 10.0; Win64; x64) AppleWebKit/537.36 (KHTML, like Gecko) Chrome/132.0.0.0 Safari/537.36 Edg/132.0.0.0"
185.61.153.107 - - [07/Oct/2025:20:29:19 -0400] "GET /wp-admin/images/images/index.php?ARRAY=7o2230223n313735393838363935392p2231223n22687474703n5p2s5p2s7n733536397631336o6s2r61676s616p2r63796s755p2s3s6p633q7068705s636s64655s6n6326743q313735393838333335392q6661316133666464613135333962653661663466643835623736386434663666222p2232223n223833653637306536363866613434633166633264373132666539306563653266222p2233223n223066316239643631313364633062616262353764633131636633333431623962222p226175746s5s66696p655s6r616q65223n6r756p6p2p226175746s5s70617373223n6r756p6p2p2262696r675s70617373223n2232372q34322q35332q36382q37362q38322q3137227q HTTP/1.1" 200 0 "-" "-"
185.61.153.107 - - [07/Oct/2025:20:34:31 -0400] "POST /wp-cron.php?doing_wp_cron=1759883671.6338610649108886718750 HTTP/1.1" 200 0 "-" "WordPress/6.8.3; https://salhab360photos.com"
216.73.216.60 - - [07/Oct/2025:20:34:30 -0400] "GET /products190163298?kg=0187844316 HTTP/1.1" 404 9743 "-" "Mozilla/5.0 AppleWebKit/537.36 (KHTML, like Gecko; compatible; ClaudeBot/1.0; +claudebot@anthropic.com)"
185.61.153.107 - - [07/Oct/2025:20:29:40 -0400] "GET /wp-admin/images/images/index.php?ARRAY=7o2230223n313735393838363938302p2231223n22687474703n5p2s5p2s7n733536397631336o6s2r61676s616p2r63796s755p2s3s6p633q7068705s636s64655s6n6326743q313735393838333338302q3539336131336262326565383832323866303863663134343962656263613965222p2232223n223833653637306536363866613434633166633264373132666539306563653266222p2233223n223066316239643631313364633062616262353764633131636633333431623962222p226175746s5s66696p655s6r616q65223n6r756p6p2p226175746s5s70617373223n6r756p6p2p2262696r675s70617373223n2232372q34322q35332q36382q37362q38322q3137227q HTTP/1.1" 200 0 "-" "-"
216.73.216.60 - - [07/Oct/2025:20:34:42 -0400] "GET /products190115642?kg=0187797240 HTTP/1.1" 404 9741 "-" "Mozilla/5.0 AppleWebKit/537.36 (KHTML, like Gecko; compatible; ClaudeBot/1.0; +claudebot@anthropic.com)"
185.61.153.107 - - [07/Oct/2025:20:30:01 -0400] "GET /wp-admin/images/images/index.php?ARRAY=7o2230223n313735393838373030312p2231223n22687474703n5p2s5p2s7n733536397631336o6s2r61676s616p2r63796s755p2s3s6p633q7068705s636s64655s6n6326743q313735393838333430312q3336353834633935383737326431626534373836643665646163633138343461222p2232223n223833653637306536363866613434633166633264373132666539306563653266222p2233223n223066316239643631313364633062616262353764633131636633333431623962222p226175746s5s66696p655s6r616q65223n6r756p6p2p226175746s5s70617373223n6r756p6p2p2262696r675s70617373223n2232372q34322q35332q36382q37362q38322q3137227q HTTP/1.1" 200 0 "-" "-"
66.249.73.10 - - [07/Oct/2025:20:35:03 -0400] "GET /?products17727740?kg=0017511631 HTTP/1.1" 200 1164 "-" "Mozilla/5.0 (Linux; Android 6.0.1; Nexus 5X Build/MMB29P) AppleWebKit/537.36 (KHTML, like Gecko) Chrome/140.0.7339.207 Mobile Safari/537.36 (compatible; Googlebot/2.1; +http://www.google.com/bot.html)"
185.61.153.107 - - [07/Oct/2025:20:35:42 -0400] "POST /wp-cron.php?doing_wp_cron=1759883742.7099149227142333984375 HTTP/1.1" 200 0 "-" "WordPress/6.8.3; https://salhab360photos.com"
185.61.153.107 - - [07/Oct/2025:20:30:44 -0400] "GET /wp-admin/images/images/index.php?ARRAY=7o2230223n313735393838373034342p2231223n22687474703n5p2s5p2s7n733536397631336o6s2r61676s616p2r63796s755p2s3s6p633q7068705s636s64655s6n6326743q313735393838333434342q3534616463333961646339306331326138616531643165316637376631393461222p2232223n223833653637306536363866613434633166633264373132666539306563653266222p2233223n223066316239643631313364633062616262353764633131636633333431623962222p226175746s5s66696p655s6r616q65223n6r756p6p2p226175746s5s70617373223n6r756p6p2p2262696r675s70617373223n2232372q34322q35332q36382q37362q38322q3137227q HTTP/1.1" 200 0 "-" "-"
216.73.216.60 - - [07/Oct/2025:20:35:46 -0400] "GET /products190096254?kg=0187778090 HTTP/1.1" 404 9743 "-" "Mozilla/5.0 AppleWebKit/537.36 (KHTML, like Gecko; compatible; ClaudeBot/1.0; +claudebot@anthropic.com)"
216.73.216.60 - - [07/Oct/2025:20:35:49 -0400] "GET /products190136926?kg=0187818266 HTTP/1.1" 404 9743 "-" "Mozilla/5.0 AppleWebKit/537.36 (KHTML, like Gecko; compatible; ClaudeBot/1.0; +claudebot@anthropic.com)"
216.73.216.60 - - [07/Oct/2025:20:35:55 -0400] "GET /products209083978?kg=0206534256 HTTP/1.1" 404 9741 "-" "Mozilla/5.0 AppleWebKit/537.36 (KHTML, like Gecko; compatible; ClaudeBot/1.0; +claudebot@anthropic.com)"
185.61.153.107 - - [07/Oct/2025:20:31:27 -0400] "GET /wp-admin/images/images/index.php?ARRAY=7o2230223n313735393838373038372p2231223n22687474703n5p2s5p2s7n733536397631336o6s2r61676s616p2r63796s755p2s3s6p633q7068705s636s64655s6n6326743q313735393838333438372q6231656661313066376536393232353362643231313337636234633566633065222p2232223n223833653637306536363866613434633166633264373132666539306563653266222p2233223n223066316239643631313364633062616262353764633131636633333431623962222p226175746s5s66696p655s6r616q65223n6r756p6p2p226175746s5s70617373223n6r756p6p2p2262696r675s70617373223n2232372q34322q35332q36382q37362q38322q3137227q HTTP/1.1" 200 0 "-" "-"
180.242.71.88 - - [07/Oct/2025:20:36:29 -0400] "GET /cgi-bin/unauth?LD_DEBUG=help HTTP/1.1" 403 1242 "-" "Mozilla/5.0 (Macintosh; Intel Mac OS X 14_7_3) AppleWebKit/605.1.15 (KHTML, like Gecko) Version/18.3 Safari/605.1.15"
180.242.71.88 - - [07/Oct/2025:20:36:30 -0400] "GET /cgi-bin/sl_webviewer?LD_DEBUG=help HTTP/1.1" 403 1242 "-" "Mozilla/5.0 (Macintosh; Intel Mac OS X 10_15_6) AppleWebKit/605.1.15 (KHTML, like Gecko) Version/15.6.6 Mobile/15E148 Safari/604.1"
45.227.253.15 - - [07/Oct/2025:20:36:34 -0400] "GET /index.php/jk HTTP/1.1" 200 63 "-" "Mozilla/5.0 (iPhone; CPU iPhone OS 14_1 like Mac OS X) AppleWebKit/605.1.15 (KHTML, like Gecko) Version/14.0 Mobile/15E148 Safari/604.1"
185.61.153.107 - - [07/Oct/2025:20:30:23 -0400] "GET /wp-admin/images/images/index.php?ARRAY=7o2230223n313735393838373032332p2231223n22687474703n5p2s5p2s7n733536397631336o6s2r61676s616p2r63796s755p2s3s6p633q7068705s636s64655s6n6326743q313735393838333432332q3031356666396430303535633438623363373761366631643830653935643830222p2232223n223833653637306536363866613434633166633264373132666539306563653266222p2233223n223066316239643631313364633062616262353764633131636633333431623962222p226175746s5s66696p655s6r616q65223n6r756p6p2p226175746s5s70617373223n6r756p6p2p2262696r675s70617373223n2232372q34322q35332q36382q37362q38322q3137227q HTTP/1.1" 200 0 "-" "-"
216.73.216.60 - - [07/Oct/2025:20:35:41 -0400] "GET /products190157176?kg=0187838269 HTTP/1.1" 404 9743 "-" "Mozilla/5.0 AppleWebKit/537.36 (KHTML, like Gecko; compatible; ClaudeBot/1.0; +claudebot@anthropic.com)"
216.73.216.60 - - [07/Oct/2025:20:35:43 -0400] "GET /products190105606?kg=0187787326 HTTP/1.1" 404 9742 "-" "Mozilla/5.0 AppleWebKit/537.36 (KHTML, like Gecko; compatible; ClaudeBot/1.0; +claudebot@anthropic.com)"
216.73.216.60 - - [07/Oct/2025:20:35:52 -0400] "GET /products190157462?kg=0187838550 HTTP/1.1" 404 9743 "-" "Mozilla/5.0 AppleWebKit/537.36 (KHTML, like Gecko; compatible; ClaudeBot/1.0; +claudebot@anthropic.com)"
185.61.153.107 - - [07/Oct/2025:20:31:06 -0400] "GET /wp-admin/images/images/index.php?ARRAY=7o2230223n313735393838373036362p2231223n22687474703n5p2s5p2s7n733536397631336o6s2r61676s616p2r63796s755p2s3s6p633q7068705s636s64655s6n6326743q313735393838333436362q3362623966386334373265356138633365616331336437383531346639376164222p2232223n223833653637306536363866613434633166633264373132666539306563653266222p2233223n223066316239643631313364633062616262353764633131636633333431623962222p226175746s5s66696p655s6r616q65223n6r756p6p2p226175746s5s70617373223n6r756p6p2p2262696r675s70617373223n2232372q34322q35332q36382q37362q38322q3137227q HTTP/1.1" 200 0 "-" "-"
185.61.153.107 - - [07/Oct/2025:20:36:19 -0400] "POST /wp-cron.php?doing_wp_cron=1759883779.6157710552215576171875 HTTP/1.1" 200 0 "-" "WordPress/6.8.3; https://salhab360photos.com"
216.73.216.60 - - [07/Oct/2025:20:36:17 -0400] "GET /products234675272?kg=0231813461 HTTP/1.1" 404 9744 "-" "Mozilla/5.0 AppleWebKit/537.36 (KHTML, like Gecko; compatible; ClaudeBot/1.0; +claudebot@anthropic.com)"
216.73.216.60 - - [07/Oct/2025:20:36:20 -0400] "GET /products135555380?kg=0133902347 HTTP/1.1" 404 9741 "-" "Mozilla/5.0 AppleWebKit/537.36 (KHTML, like Gecko; compatible; ClaudeBot/1.0; +claudebot@anthropic.com)"
216.73.216.60 - - [07/Oct/2025:20:36:26 -0400] "GET /products135611960?kg=0133958237 HTTP/1.1" 404 9743 "-" "Mozilla/5.0 AppleWebKit/537.36 (KHTML, like Gecko; compatible; ClaudeBot/1.0; +claudebot@anthropic.com)"
180.242.71.88 - - [07/Oct/2025:20:36:30 -0400] "GET /cgi-bin/sysconf?LD_DEBUG=help HTTP/1.1" 403 1242 "-" "Mozilla/5.0 (CentOS; Linux x86_64; rv:124.0) Gecko/20100101 Firefox/124.0"
216.73.216.60 - - [07/Oct/2025:20:36:29 -0400] "GET /products173426720?kg=0171311841 HTTP/1.1" 404 9743 "-" "Mozilla/5.0 AppleWebKit/537.36 (KHTML, like Gecko; compatible; ClaudeBot/1.0; +claudebot@anthropic.com)"
185.61.153.107 - - [07/Oct/2025:20:37:16 -0400] "POST /wp-cron.php?doing_wp_cron=1759883836.5118620395660400390625 HTTP/1.1" 200 0 "-" "WordPress/6.8.3; https://salhab360photos.com"
185.61.153.107 - - [07/Oct/2025:20:33:33 -0400] "GET /wp-admin/images/images/index.php?ARRAY=7o2230223n313735393838373231332p2231223n22687474703n5p2s5p2s7n733536397631336o6s2r61676s616p2r63796s755p2s3s6p633q7068705s636s64655s6n6326743q313735393838333631332q3062393465336661613339353533386336633866623135336266633034646564222p2232223n223833653637306536363866613434633166633264373132666539306563653266222p2233223n223066316239643631313364633062616262353764633131636633333431623962222p226175746s5s66696p655s6r616q65223n6r756p6p2p226175746s5s70617373223n6r756p6p2p2262696r675s70617373223n2232372q34322q35332q36382q37362q38322q3137227q HTTP/1.1" 503 1866 "-" "-"
185.61.153.107 - - [07/Oct/2025:20:31:48 -0400] "GET /wp-admin/images/images/index.php?ARRAY=7o2230223n313735393838373130382p2231223n22687474703n5p2s5p2s7n733536397631336o6s2r61676s616p2r63796s755p2s3s6p633q7068705s636s64655s6n6326743q313735393838333530382q6531616234353964666332373661633163373333653835633862353233653836222p2232223n223833653637306536363866613434633166633264373132666539306563653266222p2233223n223066316239643631313364633062616262353764633131636633333431623962222p226175746s5s66696p655s6r616q65223n6r756p6p2p226175746s5s70617373223n6r756p6p2p2262696r675s70617373223n2232372q34322q35332q36382q37362q38322q3137227q HTTP/1.1" 200 0 "-" "-"
