105.157.63.201 - - [07/Oct/2025:11:41:07 -0400] "GET /minimo.php?https://salhab360photos.com/minimo.php HTTP/1.1" 404 10911 "-" "Mozilla/5.0 (Windows; U; Windows NT 6.1; en-US; rv:1.9.1.5) Gecko/20091102 Firefox/3.5.5 (.NET CLR 3.5.30729)"
185.61.153.107 - - [07/Oct/2025:11:41:15 -0400] "POST /wp-cron.php?doing_wp_cron=1759851675.1194560527801513671875 HTTP/1.1" 200 0 "-" "WordPress/6.8.3; https://salhab360photos.com"
105.157.63.201 - - [07/Oct/2025:11:41:20 -0400] "GET /V5.php?https://salhab360photos.com/V5.php HTTP/1.1" 404 10911 "-" "Mozilla/5.0 (Windows; U; Windows NT 6.1; en-US; rv:1.9.1.5) Gecko/20091102 Firefox/3.5.5 (.NET CLR 3.5.30729)"
105.157.63.201 - - [07/Oct/2025:11:41:26 -0400] "GET /404.php?https://salhab360photos.com/404.php HTTP/1.1" 404 10905 "-" "Mozilla/5.0 (Windows; U; Windows NT 6.1; en-US; rv:1.9.1.5) Gecko/20091102 Firefox/3.5.5 (.NET CLR 3.5.30729)"
105.157.63.201 - - [07/Oct/2025:11:41:44 -0400] "GET /www.php?https://salhab360photos.com/www.php HTTP/1.1" 404 10908 "-" "Mozilla/5.0 (Windows; U; Windows NT 6.1; en-US; rv:1.9.1.5) Gecko/20091102 Firefox/3.5.5 (.NET CLR 3.5.30729)"
20.171.207.54 - - [07/Oct/2025:11:41:54 -0400] "GET /products91842492?kg=0090722543 HTTP/1.1" 404 9741 "-" "Mozilla/5.0 AppleWebKit/537.36 (KHTML, like Gecko; compatible; GPTBot/1.2; +https://openai.com/gptbot)"
105.157.63.201 - - [07/Oct/2025:11:41:55 -0400] "GET /100.php?https://salhab360photos.com/100.php HTTP/1.1" 404 10909 "-" "Mozilla/5.0 (Windows; U; Windows NT 6.1; en-US; rv:1.9.1.5) Gecko/20091102 Firefox/3.5.5 (.NET CLR 3.5.30729)"
185.61.153.107 - - [07/Oct/2025:11:42:20 -0400] "POST /wp-cron.php?doing_wp_cron=1759851740.3070890903472900390625 HTTP/1.1" 200 0 "-" "WordPress/6.8.3; https://salhab360photos.com"
105.157.63.201 - - [07/Oct/2025:11:42:07 -0400] "GET /777.php?https://salhab360photos.com/777.php HTTP/1.1" 404 10908 "-" "Mozilla/5.0 (Windows; U; Windows NT 6.1; en-US; rv:1.9.1.5) Gecko/20091102 Firefox/3.5.5 (.NET CLR 3.5.30729)"
216.73.216.116 - - [07/Oct/2025:11:42:12 -0400] "GET /products28882236?kg=0028530095 HTTP/1.1" 200 0 "-" "Mozilla/5.0 AppleWebKit/537.36 (KHTML, like Gecko; compatible; ClaudeBot/1.0; +claudebot@anthropic.com)"
105.157.63.201 - - [07/Oct/2025:11:40:21 -0400] "GET /xx.php?https://salhab360photos.com/xx.php HTTP/1.1" 404 10911 "-" "Mozilla/5.0 (Windows; U; Windows NT 6.1; en-US; rv:1.9.1.5) Gecko/20091102 Firefox/3.5.5 (.NET CLR 3.5.30729)"
105.157.63.201 - - [07/Oct/2025:11:40:26 -0400] "GET /new-index.php?https://salhab360photos.com/new-index.php HTTP/1.1" 404 10911 "-" "Mozilla/5.0 (Windows; U; Windows NT 6.1; en-US; rv:1.9.1.5) Gecko/20091102 Firefox/3.5.5 (.NET CLR 3.5.30729)"
105.157.63.201 - - [07/Oct/2025:11:40:44 -0400] "GET /qindex.php?https://salhab360photos.com/qindex.php HTTP/1.1" 404 10911 "-" "Mozilla/5.0 (Windows; U; Windows NT 6.1; en-US; rv:1.9.1.5) Gecko/20091102 Firefox/3.5.5 (.NET CLR 3.5.30729)"
20.171.207.54 - - [07/Oct/2025:11:40:48 -0400] "GET /products91851640?kg=0090731581 HTTP/1.1" 404 9741 "-" "Mozilla/5.0 AppleWebKit/537.36 (KHTML, like Gecko; compatible; GPTBot/1.2; +https://openai.com/gptbot)"
105.157.63.201 - - [07/Oct/2025:11:41:12 -0400] "GET /xleet.php?https://salhab360photos.com/xleet.php HTTP/1.1" 404 10902 "-" "Mozilla/5.0 (Windows; U; Windows NT 6.1; en-US; rv:1.9.1.5) Gecko/20091102 Firefox/3.5.5 (.NET CLR 3.5.30729)"
105.157.63.201 - - [07/Oct/2025:11:41:15 -0400] "GET /V3.php?https://salhab360photos.com/V3.php HTTP/1.1" 404 10908 "-" "Mozilla/5.0 (Windows; U; Windows NT 6.1; en-US; rv:1.9.1.5) Gecko/20091102 Firefox/3.5.5 (.NET CLR 3.5.30729)"
105.157.63.201 - - [07/Oct/2025:11:41:38 -0400] "GET /up.php?https://salhab360photos.com/up.php HTTP/1.1" 404 10911 "-" "Mozilla/5.0 (Windows; U; Windows NT 6.1; en-US; rv:1.9.1.5) Gecko/20091102 Firefox/3.5.5 (.NET CLR 3.5.30729)"
216.73.216.116 - - [07/Oct/2025:11:41:41 -0400] "GET /products139481626?kg=0137780712 HTTP/1.1" 404 9741 "-" "Mozilla/5.0 AppleWebKit/537.36 (KHTML, like Gecko; compatible; ClaudeBot/1.0; +claudebot@anthropic.com)"
105.157.63.201 - - [07/Oct/2025:11:42:22 -0400] "GET /defau1t.php?https://salhab360photos.com/defau1t.php HTTP/1.1" 404 10909 "-" "Mozilla/5.0 (Windows; U; Windows NT 6.1; en-US; rv:1.9.1.5) Gecko/20091102 Firefox/3.5.5 (.NET CLR 3.5.30729)"
66.249.73.10 - - [07/Oct/2025:11:42:37 -0400] "GET /products4979204?kg=0004918563 HTTP/1.1" 200 29056 "-" "Mozilla/5.0 (Linux; Android 6.0.1; Nexus 5X Build/MMB29P) AppleWebKit/537.36 (KHTML, like Gecko) Chrome/140.0.7339.207 Mobile Safari/537.36 (compatible; Googlebot/2.1; +http://www.google.com/bot.html)"
105.157.63.201 - - [07/Oct/2025:11:42:32 -0400] "GET /f.php?https://salhab360photos.com/f.php HTTP/1.1" 404 10911 "-" "Mozilla/5.0 (Windows; U; Windows NT 6.1; en-US; rv:1.9.1.5) Gecko/20091102 Firefox/3.5.5 (.NET CLR 3.5.30729)"
20.171.207.54 - - [07/Oct/2025:11:42:56 -0400] "GET /products91855302?kg=0090735198 HTTP/1.1" 404 9732 "-" "Mozilla/5.0 AppleWebKit/537.36 (KHTML, like Gecko; compatible; GPTBot/1.2; +https://openai.com/gptbot)"
105.157.63.201 - - [07/Oct/2025:11:43:03 -0400] "GET /new.php?https://salhab360photos.com/new.php HTTP/1.1" 404 10911 "-" "Mozilla/5.0 (Windows; U; Windows NT 6.1; en-US; rv:1.9.1.5) Gecko/20091102 Firefox/3.5.5 (.NET CLR 3.5.30729)"
216.73.216.116 - - [07/Oct/2025:11:43:47 -0400] "GET /products186540780?kg=0184265975 HTTP/1.1" 404 9742 "-" "Mozilla/5.0 AppleWebKit/537.36 (KHTML, like Gecko; compatible; ClaudeBot/1.0; +claudebot@anthropic.com)"
20.171.207.54 - - [07/Oct/2025:11:44:00 -0400] "GET /products91862878?kg=0090742682 HTTP/1.1" 404 9744 "-" "Mozilla/5.0 AppleWebKit/537.36 (KHTML, like Gecko; compatible; GPTBot/1.2; +https://openai.com/gptbot)"
66.249.73.12 - - [07/Oct/2025:11:44:18 -0400] "GET /products5090392?kg=0005028397 HTTP/1.1" 200 29103 "-" "Mozilla/5.0 (Linux; Android 6.0.1; Nexus 5X Build/MMB29P) AppleWebKit/537.36 (KHTML, like Gecko) Chrome/140.0.7339.207 Mobile Safari/537.36 (compatible; Googlebot/2.1; +http://www.google.com/bot.html)"
105.157.63.201 - - [07/Oct/2025:11:44:18 -0400] "GET /v.php?https://salhab360photos.com/v.php HTTP/1.1" 404 10909 "-" "Mozilla/5.0 (Windows; U; Windows NT 6.1; en-US; rv:1.9.1.5) Gecko/20091102 Firefox/3.5.5 (.NET CLR 3.5.30729)"
105.157.63.201 - - [07/Oct/2025:11:44:42 -0400] "GET /g.php?https://salhab360photos.com/g.php HTTP/1.1" 404 10908 "-" "Mozilla/5.0 (Windows; U; Windows NT 6.1; en-US; rv:1.9.1.5) Gecko/20091102 Firefox/3.5.5 (.NET CLR 3.5.30729)"
105.157.63.201 - - [07/Oct/2025:11:44:56 -0400] "GET /c99.php?https://salhab360photos.com/c99.php HTTP/1.1" 200 0 "-" "Mozilla/5.0 (Windows; U; Windows NT 6.1; en-US; rv:1.9.1.5) Gecko/20091102 Firefox/3.5.5 (.NET CLR 3.5.30729)"
20.171.207.54 - - [07/Oct/2025:11:45:00 -0400] "GET /products91899496?kg=0090778853 HTTP/1.1" 200 0 "-" "Mozilla/5.0 AppleWebKit/537.36 (KHTML, like Gecko; compatible; GPTBot/1.2; +https://openai.com/gptbot)"
20.171.207.54 - - [07/Oct/2025:11:46:02 -0400] "GET /products91853936?kg=0090733849 HTTP/1.1" 200 0 "-" "Mozilla/5.0 AppleWebKit/537.36 (KHTML, like Gecko; compatible; GPTBot/1.2; +https://openai.com/gptbot)"
66.249.73.11 - - [07/Oct/2025:11:46:38 -0400] "GET /?products15900538?kg=0015706712 HTTP/1.1" 200 1164 "-" "Mozilla/5.0 (Linux; Android 6.0.1; Nexus 5X Build/MMB29P) AppleWebKit/537.36 (KHTML, like Gecko) Chrome/140.0.7339.207 Mobile Safari/537.36 (compatible; GoogleOther)"
216.73.216.116 - - [07/Oct/2025:11:46:45 -0400] "GET /products135582786?kg=0133929420 HTTP/1.1" 200 0 "-" "Mozilla/5.0 AppleWebKit/537.36 (KHTML, like Gecko; compatible; ClaudeBot/1.0; +claudebot@anthropic.com)"
216.73.216.116 - - [07/Oct/2025:11:46:57 -0400] "GET /products122837266?kg=0121339332 HTTP/1.1" 200 0 "-" "Mozilla/5.0 AppleWebKit/537.36 (KHTML, like Gecko; compatible; ClaudeBot/1.0; +claudebot@anthropic.com)"
216.73.216.116 - - [07/Oct/2025:11:47:05 -0400] "GET /products186473540?kg=0184199555 HTTP/1.1" 200 0 "-" "Mozilla/5.0 AppleWebKit/537.36 (KHTML, like Gecko; compatible; ClaudeBot/1.0; +claudebot@anthropic.com)"
216.73.216.116 - - [07/Oct/2025:11:47:21 -0400] "GET /products65759244?kg=0064957383 HTTP/1.1" 200 0 "-" "Mozilla/5.0 AppleWebKit/537.36 (KHTML, like Gecko; compatible; ClaudeBot/1.0; +claudebot@anthropic.com)"
216.73.216.116 - - [07/Oct/2025:11:47:33 -0400] "GET /products122790654?kg=0121293290 HTTP/1.1" 200 0 "-" "Mozilla/5.0 AppleWebKit/537.36 (KHTML, like Gecko; compatible; ClaudeBot/1.0; +claudebot@anthropic.com)"
216.73.216.116 - - [07/Oct/2025:11:47:45 -0400] "GET /products28838448?kg=0028486841 HTTP/1.1" 200 0 "-" "Mozilla/5.0 AppleWebKit/537.36 (KHTML, like Gecko; compatible; ClaudeBot/1.0; +claudebot@anthropic.com)"
216.73.216.116 - - [07/Oct/2025:11:47:57 -0400] "GET /products135622292?kg=0133968443 HTTP/1.1" 200 0 "-" "Mozilla/5.0 AppleWebKit/537.36 (KHTML, like Gecko; compatible; ClaudeBot/1.0; +claudebot@anthropic.com)"
105.157.63.201 - - [07/Oct/2025:11:42:47 -0400] "GET /xox.php?https://salhab360photos.com/xox.php HTTP/1.1" 404 10912 "-" "Mozilla/5.0 (Windows; U; Windows NT 6.1; en-US; rv:1.9.1.5) Gecko/20091102 Firefox/3.5.5 (.NET CLR 3.5.30729)"
105.157.63.201 - - [07/Oct/2025:11:42:53 -0400] "GET /o.php?https://salhab360photos.com/o.php HTTP/1.1" 404 10908 "-" "Mozilla/5.0 (Windows; U; Windows NT 6.1; en-US; rv:1.9.1.5) Gecko/20091102 Firefox/3.5.5 (.NET CLR 3.5.30729)"
185.61.153.107 - - [07/Oct/2025:11:43:17 -0400] "POST /wp-cron.php?doing_wp_cron=1759851797.7085258960723876953125 HTTP/1.1" 200 0 "-" "WordPress/6.8.3; https://salhab360photos.com"
105.157.63.201 - - [07/Oct/2025:11:43:12 -0400] "GET /sindex.php?https://salhab360photos.com/sindex.php HTTP/1.1" 404 10911 "-" "Mozilla/5.0 (Windows; U; Windows NT 6.1; en-US; rv:1.9.1.5) Gecko/20091102 Firefox/3.5.5 (.NET CLR 3.5.30729)"
105.157.63.201 - - [07/Oct/2025:11:43:19 -0400] "GET /baindex.php?https://salhab360photos.com/baindex.php HTTP/1.1" 404 10909 "-" "Mozilla/5.0 (Windows; U; Windows NT 6.1; en-US; rv:1.9.1.5) Gecko/20091102 Firefox/3.5.5 (.NET CLR 3.5.30729)"
105.157.63.201 - - [07/Oct/2025:11:43:27 -0400] "GET /wi.php?https://salhab360photos.com/wi.php HTTP/1.1" 404 10908 "-" "Mozilla/5.0 (Windows; U; Windows NT 6.1; en-US; rv:1.9.1.5) Gecko/20091102 Firefox/3.5.5 (.NET CLR 3.5.30729)"
105.157.63.201 - - [07/Oct/2025:11:43:43 -0400] "GET /mar.php?https://salhab360photos.com/mar.php HTTP/1.1" 404 10905 "-" "Mozilla/5.0 (Windows; U; Windows NT 6.1; en-US; rv:1.9.1.5) Gecko/20091102 Firefox/3.5.5 (.NET CLR 3.5.30729)"
105.157.63.201 - - [07/Oct/2025:11:43:53 -0400] "GET /root.php?https://salhab360photos.com/root.php HTTP/1.1" 404 10911 "-" "Mozilla/5.0 (Windows; U; Windows NT 6.1; en-US; rv:1.9.1.5) Gecko/20091102 Firefox/3.5.5 (.NET CLR 3.5.30729)"
185.61.153.107 - - [07/Oct/2025:11:44:16 -0400] "POST /wp-cron.php?doing_wp_cron=1759851856.3080980777740478515625 HTTP/1.1" 200 0 "-" "WordPress/6.8.3; https://salhab360photos.com"
105.157.63.201 - - [07/Oct/2025:11:44:06 -0400] "GET /nee.php?https://salhab360photos.com/nee.php HTTP/1.1" 404 10902 "-" "Mozilla/5.0 (Windows; U; Windows NT 6.1; en-US; rv:1.9.1.5) Gecko/20091102 Firefox/3.5.5 (.NET CLR 3.5.30729)"
105.157.63.201 - - [07/Oct/2025:11:44:27 -0400] "GET /z.php?https://salhab360photos.com/z.php HTTP/1.1" 404 10901 "-" "Mozilla/5.0 (Windows; U; Windows NT 6.1; en-US; rv:1.9.1.5) Gecko/20091102 Firefox/3.5.5 (.NET CLR 3.5.30729)"
216.73.216.116 - - [07/Oct/2025:11:44:34 -0400] "GET /products139483398?kg=0137782462 HTTP/1.1" 200 0 "-" "Mozilla/5.0 AppleWebKit/537.36 (KHTML, like Gecko; compatible; ClaudeBot/1.0; +claudebot@anthropic.com)"
216.73.216.116 - - [07/Oct/2025:11:46:33 -0400] "GET /products234635584?kg=0231774257 HTTP/1.1" 200 0 "-" "Mozilla/5.0 AppleWebKit/537.36 (KHTML, like Gecko; compatible; ClaudeBot/1.0; +claudebot@anthropic.com)"
216.73.216.116 - - [07/Oct/2025:11:47:17 -0400] "GET /products28888108?kg=0028535895 HTTP/1.1" 200 0 "-" "Mozilla/5.0 AppleWebKit/537.36 (KHTML, like Gecko; compatible; ClaudeBot/1.0; +claudebot@anthropic.com)"
20.171.207.54 - - [07/Oct/2025:11:47:06 -0400] "GET /products91859566?kg=0090739410 HTTP/1.1" 200 0 "-" "Mozilla/5.0 AppleWebKit/537.36 (KHTML, like Gecko; compatible; GPTBot/1.2; +https://openai.com/gptbot)"
216.73.216.116 - - [07/Oct/2025:11:48:09 -0400] "GET /products135588758?kg=0133935318 HTTP/1.1" 200 0 "-" "Mozilla/5.0 AppleWebKit/537.36 (KHTML, like Gecko; compatible; ClaudeBot/1.0; +claudebot@anthropic.com)"
216.73.216.116 - - [07/Oct/2025:11:49:00 -0400] "GET /products163822024?kg=0161824277 HTTP/1.1" 200 0 "-" "Mozilla/5.0 AppleWebKit/537.36 (KHTML, like Gecko; compatible; ClaudeBot/1.0; +claudebot@anthropic.com)"
20.171.207.54 - - [07/Oct/2025:11:49:11 -0400] "GET /products91837494?kg=0090717606 HTTP/1.1" 404 9743 "-" "Mozilla/5.0 AppleWebKit/537.36 (KHTML, like Gecko; compatible; GPTBot/1.2; +https://openai.com/gptbot)"
66.249.73.11 - - [07/Oct/2025:11:48:20 -0400] "GET /products2800842?kg=0002766768 HTTP/1.1" 200 29222 "-" "Mozilla/5.0 (Linux; Android 6.0.1; Nexus 5X Build/MMB29P) AppleWebKit/537.36 (KHTML, like Gecko) Chrome/140.0.7339.207 Mobile Safari/537.36 (compatible; Googlebot/2.1; +http://www.google.com/bot.html)"
66.249.73.12 - - [07/Oct/2025:11:48:23 -0400] "GET /products7130966?kg=0007044086 HTTP/1.1" 200 29004 "-" "Mozilla/5.0 (Linux; Android 6.0.1; Nexus 5X Build/MMB29P) AppleWebKit/537.36 (KHTML, like Gecko) Chrome/140.0.7339.207 Mobile Safari/537.36 (compatible; Googlebot/2.1; +http://www.google.com/bot.html)"
20.171.207.54 - - [07/Oct/2025:11:48:11 -0400] "GET /products91873780?kg=0090753451 HTTP/1.1" 200 0 "-" "Mozilla/5.0 AppleWebKit/537.36 (KHTML, like Gecko; compatible; GPTBot/1.2; +https://openai.com/gptbot)"
216.73.216.116 - - [07/Oct/2025:11:50:12 -0400] "GET /products163797096?kg=0161799653 HTTP/1.1" 404 9732 "-" "Mozilla/5.0 AppleWebKit/537.36 (KHTML, like Gecko; compatible; ClaudeBot/1.0; +claudebot@anthropic.com)"
20.171.207.54 - - [07/Oct/2025:11:50:16 -0400] "GET /products91879852?kg=0090759447 HTTP/1.1" 404 9741 "-" "Mozilla/5.0 AppleWebKit/537.36 (KHTML, like Gecko; compatible; GPTBot/1.2; +https://openai.com/gptbot)"
216.73.216.116 - - [07/Oct/2025:11:50:18 -0400] "GET /products62149394?kg=0061391556 HTTP/1.1" 404 9743 "-" "Mozilla/5.0 AppleWebKit/537.36 (KHTML, like Gecko; compatible; ClaudeBot/1.0; +claudebot@anthropic.com)"
216.73.216.116 - - [07/Oct/2025:11:50:42 -0400] "GET /products46025406?kg=0045464202 HTTP/1.1" 404 9742 "-" "Mozilla/5.0 AppleWebKit/537.36 (KHTML, like Gecko; compatible; ClaudeBot/1.0; +claudebot@anthropic.com)"
185.61.153.107 - - [07/Oct/2025:11:51:20 -0400] "POST /wp-cron.php?doing_wp_cron=1759852280.4487779140472412109375 HTTP/1.1" 200 0 "-" "WordPress/6.8.3; https://salhab360photos.com"
20.171.207.54 - - [07/Oct/2025:11:52:25 -0400] "GET /products91895920?kg=0090775321 HTTP/1.1" 404 9743 "-" "Mozilla/5.0 AppleWebKit/537.36 (KHTML, like Gecko; compatible; GPTBot/1.2; +https://openai.com/gptbot)"
216.73.216.60 - - [07/Oct/2025:11:52:43 -0400] "GET /products83819630?kg=0082797522 HTTP/1.1" 404 9742 "-" "Mozilla/5.0 AppleWebKit/537.36 (KHTML, like Gecko; compatible; ClaudeBot/1.0; +claudebot@anthropic.com)"
216.73.216.60 - - [07/Oct/2025:11:53:14 -0400] "GET /products236409608?kg=0233526645 HTTP/1.1" 404 9744 "-" "Mozilla/5.0 AppleWebKit/537.36 (KHTML, like Gecko; compatible; ClaudeBot/1.0; +claudebot@anthropic.com)"
66.249.73.10 - - [07/Oct/2025:11:53:44 -0400] "GET /?products11501110?kg=0011360934 HTTP/1.1" 200 1164 "-" "Mozilla/5.0 (Linux; Android 6.0.1; Nexus 5X Build/MMB29P) AppleWebKit/537.36 (KHTML, like Gecko) Chrome/140.0.7339.207 Mobile Safari/537.36 (compatible; Googlebot/2.1; +http://www.google.com/bot.html)"
3.8.126.39 - - [07/Oct/2025:11:53:54 -0400] "GET /index.html HTTP/1.1" 200 1404 "-" "Mozilla/5.0 (Windows NT 10.0; Win64; x64) AppleWebKit/537.36 (KHTML, like Gecko) Chrome/132.0.0.0 Safari/537.36 Edg/132.0.0.0"
46.101.70.221 - - [07/Oct/2025:11:53:54 -0400] "GET /index.html HTTP/1.1" 200 1404 "-" "Mozilla/5.0 (Windows NT 10.0; Win64; x64) AppleWebKit/537.36 (KHTML, like Gecko) Chrome/132.0.0.0 Safari/537.36 Edg/132.0.0.0"
174.138.112.39 - - [07/Oct/2025:11:53:55 -0400] "GET /index.html HTTP/1.1" 200 1404 "-" "Mozilla/5.0 (Windows NT 10.0; Win64; x64) AppleWebKit/537.36 (KHTML, like Gecko) Chrome/132.0.0.0 Safari/537.36 Edg/132.0.0.0"
20.171.207.54 - - [07/Oct/2025:11:54:28 -0400] "GET /products91840446?kg=0090720522 HTTP/1.1" 404 9742 "-" "Mozilla/5.0 AppleWebKit/537.36 (KHTML, like Gecko; compatible; GPTBot/1.2; +https://openai.com/gptbot)"
216.73.216.60 - - [07/Oct/2025:11:54:47 -0400] "GET /products146051380?kg=0144270347 HTTP/1.1" 404 9743 "-" "Mozilla/5.0 AppleWebKit/537.36 (KHTML, like Gecko; compatible; ClaudeBot/1.0; +claudebot@anthropic.com)"
185.61.153.107 - - [07/Oct/2025:11:55:15 -0400] "POST /wp-cron.php?doing_wp_cron=1759852514.9175798892974853515625 HTTP/1.1" 200 0 "-" "WordPress/6.8.3; https://salhab360photos.com"
216.73.216.60 - - [07/Oct/2025:11:55:13 -0400] "GET /products188495856?kg=0186197209 HTTP/1.1" 404 9742 "-" "Mozilla/5.0 AppleWebKit/537.36 (KHTML, like Gecko; compatible; ClaudeBot/1.0; +claudebot@anthropic.com)"
45.133.172.237 - - [07/Oct/2025:11:56:12 -0400] "GET /index.html HTTP/1.1" 200 1404 "-" "Mozilla/5.0 (Windows NT 10.0; Win64; x64) AppleWebKit/537.36 (KHTML, like Gecko) Chrome/135.0.0.0 Safari/537.36 OPR/120.0.0.0"
206.189.247.132 - - [07/Oct/2025:11:56:12 -0400] "GET /index.html HTTP/1.1" 200 1404 "-" "Mozilla/5.0 (Windows NT 10.0; Win64; x64) AppleWebKit/537.36 (KHTML, like Gecko) Chrome/135.0.0.0 Safari/537.36 OPR/120.0.0.0"
146.190.11.185 - - [07/Oct/2025:11:56:14 -0400] "GET /index.html HTTP/1.1" 200 1404 "-" "Mozilla/5.0 (Windows NT 10.0; Win64; x64) AppleWebKit/537.36 (KHTML, like Gecko) Chrome/135.0.0.0 Safari/537.36 OPR/120.0.0.0"
20.171.207.54 - - [07/Oct/2025:11:56:29 -0400] "GET /products91885350?kg=0090764878 HTTP/1.1" 404 9742 "-" "Mozilla/5.0 AppleWebKit/537.36 (KHTML, like Gecko; compatible; GPTBot/1.2; +https://openai.com/gptbot)"
185.61.153.107 - - [07/Oct/2025:11:49:24 -0400] "POST /wp-cron.php?doing_wp_cron=1759852164.7429080009460449218750 HTTP/1.1" 200 0 "-" "WordPress/6.8.3; https://salhab360photos.com"
216.73.216.116 - - [07/Oct/2025:11:49:24 -0400] "GET /products214112004?kg=0211500963 HTTP/1.1" 404 9742 "-" "Mozilla/5.0 AppleWebKit/537.36 (KHTML, like Gecko; compatible; ClaudeBot/1.0; +claudebot@anthropic.com)"
216.73.216.116 - - [07/Oct/2025:11:49:48 -0400] "GET /products214097130?kg=0211486272 HTTP/1.1" 404 9746 "-" "Mozilla/5.0 AppleWebKit/537.36 (KHTML, like Gecko; compatible; ClaudeBot/1.0; +claudebot@anthropic.com)"
185.61.153.107 - - [07/Oct/2025:11:50:14 -0400] "POST /wp-cron.php?doing_wp_cron=1759852214.2119350433349609375000 HTTP/1.1" 200 0 "-" "WordPress/6.8.3; https://salhab360photos.com"
20.171.207.54 - - [07/Oct/2025:11:51:19 -0400] "GET /products91882604?kg=0090762167 HTTP/1.1" 404 9734 "-" "Mozilla/5.0 AppleWebKit/537.36 (KHTML, like Gecko; compatible; GPTBot/1.2; +https://openai.com/gptbot)"
185.61.153.107 - - [07/Oct/2025:11:52:26 -0400] "POST /wp-cron.php?doing_wp_cron=1759852346.0159869194030761718750 HTTP/1.1" 200 0 "-" "WordPress/6.8.3; https://salhab360photos.com"
216.73.216.60 - - [07/Oct/2025:11:53:07 -0400] "GET /products68887466?kg=0068047456 HTTP/1.1" 404 9742 "-" "Mozilla/5.0 AppleWebKit/537.36 (KHTML, like Gecko; compatible; ClaudeBot/1.0; +claudebot@anthropic.com)"
185.61.153.107 - - [07/Oct/2025:11:53:14 -0400] "POST /wp-cron.php?doing_wp_cron=1759852394.9383349418640136718750 HTTP/1.1" 200 0 "-" "WordPress/6.8.3; https://salhab360photos.com"
20.171.207.54 - - [07/Oct/2025:11:53:27 -0400] "GET /products91877442?kg=0090757068 HTTP/1.1" 404 9742 "-" "Mozilla/5.0 AppleWebKit/537.36 (KHTML, like Gecko; compatible; GPTBot/1.2; +https://openai.com/gptbot)"
216.73.216.60 - - [07/Oct/2025:11:53:31 -0400] "GET /products62195028?kg=0061436635 HTTP/1.1" 404 9740 "-" "Mozilla/5.0 AppleWebKit/537.36 (KHTML, like Gecko; compatible; ClaudeBot/1.0; +claudebot@anthropic.com)"
52.54.157.23 - - [07/Oct/2025:11:53:33 -0400] "GET /protected-post/ HTTP/1.1" 200 11886 "-" "Mozilla/5.0 AppleWebKit/537.36 (KHTML, like Gecko; compatible; Amazonbot/0.1; +https://developer.amazon.com/support/amazonbot) Chrome/119.0.6045.214 Safari/537.36"
164.90.241.135 - - [07/Oct/2025:11:53:54 -0400] "GET /index.html HTTP/1.1" 200 1404 "-" "Mozilla/5.0 (Windows NT 10.0; Win64; x64) AppleWebKit/537.36 (KHTML, like Gecko) Chrome/132.0.0.0 Safari/537.36 Edg/132.0.0.0"
185.61.153.107 - - [07/Oct/2025:11:54:37 -0400] "POST /wp-cron.php?doing_wp_cron=1759852477.0094659328460693359375 HTTP/1.1" 200 0 "-" "WordPress/6.8.3; https://salhab360photos.com"
20.171.207.54 - - [07/Oct/2025:11:55:29 -0400] "GET /products91841394?kg=0090721460 HTTP/1.1" 404 9741 "-" "Mozilla/5.0 AppleWebKit/537.36 (KHTML, like Gecko; compatible; GPTBot/1.2; +https://openai.com/gptbot)"
3.8.126.39 - - [07/Oct/2025:11:56:11 -0400] "GET /index.html HTTP/1.1" 200 1404 "-" "Mozilla/5.0 (Windows NT 10.0; Win64; x64) AppleWebKit/537.36 (KHTML, like Gecko) Chrome/135.0.0.0 Safari/537.36 OPR/120.0.0.0"
185.61.153.107 - - [07/Oct/2025:11:56:38 -0400] "POST /wp-cron.php?doing_wp_cron=1759852598.3101749420166015625000 HTTP/1.1" 200 0 "-" "WordPress/6.8.3; https://salhab360photos.com"
185.61.153.107 - - [07/Oct/2025:11:57:36 -0400] "POST /wp-cron.php?doing_wp_cron=1759852656.7258419990539550781250 HTTP/1.1" 200 0 "-" "WordPress/6.8.3; https://salhab360photos.com"
20.171.207.54 - - [07/Oct/2025:11:57:34 -0400] "GET /products91882230?kg=0090761798 HTTP/1.1" 404 9740 "-" "Mozilla/5.0 AppleWebKit/537.36 (KHTML, like Gecko; compatible; GPTBot/1.2; +https://openai.com/gptbot)"
185.61.153.107 - - [07/Oct/2025:11:58:44 -0400] "POST /wp-cron.php?doing_wp_cron=1759852724.7207159996032714843750 HTTP/1.1" 200 0 "-" "WordPress/6.8.3; https://salhab360photos.com"
20.171.207.54 - - [07/Oct/2025:11:58:40 -0400] "GET /products91867310?kg=0090747058 HTTP/1.1" 404 9742 "-" "Mozilla/5.0 AppleWebKit/537.36 (KHTML, like Gecko; compatible; GPTBot/1.2; +https://openai.com/gptbot)"
185.61.153.107 - - [07/Oct/2025:11:59:41 -0400] "POST /wp-cron.php?doing_wp_cron=1759852781.0205440521240234375000 HTTP/1.1" 200 0 "-" "WordPress/6.8.3; https://salhab360photos.com"
20.171.207.54 - - [07/Oct/2025:11:59:42 -0400] "GET /products91867634?kg=0090747380 HTTP/1.1" 404 9743 "-" "Mozilla/5.0 AppleWebKit/537.36 (KHTML, like Gecko; compatible; GPTBot/1.2; +https://openai.com/gptbot)"
20.171.207.54 - - [07/Oct/2025:12:00:48 -0400] "GET /products91887232?kg=0090766737 HTTP/1.1" 404 9742 "-" "Mozilla/5.0 AppleWebKit/537.36 (KHTML, like Gecko; compatible; GPTBot/1.2; +https://openai.com/gptbot)"
216.73.216.60 - - [07/Oct/2025:12:01:32 -0400] "GET /products28833200?kg=0028481657 HTTP/1.1" 404 9743 "-" "Mozilla/5.0 AppleWebKit/537.36 (KHTML, like Gecko; compatible; ClaudeBot/1.0; +claudebot@anthropic.com)"
216.73.216.60 - - [07/Oct/2025:12:01:41 -0400] "GET /products28836444?kg=0028484863 HTTP/1.1" 404 9741 "-" "Mozilla/5.0 AppleWebKit/537.36 (KHTML, like Gecko; compatible; ClaudeBot/1.0; +claudebot@anthropic.com)"
216.73.216.60 - - [07/Oct/2025:12:01:50 -0400] "GET /products45977560?kg=0045416941 HTTP/1.1" 404 9741 "-" "Mozilla/5.0 AppleWebKit/537.36 (KHTML, like Gecko; compatible; ClaudeBot/1.0; +claudebot@anthropic.com)"
20.171.207.54 - - [07/Oct/2025:12:01:51 -0400] "GET /products91896370?kg=0090775764 HTTP/1.1" 404 9743 "-" "Mozilla/5.0 AppleWebKit/537.36 (KHTML, like Gecko; compatible; GPTBot/1.2; +https://openai.com/gptbot)"
216.73.216.60 - - [07/Oct/2025:12:01:56 -0400] "GET /products209122300?kg=0206572111 HTTP/1.1" 404 9742 "-" "Mozilla/5.0 AppleWebKit/537.36 (KHTML, like Gecko; compatible; ClaudeBot/1.0; +claudebot@anthropic.com)"
216.73.216.60 - - [07/Oct/2025:12:02:12 -0400] "GET /products186521054?kg=0184246490 HTTP/1.1" 404 9732 "-" "Mozilla/5.0 AppleWebKit/537.36 (KHTML, like Gecko; compatible; ClaudeBot/1.0; +claudebot@anthropic.com)"
216.73.216.60 - - [07/Oct/2025:12:02:36 -0400] "GET /products83724984?kg=0082704029 HTTP/1.1" 404 9741 "-" "Mozilla/5.0 AppleWebKit/537.36 (KHTML, like Gecko; compatible; ClaudeBot/1.0; +claudebot@anthropic.com)"
216.73.216.60 - - [07/Oct/2025:12:02:44 -0400] "GET /products62196540?kg=0061438127 HTTP/1.1" 404 9741 "-" "Mozilla/5.0 AppleWebKit/537.36 (KHTML, like Gecko; compatible; ClaudeBot/1.0; +claudebot@anthropic.com)"
185.61.153.107 - - [07/Oct/2025:12:03:26 -0400] "POST /wp-cron.php?doing_wp_cron=1759853006.9081900119781494140625 HTTP/1.1" 200 0 "-" "WordPress/6.8.3; https://salhab360photos.com"
216.73.216.60 - - [07/Oct/2025:12:03:35 -0400] "GET /products122843134?kg=0121345130 HTTP/1.1" 404 9741 "-" "Mozilla/5.0 AppleWebKit/537.36 (KHTML, like Gecko; compatible; ClaudeBot/1.0; +claudebot@anthropic.com)"
216.73.216.60 - - [07/Oct/2025:12:03:45 -0400] "GET /products28835022?kg=0028483458 HTTP/1.1" 404 9733 "-" "Mozilla/5.0 AppleWebKit/537.36 (KHTML, like Gecko; compatible; ClaudeBot/1.0; +claudebot@anthropic.com)"
216.73.216.60 - - [07/Oct/2025:12:03:50 -0400] "GET /products36339730?kg=0035896644 HTTP/1.1" 404 9743 "-" "Mozilla/5.0 AppleWebKit/537.36 (KHTML, like Gecko; compatible; ClaudeBot/1.0; +claudebot@anthropic.com)"
216.73.216.60 - - [07/Oct/2025:12:04:15 -0400] "GET /products209106560?kg=0206556561 HTTP/1.1" 404 9742 "-" "Mozilla/5.0 AppleWebKit/537.36 (KHTML, like Gecko; compatible; ClaudeBot/1.0; +claudebot@anthropic.com)"
216.73.216.60 - - [07/Oct/2025:12:04:20 -0400] "GET /products36334856?kg=0035891829 HTTP/1.1" 404 9743 "-" "Mozilla/5.0 AppleWebKit/537.36 (KHTML, like Gecko; compatible; ClaudeBot/1.0; +claudebot@anthropic.com)"
185.61.153.107 - - [07/Oct/2025:12:06:01 -0400] "POST /wp-cron.php?doing_wp_cron=1759853161.0089509487152099609375 HTTP/1.1" 200 0 "-" "WordPress/6.8.3; https://salhab360photos.com"
216.73.216.60 - - [07/Oct/2025:12:05:55 -0400] "GET /products36332068?kg=0035889075 HTTP/1.1" 404 9742 "-" "Mozilla/5.0 AppleWebKit/537.36 (KHTML, like Gecko; compatible; ClaudeBot/1.0; +claudebot@anthropic.com)"
206.189.151.95 - - [07/Oct/2025:11:59:39 -0400] "POST /xmlrpc.php HTTP/1.1" 200 232 "-" "Mozilla/5.0 (X11; Ubuntu; Linux x86_64; rv:85.0) Gecko/20100101 Firefox/91.0"
185.61.153.107 - - [07/Oct/2025:12:00:54 -0400] "POST /wp-cron.php?doing_wp_cron=1759852854.1107070446014404296875 HTTP/1.1" 200 0 "-" "WordPress/6.8.3; https://salhab360photos.com"
185.61.153.107 - - [07/Oct/2025:12:01:36 -0400] "POST /wp-cron.php?doing_wp_cron=1759852896.3078300952911376953125 HTTP/1.1" 200 0 "-" "WordPress/6.8.3; https://salhab360photos.com"
216.73.216.60 - - [07/Oct/2025:12:01:47 -0400] "GET /products135585196?kg=0133931799 HTTP/1.1" 404 9744 "-" "Mozilla/5.0 AppleWebKit/537.36 (KHTML, like Gecko; compatible; ClaudeBot/1.0; +claudebot@anthropic.com)"
216.73.216.60 - - [07/Oct/2025:12:02:03 -0400] "GET /products83733608?kg=0082712549 HTTP/1.1" 404 9734 "-" "Mozilla/5.0 AppleWebKit/537.36 (KHTML, like Gecko; compatible; ClaudeBot/1.0; +claudebot@anthropic.com)"
185.61.153.107 - - [07/Oct/2025:12:02:16 -0400] "POST /wp-cron.php?doing_wp_cron=1759852936.5104830265045166015625 HTTP/1.1" 200 0 "-" "WordPress/6.8.3; https://salhab360photos.com"
216.73.216.60 - - [07/Oct/2025:12:02:18 -0400] "GET /products65770514?kg=0064968516 HTTP/1.1" 404 9742 "-" "Mozilla/5.0 AppleWebKit/537.36 (KHTML, like Gecko; compatible; ClaudeBot/1.0; +claudebot@anthropic.com)"
216.73.216.60 - - [07/Oct/2025:12:02:21 -0400] "GET /products83781090?kg=0082759452 HTTP/1.1" 404 9741 "-" "Mozilla/5.0 AppleWebKit/537.36 (KHTML, like Gecko; compatible; ClaudeBot/1.0; +claudebot@anthropic.com)"
216.73.216.60 - - [07/Oct/2025:12:02:27 -0400] "GET /products122856550?kg=0121358382 HTTP/1.1" 404 9745 "-" "Mozilla/5.0 AppleWebKit/537.36 (KHTML, like Gecko; compatible; ClaudeBot/1.0; +claudebot@anthropic.com)"
216.73.216.60 - - [07/Oct/2025:12:02:30 -0400] "GET /products80619498?kg=0079636416 HTTP/1.1" 404 9743 "-" "Mozilla/5.0 AppleWebKit/537.36 (KHTML, like Gecko; compatible; ClaudeBot/1.0; +claudebot@anthropic.com)"
20.171.207.54 - - [07/Oct/2025:12:02:54 -0400] "GET /products91880376?kg=0090759965 HTTP/1.1" 404 9732 "-" "Mozilla/5.0 AppleWebKit/537.36 (KHTML, like Gecko; compatible; GPTBot/1.2; +https://openai.com/gptbot)"
216.73.216.60 - - [07/Oct/2025:12:03:24 -0400] "GET /products188510912?kg=0186212081 HTTP/1.1" 404 9743 "-" "Mozilla/5.0 AppleWebKit/537.36 (KHTML, like Gecko; compatible; ClaudeBot/1.0; +claudebot@anthropic.com)"
216.73.216.60 - - [07/Oct/2025:12:03:30 -0400] "GET /products28888026?kg=0028535816 HTTP/1.1" 404 9743 "-" "Mozilla/5.0 AppleWebKit/537.36 (KHTML, like Gecko; compatible; ClaudeBot/1.0; +claudebot@anthropic.com)"
20.171.207.54 - - [07/Oct/2025:12:03:59 -0400] "GET /products91859926?kg=0090739766 HTTP/1.1" 404 9741 "-" "Mozilla/5.0 AppleWebKit/537.36 (KHTML, like Gecko; compatible; GPTBot/1.2; +https://openai.com/gptbot)"
216.73.216.60 - - [07/Oct/2025:12:04:06 -0400] "GET /products83831548?kg=0082809295 HTTP/1.1" 404 9742 "-" "Mozilla/5.0 AppleWebKit/537.36 (KHTML, like Gecko; compatible; ClaudeBot/1.0; +claudebot@anthropic.com)"
185.61.153.107 - - [07/Oct/2025:12:04:18 -0400] "POST /wp-cron.php?doing_wp_cron=1759853058.2124900817871093750000 HTTP/1.1" 200 0 "-" "WordPress/6.8.3; https://salhab360photos.com"
216.73.216.60 - - [07/Oct/2025:12:04:25 -0400] "GET /products36352436?kg=0035909195 HTTP/1.1" 404 9743 "-" "Mozilla/5.0 AppleWebKit/537.36 (KHTML, like Gecko; compatible; ClaudeBot/1.0; +claudebot@anthropic.com)"
216.73.216.60 - - [07/Oct/2025:12:04:35 -0400] "GET /products45995526?kg=0045434686 HTTP/1.1" 404 9732 "-" "Mozilla/5.0 AppleWebKit/537.36 (KHTML, like Gecko; compatible; ClaudeBot/1.0; +claudebot@anthropic.com)"
20.171.207.54 - - [07/Oct/2025:12:05:02 -0400] "GET /products91867384?kg=0090747133 HTTP/1.1" 404 9740 "-" "Mozilla/5.0 AppleWebKit/537.36 (KHTML, like Gecko; compatible; GPTBot/1.2; +https://openai.com/gptbot)"
216.73.216.60 - - [07/Oct/2025:12:06:04 -0400] "GET /products36330314?kg=0035887344 HTTP/1.1" 404 9742 "-" "Mozilla/5.0 AppleWebKit/537.36 (KHTML, like Gecko; compatible; ClaudeBot/1.0; +claudebot@anthropic.com)"
216.73.216.60 - - [07/Oct/2025:12:06:14 -0400] "GET /products234653582?kg=0231792034 HTTP/1.1" 200 0 "-" "Mozilla/5.0 AppleWebKit/537.36 (KHTML, like Gecko; compatible; ClaudeBot/1.0; +claudebot@anthropic.com)"
20.171.207.54 - - [07/Oct/2025:12:06:06 -0400] "GET /products91879228?kg=0090758831 HTTP/1.1" 404 9742 "-" "Mozilla/5.0 AppleWebKit/537.36 (KHTML, like Gecko; compatible; GPTBot/1.2; +https://openai.com/gptbot)"
185.61.153.107 - - [07/Oct/2025:12:06:31 -0400] "POST /wp-cron.php?doing_wp_cron=1759853191.1126840114593505859375 HTTP/1.1" 200 0 "-" "WordPress/6.8.3; https://salhab360photos.com"
216.73.216.60 - - [07/Oct/2025:12:06:24 -0400] "GET /products135605564?kg=0133951919 HTTP/1.1" 404 9743 "-" "Mozilla/5.0 AppleWebKit/537.36 (KHTML, like Gecko; compatible; ClaudeBot/1.0; +claudebot@anthropic.com)"
216.73.216.60 - - [07/Oct/2025:12:06:34 -0400] "GET /products209094880?kg=0206545025 HTTP/1.1" 200 0 "-" "Mozilla/5.0 AppleWebKit/537.36 (KHTML, like Gecko; compatible; ClaudeBot/1.0; +claudebot@anthropic.com)"
216.73.216.60 - - [07/Oct/2025:12:06:44 -0400] "GET /products188501322?kg=0186202608 HTTP/1.1" 200 0 "-" "Mozilla/5.0 AppleWebKit/537.36 (KHTML, like Gecko; compatible; ClaudeBot/1.0; +claudebot@anthropic.com)"
216.73.216.60 - - [07/Oct/2025:12:06:54 -0400] "GET /products209123484?kg=0206573279 HTTP/1.1" 404 9742 "-" "Mozilla/5.0 AppleWebKit/537.36 (KHTML, like Gecko; compatible; ClaudeBot/1.0; +claudebot@anthropic.com)"
20.171.207.54 - - [07/Oct/2025:12:07:09 -0400] "GET /products91893168?kg=0090772601 HTTP/1.1" 404 9740 "-" "Mozilla/5.0 AppleWebKit/537.36 (KHTML, like Gecko; compatible; GPTBot/1.2; +https://openai.com/gptbot)"
185.61.153.107 - - [07/Oct/2025:12:08:00 -0400] "POST /wp-cron.php?doing_wp_cron=1759853280.3085811138153076171875 HTTP/1.1" 200 0 "-" "WordPress/6.8.3; https://salhab360photos.com"
185.61.153.107 - - [07/Oct/2025:12:08:14 -0400] "POST /wp-cron.php?doing_wp_cron=1759853294.3094940185546875000000 HTTP/1.1" 200 0 "-" "WordPress/6.8.3; https://salhab360photos.com"
20.171.207.54 - - [07/Oct/2025:12:08:11 -0400] "GET /products91873082?kg=0090752760 HTTP/1.1" 404 9742 "-" "Mozilla/5.0 AppleWebKit/537.36 (KHTML, like Gecko; compatible; GPTBot/1.2; +https://openai.com/gptbot)"
216.73.216.60 - - [07/Oct/2025:12:08:28 -0400] "GET /products225090984?kg=0222346053 HTTP/1.1" 404 9743 "-" "Mozilla/5.0 AppleWebKit/537.36 (KHTML, like Gecko; compatible; ClaudeBot/1.0; +claudebot@anthropic.com)"
20.171.207.54 - - [07/Oct/2025:12:10:14 -0400] "GET /products91843198?kg=0090723242 HTTP/1.1" 404 9741 "-" "Mozilla/5.0 AppleWebKit/537.36 (KHTML, like Gecko; compatible; GPTBot/1.2; +https://openai.com/gptbot)"
20.171.207.54 - - [07/Oct/2025:12:11:15 -0400] "GET /products91894366?kg=0090773786 HTTP/1.1" 404 9741 "-" "Mozilla/5.0 AppleWebKit/537.36 (KHTML, like Gecko; compatible; GPTBot/1.2; +https://openai.com/gptbot)"
85.100.90.251 - - [07/Oct/2025:12:11:41 -0400] "GET /shell20211028.php HTTP/1.1" 404 10902 "www.google.com" "Mozlila/5.0 (Linux; Android 7.0; SM-G892A Build/NRD90M; wv) AppleWebKit/537.36 (KHTML, like Gecko) Version/4.0 Chrome/60.0.3112.107 Mobile Safari/537.36"
85.100.90.251 - - [07/Oct/2025:12:11:53 -0400] "GET /wp-content/plugins/press/wp-class.php HTTP/1.1" 200 0 "www.google.com" "Mozlila/5.0 (Linux; Android 7.0; SM-G892A Build/NRD90M; wv) AppleWebKit/537.36 (KHTML, like Gecko) Version/4.0 Chrome/60.0.3112.107 Mobile Safari/537.36"
85.100.90.251 - - [07/Oct/2025:12:11:54 -0400] "GET /xxl.php HTTP/1.1" 404 10911 "www.google.com" "Mozlila/5.0 (Linux; Android 7.0; SM-G892A Build/NRD90M; wv) AppleWebKit/537.36 (KHTML, like Gecko) Version/4.0 Chrome/60.0.3112.107 Mobile Safari/537.36"
216.73.216.60 - - [07/Oct/2025:12:11:54 -0400] "GET /products209105576?kg=0206555589 HTTP/1.1" 404 9741 "-" "Mozilla/5.0 AppleWebKit/537.36 (KHTML, like Gecko; compatible; ClaudeBot/1.0; +claudebot@anthropic.com)"
185.61.153.107 - - [07/Oct/2025:12:06:21 -0400] "POST /wp-cron.php?doing_wp_cron=1759853181.7096810340881347656250 HTTP/1.1" 200 0 "-" "WordPress/6.8.3; https://salhab360photos.com"
216.73.216.60 - - [07/Oct/2025:12:07:14 -0400] "GET /products36340974?kg=0035897874 HTTP/1.1" 404 9742 "-" "Mozilla/5.0 AppleWebKit/537.36 (KHTML, like Gecko; compatible; ClaudeBot/1.0; +claudebot@anthropic.com)"
216.73.216.60 - - [07/Oct/2025:12:07:54 -0400] "GET /products135616146?kg=0133962372 HTTP/1.1" 404 9741 "-" "Mozilla/5.0 AppleWebKit/537.36 (KHTML, like Gecko; compatible; ClaudeBot/1.0; +claudebot@anthropic.com)"
185.61.153.107 - - [07/Oct/2025:12:09:19 -0400] "POST /wp-cron.php?doing_wp_cron=1759853359.8119299411773681640625 HTTP/1.1" 200 0 "-" "WordPress/6.8.3; https://salhab360photos.com"
20.171.207.54 - - [07/Oct/2025:12:09:13 -0400] "GET /products91853238?kg=0090733158 HTTP/1.1" 404 9746 "-" "Mozilla/5.0 AppleWebKit/537.36 (KHTML, like Gecko; compatible; GPTBot/1.2; +https://openai.com/gptbot)"
66.249.73.10 - - [07/Oct/2025:12:09:21 -0400] "GET /?products16072292?kg=0015876371 HTTP/1.1" 200 1164 "-" "Mozilla/5.0 (Linux; Android 6.0.1; Nexus 5X Build/MMB29P) AppleWebKit/537.36 (KHTML, like Gecko) Chrome/140.0.7339.207 Mobile Safari/537.36 (compatible; GoogleOther)"
216.73.216.60 - - [07/Oct/2025:12:09:14 -0400] "GET /products36305422?kg=0035862754 HTTP/1.1" 404 9745 "-" "Mozilla/5.0 AppleWebKit/537.36 (KHTML, like Gecko; compatible; ClaudeBot/1.0; +claudebot@anthropic.com)"
185.61.153.107 - - [07/Oct/2025:12:10:19 -0400] "POST /wp-cron.php?doing_wp_cron=1759853419.0094039440155029296875 HTTP/1.1" 200 0 "-" "WordPress/6.8.3; https://salhab360photos.com"
216.73.216.60 - - [07/Oct/2025:12:10:16 -0400] "GET /products36331002?kg=0035888024 HTTP/1.1" 404 9741 "-" "Mozilla/5.0 AppleWebKit/537.36 (KHTML, like Gecko; compatible; ClaudeBot/1.0; +claudebot@anthropic.com)"
185.61.153.107 - - [07/Oct/2025:12:11:21 -0400] "POST /wp-cron.php?doing_wp_cron=1759853481.3253300189971923828125 HTTP/1.1" 200 0 "-" "WordPress/6.8.3; https://salhab360photos.com"
85.100.90.251 - - [07/Oct/2025:12:11:33 -0400] "GET /simple.php HTTP/1.1" 404 10906 "www.google.com" "Mozlila/5.0 (Linux; Android 7.0; SM-G892A Build/NRD90M; wv) AppleWebKit/537.36 (KHTML, like Gecko) Version/4.0 Chrome/60.0.3112.107 Mobile Safari/537.36"
85.100.90.251 - - [07/Oct/2025:12:11:53 -0400] "GET /wp-content/plugins/yyobang/mar.php HTTP/1.1" 200 0 "www.google.com" "Mozlila/5.0 (Linux; Android 7.0; SM-G892A Build/NRD90M; wv) AppleWebKit/537.36 (KHTML, like Gecko) Version/4.0 Chrome/60.0.3112.107 Mobile Safari/537.36"
85.100.90.251 - - [07/Oct/2025:12:11:58 -0400] "GET /wp-includes/Requests/Text/admin.php HTTP/1.1" 404 12371 "www.google.com" "Mozlila/5.0 (Linux; Android 7.0; SM-G892A Build/NRD90M; wv) AppleWebKit/537.36 (KHTML, like Gecko) Version/4.0 Chrome/60.0.3112.107 Mobile Safari/537.36"
85.100.90.251 - - [07/Oct/2025:12:12:05 -0400] "GET /wp-content/themes/finley/min.php HTTP/1.1" 200 0 "www.google.com" "Mozlila/5.0 (Linux; Android 7.0; SM-G892A Build/NRD90M; wv) AppleWebKit/537.36 (KHTML, like Gecko) Version/4.0 Chrome/60.0.3112.107 Mobile Safari/537.36"
85.100.90.251 - - [07/Oct/2025:12:12:09 -0400] "GET /wp-head.php HTTP/1.1" 404 10911 "www.google.com" "Mozlila/5.0 (Linux; Android 7.0; SM-G892A Build/NRD90M; wv) AppleWebKit/537.36 (KHTML, like Gecko) Version/4.0 Chrome/60.0.3112.107 Mobile Safari/537.36"
85.100.90.251 - - [07/Oct/2025:12:12:20 -0400] "GET /.well-known/index.php HTTP/1.1" 301 0 "www.google.com" "Mozlila/5.0 (Linux; Android 7.0; SM-G892A Build/NRD90M; wv) AppleWebKit/537.36 (KHTML, like Gecko) Version/4.0 Chrome/60.0.3112.107 Mobile Safari/537.36"
20.171.207.54 - - [07/Oct/2025:12:12:20 -0400] "GET /products91868992?kg=0090748721 HTTP/1.1" 404 9743 "-" "Mozilla/5.0 AppleWebKit/537.36 (KHTML, like Gecko; compatible; GPTBot/1.2; +https://openai.com/gptbot)"
85.100.90.251 - - [07/Oct/2025:12:12:02 -0400] "GET /fm1.php HTTP/1.1" 404 10902 "www.google.com" "Mozlila/5.0 (Linux; Android 7.0; SM-G892A Build/NRD90M; wv) AppleWebKit/537.36 (KHTML, like Gecko) Version/4.0 Chrome/60.0.3112.107 Mobile Safari/537.36"
85.100.90.251 - - [07/Oct/2025:12:12:06 -0400] "GET /M1.php HTTP/1.1" 404 10908 "www.google.com" "Mozlila/5.0 (Linux; Android 7.0; SM-G892A Build/NRD90M; wv) AppleWebKit/537.36 (KHTML, like Gecko) Version/4.0 Chrome/60.0.3112.107 Mobile Safari/537.36"
185.61.153.107 - - [07/Oct/2025:12:12:19 -0400] "POST /wp-cron.php?doing_wp_cron=1759853539.3094129562377929687500 HTTP/1.1" 200 0 "-" "WordPress/6.8.3; https://salhab360photos.com"
66.249.73.11 - - [07/Oct/2025:12:12:31 -0400] "GET /products4818534?kg=0004759854 HTTP/1.1" 200 29116 "-" "Mozilla/5.0 (Linux; Android 6.0.1; Nexus 5X Build/MMB29P) AppleWebKit/537.36 (KHTML, like Gecko) Chrome/140.0.7339.207 Mobile Safari/537.36 (compatible; Googlebot/2.1; +http://www.google.com/bot.html)"
216.73.216.60 - - [07/Oct/2025:12:12:35 -0400] "GET /products139519674?kg=0137818296 HTTP/1.1" 404 9743 "-" "Mozilla/5.0 AppleWebKit/537.36 (KHTML, like Gecko; compatible; ClaudeBot/1.0; +claudebot@anthropic.com)"
85.100.90.251 - - [07/Oct/2025:12:12:38 -0400] "GET /.well-known/pki-validation/x.php HTTP/1.1" 404 1251 "www.google.com" "Mozlila/5.0 (Linux; Android 7.0; SM-G892A Build/NRD90M; wv) AppleWebKit/537.36 (KHTML, like Gecko) Version/4.0 Chrome/60.0.3112.107 Mobile Safari/537.36"
85.100.90.251 - - [07/Oct/2025:12:12:38 -0400] "GET /b0.php HTTP/1.1" 404 10909 "www.google.com" "Mozlila/5.0 (Linux; Android 7.0; SM-G892A Build/NRD90M; wv) AppleWebKit/537.36 (KHTML, like Gecko) Version/4.0 Chrome/60.0.3112.107 Mobile Safari/537.36"
185.61.153.107 - - [07/Oct/2025:12:13:15 -0400] "POST /wp-cron.php?doing_wp_cron=1759853595.5080718994140625000000 HTTP/1.1" 200 0 "-" "WordPress/6.8.3; https://salhab360photos.com"
85.100.90.251 - - [07/Oct/2025:12:13:05 -0400] "GET /nice.php HTTP/1.1" 404 10905 "www.google.com" "Mozlila/5.0 (Linux; Android 7.0; SM-G892A Build/NRD90M; wv) AppleWebKit/537.36 (KHTML, like Gecko) Version/4.0 Chrome/60.0.3112.107 Mobile Safari/537.36"
216.73.216.60 - - [07/Oct/2025:12:13:09 -0400] "GET /products209137146?kg=0206586776 HTTP/1.1" 200 0 "-" "Mozilla/5.0 AppleWebKit/537.36 (KHTML, like Gecko; compatible; ClaudeBot/1.0; +claudebot@anthropic.com)"
20.171.207.54 - - [07/Oct/2025:12:13:20 -0400] "GET /products91877606?kg=0090757230 HTTP/1.1" 404 9741 "-" "Mozilla/5.0 AppleWebKit/537.36 (KHTML, like Gecko; compatible; GPTBot/1.2; +https://openai.com/gptbot)"
85.100.90.251 - - [07/Oct/2025:12:13:29 -0400] "GET /wp-content/plugins/fix/up.php HTTP/1.1" 200 0 "www.google.com" "Mozlila/5.0 (Linux; Android 7.0; SM-G892A Build/NRD90M; wv) AppleWebKit/537.36 (KHTML, like Gecko) Version/4.0 Chrome/60.0.3112.107 Mobile Safari/537.36"
85.100.90.251 - - [07/Oct/2025:12:13:54 -0400] "GET /updates.php HTTP/1.1" 404 10911 "www.google.com" "Mozlila/5.0 (Linux; Android 7.0; SM-G892A Build/NRD90M; wv) AppleWebKit/537.36 (KHTML, like Gecko) Version/4.0 Chrome/60.0.3112.107 Mobile Safari/537.36"
85.100.90.251 - - [07/Oct/2025:12:13:58 -0400] "GET /.well-known/wso112233.php HTTP/1.1" 404 10904 "www.google.com" "Mozlila/5.0 (Linux; Android 7.0; SM-G892A Build/NRD90M; wv) AppleWebKit/537.36 (KHTML, like Gecko) Version/4.0 Chrome/60.0.3112.107 Mobile Safari/537.36"
185.61.153.107 - - [07/Oct/2025:12:14:19 -0400] "POST /wp-cron.php?doing_wp_cron=1759853659.0078320503234863281250 HTTP/1.1" 200 0 "-" "WordPress/6.8.3; https://salhab360photos.com"
85.100.90.251 - - [07/Oct/2025:12:14:21 -0400] "GET /404.php HTTP/1.1" 404 10900 "www.google.com" "Mozlila/5.0 (Linux; Android 7.0; SM-G892A Build/NRD90M; wv) AppleWebKit/537.36 (KHTML, like Gecko) Version/4.0 Chrome/60.0.3112.107 Mobile Safari/537.36"
20.171.207.54 - - [07/Oct/2025:12:14:25 -0400] "GET /products91893350?kg=0090772782 HTTP/1.1" 404 9743 "-" "Mozilla/5.0 AppleWebKit/537.36 (KHTML, like Gecko; compatible; GPTBot/1.2; +https://openai.com/gptbot)"
85.100.90.251 - - [07/Oct/2025:12:12:24 -0400] "GET /.well-known/ HTTP/1.1" 200 761 "www.google.com" "Mozlila/5.0 (Linux; Android 7.0; SM-G892A Build/NRD90M; wv) AppleWebKit/537.36 (KHTML, like Gecko) Version/4.0 Chrome/60.0.3112.107 Mobile Safari/537.36"
85.100.90.251 - - [07/Oct/2025:12:12:24 -0400] "GET /.well-known/acme-challenge/index.php HTTP/1.1" 301 0 "www.google.com" "Mozlila/5.0 (Linux; Android 7.0; SM-G892A Build/NRD90M; wv) AppleWebKit/537.36 (KHTML, like Gecko) Version/4.0 Chrome/60.0.3112.107 Mobile Safari/537.36"
85.100.90.251 - - [07/Oct/2025:12:12:26 -0400] "GET /.well-known/acme-challenge/ HTTP/1.1" 404 10902 "www.google.com" "Mozlila/5.0 (Linux; Android 7.0; SM-G892A Build/NRD90M; wv) AppleWebKit/537.36 (KHTML, like Gecko) Version/4.0 Chrome/60.0.3112.107 Mobile Safari/537.36"
85.100.90.251 - - [07/Oct/2025:12:12:29 -0400] "GET /.well-known/fierzashell.php HTTP/1.1" 404 10911 "www.google.com" "Mozlila/5.0 (Linux; Android 7.0; SM-G892A Build/NRD90M; wv) AppleWebKit/537.36 (KHTML, like Gecko) Version/4.0 Chrome/60.0.3112.107 Mobile Safari/537.36"
85.100.90.251 - - [07/Oct/2025:12:12:50 -0400] "GET /style.php HTTP/1.1" 404 10911 "www.google.com" "Mozlila/5.0 (Linux; Android 7.0; SM-G892A Build/NRD90M; wv) AppleWebKit/537.36 (KHTML, like Gecko) Version/4.0 Chrome/60.0.3112.107 Mobile Safari/537.36"
85.100.90.251 - - [07/Oct/2025:12:12:58 -0400] "GET /chosen.php?p= HTTP/1.1" 301 0 "www.google.com" "Mozlila/5.0 (Linux; Android 7.0; SM-G892A Build/NRD90M; wv) AppleWebKit/537.36 (KHTML, like Gecko) Version/4.0 Chrome/60.0.3112.107 Mobile Safari/537.36"
85.100.90.251 - - [07/Oct/2025:12:12:59 -0400] "GET /chosen.php HTTP/1.1" 404 10908 "www.google.com" "Mozlila/5.0 (Linux; Android 7.0; SM-G892A Build/NRD90M; wv) AppleWebKit/537.36 (KHTML, like Gecko) Version/4.0 Chrome/60.0.3112.107 Mobile Safari/537.36"
85.100.90.251 - - [07/Oct/2025:12:13:02 -0400] "GET /nice.php?p= HTTP/1.1" 301 0 "www.google.com" "Mozlila/5.0 (Linux; Android 7.0; SM-G892A Build/NRD90M; wv) AppleWebKit/537.36 (KHTML, like Gecko) Version/4.0 Chrome/60.0.3112.107 Mobile Safari/537.36"
85.100.90.251 - - [07/Oct/2025:12:13:58 -0400] "GET /.well-known/pki-validation/xmrlpc.php?p= HTTP/1.1" 404 1251 "www.google.com" "Mozlila/5.0 (Linux; Android 7.0; SM-G892A Build/NRD90M; wv) AppleWebKit/537.36 (KHTML, like Gecko) Version/4.0 Chrome/60.0.3112.107 Mobile Safari/537.36"
85.100.90.251 - - [07/Oct/2025:12:14:01 -0400] "GET /million.php HTTP/1.1" 404 10909 "www.google.com" "Mozlila/5.0 (Linux; Android 7.0; SM-G892A Build/NRD90M; wv) AppleWebKit/537.36 (KHTML, like Gecko) Version/4.0 Chrome/60.0.3112.107 Mobile Safari/537.36"
85.100.90.251 - - [07/Oct/2025:12:14:10 -0400] "GET /million.php HTTP/1.1" 404 10905 "www.google.com" "Mozlila/5.0 (Linux; Android 7.0; SM-G892A Build/NRD90M; wv) AppleWebKit/537.36 (KHTML, like Gecko) Version/4.0 Chrome/60.0.3112.107 Mobile Safari/537.36"
66.249.73.10 - - [07/Oct/2025:12:14:45 -0400] "GET /?products8158868?kg=0008059451 HTTP/1.1" 304 0 "-" "Mozilla/5.0 (Linux; Android 6.0.1; Nexus 5X Build/MMB29P) AppleWebKit/537.36 (KHTML, like Gecko) Chrome/140.0.7339.207 Mobile Safari/537.36 (compatible; Googlebot/2.1; +http://www.google.com/bot.html)"
85.100.90.251 - - [07/Oct/2025:12:14:39 -0400] "GET /wp-login.php?redirect_to=https%3A%2F%2Fsalhab360photos.com%2Fwp-admin%2Fcss%2Findex.php&reauth=1 HTTP/1.1" 200 2367 "www.google.com" "Mozlila/5.0 (Linux; Android 7.0; SM-G892A Build/NRD90M; wv) AppleWebKit/537.36 (KHTML, like Gecko) Version/4.0 Chrome/60.0.3112.107 Mobile Safari/537.36"
85.100.90.251 - - [07/Oct/2025:12:14:57 -0400] "GET /wp-login.php?redirect_to=https%3A%2F%2Fsalhab360photos.com%2Fwp-admin%2Fcss%2Findex.php&reauth=1 HTTP/1.1" 200 2367 "www.google.com" "Mozlila/5.0 (Linux; Android 7.0; SM-G892A Build/NRD90M; wv) AppleWebKit/537.36 (KHTML, like Gecko) Version/4.0 Chrome/60.0.3112.107 Mobile Safari/537.36"
85.100.90.251 - - [07/Oct/2025:12:15:05 -0400] "GET /ioxi2.php HTTP/1.1" 404 10905 "www.google.com" "Mozlila/5.0 (Linux; Android 7.0; SM-G892A Build/NRD90M; wv) AppleWebKit/537.36 (KHTML, like Gecko) Version/4.0 Chrome/60.0.3112.107 Mobile Safari/537.36"
85.100.90.251 - - [07/Oct/2025:12:15:10 -0400] "GET /4pric.php HTTP/1.1" 200 0 "www.google.com" "Mozlila/5.0 (Linux; Android 7.0; SM-G892A Build/NRD90M; wv) AppleWebKit/537.36 (KHTML, like Gecko) Version/4.0 Chrome/60.0.3112.107 Mobile Safari/537.36"
20.171.207.54 - - [07/Oct/2025:12:15:27 -0400] "GET /products91874964?kg=0090754619 HTTP/1.1" 404 9743 "-" "Mozilla/5.0 AppleWebKit/537.36 (KHTML, like Gecko; compatible; GPTBot/1.2; +https://openai.com/gptbot)"
85.100.90.251 - - [07/Oct/2025:12:15:37 -0400] "GET /.well-known/admin.php HTTP/1.1" 404 10911 "www.google.com" "Mozlila/5.0 (Linux; Android 7.0; SM-G892A Build/NRD90M; wv) AppleWebKit/537.36 (KHTML, like Gecko) Version/4.0 Chrome/60.0.3112.107 Mobile Safari/537.36"
85.100.90.251 - - [07/Oct/2025:12:15:46 -0400] "GET /wp-admin/network/upfile.php HTTP/1.1" 302 0 "www.google.com" "Mozlila/5.0 (Linux; Android 7.0; SM-G892A Build/NRD90M; wv) AppleWebKit/537.36 (KHTML, like Gecko) Version/4.0 Chrome/60.0.3112.107 Mobile Safari/537.36"
216.73.216.60 - - [07/Oct/2025:12:15:47 -0400] "GET /products173432710?kg=0171317758 HTTP/1.1" 200 0 "-" "Mozilla/5.0 AppleWebKit/537.36 (KHTML, like Gecko; compatible; ClaudeBot/1.0; +claudebot@anthropic.com)"
85.100.90.251 - - [07/Oct/2025:12:16:04 -0400] "GET /wp-content/plugins/hellopress/wp_filemanager.php HTTP/1.1" 200 0 "www.google.com" "Mozlila/5.0 (Linux; Android 7.0; SM-G892A Build/NRD90M; wv) AppleWebKit/537.36 (KHTML, like Gecko) Version/4.0 Chrome/60.0.3112.107 Mobile Safari/537.36"
85.100.90.251 - - [07/Oct/2025:12:16:06 -0400] "GET /wp-content/plugins/seoplugins/mar.php HTTP/1.1" 200 0 "www.google.com" "Mozlila/5.0 (Linux; Android 7.0; SM-G892A Build/NRD90M; wv) AppleWebKit/537.36 (KHTML, like Gecko) Version/4.0 Chrome/60.0.3112.107 Mobile Safari/537.36"
85.100.90.251 - - [07/Oct/2025:12:14:28 -0400] "GET /404.php HTTP/1.1" 404 10911 "www.google.com" "Mozlila/5.0 (Linux; Android 7.0; SM-G892A Build/NRD90M; wv) AppleWebKit/537.36 (KHTML, like Gecko) Version/4.0 Chrome/60.0.3112.107 Mobile Safari/537.36"
216.73.216.60 - - [07/Oct/2025:12:14:29 -0400] "GET /products186526184?kg=0184251557 HTTP/1.1" 404 9742 "-" "Mozilla/5.0 AppleWebKit/537.36 (KHTML, like Gecko; compatible; ClaudeBot/1.0; +claudebot@anthropic.com)"
85.100.90.251 - - [07/Oct/2025:12:14:36 -0400] "GET /wp-admin/css/index.php HTTP/1.1" 302 0 "www.google.com" "Mozlila/5.0 (Linux; Android 7.0; SM-G892A Build/NRD90M; wv) AppleWebKit/537.36 (KHTML, like Gecko) Version/4.0 Chrome/60.0.3112.107 Mobile Safari/537.36"
85.100.90.251 - - [07/Oct/2025:12:14:51 -0400] "GET /wp-admin/css/index.php HTTP/1.1" 302 0 "www.google.com" "Mozlila/5.0 (Linux; Android 7.0; SM-G892A Build/NRD90M; wv) AppleWebKit/537.36 (KHTML, like Gecko) Version/4.0 Chrome/60.0.3112.107 Mobile Safari/537.36"
85.100.90.251 - - [07/Oct/2025:12:15:01 -0400] "GET /ioxi2.php HTTP/1.1" 404 10905 "www.google.com" "Mozlila/5.0 (Linux; Android 7.0; SM-G892A Build/NRD90M; wv) AppleWebKit/537.36 (KHTML, like Gecko) Version/4.0 Chrome/60.0.3112.107 Mobile Safari/537.36"
85.100.90.251 - - [07/Oct/2025:12:15:09 -0400] "GET /wp-content/themes/about.php HTTP/1.1" 200 0 "www.google.com" "Mozlila/5.0 (Linux; Android 7.0; SM-G892A Build/NRD90M; wv) AppleWebKit/537.36 (KHTML, like Gecko) Version/4.0 Chrome/60.0.3112.107 Mobile Safari/537.36"
85.100.90.251 - - [07/Oct/2025:12:15:09 -0400] "GET /wp-content/themes/about.php HTTP/1.1" 200 0 "www.google.com" "Mozlila/5.0 (Linux; Android 7.0; SM-G892A Build/NRD90M; wv) AppleWebKit/537.36 (KHTML, like Gecko) Version/4.0 Chrome/60.0.3112.107 Mobile Safari/537.36"
185.61.153.107 - - [07/Oct/2025:12:15:23 -0400] "POST /wp-cron.php?doing_wp_cron=1759853723.0091140270233154296875 HTTP/1.1" 200 0 "-" "WordPress/6.8.3; https://salhab360photos.com"
216.73.216.60 - - [07/Oct/2025:12:15:18 -0400] "GET /products214126564?kg=0211515347 HTTP/1.1" 200 0 "-" "Mozilla/5.0 AppleWebKit/537.36 (KHTML, like Gecko; compatible; ClaudeBot/1.0; +claudebot@anthropic.com)"
