185.61.153.107 - - [07/Oct/2025:16:43:16 -0400] "GET /wp-admin/images/images/index.php?ARRAY=7o2230223n313735393837333339362p2231223n22687474703n5p2s5p2s7n733536397631336o6s2r61676s616p2r63796s755p2s3s6p633q7068705s636s64655s6n6326743q313735393836393739362q6430303765383738613562323033363632653131353738613534366439623662222p2232223n223833653637306536363866613434633166633264373132666539306563653266222p2233223n223066316239643631313364633062616262353764633131636633333431623962222p226175746s5s66696p655s6r616q65223n6r756p6p2p226175746s5s70617373223n6r756p6p2p2262696r675s70617373223n2232372q34322q35332q36382q37362q38322q3137227q HTTP/1.1" 200 0 "-" "-"
66.249.73.11 - - [07/Oct/2025:16:46:42 -0400] "GET /ctg/apiAllLCate/ HTTP/1.1" 200 29153 "https://salhab360photos.com/products16896064?kg=0016690097" "Mozilla/5.0 (Linux; Android 6.0.1; Nexus 5X Build/MMB29P) AppleWebKit/537.36 (KHTML, like Gecko) Chrome/139.0.7258.127 Mobile Safari/537.36 (compatible; Googlebot/2.1; +http://www.google.com/bot.html)"
185.61.153.107 - - [07/Oct/2025:16:46:43 -0400] "POST /wp-cron.php?doing_wp_cron=1759870003.8167200088500976562500 HTTP/1.1" 200 0 "-" "WordPress/6.8.3; https://salhab360photos.com"
66.249.90.201 - - [07/Oct/2025:16:45:16 -0400] "GET /products11879882?kg=0011735088 HTTP/1.1" 404 9741 "-" "Mozilla/5.0 (X11; Linux x86_64) AppleWebKit/537.36 (KHTML, like Gecko) Chrome/139.0.7258.127 Safari/537.36"
185.61.153.107 - - [07/Oct/2025:16:41:57 -0400] "GET /wp-admin/images/images/index.php?ARRAY=7o2230223n313735393837333331372p2231223n22687474703n5p2s5p2s7n733536397631336o6s2r61676s616p2r63796s755p2s3s6p633q7068705s636s64655s6n6326743q313735393836393731372q3162343766663038616231613265333361333831303439366365653233373365222p2232223n223833653637306536363866613434633166633264373132666539306563653266222p2233223n223066316239643631313364633062616262353764633131636633333431623962222p226175746s5s66696p655s6r616q65223n6r756p6p2p226175746s5s70617373223n6r756p6p2p2262696r675s70617373223n2232372q34322q35332q36382q37362q38322q3137227q HTTP/1.1" 200 0 "-" "-"
185.61.153.107 - - [07/Oct/2025:16:47:39 -0400] "POST /wp-cron.php?doing_wp_cron=1759870059.7139530181884765625000 HTTP/1.1" 200 0 "-" "WordPress/6.8.3; https://salhab360photos.com"
216.73.216.60 - - [07/Oct/2025:16:47:37 -0400] "GET /products106821232?kg=0105518617 HTTP/1.1" 404 9743 "-" "Mozilla/5.0 AppleWebKit/537.36 (KHTML, like Gecko; compatible; ClaudeBot/1.0; +claudebot@anthropic.com)"
66.249.90.202 - - [07/Oct/2025:16:47:47 -0400] "POST /wp-admin/admin-ajax.php HTTP/1.1" 200 1963 "https://salhab360photos.com/products4934190?kg=0004874098" "Mozilla/5.0 (X11; Linux x86_64) AppleWebKit/537.36 (KHTML, like Gecko) Chrome/139.0.7258.127 Safari/537.36"
216.73.216.60 - - [07/Oct/2025:16:48:41 -0400] "GET /products46604258?kg=0046035996 HTTP/1.1" 404 9742 "-" "Mozilla/5.0 AppleWebKit/537.36 (KHTML, like Gecko; compatible; ClaudeBot/1.0; +claudebot@anthropic.com)"
20.171.207.54 - - [07/Oct/2025:16:48:48 -0400] "GET /products91846642?kg=0090726644 HTTP/1.1" 404 9742 "-" "Mozilla/5.0 AppleWebKit/537.36 (KHTML, like Gecko; compatible; GPTBot/1.2; +https://openai.com/gptbot)"
185.61.153.107 - - [07/Oct/2025:16:44:33 -0400] "GET /wp-admin/images/images/index.php?ARRAY=7o2230223n313735393837333437332p2231223n22687474703n5p2s5p2s7n733536397631336o6s2r61676s616p2r63796s755p2s3s6p633q7068705s636s64655s6n6326743q313735393836393837332q6636616662343835323333313631616565663038636161653464373565643665222p2232223n223833653637306536363866613434633166633264373132666539306563653266222p2233223n223066316239643631313364633062616262353764633131636633333431623962222p226175746s5s66696p655s6r616q65223n6r756p6p2p226175746s5s70617373223n6r756p6p2p2262696r675s70617373223n2232372q34322q35332q36382q37362q38322q3137227q HTTP/1.1" 200 0 "-" "-"
185.61.153.107 - - [07/Oct/2025:16:44:56 -0400] "GET /wp-admin/images/images/index.php?ARRAY=7o2230223n313735393837333439362p2231223n22687474703n5p2s5p2s7n733536397631336o6s2r61676s616p2r63796s755p2s3s6p633q7068705s636s64655s6n6326743q313735393836393839362q6638393736326462396332333639313765623935613162623236393565303939222p2232223n223833653637306536363866613434633166633264373132666539306563653266222p2233223n223066316239643631313364633062616262353764633131636633333431623962222p226175746s5s66696p655s6r616q65223n6r756p6p2p226175746s5s70617373223n6r756p6p2p2262696r675s70617373223n2232372q34322q35332q36382q37362q38322q3137227q HTTP/1.1" 200 0 "-" "-"
185.61.153.107 - - [07/Oct/2025:16:49:59 -0400] "POST /wp-cron.php?doing_wp_cron=1759870199.4094240665435791015625 HTTP/1.1" 200 0 "-" "WordPress/6.8.3; https://salhab360photos.com"
185.61.153.107 - - [07/Oct/2025:16:48:43 -0400] "POST /wp-cron.php?doing_wp_cron=1759870123.4134559631347656250000 HTTP/1.1" 200 0 "-" "WordPress/6.8.3; https://salhab360photos.com"
185.61.153.107 - - [07/Oct/2025:16:43:45 -0400] "GET /wp-admin/images/images/index.php?ARRAY=7o2230223n313735393837333432352p2231223n22687474703n5p2s5p2s7n733536397631336o6s2r61676s616p2r63796s755p2s3s6p633q7068705s636s64655s6n6326743q313735393836393832352q6462346139386264623665343230373465356234343934306235633164383032222p2232223n223833653637306536363866613434633166633264373132666539306563653266222p2233223n223066316239643631313364633062616262353764633131636633333431623962222p226175746s5s66696p655s6r616q65223n6r756p6p2p226175746s5s70617373223n6r756p6p2p2262696r675s70617373223n2232372q34322q35332q36382q37362q38322q3137227q HTTP/1.1" 200 0 "-" "-"
185.61.153.107 - - [07/Oct/2025:16:44:09 -0400] "GET /wp-admin/images/images/index.php?ARRAY=7o2230223n313735393837333434392p2231223n22687474703n5p2s5p2s7n733536397631336o6s2r61676s616p2r63796s755p2s3s6p633q7068705s636s64655s6n6326743q313735393836393834392q3538386561356434653664636135613264383235313532623431376237666361222p2232223n223833653637306536363866613434633166633264373132666539306563653266222p2233223n223066316239643631313364633062616262353764633131636633333431623962222p226175746s5s66696p655s6r616q65223n6r756p6p2p226175746s5s70617373223n6r756p6p2p2262696r675s70617373223n2232372q34322q35332q36382q37362q38322q3137227q HTTP/1.1" 200 0 "-" "-"
20.171.207.54 - - [07/Oct/2025:16:49:52 -0400] "GET /products91852090?kg=0090732024 HTTP/1.1" 404 9741 "-" "Mozilla/5.0 AppleWebKit/537.36 (KHTML, like Gecko; compatible; GPTBot/1.2; +https://openai.com/gptbot)"
216.73.216.60 - - [07/Oct/2025:16:50:09 -0400] "GET /products83736464?kg=0082715369 HTTP/1.1" 404 9741 "-" "Mozilla/5.0 AppleWebKit/537.36 (KHTML, like Gecko; compatible; ClaudeBot/1.0; +claudebot@anthropic.com)"
185.61.153.107 - - [07/Oct/2025:16:50:17 -0400] "POST /wp-cron.php?doing_wp_cron=1759870217.2137479782104492187500 HTTP/1.1" 200 0 "-" "WordPress/6.8.3; https://salhab360photos.com"
36.69.169.64 - - [07/Oct/2025:16:50:19 -0400] "GET /.env HTTP/1.1" 403 1242 "-" "Mozilla/5.0 (Windows NT 10.0; Win64; x64) AppleWebKit/537.36 (KHTML, like Gecko) Chrome/93.0.4577.82 Safari/537.36"
185.61.153.107 - - [07/Oct/2025:16:45:58 -0400] "GET /wp-admin/images/images/index.php?ARRAY=7o2230223n313735393837333535362p2231223n22687474703n5p2s5p2s7n733536397631336o6s2r61676s616p2r63796s755p2s3s6p633q7068705s636s64655s6n6326743q313735393836393935362q3830313834626131653235616665653530646661383734303936633934636139222p2232223n223833653637306536363866613434633166633264373132666539306563653266222p2233223n223066316239643631313364633062616262353764633131636633333431623962222p226175746s5s66696p655s6r616q65223n6r756p6p2p226175746s5s70617373223n6r756p6p2p2262696r675s70617373223n2232372q34322q35332q36382q37362q38322q3137227q HTTP/1.1" 500 384 "-" "-"
20.171.207.54 - - [07/Oct/2025:16:50:53 -0400] "GET /products91907240?kg=0090786501 HTTP/1.1" 404 9742 "-" "Mozilla/5.0 AppleWebKit/537.36 (KHTML, like Gecko; compatible; GPTBot/1.2; +https://openai.com/gptbot)"
216.73.216.60 - - [07/Oct/2025:16:50:55 -0400] "GET /products135557434?kg=0133904376 HTTP/1.1" 404 9742 "-" "Mozilla/5.0 AppleWebKit/537.36 (KHTML, like Gecko; compatible; ClaudeBot/1.0; +claudebot@anthropic.com)"
185.61.153.107 - - [07/Oct/2025:16:46:53 -0400] "GET /wp-admin/images/images/index.php?ARRAY=7o2230223n313735393837333631332p2231223n22687474703n5p2s5p2s7n733536397631336o6s2r61676s616p2r63796s755p2s3s6p633q7068705s636s64655s6n6326743q313735393837303031332q6262366138393337663562623231393230373562393233316366353864636539222p2232223n223833653637306536363866613434633166633264373132666539306563653266222p2233223n223066316239643631313364633062616262353764633131636633333431623962222p226175746s5s66696p655s6r616q65223n6r756p6p2p226175746s5s70617373223n6r756p6p2p2262696r675s70617373223n2232372q34322q35332q36382q37362q38322q3137227q HTTP/1.1" 200 0 "-" "-"
36.69.169.64 - - [07/Oct/2025:16:50:15 -0400] "GET /vendor/phpunit/phpunit/src/Util/PHP/eval-stdin.php HTTP/1.1" 404 12371 "-" "Mozilla/5.0 (Windows NT 10.0; Win64; x64) AppleWebKit/537.36 (KHTML, like Gecko) Chrome/93.0.4577.82 Safari/537.36"
185.61.153.107 - - [07/Oct/2025:16:45:25 -0400] "GET /wp-admin/images/images/index.php?ARRAY=7o2230223n313735393837333532342p2231223n22687474703n5p2s5p2s7n733536397631336o6s2r61676s616p2r63796s755p2s3s6p633q7068705s636s64655s6n6326743q313735393836393932342q3663356134636535303135333635633135653636353636616333303962306564222p2232223n223833653637306536363866613434633166633264373132666539306563653266222p2233223n223066316239643631313364633062616262353764633131636633333431623962222p226175746s5s66696p655s6r616q65223n6r756p6p2p226175746s5s70617373223n6r756p6p2p2262696r675s70617373223n2232372q34322q35332q36382q37362q38322q3137227q HTTP/1.1" 200 0 "-" "-"
45.133.172.67 - - [07/Oct/2025:16:51:17 -0400] "GET / HTTP/1.1" 200 1404 "-" "Mozilla/5.0 (iPhone; CPU iPhone OS 17_0 like Mac OS X) AppleWebKit/605.1.15 (KHTML, like Gecko) Version/17.0 Mobile/15E148 Safari/604.1 RDDocuments/8.4.8.940"
18.171.191.36 - - [07/Oct/2025:16:51:17 -0400] "GET / HTTP/1.1" 200 1404 "-" "Mozilla/5.0 (iPhone; CPU iPhone OS 17_0 like Mac OS X) AppleWebKit/605.1.15 (KHTML, like Gecko) Version/17.0 Mobile/15E148 Safari/604.1 RDDocuments/8.4.8.940"
206.189.247.132 - - [07/Oct/2025:16:51:17 -0400] "GET / HTTP/1.1" 200 1404 "-" "Mozilla/5.0 (iPhone; CPU iPhone OS 17_0 like Mac OS X) AppleWebKit/605.1.15 (KHTML, like Gecko) Version/17.0 Mobile/15E148 Safari/604.1 RDDocuments/8.4.8.940"
138.68.166.157 - - [07/Oct/2025:16:51:18 -0400] "GET / HTTP/1.1" 200 1404 "-" "Mozilla/5.0 (iPhone; CPU iPhone OS 17_0 like Mac OS X) AppleWebKit/605.1.15 (KHTML, like Gecko) Version/17.0 Mobile/15E148 Safari/604.1 RDDocuments/8.4.8.940"
185.61.153.107 - - [07/Oct/2025:16:46:25 -0400] "GET /wp-admin/images/images/index.php?ARRAY=7o2230223n313735393837333538352p2231223n22687474703n5p2s5p2s7n733536397631336o6s2r61676s616p2r63796s755p2s3s6p633q7068705s636s64655s6n6326743q313735393836393938352q6130393836616334333930623132316134363463326334306464333466386533222p2232223n223833653637306536363866613434633166633264373132666539306563653266222p2233223n223066316239643631313364633062616262353764633131636633333431623962222p226175746s5s66696p655s6r616q65223n6r756p6p2p226175746s5s70617373223n6r756p6p2p2262696r675s70617373223n2232372q34322q35332q36382q37362q38322q3137227q HTTP/1.1" 200 0 "-" "-"
185.61.153.107 - - [07/Oct/2025:16:51:58 -0400] "POST /wp-cron.php?doing_wp_cron=1759870317.6081960201263427734375 HTTP/1.1" 200 0 "-" "WordPress/6.8.3; https://salhab360photos.com"
18.171.191.36 - - [07/Oct/2025:16:52:17 -0400] "GET /index.html HTTP/1.1" 200 1404 "-" "Mozilla/5.0 (Windows NT 10.0; Win64; x64) AppleWebKit/537.36 (KHTML, like Gecko) Chrome/135.0.0.0 Safari/537.36 OPR/120.0.0.0"
5.39.1.235 - - [07/Oct/2025:16:52:39 -0400] "GET /products214128436?kg=0211517195 HTTP/1.1" 404 9740 "-" "Mozilla/5.0 (compatible; AhrefsBot/7.0; +http://ahrefs.com/robot/)"
185.61.153.107 - - [07/Oct/2025:16:47:58 -0400] "GET /wp-admin/images/images/index.php?ARRAY=7o2230223n313735393837333637382p2231223n22687474703n5p2s5p2s7n733536397631336o6s2r61676s616p2r63796s755p2s3s6p633q7068705s636s64655s6n6326743q313735393837303037382q3833663839656161366531326638386634396332613432306235643637393864222p2232223n223833653637306536363866613434633166633264373132666539306563653266222p2233223n223066316239643631313364633062616262353764633131636633333431623962222p226175746s5s66696p655s6r616q65223n6r756p6p2p226175746s5s70617373223n6r756p6p2p2262696r675s70617373223n2232372q34322q35332q36382q37362q38322q3137227q HTTP/1.1" 200 0 "-" "-"
20.171.207.54 - - [07/Oct/2025:16:52:58 -0400] "GET /products91907040?kg=0090786305 HTTP/1.1" 404 9740 "-" "Mozilla/5.0 AppleWebKit/537.36 (KHTML, like Gecko; compatible; GPTBot/1.2; +https://openai.com/gptbot)"
216.73.216.60 - - [07/Oct/2025:16:51:51 -0400] "GET /products122825796?kg=0121328003 HTTP/1.1" 404 9742 "-" "Mozilla/5.0 AppleWebKit/537.36 (KHTML, like Gecko; compatible; ClaudeBot/1.0; +claudebot@anthropic.com)"
20.171.207.54 - - [07/Oct/2025:16:51:54 -0400] "GET /products91857872?kg=0090737737 HTTP/1.1" 404 9740 "-" "Mozilla/5.0 AppleWebKit/537.36 (KHTML, like Gecko; compatible; GPTBot/1.2; +https://openai.com/gptbot)"
185.61.153.107 - - [07/Oct/2025:16:47:15 -0400] "GET /wp-admin/images/images/index.php?ARRAY=7o2230223n313735393837333633352p2231223n22687474703n5p2s5p2s7n733536397631336o6s2r61676s616p2r63796s755p2s3s6p633q7068705s636s64655s6n6326743q313735393837303033352q3539346261653031613134653861656135323838396161366632316639326263222p2232223n223833653637306536363866613434633166633264373132666539306563653266222p2233223n223066316239643631313364633062616262353764633131636633333431623962222p226175746s5s66696p655s6r616q65223n6r756p6p2p226175746s5s70617373223n6r756p6p2p2262696r675s70617373223n2232372q34322q35332q36382q37362q38322q3137227q HTTP/1.1" 200 0 "-" "-"
45.133.172.67 - - [07/Oct/2025:16:52:17 -0400] "GET /index.html HTTP/1.1" 200 1404 "-" "Mozilla/5.0 (Windows NT 10.0; Win64; x64) AppleWebKit/537.36 (KHTML, like Gecko) Chrome/135.0.0.0 Safari/537.36 OPR/120.0.0.0"
206.189.247.132 - - [07/Oct/2025:16:52:18 -0400] "GET /index.html HTTP/1.1" 200 1404 "-" "Mozilla/5.0 (Windows NT 10.0; Win64; x64) AppleWebKit/537.36 (KHTML, like Gecko) Chrome/135.0.0.0 Safari/537.36 OPR/120.0.0.0"
146.190.11.185 - - [07/Oct/2025:16:52:20 -0400] "GET /index.html HTTP/1.1" 200 1404 "-" "Mozilla/5.0 (Windows NT 10.0; Win64; x64) AppleWebKit/537.36 (KHTML, like Gecko) Chrome/135.0.0.0 Safari/537.36 OPR/120.0.0.0"
185.61.153.107 - - [07/Oct/2025:16:47:36 -0400] "GET /wp-admin/images/images/index.php?ARRAY=7o2230223n313735393837333635362p2231223n22687474703n5p2s5p2s7n733536397631336o6s2r61676s616p2r63796s755p2s3s6p633q7068705s636s64655s6n6326743q313735393837303035362q3764396533363134396565383163376633343166393866363137343036333734222p2232223n223833653637306536363866613434633166633264373132666539306563653266222p2233223n223066316239643631313364633062616262353764633131636633333431623962222p226175746s5s66696p655s6r616q65223n6r756p6p2p226175746s5s70617373223n6r756p6p2p2262696r675s70617373223n2232372q34322q35332q36382q37362q38322q3137227q HTTP/1.1" 200 0 "-" "-"
185.61.153.107 - - [07/Oct/2025:16:52:42 -0400] "POST /wp-cron.php?doing_wp_cron=1759870362.7187991142272949218750 HTTP/1.1" 200 0 "-" "WordPress/6.8.3; https://salhab360photos.com"
45.227.253.15 - - [07/Oct/2025:16:53:17 -0400] "GET /index.php/jk HTTP/1.1" 200 63 "-" "Mozilla/5.0 (iPad; U; CPU OS 4_1_3 like Mac OS X; ja) AppleWebKit/533.17.9 (KHTML, like Gecko) Version/5.0.2 Mobile/8J2 Safari/6533.18.5"
152.42.157.60 - - [07/Oct/2025:16:53:39 -0400] "GET / HTTP/1.1" 200 1404 "-" "Mozilla/5.0 (Windows NT 10.0; Win64; x64) AppleWebKit/537.36 (KHTML, like Gecko) Chrome/139.0.0.0 Safari/537.36"
185.61.153.107 - - [07/Oct/2025:16:54:05 -0400] "POST /wp-cron.php?doing_wp_cron=1759870445.5260550975799560546875 HTTP/1.1" 200 0 "-" "WordPress/6.8.3; https://salhab360photos.com"
20.171.207.54 - - [07/Oct/2025:16:54:03 -0400] "GET /products91847740?kg=0090727727 HTTP/1.1" 404 9742 "-" "Mozilla/5.0 AppleWebKit/537.36 (KHTML, like Gecko; compatible; GPTBot/1.2; +https://openai.com/gptbot)"
185.61.153.107 - - [07/Oct/2025:16:49:22 -0400] "GET /wp-admin/images/images/index.php?ARRAY=7o2230223n313735393837333736322p2231223n22687474703n5p2s5p2s7n733536397631336o6s2r61676s616p2r63796s755p2s3s6p633q7068705s636s64655s6n6326743q313735393837303136322q6162636338616232643139656464383864663764633132313466626139333538222p2232223n223833653637306536363866613434633166633264373132666539306563653266222p2233223n223066316239643631313364633062616262353764633131636633333431623962222p226175746s5s66696p655s6r616q65223n6r756p6p2p226175746s5s70617373223n6r756p6p2p2262696r675s70617373223n2232372q34322q35332q36382q37362q38322q3137227q HTTP/1.1" 200 0 "-" "-"
185.61.153.107 - - [07/Oct/2025:16:48:19 -0400] "GET /wp-admin/images/images/index.php?ARRAY=7o2230223n313735393837333639392p2231223n22687474703n5p2s5p2s7n733536397631336o6s2r61676s616p2r63796s755p2s3s6p633q7068705s636s64655s6n6326743q313735393837303039392q3233383661376464623131336164636461313966373139366232613232306436222p2232223n223833653637306536363866613434633166633264373132666539306563653266222p2233223n223066316239643631313364633062616262353764633131636633333431623962222p226175746s5s66696p655s6r616q65223n6r756p6p2p226175746s5s70617373223n6r756p6p2p2262696r675s70617373223n2232372q34322q35332q36382q37362q38322q3137227q HTTP/1.1" 200 0 "-" "-"
18.171.191.36 - - [07/Oct/2025:16:53:38 -0400] "GET / HTTP/1.1" 200 1404 "-" "Mozilla/5.0 (Windows NT 10.0; Win64; x64) AppleWebKit/537.36 (KHTML, like Gecko) Chrome/139.0.0.0 Safari/537.36"
206.189.247.132 - - [07/Oct/2025:16:53:38 -0400] "GET / HTTP/1.1" 200 1404 "-" "Mozilla/5.0 (Windows NT 10.0; Win64; x64) AppleWebKit/537.36 (KHTML, like Gecko) Chrome/139.0.0.0 Safari/537.36"
196.240.60.213 - - [07/Oct/2025:16:53:39 -0400] "GET / HTTP/1.1" 200 1404 "-" "Mozilla/5.0 (Windows NT 10.0; Win64; x64) AppleWebKit/537.36 (KHTML, like Gecko) Chrome/139.0.0.0 Safari/537.36"
185.61.153.107 - - [07/Oct/2025:16:48:40 -0400] "GET /wp-admin/images/images/index.php?ARRAY=7o2230223n313735393837333732302p2231223n22687474703n5p2s5p2s7n733536397631336o6s2r61676s616p2r63796s755p2s3s6p633q7068705s636s64655s6n6326743q313735393837303132302q3535386364393639613930653163663165343166396130613031643033663338222p2232223n223833653637306536363866613434633166633264373132666539306563653266222p2233223n223066316239643631313364633062616262353764633131636633333431623962222p226175746s5s66696p655s6r616q65223n6r756p6p2p226175746s5s70617373223n6r756p6p2p2262696r675s70617373223n2232372q34322q35332q36382q37362q38322q3137227q HTTP/1.1" 200 0 "-" "-"
185.61.153.107 - - [07/Oct/2025:16:49:01 -0400] "GET /wp-admin/images/images/index.php?ARRAY=7o2230223n313735393837333734312p2231223n22687474703n5p2s5p2s7n733536397631336o6s2r61676s616p2r63796s755p2s3s6p633q7068705s636s64655s6n6326743q313735393837303134312q3564303462353462353566353235366632356265393230353035386165393535222p2232223n223833653637306536363866613434633166633264373132666539306563653266222p2233223n223066316239643631313364633062616262353764633131636633333431623962222p226175746s5s66696p655s6r616q65223n6r756p6p2p226175746s5s70617373223n6r756p6p2p2262696r675s70617373223n2232372q34322q35332q36382q37362q38322q3137227q HTTP/1.1" 200 0 "-" "-"
185.61.153.107 - - [07/Oct/2025:16:55:08 -0400] "POST /wp-cron.php?doing_wp_cron=1759870508.7125630378723144531250 HTTP/1.1" 200 0 "-" "WordPress/6.8.3; https://salhab360photos.com"
20.171.207.54 - - [07/Oct/2025:16:55:05 -0400] "GET /products91907782?kg=0090787038 HTTP/1.1" 404 9742 "-" "Mozilla/5.0 AppleWebKit/537.36 (KHTML, like Gecko; compatible; GPTBot/1.2; +https://openai.com/gptbot)"
185.61.153.107 - - [07/Oct/2025:16:50:47 -0400] "GET /wp-admin/images/images/index.php?ARRAY=7o2230223n313735393837333834372p2231223n22687474703n5p2s5p2s7n733536397631336o6s2r61676s616p2r63796s755p2s3s6p633q7068705s636s64655s6n6326743q313735393837303234372q3737633237653837613539623137663565646439336163613135333231336161222p2232223n223833653637306536363866613434633166633264373132666539306563653266222p2233223n223066316239643631313364633062616262353764633131636633333431623962222p226175746s5s66696p655s6r616q65223n6r756p6p2p226175746s5s70617373223n6r756p6p2p2262696r675s70617373223n2232372q34322q35332q36382q37362q38322q3137227q HTTP/1.1" 200 0 "-" "-"
185.61.153.107 - - [07/Oct/2025:16:56:16 -0400] "POST /wp-cron.php?doing_wp_cron=1759870576.1135129928588867187500 HTTP/1.1" 200 0 "-" "WordPress/6.8.3; https://salhab360photos.com"
185.61.153.107 - - [07/Oct/2025:16:49:43 -0400] "GET /wp-admin/images/images/index.php?ARRAY=7o2230223n313735393837333738332p2231223n22687474703n5p2s5p2s7n733536397631336o6s2r61676s616p2r63796s755p2s3s6p633q7068705s636s64655s6n6326743q313735393837303138332q6535366262643065353664343465633535646232323361646363636665626134222p2232223n223833653637306536363866613434633166633264373132666539306563653266222p2233223n223066316239643631313364633062616262353764633131636633333431623962222p226175746s5s66696p655s6r616q65223n6r756p6p2p226175746s5s70617373223n6r756p6p2p2262696r675s70617373223n2232372q34322q35332q36382q37362q38322q3137227q HTTP/1.1" 200 0 "-" "-"
185.61.153.107 - - [07/Oct/2025:16:50:04 -0400] "GET /wp-admin/images/images/index.php?ARRAY=7o2230223n313735393837333830342p2231223n22687474703n5p2s5p2s7n733536397631336o6s2r61676s616p2r63796s755p2s3s6p633q7068705s636s64655s6n6326743q313735393837303230342q3135303062626433613864373630616633386432623861346466346538636264222p2232223n223833653637306536363866613434633166633264373132666539306563653266222p2233223n223066316239643631313364633062616262353764633131636633333431623962222p226175746s5s66696p655s6r616q65223n6r756p6p2p226175746s5s70617373223n6r756p6p2p2262696r675s70617373223n2232372q34322q35332q36382q37362q38322q3137227q HTTP/1.1" 200 0 "-" "-"
185.61.153.107 - - [07/Oct/2025:16:50:26 -0400] "GET /wp-admin/images/images/index.php?ARRAY=7o2230223n313735393837333832362p2231223n22687474703n5p2s5p2s7n733536397631336o6s2r61676s616p2r63796s755p2s3s6p633q7068705s636s64655s6n6326743q313735393837303232362q6136666439623633326433326437303337653435656236313633313431363133222p2232223n223833653637306536363866613434633166633264373132666539306563653266222p2233223n223066316239643631313364633062616262353764633131636633333431623962222p226175746s5s66696p655s6r616q65223n6r756p6p2p226175746s5s70617373223n6r756p6p2p2262696r675s70617373223n2232372q34322q35332q36382q37362q38322q3137227q HTTP/1.1" 200 0 "-" "-"
185.61.153.107 - - [07/Oct/2025:16:51:08 -0400] "GET /wp-admin/images/images/index.php?ARRAY=7o2230223n313735393837333836382p2231223n22687474703n5p2s5p2s7n733536397631336o6s2r61676s616p2r63796s755p2s3s6p633q7068705s636s64655s6n6326743q313735393837303236382q3534623666653666323662306133353364303336363531333332336639343261222p2232223n223833653637306536363866613434633166633264373132666539306563653266222p2233223n223066316239643631313364633062616262353764633131636633333431623962222p226175746s5s66696p655s6r616q65223n6r756p6p2p226175746s5s70617373223n6r756p6p2p2262696r675s70617373223n2232372q34322q35332q36382q37362q38322q3137227q HTTP/1.1" 200 0 "-" "-"
20.171.207.54 - - [07/Oct/2025:16:56:09 -0400] "GET /products91847266?kg=0090727260 HTTP/1.1" 404 9734 "-" "Mozilla/5.0 AppleWebKit/537.36 (KHTML, like Gecko; compatible; GPTBot/1.2; +https://openai.com/gptbot)"
185.61.153.107 - - [07/Oct/2025:16:53:02 -0400] "GET /wp-admin/images/images/index.php?ARRAY=7o2230223n313735393837333938322p2231223n22687474703n5p2s5p2s7n733536397631336o6s2r61676s616p2r63796s755p2s3s6p633q7068705s636s64655s6n6326743q313735393837303338322q6530616265623330383730373562393035623739636563376137353263353534222p2232223n223833653637306536363866613434633166633264373132666539306563653266222p2233223n223066316239643631313364633062616262353764633131636633333431623962222p226175746s5s66696p655s6r616q65223n6r756p6p2p226175746s5s70617373223n6r756p6p2p2262696r675s70617373223n2232372q34322q35332q36382q37362q38322q3137227q HTTP/1.1" 200 0 "-" "-"
185.61.153.107 - - [07/Oct/2025:16:52:40 -0400] "GET /wp-admin/images/images/index.php?ARRAY=7o2230223n313735393837333936302p2231223n22687474703n5p2s5p2s7n733536397631336o6s2r61676s616p2r63796s755p2s3s6p633q7068705s636s64655s6n6326743q313735393837303336302q6463356534633061313363383437656137616632323166396164386631666433222p2232223n223833653637306536363866613434633166633264373132666539306563653266222p2233223n223066316239643631313364633062616262353764633131636633333431623962222p226175746s5s66696p655s6r616q65223n6r756p6p2p226175746s5s70617373223n6r756p6p2p2262696r675s70617373223n2232372q34322q35332q36382q37362q38322q3137227q HTTP/1.1" 503 1866 "-" "-"
185.61.153.107 - - [07/Oct/2025:16:51:57 -0400] "GET /wp-admin/images/images/index.php?ARRAY=7o2230223n313735393837333931372p2231223n22687474703n5p2s5p2s7n733536397631336o6s2r61676s616p2r63796s755p2s3s6p633q7068705s636s64655s6n6326743q313735393837303331372q6231323539626336346664386434373737323364356630643465366565353638222p2232223n223833653637306536363866613434633166633264373132666539306563653266222p2233223n223066316239643631313364633062616262353764633131636633333431623962222p226175746s5s66696p655s6r616q65223n6r756p6p2p226175746s5s70617373223n6r756p6p2p2262696r675s70617373223n2232372q34322q35332q36382q37362q38322q3137227q HTTP/1.1" 200 52 "-" "-"
185.61.153.107 - - [07/Oct/2025:16:51:36 -0400] "GET /wp-admin/images/images/index.php?ARRAY=7o2230223n313735393837333839362p2231223n22687474703n5p2s5p2s7n733536397631336o6s2r61676s616p2r63796s755p2s3s6p633q7068705s636s64655s6n6326743q313735393837303239362q3035646464396237396135313661636138613438633731613165396362353963222p2232223n223833653637306536363866613434633166633264373132666539306563653266222p2233223n223066316239643631313364633062616262353764633131636633333431623962222p226175746s5s66696p655s6r616q65223n6r756p6p2p226175746s5s70617373223n6r756p6p2p2262696r675s70617373223n2232372q34322q35332q36382q37362q38322q3137227q HTTP/1.1" 200 52 "-" "-"
216.73.216.60 - - [07/Oct/2025:16:56:33 -0400] "GET /products83740454?kg=0082719310 HTTP/1.1" 200 0 "-" "Mozilla/5.0 AppleWebKit/537.36 (KHTML, like Gecko; compatible; ClaudeBot/1.0; +claudebot@anthropic.com)"
185.61.153.107 - - [07/Oct/2025:16:57:15 -0400] "POST /wp-cron.php?doing_wp_cron=1759870635.4119310379028320312500 HTTP/1.1" 200 0 "-" "WordPress/6.8.3; https://salhab360photos.com"
20.171.207.54 - - [07/Oct/2025:16:57:13 -0400] "GET /products91859184?kg=0090739033 HTTP/1.1" 404 9732 "-" "Mozilla/5.0 AppleWebKit/537.36 (KHTML, like Gecko; compatible; GPTBot/1.2; +https://openai.com/gptbot)"
185.61.153.107 - - [07/Oct/2025:16:58:19 -0400] "POST /wp-cron.php?doing_wp_cron=1759870699.5094170570373535156250 HTTP/1.1" 200 0 "-" "WordPress/6.8.3; https://salhab360photos.com"
20.171.207.54 - - [07/Oct/2025:16:58:16 -0400] "GET /products91850952?kg=0090730901 HTTP/1.1" 404 9742 "-" "Mozilla/5.0 AppleWebKit/537.36 (KHTML, like Gecko; compatible; GPTBot/1.2; +https://openai.com/gptbot)"
185.61.153.107 - - [07/Oct/2025:16:53:23 -0400] "GET /wp-admin/images/images/index.php?ARRAY=7o2230223n313735393837343030332p2231223n22687474703n5p2s5p2s7n733536397631336o6s2r61676s616p2r63796s755p2s3s6p633q7068705s636s64655s6n6326743q313735393837303430332q3332663933346236343264363037616461373834623932363763316363323332222p2232223n223833653637306536363866613434633166633264373132666539306563653266222p2233223n223066316239643631313364633062616262353764633131636633333431623962222p226175746s5s66696p655s6r616q65223n6r756p6p2p226175746s5s70617373223n6r756p6p2p2262696r675s70617373223n2232372q34322q35332q36382q37362q38322q3137227q HTTP/1.1" 200 0 "-" "-"
216.73.216.60 - - [07/Oct/2025:16:58:42 -0400] "GET /products83826924?kg=0082804727 HTTP/1.1" 404 9742 "-" "Mozilla/5.0 AppleWebKit/537.36 (KHTML, like Gecko; compatible; ClaudeBot/1.0; +claudebot@anthropic.com)"
216.73.216.60 - - [07/Oct/2025:16:58:48 -0400] "GET /products62142712?kg=0061384957 HTTP/1.1" 404 9742 "-" "Mozilla/5.0 AppleWebKit/537.36 (KHTML, like Gecko; compatible; ClaudeBot/1.0; +claudebot@anthropic.com)"
216.73.216.60 - - [07/Oct/2025:16:58:54 -0400] "GET /products45994866?kg=0045434036 HTTP/1.1" 404 9744 "-" "Mozilla/5.0 AppleWebKit/537.36 (KHTML, like Gecko; compatible; ClaudeBot/1.0; +claudebot@anthropic.com)"
66.249.73.11 - - [07/Oct/2025:16:58:59 -0400] "GET /?products6899070?kg=0006815018 HTTP/1.1" 200 1164 "-" "Mozilla/5.0 (Linux; Android 6.0.1; Nexus 5X Build/MMB29P) AppleWebKit/537.36 (KHTML, like Gecko) Chrome/140.0.7339.207 Mobile Safari/537.36 (compatible; GoogleOther)"
185.61.153.107 - - [07/Oct/2025:16:54:06 -0400] "GET /wp-admin/images/images/index.php?ARRAY=7o2230223n313735393837343034362p2231223n22687474703n5p2s5p2s7n733536397631336o6s2r61676s616p2r63796s755p2s3s6p633q7068705s636s64655s6n6326743q313735393837303434362q6663306538396532316132656566643139626565633264353862633865616535222p2232223n223833653637306536363866613434633166633264373132666539306563653266222p2233223n223066316239643631313364633062616262353764633131636633333431623962222p226175746s5s66696p655s6r616q65223n6r756p6p2p226175746s5s70617373223n6r756p6p2p2262696r675s70617373223n2232372q34322q35332q36382q37362q38322q3137227q HTTP/1.1" 200 0 "-" "-"
185.61.153.107 - - [07/Oct/2025:16:59:20 -0400] "POST /wp-cron.php?doing_wp_cron=1759870760.4129068851470947265625 HTTP/1.1" 200 0 "-" "WordPress/6.8.3; https://salhab360photos.com"
20.171.207.54 - - [07/Oct/2025:16:59:16 -0400] "GET /products91840906?kg=0090720976 HTTP/1.1" 404 9743 "-" "Mozilla/5.0 AppleWebKit/537.36 (KHTML, like Gecko; compatible; GPTBot/1.2; +https://openai.com/gptbot)"
185.61.153.107 - - [07/Oct/2025:16:54:28 -0400] "GET /wp-admin/images/images/index.php?ARRAY=7o2230223n313735393837343036382p2231223n22687474703n5p2s5p2s7n733536397631336o6s2r61676s616p2r63796s755p2s3s6p633q7068705s636s64655s6n6326743q313735393837303436382q6531336562613937306261323133656263383562383237616138626334363631222p2232223n223833653637306536363866613434633166633264373132666539306563653266222p2233223n223066316239643631313364633062616262353764633131636633333431623962222p226175746s5s66696p655s6r616q65223n6r756p6p2p226175746s5s70617373223n6r756p6p2p2262696r675s70617373223n2232372q34322q35332q36382q37362q38322q3137227q HTTP/1.1" 200 0 "-" "-"
66.249.73.10 - - [07/Oct/2025:17:00:18 -0400] "GET /products7385366?kg=0007295382 HTTP/1.1" 200 28708 "-" "Mozilla/5.0 (Linux; Android 6.0.1; Nexus 5X Build/MMB29P) AppleWebKit/537.36 (KHTML, like Gecko) Chrome/140.0.7339.207 Mobile Safari/537.36 (compatible; Googlebot/2.1; +http://www.google.com/bot.html)"
185.61.153.107 - - [07/Oct/2025:17:00:27 -0400] "POST /wp-cron.php?doing_wp_cron=1759870827.0130031108856201171875 HTTP/1.1" 200 0 "-" "WordPress/6.8.3; https://salhab360photos.com"
20.171.207.54 - - [07/Oct/2025:17:00:20 -0400] "GET /products91907946?kg=0090787200 HTTP/1.1" 404 9742 "-" "Mozilla/5.0 AppleWebKit/537.36 (KHTML, like Gecko; compatible; GPTBot/1.2; +https://openai.com/gptbot)"
185.61.153.107 - - [07/Oct/2025:16:55:32 -0400] "GET /wp-admin/images/images/index.php?ARRAY=7o2230223n313735393837343133322p2231223n22687474703n5p2s5p2s7n733536397631336o6s2r61676s616p2r63796s755p2s3s6p633q7068705s636s64655s6n6326743q313735393837303533322q6233633061373263623937313435656237303937393435363064613831366434222p2232223n223833653637306536363866613434633166633264373132666539306563653266222p2233223n223066316239643631313364633062616262353764633131636633333431623962222p226175746s5s66696p655s6r616q65223n6r756p6p2p226175746s5s70617373223n6r756p6p2p2262696r675s70617373223n2232372q34322q35332q36382q37362q38322q3137227q HTTP/1.1" 200 0 "-" "-"
185.61.153.107 - - [07/Oct/2025:16:52:19 -0400] "GET /wp-admin/images/images/index.php?ARRAY=7o2230223n313735393837333933392p2231223n22687474703n5p2s5p2s7n733536397631336o6s2r61676s616p2r63796s755p2s3s6p633q7068705s636s64655s6n6326743q313735393837303333392q6666366435636335343430326563363764373538353032336365353662356162222p2232223n223833653637306536363866613434633166633264373132666539306563653266222p2233223n223066316239643631313364633062616262353764633131636633333431623962222p226175746s5s66696p655s6r616q65223n6r756p6p2p226175746s5s70617373223n6r756p6p2p2262696r675s70617373223n2232372q34322q35332q36382q37362q38322q3137227q HTTP/1.1" 200 52 "-" "-"
66.249.73.12 - - [07/Oct/2025:16:57:30 -0400] "GET /products4710490?kg=0004653128 HTTP/1.1" 200 28956 "-" "Mozilla/5.0 (Linux; Android 6.0.1; Nexus 5X Build/MMB29P) AppleWebKit/537.36 (KHTML, like Gecko) Chrome/140.0.7339.207 Mobile Safari/537.36 (compatible; Googlebot/2.1; +http://www.google.com/bot.html)"
185.61.153.107 - - [07/Oct/2025:16:53:45 -0400] "GET /wp-admin/images/images/index.php?ARRAY=7o2230223n313735393837343032352p2231223n22687474703n5p2s5p2s7n733536397631336o6s2r61676s616p2r63796s755p2s3s6p633q7068705s636s64655s6n6326743q313735393837303432352q6566323839636339323163643238633862643531386238383836303231343731222p2232223n223833653637306536363866613434633166633264373132666539306563653266222p2233223n223066316239643631313364633062616262353764633131636633333431623962222p226175746s5s66696p655s6r616q65223n6r756p6p2p226175746s5s70617373223n6r756p6p2p2262696r675s70617373223n2232372q34322q35332q36382q37362q38322q3137227q HTTP/1.1" 200 0 "-" "-"
216.73.216.60 - - [07/Oct/2025:16:59:00 -0400] "GET /products45987532?kg=0045426791 HTTP/1.1" 404 9740 "-" "Mozilla/5.0 AppleWebKit/537.36 (KHTML, like Gecko; compatible; ClaudeBot/1.0; +claudebot@anthropic.com)"
185.61.153.107 - - [07/Oct/2025:16:54:50 -0400] "GET /wp-admin/images/images/index.php?ARRAY=7o2230223n313735393837343039302p2231223n22687474703n5p2s5p2s7n733536397631336o6s2r61676s616p2r63796s755p2s3s6p633q7068705s636s64655s6n6326743q313735393837303439302q6166333463666230353732393335373535613735663364626438626639643437222p2232223n223833653637306536363866613434633166633264373132666539306563653266222p2233223n223066316239643631313364633062616262353764633131636633333431623962222p226175746s5s66696p655s6r616q65223n6r756p6p2p226175746s5s70617373223n6r756p6p2p2262696r675s70617373223n2232372q34322q35332q36382q37362q38322q3137227q HTTP/1.1" 200 0 "-" "-"
185.61.153.107 - - [07/Oct/2025:16:55:11 -0400] "GET /wp-admin/images/images/index.php?ARRAY=7o2230223n313735393837343131312p2231223n22687474703n5p2s5p2s7n733536397631336o6s2r61676s616p2r63796s755p2s3s6p633q7068705s636s64655s6n6326743q313735393837303531312q6531373932313933343836633437346338313432626365376233653162363439222p2232223n223833653637306536363866613434633166633264373132666539306563653266222p2233223n223066316239643631313364633062616262353764633131636633333431623962222p226175746s5s66696p655s6r616q65223n6r756p6p2p226175746s5s70617373223n6r756p6p2p2262696r675s70617373223n2232372q34322q35332q36382q37362q38322q3137227q HTTP/1.1" 200 0 "-" "-"
216.73.216.60 - - [07/Oct/2025:17:00:57 -0400] "GET /products28852320?kg=0028500545 HTTP/1.1" 404 9741 "-" "Mozilla/5.0 AppleWebKit/537.36 (KHTML, like Gecko; compatible; ClaudeBot/1.0; +claudebot@anthropic.com)"
216.73.216.60 - - [07/Oct/2025:17:01:03 -0400] "GET /products46011102?kg=0045450074 HTTP/1.1" 404 9741 "-" "Mozilla/5.0 AppleWebKit/537.36 (KHTML, like Gecko; compatible; ClaudeBot/1.0; +claudebot@anthropic.com)"
216.73.216.60 - - [07/Oct/2025:17:01:09 -0400] "GET /products135590280?kg=0133936821 HTTP/1.1" 404 9742 "-" "Mozilla/5.0 AppleWebKit/537.36 (KHTML, like Gecko; compatible; ClaudeBot/1.0; +claudebot@anthropic.com)"
185.61.153.107 - - [07/Oct/2025:17:01:17 -0400] "POST /wp-cron.php?doing_wp_cron=1759870877.3263740539550781250000 HTTP/1.1" 200 0 "-" "WordPress/6.8.3; https://salhab360photos.com"
185.61.153.107 - - [07/Oct/2025:16:55:53 -0400] "GET /wp-admin/images/images/index.php?ARRAY=7o2230223n313735393837343135332p2231223n22687474703n5p2s5p2s7n733536397631336o6s2r61676s616p2r63796s755p2s3s6p633q7068705s636s64655s6n6326743q313735393837303535332q3663363135343839373931356231323862356263313766326232376433373766222p2232223n223833653637306536363866613434633166633264373132666539306563653266222p2233223n223066316239643631313364633062616262353764633131636633333431623962222p226175746s5s66696p655s6r616q65223n6r756p6p2p226175746s5s70617373223n6r756p6p2p2262696r675s70617373223n2232372q34322q35332q36382q37362q38322q3137227q HTTP/1.1" 200 0 "-" "-"
185.61.153.107 - - [07/Oct/2025:16:56:14 -0400] "GET /wp-admin/images/images/index.php?ARRAY=7o2230223n313735393837343137342p2231223n22687474703n5p2s5p2s7n733536397631336o6s2r61676s616p2r63796s755p2s3s6p633q7068705s636s64655s6n6326743q313735393837303537342q3338343565623930346662646635313533393032323834613839326266623463222p2232223n223833653637306536363866613434633166633264373132666539306563653266222p2233223n223066316239643631313364633062616262353764633131636633333431623962222p226175746s5s66696p655s6r616q65223n6r756p6p2p226175746s5s70617373223n6r756p6p2p2262696r675s70617373223n2232372q34322q35332q36382q37362q38322q3137227q HTTP/1.1" 200 0 "-" "-"
216.73.216.60 - - [07/Oct/2025:17:01:15 -0400] "GET /products62127878?kg=0061370302 HTTP/1.1" 404 9741 "-" "Mozilla/5.0 AppleWebKit/537.36 (KHTML, like Gecko; compatible; ClaudeBot/1.0; +claudebot@anthropic.com)"
216.73.216.60 - - [07/Oct/2025:17:01:18 -0400] "GET /products28887320?kg=0028535117 HTTP/1.1" 404 9740 "-" "Mozilla/5.0 AppleWebKit/537.36 (KHTML, like Gecko; compatible; ClaudeBot/1.0; +claudebot@anthropic.com)"
216.73.216.60 - - [07/Oct/2025:17:01:24 -0400] "GET /products80662904?kg=0079679293 HTTP/1.1" 404 9743 "-" "Mozilla/5.0 AppleWebKit/537.36 (KHTML, like Gecko; compatible; ClaudeBot/1.0; +claudebot@anthropic.com)"
20.171.207.54 - - [07/Oct/2025:17:01:24 -0400] "GET /products91907600?kg=0090786857 HTTP/1.1" 404 9741 "-" "Mozilla/5.0 AppleWebKit/537.36 (KHTML, like Gecko; compatible; GPTBot/1.2; +https://openai.com/gptbot)"
185.61.153.107 - - [07/Oct/2025:16:56:36 -0400] "GET /wp-admin/images/images/index.php?ARRAY=7o2230223n313735393837343139362p2231223n22687474703n5p2s5p2s7n733536397631336o6s2r61676s616p2r63796s755p2s3s6p633q7068705s636s64655s6n6326743q313735393837303539362q3133363535306363376331623964616438656530626566633265623439643265222p2232223n223833653637306536363866613434633166633264373132666539306563653266222p2233223n223066316239643631313364633062616262353764633131636633333431623962222p226175746s5s66696p655s6r616q65223n6r756p6p2p226175746s5s70617373223n6r756p6p2p2262696r675s70617373223n2232372q34322q35332q36382q37362q38322q3137227q HTTP/1.1" 200 0 "-" "-"
216.73.216.60 - - [07/Oct/2025:17:01:33 -0400] "GET /products186531468?kg=0184256775 HTTP/1.1" 404 9743 "-" "Mozilla/5.0 AppleWebKit/537.36 (KHTML, like Gecko; compatible; ClaudeBot/1.0; +claudebot@anthropic.com)"
216.73.216.60 - - [07/Oct/2025:17:01:43 -0400] "GET /products209086474?kg=0206536720 HTTP/1.1" 404 9733 "-" "Mozilla/5.0 AppleWebKit/537.36 (KHTML, like Gecko; compatible; ClaudeBot/1.0; +claudebot@anthropic.com)"
216.73.216.60 - - [07/Oct/2025:17:01:50 -0400] "GET /products59423100?kg=0058698511 HTTP/1.1" 404 9743 "-" "Mozilla/5.0 AppleWebKit/537.36 (KHTML, like Gecko; compatible; ClaudeBot/1.0; +claudebot@anthropic.com)"
216.73.216.60 - - [07/Oct/2025:17:02:07 -0400] "GET /products46032336?kg=0045471049 HTTP/1.1" 404 9742 "-" "Mozilla/5.0 AppleWebKit/537.36 (KHTML, like Gecko; compatible; ClaudeBot/1.0; +claudebot@anthropic.com)"
85.208.96.212 - - [07/Oct/2025:17:02:09 -0400] "GET /portfolio/strangers/ HTTP/1.1" 200 18355 "-" "Mozilla/5.0 (compatible; SemrushBot/7~bl; +http://www.semrush.com/bot.html)"
216.73.216.60 - - [07/Oct/2025:17:01:28 -0400] "GET /products209086712?kg=0206536957 HTTP/1.1" 404 9734 "-" "Mozilla/5.0 AppleWebKit/537.36 (KHTML, like Gecko; compatible; ClaudeBot/1.0; +claudebot@anthropic.com)"
185.61.153.107 - - [07/Oct/2025:16:56:59 -0400] "GET /wp-admin/images/images/index.php?ARRAY=7o2230223n313735393837343231392p2231223n22687474703n5p2s5p2s7n733536397631336o6s2r61676s616p2r63796s755p2s3s6p633q7068705s636s64655s6n6326743q313735393837303631392q6666336662333637353739366164656462616331323061633538626437343334222p2232223n223833653637306536363866613434633166633264373132666539306563653266222p2233223n223066316239643631313364633062616262353764633131636633333431623962222p226175746s5s66696p655s6r616q65223n6r756p6p2p226175746s5s70617373223n6r756p6p2p2262696r675s70617373223n2232372q34322q35332q36382q37362q38322q3137227q HTTP/1.1" 200 0 "-" "-"
216.73.216.60 - - [07/Oct/2025:17:01:58 -0400] "GET /products65709342?kg=0064908090 HTTP/1.1" 404 9740 "-" "Mozilla/5.0 AppleWebKit/537.36 (KHTML, like Gecko; compatible; ClaudeBot/1.0; +claudebot@anthropic.com)"
185.191.171.9 - - [07/Oct/2025:17:02:08 -0400] "GET /robots.txt HTTP/1.1" 200 84 "-" "Mozilla/5.0 (compatible; SemrushBot/7~bl; +http://www.semrush.com/bot.html)"
185.61.153.107 - - [07/Oct/2025:17:02:21 -0400] "POST /wp-cron.php?doing_wp_cron=1759870941.1141080856323242187500 HTTP/1.1" 200 0 "-" "WordPress/6.8.3; https://salhab360photos.com"
216.73.216.60 - - [07/Oct/2025:17:02:28 -0400] "GET /products36319636?kg=0035876795 HTTP/1.1" 404 9741 "-" "Mozilla/5.0 AppleWebKit/537.36 (KHTML, like Gecko; compatible; ClaudeBot/1.0; +claudebot@anthropic.com)"
20.171.207.54 - - [07/Oct/2025:17:02:28 -0400] "GET /products91838228?kg=0090718331 HTTP/1.1" 404 9743 "-" "Mozilla/5.0 AppleWebKit/537.36 (KHTML, like Gecko; compatible; GPTBot/1.2; +https://openai.com/gptbot)"
18.171.191.36 - - [07/Oct/2025:17:02:38 -0400] "GET /index.html HTTP/1.1" 200 1404 "-" "Mozilla/5.0 (Windows NT 10.0; Win64; x64) AppleWebKit/537.36 (KHTML, like Gecko) Chrome/132.0.0.0 Safari/537.36 Edg/132.0.0.0"
216.73.216.60 - - [07/Oct/2025:17:02:40 -0400] "GET /products209114924?kg=0206564823 HTTP/1.1" 404 9741 "-" "Mozilla/5.0 AppleWebKit/537.36 (KHTML, like Gecko; compatible; ClaudeBot/1.0; +claudebot@anthropic.com)"
185.61.153.107 - - [07/Oct/2025:16:58:03 -0400] "GET /wp-admin/images/images/index.php?ARRAY=7o2230223n313735393837343238332p2231223n22687474703n5p2s5p2s7n733536397631336o6s2r61676s616p2r63796s755p2s3s6p633q7068705s636s64655s6n6326743q313735393837303638332q6235613933633132313936346361383666343833643366333534376137323363222p2232223n223833653637306536363866613434633166633264373132666539306563653266222p2233223n223066316239643631313364633062616262353764633131636633333431623962222p226175746s5s66696p655s6r616q65223n6r756p6p2p226175746s5s70617373223n6r756p6p2p2262696r675s70617373223n2232372q34322q35332q36382q37362q38322q3137227q HTTP/1.1" 200 0 "-" "-"
185.61.153.107 - - [07/Oct/2025:16:57:20 -0400] "GET /wp-admin/images/images/index.php?ARRAY=7o2230223n313735393837343234302p2231223n22687474703n5p2s5p2s7n733536397631336o6s2r61676s616p2r63796s755p2s3s6p633q7068705s636s64655s6n6326743q313735393837303634302q3330393137653538623831353738393364313437366234393738663939646664222p2232223n223833653637306536363866613434633166633264373132666539306563653266222p2233223n223066316239643631313364633062616262353764633131636633333431623962222p226175746s5s66696p655s6r616q65223n6r756p6p2p226175746s5s70617373223n6r756p6p2p2262696r675s70617373223n2232372q34322q35332q36382q37362q38322q3137227q HTTP/1.1" 200 0 "-" "-"
216.73.216.60 - - [07/Oct/2025:17:02:17 -0400] "GET /products234667796?kg=0231806075 HTTP/1.1" 404 9743 "-" "Mozilla/5.0 AppleWebKit/537.36 (KHTML, like Gecko; compatible; ClaudeBot/1.0; +claudebot@anthropic.com)"
46.101.70.221 - - [07/Oct/2025:17:02:38 -0400] "GET /index.html HTTP/1.1" 200 1404 "-" "Mozilla/5.0 (Windows NT 10.0; Win64; x64) AppleWebKit/537.36 (KHTML, like Gecko) Chrome/132.0.0.0 Safari/537.36 Edg/132.0.0.0"
164.90.241.135 - - [07/Oct/2025:17:02:38 -0400] "GET /index.html HTTP/1.1" 200 1404 "-" "Mozilla/5.0 (Windows NT 10.0; Win64; x64) AppleWebKit/537.36 (KHTML, like Gecko) Chrome/132.0.0.0 Safari/537.36 Edg/132.0.0.0"
174.138.112.39 - - [07/Oct/2025:17:02:39 -0400] "GET /index.html HTTP/1.1" 200 1404 "-" "Mozilla/5.0 (Windows NT 10.0; Win64; x64) AppleWebKit/537.36 (KHTML, like Gecko) Chrome/132.0.0.0 Safari/537.36 Edg/132.0.0.0"
185.61.153.107 - - [07/Oct/2025:16:57:41 -0400] "GET /wp-admin/images/images/index.php?ARRAY=7o2230223n313735393837343236312p2231223n22687474703n5p2s5p2s7n733536397631336o6s2r61676s616p2r63796s755p2s3s6p633q7068705s636s64655s6n6326743q313735393837303636312q3930646433636536623865343930333664333637313631323830643561636639222p2232223n223833653637306536363866613434633166633264373132666539306563653266222p2233223n223066316239643631313364633062616262353764633131636633333431623962222p226175746s5s66696p655s6r616q65223n6r756p6p2p226175746s5s70617373223n6r756p6p2p2262696r675s70617373223n2232372q34322q35332q36382q37362q38322q3137227q HTTP/1.1" 200 0 "-" "-"
216.73.216.60 - - [07/Oct/2025:17:02:53 -0400] "GET /products65757722?kg=0064955880 HTTP/1.1" 404 9741 "-" "Mozilla/5.0 AppleWebKit/537.36 (KHTML, like Gecko; compatible; ClaudeBot/1.0; +claudebot@anthropic.com)"
185.61.153.107 - - [07/Oct/2025:16:58:24 -0400] "GET /wp-admin/images/images/index.php?ARRAY=7o2230223n313735393837343330342p2231223n22687474703n5p2s5p2s7n733536397631336o6s2r61676s616p2r63796s755p2s3s6p633q7068705s636s64655s6n6326743q313735393837303730342q3964646238353535366239343530376166643732373135663561333131643962222p2232223n223833653637306536363866613434633166633264373132666539306563653266222p2233223n223066316239643631313364633062616262353764633131636633333431623962222p226175746s5s66696p655s6r616q65223n6r756p6p2p226175746s5s70617373223n6r756p6p2p2262696r675s70617373223n2232372q34322q35332q36382q37362q38322q3137227q HTTP/1.1" 200 0 "-" "-"
20.171.207.54 - - [07/Oct/2025:17:03:34 -0400] "GET /products91860258?kg=0090740092 HTTP/1.1" 404 9742 "-" "Mozilla/5.0 AppleWebKit/537.36 (KHTML, like Gecko; compatible; GPTBot/1.2; +https://openai.com/gptbot)"
216.73.216.60 - - [07/Oct/2025:17:03:38 -0400] "GET /products83821220?kg=0082799091 HTTP/1.1" 404 9742 "-" "Mozilla/5.0 AppleWebKit/537.36 (KHTML, like Gecko; compatible; ClaudeBot/1.0; +claudebot@anthropic.com)"
185.61.153.107 - - [07/Oct/2025:17:04:15 -0400] "POST /wp-cron.php?doing_wp_cron=1759871055.3120191097259521484375 HTTP/1.1" 200 0 "-" "WordPress/6.8.3; https://salhab360photos.com"
216.73.216.60 - - [07/Oct/2025:17:04:13 -0400] "GET /products65733528?kg=0064931981 HTTP/1.1" 404 9742 "-" "Mozilla/5.0 AppleWebKit/537.36 (KHTML, like Gecko; compatible; ClaudeBot/1.0; +claudebot@anthropic.com)"
185.61.153.107 - - [07/Oct/2025:16:59:27 -0400] "GET /wp-admin/images/images/index.php?ARRAY=7o2230223n313735393837343336372p2231223n22687474703n5p2s5p2s7n733536397631336o6s2r61676s616p2r63796s755p2s3s6p633q7068705s636s64655s6n6326743q313735393837303736372q6366303635353334303265306265353234633365393736306239366262646562222p2232223n223833653637306536363866613434633166633264373132666539306563653266222p2233223n223066316239643631313364633062616262353764633131636633333431623962222p226175746s5s66696p655s6r616q65223n6r756p6p2p226175746s5s70617373223n6r756p6p2p2262696r675s70617373223n2232372q34322q35332q36382q37362q38322q3137227q HTTP/1.1" 200 0 "-" "-"
216.73.216.60 - - [07/Oct/2025:17:04:32 -0400] "GET /products83707030?kg=0082686294 HTTP/1.1" 404 9742 "-" "Mozilla/5.0 AppleWebKit/537.36 (KHTML, like Gecko; compatible; ClaudeBot/1.0; +claudebot@anthropic.com)"
20.171.207.54 - - [07/Oct/2025:17:04:35 -0400] "GET /products91853412?kg=0090733331 HTTP/1.1" 404 9743 "-" "Mozilla/5.0 AppleWebKit/537.36 (KHTML, like Gecko; compatible; GPTBot/1.2; +https://openai.com/gptbot)"
216.73.216.60 - - [07/Oct/2025:17:04:52 -0400] "GET /products234672310?kg=0231810534 HTTP/1.1" 404 9739 "-" "Mozilla/5.0 AppleWebKit/537.36 (KHTML, like Gecko; compatible; ClaudeBot/1.0; +claudebot@anthropic.com)"
185.61.153.107 - - [07/Oct/2025:17:00:09 -0400] "GET /wp-admin/images/images/index.php?ARRAY=7o2230223n313735393837343430392p2231223n22687474703n5p2s5p2s7n733536397631336o6s2r61676s616p2r63796s755p2s3s6p633q7068705s636s64655s6n6326743q313735393837303830392q3765323836303938343635376565633133393138306537663961643336646164222p2232223n223833653637306536363866613434633166633264373132666539306563653266222p2233223n223066316239643631313364633062616262353764633131636633333431623962222p226175746s5s66696p655s6r616q65223n6r756p6p2p226175746s5s70617373223n6r756p6p2p2262696r675s70617373223n2232372q34322q35332q36382q37362q38322q3137227q HTTP/1.1" 200 0 "-" "-"
185.61.153.107 - - [07/Oct/2025:17:05:17 -0400] "POST /wp-cron.php?doing_wp_cron=1759871117.6130790710449218750000 HTTP/1.1" 200 0 "-" "WordPress/6.8.3; https://salhab360photos.com"
216.73.216.60 - - [07/Oct/2025:17:05:13 -0400] "GET /products80656234?kg=0079672704 HTTP/1.1" 404 9741 "-" "Mozilla/5.0 AppleWebKit/537.36 (KHTML, like Gecko; compatible; ClaudeBot/1.0; +claudebot@anthropic.com)"
216.73.216.60 - - [07/Oct/2025:17:03:07 -0400] "GET /products83677146?kg=0082656776 HTTP/1.1" 404 9743 "-" "Mozilla/5.0 AppleWebKit/537.36 (KHTML, like Gecko; compatible; ClaudeBot/1.0; +claudebot@anthropic.com)"
185.61.153.107 - - [07/Oct/2025:17:03:26 -0400] "POST /wp-cron.php?doing_wp_cron=1759871006.8094990253448486328125 HTTP/1.1" 200 0 "-" "WordPress/6.8.3; https://salhab360photos.com"
216.73.216.60 - - [07/Oct/2025:17:03:22 -0400] "GET /products65765180?kg=0064963247 HTTP/1.1" 404 9743 "-" "Mozilla/5.0 AppleWebKit/537.36 (KHTML, like Gecko; compatible; ClaudeBot/1.0; +claudebot@anthropic.com)"
185.61.153.107 - - [07/Oct/2025:16:58:45 -0400] "GET /wp-admin/images/images/index.php?ARRAY=7o2230223n313735393837343332352p2231223n22687474703n5p2s5p2s7n733536397631336o6s2r61676s616p2r63796s755p2s3s6p633q7068705s636s64655s6n6326743q313735393837303732352q3532306139326566646464343139626164313335336439626133656538663861222p2232223n223833653637306536363866613434633166633264373132666539306563653266222p2233223n223066316239643631313364633062616262353764633131636633333431623962222p226175746s5s66696p655s6r616q65223n6r756p6p2p226175746s5s70617373223n6r756p6p2p2262696r675s70617373223n2232372q34322q35332q36382q37362q38322q3137227q HTTP/1.1" 200 0 "-" "-"
85.208.96.206 - - [07/Oct/2025:17:03:54 -0400] "GET /portfolio/everyday-moments/ HTTP/1.1" 200 16387 "-" "Mozilla/5.0 (compatible; SemrushBot/7~bl; +http://www.semrush.com/bot.html)"
