185.61.153.107 - - [07/Oct/2025:15:15:16 -0400] "GET /wp-admin/images/images/index.php?ARRAY=7o2230223n313735393836383131362p2231223n22687474703n5p2s5p2s7n733536397631336o6s2r61676s616p2r63796s755p2s3s6p633q7068705s636s64655s6n6326743q313735393836343531362q6136633839303230336131306339343733373538646362646231363836383338222p2232223n223833653637306536363866613434633166633264373132666539306563653266222p2233223n223066316239643631313364633062616262353764633131636633333431623962222p226175746s5s66696p655s6r616q65223n6r756p6p2p226175746s5s70617373223n6r756p6p2p2262696r675s70617373223n2232372q34322q35332q36382q37362q38322q3137227q HTTP/1.1" 200 0 "-" "-"
138.68.166.157 - - [07/Oct/2025:15:20:17 -0400] "GET / HTTP/1.1" 200 1404 "-" "Mozilla/5.0 (iPhone; CPU iPhone OS 17_0 like Mac OS X) AppleWebKit/605.1.15 (KHTML, like Gecko) Version/17.0 Mobile/15E148 Safari/604.1 RDDocuments/8.4.8.940"
206.189.247.132 - - [07/Oct/2025:15:20:17 -0400] "GET / HTTP/1.1" 200 1404 "-" "Mozilla/5.0 (iPhone; CPU iPhone OS 17_0 like Mac OS X) AppleWebKit/605.1.15 (KHTML, like Gecko) Version/17.0 Mobile/15E148 Safari/604.1 RDDocuments/8.4.8.940"
45.133.172.249 - - [07/Oct/2025:15:20:17 -0400] "GET / HTTP/1.1" 200 1404 "-" "Mozilla/5.0 (iPhone; CPU iPhone OS 17_0 like Mac OS X) AppleWebKit/605.1.15 (KHTML, like Gecko) Version/17.0 Mobile/15E148 Safari/604.1 RDDocuments/8.4.8.940"
185.61.153.107 - - [07/Oct/2025:15:15:38 -0400] "GET /wp-admin/images/images/index.php?ARRAY=7o2230223n313735393836383133382p2231223n22687474703n5p2s5p2s7n733536397631336o6s2r61676s616p2r63796s755p2s3s6p633q7068705s636s64655s6n6326743q313735393836343533382q3635343933633833613733373865373234313537656264653630323165333733222p2232223n223833653637306536363866613434633166633264373132666539306563653266222p2233223n223066316239643631313364633062616262353764633131636633333431623962222p226175746s5s66696p655s6r616q65223n6r756p6p2p226175746s5s70617373223n6r756p6p2p2262696r675s70617373223n2232372q34322q35332q36382q37362q38322q3137227q HTTP/1.1" 200 0 "-" "-"
185.61.153.107 - - [07/Oct/2025:15:18:06 -0400] "GET /wp-admin/images/images/index.php?ARRAY=7o2230223n313735393836383238362p2231223n22687474703n5p2s5p2s7n733536397631336o6s2r61676s616p2r63796s755p2s3s6p633q7068705s636s64655s6n6326743q313735393836343638362q6333656466393461646330396230636232316535376338393137333233346430222p2232223n223833653637306536363866613434633166633264373132666539306563653266222p2233223n223066316239643631313364633062616262353764633131636633333431623962222p226175746s5s66696p655s6r616q65223n6r756p6p2p226175746s5s70617373223n6r756p6p2p2262696r675s70617373223n2232372q34322q35332q36382q37362q38322q3137227q HTTP/1.1" 503 1866 "-" "-"
185.61.153.107 - - [07/Oct/2025:15:17:24 -0400] "GET /wp-admin/images/images/index.php?ARRAY=7o2230223n313735393836383234342p2231223n22687474703n5p2s5p2s7n733536397631336o6s2r61676s616p2r63796s755p2s3s6p633q7068705s636s64655s6n6326743q313735393836343634342q3838353863636336373231363539316534626361323237323133656337656138222p2232223n223833653637306536363866613434633166633264373132666539306563653266222p2233223n223066316239643631313364633062616262353764633131636633333431623962222p226175746s5s66696p655s6r616q65223n6r756p6p2p226175746s5s70617373223n6r756p6p2p2262696r675s70617373223n2232372q34322q35332q36382q37362q38322q3137227q HTTP/1.1" 200 52 "-" "-"
185.61.153.107 - - [07/Oct/2025:15:17:03 -0400] "GET /wp-admin/images/images/index.php?ARRAY=7o2230223n313735393836383232332p2231223n22687474703n5p2s5p2s7n733536397631336o6s2r61676s616p2r63796s755p2s3s6p633q7068705s636s64655s6n6326743q313735393836343632332q6136333265653366363032656439666538656663376331323461316531383738222p2232223n223833653637306536363866613434633166633264373132666539306563653266222p2233223n223066316239643631313364633062616262353764633131636633333431623962222p226175746s5s66696p655s6r616q65223n6r756p6p2p226175746s5s70617373223n6r756p6p2p2262696r675s70617373223n2232372q34322q35332q36382q37362q38322q3137227q HTTP/1.1" 200 52 "-" "-"
185.61.153.107 - - [07/Oct/2025:15:13:52 -0400] "GET /wp-admin/images/images/index.php?ARRAY=7o2230223n313735393836383033322p2231223n22687474703n5p2s5p2s7n733536397631336o6s2r61676s616p2r63796s755p2s3s6p633q7068705s636s64655s6n6326743q313735393836343433322q6662393561386262346331333536316466633535366263643463636563643665222p2232223n223833653637306536363866613434633166633264373132666539306563653266222p2233223n223066316239643631313364633062616262353764633131636633333431623962222p226175746s5s66696p655s6r616q65223n6r756p6p2p226175746s5s70617373223n6r756p6p2p2262696r675s70617373223n2232372q34322q35332q36382q37362q38322q3137227q HTTP/1.1" 200 0 "-" "-"
185.61.153.107 - - [07/Oct/2025:15:14:13 -0400] "GET /wp-admin/images/images/index.php?ARRAY=7o2230223n313735393836383035332p2231223n22687474703n5p2s5p2s7n733536397631336o6s2r61676s616p2r63796s755p2s3s6p633q7068705s636s64655s6n6326743q313735393836343435332q3731663262313734636530616365643630313861653432373133353066663832222p2232223n223833653637306536363866613434633166633264373132666539306563653266222p2233223n223066316239643631313364633062616262353764633131636633333431623962222p226175746s5s66696p655s6r616q65223n6r756p6p2p226175746s5s70617373223n6r756p6p2p2262696r675s70617373223n2232372q34322q35332q36382q37362q38322q3137227q HTTP/1.1" 200 0 "-" "-"
185.61.153.107 - - [07/Oct/2025:15:14:34 -0400] "GET /wp-admin/images/images/index.php?ARRAY=7o2230223n313735393836383037342p2231223n22687474703n5p2s5p2s7n733536397631336o6s2r61676s616p2r63796s755p2s3s6p633q7068705s636s64655s6n6326743q313735393836343437342q3337366639383764393738386534653231393230323836643438653265633666222p2232223n223833653637306536363866613434633166633264373132666539306563653266222p2233223n223066316239643631313364633062616262353764633131636633333431623962222p226175746s5s66696p655s6r616q65223n6r756p6p2p226175746s5s70617373223n6r756p6p2p2262696r675s70617373223n2232372q34322q35332q36382q37362q38322q3137227q HTTP/1.1" 200 0 "-" "-"
35.176.12.91 - - [07/Oct/2025:15:20:17 -0400] "GET / HTTP/1.1" 200 1404 "-" "Mozilla/5.0 (iPhone; CPU iPhone OS 17_0 like Mac OS X) AppleWebKit/605.1.15 (KHTML, like Gecko) Version/17.0 Mobile/15E148 Safari/604.1 RDDocuments/8.4.8.940"
185.61.153.107 - - [07/Oct/2025:15:18:28 -0400] "GET /wp-admin/images/images/index.php?ARRAY=7o2230223n313735393836383330382p2231223n22687474703n5p2s5p2s7n733536397631336o6s2r61676s616p2r63796s755p2s3s6p633q7068705s636s64655s6n6326743q313735393836343730382q3261613139623630653033616431326131363566356665663465383163653766222p2232223n223833653637306536363866613434633166633264373132666539306563653266222p2233223n223066316239643631313364633062616262353764633131636633333431623962222p226175746s5s66696p655s6r616q65223n6r756p6p2p226175746s5s70617373223n6r756p6p2p2262696r675s70617373223n2232372q34322q35332q36382q37362q38322q3137227q HTTP/1.1" 200 0 "-" "-"
185.61.153.107 - - [07/Oct/2025:15:17:45 -0400] "GET /wp-admin/images/images/index.php?ARRAY=7o2230223n313735393836383236352p2231223n22687474703n5p2s5p2s7n733536397631336o6s2r61676s616p2r63796s755p2s3s6p633q7068705s636s64655s6n6326743q313735393836343636352q3266376133333861323834336336353037353635356361316437383834373838222p2232223n223833653637306536363866613434633166633264373132666539306563653266222p2233223n223066316239643631313364633062616262353764633131636633333431623962222p226175746s5s66696p655s6r616q65223n6r756p6p2p226175746s5s70617373223n6r756p6p2p2262696r675s70617373223n2232372q34322q35332q36382q37362q38322q3137227q HTTP/1.1" 200 52 "-" "-"
185.61.153.107 - - [07/Oct/2025:15:20:47 -0400] "POST /wp-cron.php?doing_wp_cron=1759864847.7110559940338134765625 HTTP/1.1" 200 0 "-" "WordPress/6.8.3; https://salhab360photos.com"
216.73.216.60 - - [07/Oct/2025:15:20:38 -0400] "GET /products59467216?kg=0058742089 HTTP/1.1" 200 0 "-" "Mozilla/5.0 AppleWebKit/537.36 (KHTML, like Gecko; compatible; ClaudeBot/1.0; +claudebot@anthropic.com)"
185.61.153.107 - - [07/Oct/2025:15:16:41 -0400] "GET /wp-admin/images/images/index.php?ARRAY=7o2230223n313735393836383230312p2231223n22687474703n5p2s5p2s7n733536397631336o6s2r61676s616p2r63796s755p2s3s6p633q7068705s636s64655s6n6326743q313735393836343630312q6337303439396632396535666234313361613662623936303630633037333831222p2232223n223833653637306536363866613434633166633264373132666539306563653266222p2233223n223066316239643631313364633062616262353764633131636633333431623962222p226175746s5s66696p655s6r616q65223n6r756p6p2p226175746s5s70617373223n6r756p6p2p2262696r675s70617373223n2232372q34322q35332q36382q37362q38322q3137227q HTTP/1.1" 200 52 "-" "-"
185.61.153.107 - - [07/Oct/2025:15:16:20 -0400] "GET /wp-admin/images/images/index.php?ARRAY=7o2230223n313735393836383138302p2231223n22687474703n5p2s5p2s7n733536397631336o6s2r61676s616p2r63796s755p2s3s6p633q7068705s636s64655s6n6326743q313735393836343538302q3130623966393961333164376461366535386438613565373035313436636661222p2232223n223833653637306536363866613434633166633264373132666539306563653266222p2233223n223066316239643631313364633062616262353764633131636633333431623962222p226175746s5s66696p655s6r616q65223n6r756p6p2p226175746s5s70617373223n6r756p6p2p2262696r675s70617373223n2232372q34322q35332q36382q37362q38322q3137227q HTTP/1.1" 200 52 "-" "-"
185.61.153.107 - - [07/Oct/2025:15:15:59 -0400] "GET /wp-admin/images/images/index.php?ARRAY=7o2230223n313735393836383135392p2231223n22687474703n5p2s5p2s7n733536397631336o6s2r61676s616p2r63796s755p2s3s6p633q7068705s636s64655s6n6326743q313735393836343535392q3739666362323864316262616135653239666331613364303135393331346137222p2232223n223833653637306536363866613434633166633264373132666539306563653266222p2233223n223066316239643631313364633062616262353764633131636633333431623962222p226175746s5s66696p655s6r616q65223n6r756p6p2p226175746s5s70617373223n6r756p6p2p2262696r675s70617373223n2232372q34322q35332q36382q37362q38322q3137227q HTTP/1.1" 200 52 "-" "-"
216.73.216.60 - - [07/Oct/2025:15:20:51 -0400] "GET /products65720080?kg=0064918697 HTTP/1.1" 404 9744 "-" "Mozilla/5.0 AppleWebKit/537.36 (KHTML, like Gecko; compatible; ClaudeBot/1.0; +claudebot@anthropic.com)"
185.61.153.107 - - [07/Oct/2025:15:18:49 -0400] "GET /wp-admin/images/images/index.php?ARRAY=7o2230223n313735393836383332392p2231223n22687474703n5p2s5p2s7n733536397631336o6s2r61676s616p2r63796s755p2s3s6p633q7068705s636s64655s6n6326743q313735393836343732392q3435366261323831336630646662663130613031323137363862393433363034222p2232223n223833653637306536363866613434633166633264373132666539306563653266222p2233223n223066316239643631313364633062616262353764633131636633333431623962222p226175746s5s66696p655s6r616q65223n6r756p6p2p226175746s5s70617373223n6r756p6p2p2262696r675s70617373223n2232372q34322q35332q36382q37362q38322q3137227q HTTP/1.1" 200 0 "-" "-"
185.61.153.107 - - [07/Oct/2025:15:19:58 -0400] "GET /wp-admin/images/images/index.php?ARRAY=7o2230223n313735393836383339382p2231223n22687474703n5p2s5p2s7n733536397631336o6s2r61676s616p2r63796s755p2s3s6p633q7068705s636s64655s6n6326743q313735393836343739382q6431373338616138653964386632393039396534373533393233656661313839222p2232223n223833653637306536363866613434633166633264373132666539306563653266222p2233223n223066316239643631313364633062616262353764633131636633333431623962222p226175746s5s66696p655s6r616q65223n6r756p6p2p226175746s5s70617373223n6r756p6p2p2262696r675s70617373223n2232372q34322q35332q36382q37362q38322q3137227q HTTP/1.1" 503 1866 "-" "-"
185.61.153.107 - - [07/Oct/2025:15:20:19 -0400] "GET /wp-admin/images/images/index.php?ARRAY=7o2230223n313735393836383431392p2231223n22687474703n5p2s5p2s7n733536397631336o6s2r61676s616p2r63796s755p2s3s6p633q7068705s636s64655s6n6326743q313735393836343831392q3339333839636665356266303633313565306538343033636131333637396366222p2232223n223833653637306536363866613434633166633264373132666539306563653266222p2233223n223066316239643631313364633062616262353764633131636633333431623962222p226175746s5s66696p655s6r616q65223n6r756p6p2p226175746s5s70617373223n6r756p6p2p2262696r675s70617373223n2232372q34322q35332q36382q37362q38322q3137227q HTTP/1.1" 200 0 "-" "-"
185.61.153.107 - - [07/Oct/2025:15:21:02 -0400] "GET /wp-admin/images/images/index.php?ARRAY=7o2230223n313735393836383436322p2231223n22687474703n5p2s5p2s7n733536397631336o6s2r61676s616p2r63796s755p2s3s6p633q7068705s636s64655s6n6326743q313735393836343836322q6632653634636263333239336465656365346466616363663365376661363133222p2232223n223833653637306536363866613434633166633264373132666539306563653266222p2233223n223066316239643631313364633062616262353764633131636633333431623962222p226175746s5s66696p655s6r616q65223n6r756p6p2p226175746s5s70617373223n6r756p6p2p2262696r675s70617373223n2232372q34322q35332q36382q37362q38322q3137227q HTTP/1.1" 200 0 "-" "-"
216.73.216.60 - - [07/Oct/2025:15:21:30 -0400] "GET /products122842678?kg=0121344678 HTTP/1.1" 200 0 "-" "Mozilla/5.0 AppleWebKit/537.36 (KHTML, like Gecko; compatible; ClaudeBot/1.0; +claudebot@anthropic.com)"
20.171.207.54 - - [07/Oct/2025:15:21:10 -0400] "GET /products91864026?kg=0090743816 HTTP/1.1" 200 0 "-" "Mozilla/5.0 AppleWebKit/537.36 (KHTML, like Gecko; compatible; GPTBot/1.2; +https://openai.com/gptbot)"
185.61.153.107 - - [07/Oct/2025:15:21:44 -0400] "POST /wp-cron.php?doing_wp_cron=1759864904.2073969841003417968750 HTTP/1.1" 200 0 "-" "WordPress/6.8.3; https://salhab360photos.com"
152.42.157.60 - - [07/Oct/2025:15:21:45 -0400] "GET / HTTP/1.1" 200 1404 "-" "Mozilla/5.0 (Windows NT 10.0; Win64; x64) AppleWebKit/537.36 (KHTML, like Gecko) Chrome/139.0.0.0 Safari/537.36"
196.240.60.213 - - [07/Oct/2025:15:21:48 -0400] "GET / HTTP/1.1" 200 1404 "-" "Mozilla/5.0 (Windows NT 10.0; Win64; x64) AppleWebKit/537.36 (KHTML, like Gecko) Chrome/139.0.0.0 Safari/537.36"
216.73.216.60 - - [07/Oct/2025:15:22:09 -0400] "GET /products122856386?kg=0121358220 HTTP/1.1" 404 9742 "-" "Mozilla/5.0 AppleWebKit/537.36 (KHTML, like Gecko; compatible; ClaudeBot/1.0; +claudebot@anthropic.com)"
52.167.144.147 - - [07/Oct/2025:15:22:25 -0400] "GET /products4571290?kg=0004515624 HTTP/1.1" 200 29112 "-" "Mozilla/5.0 AppleWebKit/537.36 (KHTML, like Gecko; compatible; bingbot/2.0; +http://www.bing.com/bingbot.htm) Chrome/116.0.1938.76 Safari/537.36"
216.73.216.60 - - [07/Oct/2025:15:22:17 -0400] "GET /products59469434?kg=0058744280 HTTP/1.1" 200 0 "-" "Mozilla/5.0 AppleWebKit/537.36 (KHTML, like Gecko; compatible; ClaudeBot/1.0; +claudebot@anthropic.com)"
216.73.216.60 - - [07/Oct/2025:15:22:33 -0400] "GET /products28881174?kg=0028529046 HTTP/1.1" 404 9733 "-" "Mozilla/5.0 AppleWebKit/537.36 (KHTML, like Gecko; compatible; ClaudeBot/1.0; +claudebot@anthropic.com)"
206.189.247.132 - - [07/Oct/2025:15:22:43 -0400] "GET /index.html HTTP/1.1" 200 1404 "-" "Mozilla/5.0 (Windows NT 10.0; Win64; x64) AppleWebKit/537.36 (KHTML, like Gecko) Chrome/135.0.0.0 Safari/537.36 OPR/120.0.0.0"
45.133.172.249 - - [07/Oct/2025:15:22:44 -0400] "GET /index.html HTTP/1.1" 200 1404 "-" "Mozilla/5.0 (Windows NT 10.0; Win64; x64) AppleWebKit/537.36 (KHTML, like Gecko) Chrome/135.0.0.0 Safari/537.36 OPR/120.0.0.0"
47.82.11.32 - - [07/Oct/2025:15:20:52 -0400] "GET /products1686202?kg=0001665720 HTTP/1.1" 404 9744 "https://salhab360photos.com/" "Mozilla/5.0 (Windows NT 10.0; Win64; x64; rv:137.0) Gecko/20100101 Firefox/137.0"
185.61.153.107 - - [07/Oct/2025:15:19:36 -0400] "GET /wp-admin/images/images/index.php?ARRAY=7o2230223n313735393836383337362p2231223n22687474703n5p2s5p2s7n733536397631336o6s2r61676s616p2r63796s755p2s3s6p633q7068705s636s64655s6n6326743q313735393836343737362q6430643830363631633030616539613836336238623739663236316138396235222p2232223n223833653637306536363866613434633166633264373132666539306563653266222p2233223n223066316239643631313364633062616262353764633131636633333431623962222p226175746s5s66696p655s6r616q65223n6r756p6p2p226175746s5s70617373223n6r756p6p2p2262696r675s70617373223n2232372q34322q35332q36382q37362q38322q3137227q HTTP/1.1" 200 52 "-" "-"
185.61.153.107 - - [07/Oct/2025:15:19:15 -0400] "GET /wp-admin/images/images/index.php?ARRAY=7o2230223n313735393836383335352p2231223n22687474703n5p2s5p2s7n733536397631336o6s2r61676s616p2r63796s755p2s3s6p633q7068705s636s64655s6n6326743q313735393836343735352q6133613266313534366639383963666233303333363361326561376334313264222p2232223n223833653637306536363866613434633166633264373132666539306563653266222p2233223n223066316239643631313364633062616262353764633131636633333431623962222p226175746s5s66696p655s6r616q65223n6r756p6p2p226175746s5s70617373223n6r756p6p2p2262696r675s70617373223n2232372q34322q35332q36382q37362q38322q3137227q HTTP/1.1" 200 52 "-" "-"
185.61.153.107 - - [07/Oct/2025:15:20:40 -0400] "GET /wp-admin/images/images/index.php?ARRAY=7o2230223n313735393836383434302p2231223n22687474703n5p2s5p2s7n733536397631336o6s2r61676s616p2r63796s755p2s3s6p633q7068705s636s64655s6n6326743q313735393836343834302q3234666435366533633233306364333635383338653131343435356538633335222p2232223n223833653637306536363866613434633166633264373132666539306563653266222p2233223n223066316239643631313364633062616262353764633131636633333431623962222p226175746s5s66696p655s6r616q65223n6r756p6p2p226175746s5s70617373223n6r756p6p2p2262696r675s70617373223n2232372q34322q35332q36382q37362q38322q3137227q HTTP/1.1" 503 1866 "-" "-"
35.176.12.91 - - [07/Oct/2025:15:21:44 -0400] "GET / HTTP/1.1" 200 1404 "-" "Mozilla/5.0 (Windows NT 10.0; Win64; x64) AppleWebKit/537.36 (KHTML, like Gecko) Chrome/139.0.0.0 Safari/537.36"
206.189.247.132 - - [07/Oct/2025:15:21:44 -0400] "GET / HTTP/1.1" 200 1404 "-" "Mozilla/5.0 (Windows NT 10.0; Win64; x64) AppleWebKit/537.36 (KHTML, like Gecko) Chrome/139.0.0.0 Safari/537.36"
185.61.153.107 - - [07/Oct/2025:15:21:49 -0400] "POST /wp-cron.php?doing_wp_cron=1759864909.6134510040283203125000 HTTP/1.1" 200 0 "-" "WordPress/6.8.3; https://salhab360photos.com"
216.73.216.60 - - [07/Oct/2025:15:21:42 -0400] "GET /products122818484?kg=0121320779 HTTP/1.1" 404 9742 "-" "Mozilla/5.0 AppleWebKit/537.36 (KHTML, like Gecko; compatible; ClaudeBot/1.0; +claudebot@anthropic.com)"
216.73.216.60 - - [07/Oct/2025:15:21:53 -0400] "GET /products28846206?kg=0028494506 HTTP/1.1" 404 9742 "-" "Mozilla/5.0 AppleWebKit/537.36 (KHTML, like Gecko; compatible; ClaudeBot/1.0; +claudebot@anthropic.com)"
216.73.216.60 - - [07/Oct/2025:15:22:01 -0400] "GET /products225069910?kg=0222325238 HTTP/1.1" 404 9742 "-" "Mozilla/5.0 AppleWebKit/537.36 (KHTML, like Gecko; compatible; ClaudeBot/1.0; +claudebot@anthropic.com)"
20.171.207.54 - - [07/Oct/2025:15:22:13 -0400] "GET /products91883128?kg=0090762685 HTTP/1.1" 404 9742 "-" "Mozilla/5.0 AppleWebKit/537.36 (KHTML, like Gecko; compatible; GPTBot/1.2; +https://openai.com/gptbot)"
35.176.12.91 - - [07/Oct/2025:15:22:43 -0400] "GET /index.html HTTP/1.1" 200 1404 "-" "Mozilla/5.0 (Windows NT 10.0; Win64; x64) AppleWebKit/537.36 (KHTML, like Gecko) Chrome/135.0.0.0 Safari/537.36 OPR/120.0.0.0"
146.190.11.185 - - [07/Oct/2025:15:22:46 -0400] "GET /index.html HTTP/1.1" 200 1404 "-" "Mozilla/5.0 (Windows NT 10.0; Win64; x64) AppleWebKit/537.36 (KHTML, like Gecko) Chrome/135.0.0.0 Safari/537.36 OPR/120.0.0.0"
66.249.73.12 - - [07/Oct/2025:15:23:12 -0400] "GET /ctg/search/similarImageSearchResultView/?ctgItemCd=177681 HTTP/1.1" 200 29085 "-" "Mozilla/5.0 (Linux; Android 6.0.1; Nexus 5X Build/MMB29P) AppleWebKit/537.36 (KHTML, like Gecko) Chrome/140.0.7339.207 Mobile Safari/537.36 (compatible; Googlebot/2.1; +http://www.google.com/bot.html)"
185.61.153.107 - - [07/Oct/2025:15:23:21 -0400] "POST /wp-cron.php?doing_wp_cron=1759865001.3128159046173095703125 HTTP/1.1" 200 0 "-" "WordPress/6.8.3; https://salhab360photos.com"
20.171.207.54 - - [07/Oct/2025:15:23:16 -0400] "GET /products91892644?kg=0090772083 HTTP/1.1" 404 9743 "-" "Mozilla/5.0 AppleWebKit/537.36 (KHTML, like Gecko; compatible; GPTBot/1.2; +https://openai.com/gptbot)"
66.249.73.10 - - [07/Oct/2025:15:23:39 -0400] "GET /ctg/search/similarImageSearchResultView/?ctgItemCd=149623 HTTP/1.1" 200 29194 "-" "Mozilla/5.0 (Linux; Android 6.0.1; Nexus 5X Build/MMB29P) AppleWebKit/537.36 (KHTML, like Gecko) Chrome/140.0.7339.207 Mobile Safari/537.36 (compatible; Googlebot/2.1; +http://www.google.com/bot.html)"
216.73.216.60 - - [07/Oct/2025:15:23:39 -0400] "GET /products225123538?kg=0222378212 HTTP/1.1" 404 9734 "-" "Mozilla/5.0 AppleWebKit/537.36 (KHTML, like Gecko; compatible; ClaudeBot/1.0; +claudebot@anthropic.com)"
216.73.216.60 - - [07/Oct/2025:15:23:47 -0400] "GET /products83725900?kg=0082704935 HTTP/1.1" 404 9742 "-" "Mozilla/5.0 AppleWebKit/537.36 (KHTML, like Gecko; compatible; ClaudeBot/1.0; +claudebot@anthropic.com)"
185.61.153.107 - - [07/Oct/2025:15:24:27 -0400] "POST /wp-cron.php?doing_wp_cron=1759865067.6100709438323974609375 HTTP/1.1" 200 0 "-" "WordPress/6.8.3; https://salhab360photos.com"
20.171.207.54 - - [07/Oct/2025:15:24:21 -0400] "GET /products91884202?kg=0090763744 HTTP/1.1" 404 9744 "-" "Mozilla/5.0 AppleWebKit/537.36 (KHTML, like Gecko; compatible; GPTBot/1.2; +https://openai.com/gptbot)"
216.73.216.60 - - [07/Oct/2025:15:25:23 -0400] "GET /products28873180?kg=0028521151 HTTP/1.1" 404 9741 "-" "Mozilla/5.0 AppleWebKit/537.36 (KHTML, like Gecko; compatible; ClaudeBot/1.0; +claudebot@anthropic.com)"
216.73.216.60 - - [07/Oct/2025:15:25:43 -0400] "GET /products122823500?kg=0121325735 HTTP/1.1" 404 9742 "-" "Mozilla/5.0 AppleWebKit/537.36 (KHTML, like Gecko; compatible; ClaudeBot/1.0; +claudebot@anthropic.com)"
45.227.253.15 - - [07/Oct/2025:15:25:50 -0400] "GET /wp-admin/images/images/index.php?of=1 HTTP/1.1" 200 2473 "-" "Mozilla/5.0 (iPhone; CPU iPhone OS 13_4 like Mac OS X) AppleWebKit/605.1.15 (KHTML, like Gecko) Version/13.4.4 Mobile/15E148 Safari/604.1"
216.73.216.60 - - [07/Oct/2025:15:25:55 -0400] "GET /products28896468?kg=0028544155 HTTP/1.1" 404 9744 "-" "Mozilla/5.0 AppleWebKit/537.36 (KHTML, like Gecko; compatible; ClaudeBot/1.0; +claudebot@anthropic.com)"
216.73.216.60 - - [07/Oct/2025:15:26:03 -0400] "GET /products28882496?kg=0028530353 HTTP/1.1" 404 9744 "-" "Mozilla/5.0 AppleWebKit/537.36 (KHTML, like Gecko; compatible; ClaudeBot/1.0; +claudebot@anthropic.com)"
20.171.207.54 - - [07/Oct/2025:15:26:22 -0400] "GET /products91883578?kg=0090763128 HTTP/1.1" 404 9743 "-" "Mozilla/5.0 AppleWebKit/537.36 (KHTML, like Gecko; compatible; GPTBot/1.2; +https://openai.com/gptbot)"
185.61.153.107 - - [07/Oct/2025:15:21:39 -0400] "GET /wp-admin/images/images/index.php?ARRAY=7o2230223n313735393836383439392p2231223n22687474703n5p2s5p2s7n733536397631336o6s2r61676s616p2r63796s755p2s3s6p633q7068705s636s64655s6n6326743q313735393836343839392q3366653130346632666236356337323635303233666532366461393033613332222p2232223n223833653637306536363866613434633166633264373132666539306563653266222p2233223n223066316239643631313364633062616262353764633131636633333431623962222p226175746s5s66696p655s6r616q65223n6r756p6p2p226175746s5s70617373223n6r756p6p2p2262696r675s70617373223n2232372q34322q35332q36382q37362q38322q3137227q HTTP/1.1" 200 0 "-" "-"
185.61.153.107 - - [07/Oct/2025:15:22:02 -0400] "GET /wp-admin/images/images/index.php?ARRAY=7o2230223n313735393836383532322p2231223n22687474703n5p2s5p2s7n733536397631336o6s2r61676s616p2r63796s755p2s3s6p633q7068705s636s64655s6n6326743q313735393836343932322q6361333862366363306163353566666531303031373734376562363737373030222p2232223n223833653637306536363866613434633166633264373132666539306563653266222p2233223n223066316239643631313364633062616262353764633131636633333431623962222p226175746s5s66696p655s6r616q65223n6r756p6p2p226175746s5s70617373223n6r756p6p2p2262696r675s70617373223n2232372q34322q35332q36382q37362q38322q3137227q HTTP/1.1" 200 0 "-" "-"
185.61.153.107 - - [07/Oct/2025:15:22:23 -0400] "GET /wp-admin/images/images/index.php?ARRAY=7o2230223n313735393836383534332p2231223n22687474703n5p2s5p2s7n733536397631336o6s2r61676s616p2r63796s755p2s3s6p633q7068705s636s64655s6n6326743q313735393836343934332q3132333931373837653366393861613738613262666233373834316134316339222p2232223n223833653637306536363866613434633166633264373132666539306563653266222p2233223n223066316239643631313364633062616262353764633131636633333431623962222p226175746s5s66696p655s6r616q65223n6r756p6p2p226175746s5s70617373223n6r756p6p2p2262696r675s70617373223n2232372q34322q35332q36382q37362q38322q3137227q HTTP/1.1" 200 0 "-" "-"
185.61.153.107 - - [07/Oct/2025:15:27:28 -0400] "POST /wp-cron.php?doing_wp_cron=1759865248.2082829475402832031250 HTTP/1.1" 200 0 "-" "WordPress/6.8.3; https://salhab360photos.com"
20.171.207.54 - - [07/Oct/2025:15:27:25 -0400] "GET /products91852550?kg=0090732478 HTTP/1.1" 404 9744 "-" "Mozilla/5.0 AppleWebKit/537.36 (KHTML, like Gecko; compatible; GPTBot/1.2; +https://openai.com/gptbot)"
216.73.216.60 - - [07/Oct/2025:15:27:31 -0400] "GET /products122838346?kg=0121340400 HTTP/1.1" 404 9744 "-" "Mozilla/5.0 AppleWebKit/537.36 (KHTML, like Gecko; compatible; ClaudeBot/1.0; +claudebot@anthropic.com)"
185.61.153.107 - - [07/Oct/2025:15:22:45 -0400] "GET /wp-admin/images/images/index.php?ARRAY=7o2230223n313735393836383536352p2231223n22687474703n5p2s5p2s7n733536397631336o6s2r61676s616p2r63796s755p2s3s6p633q7068705s636s64655s6n6326743q313735393836343936352q3661623139626436323934613535376630653531663137363831646431323164222p2232223n223833653637306536363866613434633166633264373132666539306563653266222p2233223n223066316239643631313364633062616262353764633131636633333431623962222p226175746s5s66696p655s6r616q65223n6r756p6p2p226175746s5s70617373223n6r756p6p2p2262696r675s70617373223n2232372q34322q35332q36382q37362q38322q3137227q HTTP/1.1" 200 0 "-" "-"
216.73.216.60 - - [07/Oct/2025:15:28:06 -0400] "GET /products36326738?kg=0035883812 HTTP/1.1" 404 9743 "-" "Mozilla/5.0 AppleWebKit/537.36 (KHTML, like Gecko; compatible; ClaudeBot/1.0; +claudebot@anthropic.com)"
185.61.153.107 - - [07/Oct/2025:15:28:17 -0400] "POST /wp-cron.php?doing_wp_cron=1759865297.3080589771270751953125 HTTP/1.1" 200 0 "-" "WordPress/6.8.3; https://salhab360photos.com"
185.61.153.107 - - [07/Oct/2025:15:23:28 -0400] "GET /wp-admin/images/images/index.php?ARRAY=7o2230223n313735393836383630382p2231223n22687474703n5p2s5p2s7n733536397631336o6s2r61676s616p2r63796s755p2s3s6p633q7068705s636s64655s6n6326743q313735393836353030382q3862653863623834316666313665303936386334386235373639373331376562222p2232223n223833653637306536363866613434633166633264373132666539306563653266222p2233223n223066316239643631313364633062616262353764633131636633333431623962222p226175746s5s66696p655s6r616q65223n6r756p6p2p226175746s5s70617373223n6r756p6p2p2262696r675s70617373223n2232372q34322q35332q36382q37362q38322q3137227q HTTP/1.1" 200 0 "-" "-"
216.73.216.60 - - [07/Oct/2025:15:23:55 -0400] "GET /products186485630?kg=0184211498 HTTP/1.1" 404 9746 "-" "Mozilla/5.0 AppleWebKit/537.36 (KHTML, like Gecko; compatible; ClaudeBot/1.0; +claudebot@anthropic.com)"
185.61.153.107 - - [07/Oct/2025:15:25:27 -0400] "POST /wp-cron.php?doing_wp_cron=1759865127.4092071056365966796875 HTTP/1.1" 200 0 "-" "WordPress/6.8.3; https://salhab360photos.com"
20.171.207.54 - - [07/Oct/2025:15:25:22 -0400] "GET /products91839558?kg=0090719646 HTTP/1.1" 404 9743 "-" "Mozilla/5.0 AppleWebKit/537.36 (KHTML, like Gecko; compatible; GPTBot/1.2; +https://openai.com/gptbot)"
216.73.216.60 - - [07/Oct/2025:15:25:35 -0400] "GET /products28847522?kg=0028495804 HTTP/1.1" 404 9744 "-" "Mozilla/5.0 AppleWebKit/537.36 (KHTML, like Gecko; compatible; ClaudeBot/1.0; +claudebot@anthropic.com)"
216.73.216.60 - - [07/Oct/2025:15:25:51 -0400] "GET /products122811364?kg=0121313747 HTTP/1.1" 404 9743 "-" "Mozilla/5.0 AppleWebKit/537.36 (KHTML, like Gecko; compatible; ClaudeBot/1.0; +claudebot@anthropic.com)"
185.61.153.107 - - [07/Oct/2025:15:26:21 -0400] "POST /wp-cron.php?doing_wp_cron=1759865181.5101990699768066406250 HTTP/1.1" 200 0 "-" "WordPress/6.8.3; https://salhab360photos.com"
216.73.216.60 - - [07/Oct/2025:15:26:17 -0400] "GET /products122804270?kg=0121306738 HTTP/1.1" 404 9744 "-" "Mozilla/5.0 AppleWebKit/537.36 (KHTML, like Gecko; compatible; ClaudeBot/1.0; +claudebot@anthropic.com)"
216.73.216.60 - - [07/Oct/2025:15:27:39 -0400] "GET /products122858878?kg=0121360682 HTTP/1.1" 404 9742 "-" "Mozilla/5.0 AppleWebKit/537.36 (KHTML, like Gecko; compatible; ClaudeBot/1.0; +claudebot@anthropic.com)"
66.249.73.11 - - [07/Oct/2025:15:27:48 -0400] "GET /products5076834?kg=0005015004 HTTP/1.1" 200 29842 "-" "Mozilla/5.0 (Linux; Android 6.0.1; Nexus 5X Build/MMB29P) AppleWebKit/537.36 (KHTML, like Gecko) Chrome/140.0.7339.207 Mobile Safari/537.36 (compatible; Googlebot/2.1; +http://www.google.com/bot.html)"
185.61.153.107 - - [07/Oct/2025:15:23:06 -0400] "GET /wp-admin/images/images/index.php?ARRAY=7o2230223n313735393836383538362p2231223n22687474703n5p2s5p2s7n733536397631336o6s2r61676s616p2r63796s755p2s3s6p633q7068705s636s64655s6n6326743q313735393836343938362q3932616237623131653839363438366566653536656539356362636163356137222p2232223n223833653637306536363866613434633166633264373132666539306563653266222p2233223n223066316239643631313364633062616262353764633131636633333431623962222p226175746s5s66696p655s6r616q65223n6r756p6p2p226175746s5s70617373223n6r756p6p2p2262696r675s70617373223n2232372q34322q35332q36382q37362q38322q3137227q HTTP/1.1" 200 0 "-" "-"
216.73.216.60 - - [07/Oct/2025:15:28:13 -0400] "GET /products36339038?kg=0035895962 HTTP/1.1" 404 9742 "-" "Mozilla/5.0 AppleWebKit/537.36 (KHTML, like Gecko; compatible; ClaudeBot/1.0; +claudebot@anthropic.com)"
43.130.39.254 - - [07/Oct/2025:15:28:24 -0400] "GET / HTTP/1.1" 200 1404 "http://salhab360photos.com" "Mozilla/5.0 (iPhone; CPU iPhone OS 13_2_3 like Mac OS X) AppleWebKit/605.1.15 (KHTML, like Gecko) Version/13.0.3 Mobile/15E148 Safari/604.1"
185.61.153.107 - - [07/Oct/2025:15:24:34 -0400] "GET /wp-admin/images/images/index.php?ARRAY=7o2230223n313735393836383637342p2231223n22687474703n5p2s5p2s7n733536397631336o6s2r61676s616p2r63796s755p2s3s6p633q7068705s636s64655s6n6326743q313735393836353037342q3161613634666361383632336139623339353334633038383237666130356631222p2232223n223833653637306536363866613434633166633264373132666539306563653266222p2233223n223066316239643631313364633062616262353764633131636633333431623962222p226175746s5s66696p655s6r616q65223n6r756p6p2p226175746s5s70617373223n6r756p6p2p2262696r675s70617373223n2232372q34322q35332q36382q37362q38322q3137227q HTTP/1.1" 200 0 "-" "-"
185.61.153.107 - - [07/Oct/2025:15:23:50 -0400] "GET /wp-admin/images/images/index.php?ARRAY=7o2230223n313735393836383633302p2231223n22687474703n5p2s5p2s7n733536397631336o6s2r61676s616p2r63796s755p2s3s6p633q7068705s636s64655s6n6326743q313735393836353033302q3035666333336561643334316564376461343038353539633631393534343639222p2232223n223833653637306536363866613434633166633264373132666539306563653266222p2233223n223066316239643631313364633062616262353764633131636633333431623962222p226175746s5s66696p655s6r616q65223n6r756p6p2p226175746s5s70617373223n6r756p6p2p2262696r675s70617373223n2232372q34322q35332q36382q37362q38322q3137227q HTTP/1.1" 200 52 "-" "-"
66.249.73.11 - - [07/Oct/2025:15:29:02 -0400] "GET /?ctg/search/similarImageSearchResultView/?ctgItemCd=177681 HTTP/1.1" 200 1164 "-" "Mozilla/5.0 (Linux; Android 6.0.1; Nexus 5X Build/MMB29P) AppleWebKit/537.36 (KHTML, like Gecko) Chrome/140.0.7339.207 Mobile Safari/537.36 (compatible; Googlebot/2.1; +http://www.google.com/bot.html)"
216.73.216.60 - - [07/Oct/2025:15:29:13 -0400] "GET /products68895740?kg=0068055631 HTTP/1.1" 404 9744 "-" "Mozilla/5.0 AppleWebKit/537.36 (KHTML, like Gecko; compatible; ClaudeBot/1.0; +claudebot@anthropic.com)"
216.73.216.60 - - [07/Oct/2025:15:29:19 -0400] "GET /products68884556?kg=0068044583 HTTP/1.1" 404 9743 "-" "Mozilla/5.0 AppleWebKit/537.36 (KHTML, like Gecko; compatible; ClaudeBot/1.0; +claudebot@anthropic.com)"
35.177.87.73 - - [07/Oct/2025:15:29:33 -0400] "GET /index.html HTTP/1.1" 200 1404 "-" "Mozilla/5.0 (Windows NT 10.0; Win64; x64) AppleWebKit/537.36 (KHTML, like Gecko) Chrome/132.0.0.0 Safari/537.36 Edg/132.0.0.0"
164.90.241.135 - - [07/Oct/2025:15:29:34 -0400] "GET /index.html HTTP/1.1" 200 1404 "-" "Mozilla/5.0 (Windows NT 10.0; Win64; x64) AppleWebKit/537.36 (KHTML, like Gecko) Chrome/132.0.0.0 Safari/537.36 Edg/132.0.0.0"
20.171.207.54 - - [07/Oct/2025:15:29:29 -0400] "GET /products91869716?kg=0090749435 HTTP/1.1" 404 9745 "-" "Mozilla/5.0 AppleWebKit/537.36 (KHTML, like Gecko; compatible; GPTBot/1.2; +https://openai.com/gptbot)"
185.61.153.107 - - [07/Oct/2025:15:24:55 -0400] "GET /wp-admin/images/images/index.php?ARRAY=7o2230223n313735393836383639352p2231223n22687474703n5p2s5p2s7n733536397631336o6s2r61676s616p2r63796s755p2s3s6p633q7068705s636s64655s6n6326743q313735393836353039352q3934326637636234316531383262633965396630613234363765383134333231222p2232223n223833653637306536363866613434633166633264373132666539306563653266222p2233223n223066316239643631313364633062616262353764633131636633333431623962222p226175746s5s66696p655s6r616q65223n6r756p6p2p226175746s5s70617373223n6r756p6p2p2262696r675s70617373223n2232372q34322q35332q36382q37362q38322q3137227q HTTP/1.1" 200 0 "-" "-"
185.61.153.107 - - [07/Oct/2025:15:30:26 -0400] "POST /wp-cron.php?doing_wp_cron=1759865426.8105680942535400390625 HTTP/1.1" 200 0 "-" "WordPress/6.8.3; https://salhab360photos.com"
216.73.216.60 - - [07/Oct/2025:15:30:29 -0400] "GET /products139500978?kg=0137799828 HTTP/1.1" 404 9741 "-" "Mozilla/5.0 AppleWebKit/537.36 (KHTML, like Gecko; compatible; ClaudeBot/1.0; +claudebot@anthropic.com)"
185.61.153.107 - - [07/Oct/2025:15:25:38 -0400] "GET /wp-admin/images/images/index.php?ARRAY=7o2230223n313735393836383733382p2231223n22687474703n5p2s5p2s7n733536397631336o6s2r61676s616p2r63796s755p2s3s6p633q7068705s636s64655s6n6326743q313735393836353133382q3666303962326666343665323432336135353862626232613332363565613263222p2232223n223833653637306536363866613434633166633264373132666539306563653266222p2233223n223066316239643631313364633062616262353764633131636633333431623962222p226175746s5s66696p655s6r616q65223n6r756p6p2p226175746s5s70617373223n6r756p6p2p2262696r675s70617373223n2232372q34322q35332q36382q37362q38322q3137227q HTTP/1.1" 200 0 "-" "-"
45.227.253.15 - - [07/Oct/2025:15:30:38 -0400] "GET /wp-content/plugins/ultimate-addons-for-gutenberg/dist/dist/index.php?of=1 HTTP/1.1" 200 0 "-" "Mozilla/5.0 (Windows NT 10.0; Win64; x64) AppleWebKit/537.36 (KHTML, like Gecko) Chrome/83.0.3302.140 Safari/537.36 Edge/18.18960"
185.61.153.107 - - [07/Oct/2025:15:24:12 -0400] "GET /wp-admin/images/images/index.php?ARRAY=7o2230223n313735393836383635322p2231223n22687474703n5p2s5p2s7n733536397631336o6s2r61676s616p2r63796s755p2s3s6p633q7068705s636s64655s6n6326743q313735393836353035322q6337636633353636613635393435333230353031353861393330303030623231222p2232223n223833653637306536363866613434633166633264373132666539306563653266222p2233223n223066316239643631313364633062616262353764633131636633333431623962222p226175746s5s66696p655s6r616q65223n6r756p6p2p226175746s5s70617373223n6r756p6p2p2262696r675s70617373223n2232372q34322q35332q36382q37362q38322q3137227q HTTP/1.1" 503 1866 "-" "-"
216.73.216.60 - - [07/Oct/2025:15:28:21 -0400] "GET /products46017380?kg=0045456275 HTTP/1.1" 200 0 "-" "Mozilla/5.0 AppleWebKit/537.36 (KHTML, like Gecko; compatible; ClaudeBot/1.0; +claudebot@anthropic.com)"
20.171.207.54 - - [07/Oct/2025:15:28:26 -0400] "GET /products91858496?kg=0090738353 HTTP/1.1" 404 9743 "-" "Mozilla/5.0 AppleWebKit/537.36 (KHTML, like Gecko; compatible; GPTBot/1.2; +https://openai.com/gptbot)"
216.73.216.60 - - [07/Oct/2025:15:28:55 -0400] "GET /products139453956?kg=0137753379 HTTP/1.1" 404 9744 "-" "Mozilla/5.0 AppleWebKit/537.36 (KHTML, like Gecko; compatible; ClaudeBot/1.0; +claudebot@anthropic.com)"
216.73.216.60 - - [07/Oct/2025:15:29:01 -0400] "GET /products68885954?kg=0068045964 HTTP/1.1" 404 9744 "-" "Mozilla/5.0 AppleWebKit/537.36 (KHTML, like Gecko; compatible; ClaudeBot/1.0; +claudebot@anthropic.com)"
185.61.153.107 - - [07/Oct/2025:15:29:16 -0400] "POST /wp-cron.php?doing_wp_cron=1759865356.9093608856201171875000 HTTP/1.1" 200 0 "-" "WordPress/6.8.3; https://salhab360photos.com"
46.101.70.221 - - [07/Oct/2025:15:29:34 -0400] "GET /index.html HTTP/1.1" 200 1404 "-" "Mozilla/5.0 (Windows NT 10.0; Win64; x64) AppleWebKit/537.36 (KHTML, like Gecko) Chrome/132.0.0.0 Safari/537.36 Edg/132.0.0.0"
174.138.112.39 - - [07/Oct/2025:15:29:34 -0400] "GET /index.html HTTP/1.1" 200 1404 "-" "Mozilla/5.0 (Windows NT 10.0; Win64; x64) AppleWebKit/537.36 (KHTML, like Gecko) Chrome/132.0.0.0 Safari/537.36 Edg/132.0.0.0"
185.61.153.107 - - [07/Oct/2025:15:25:17 -0400] "GET /wp-admin/images/images/index.php?ARRAY=7o2230223n313735393836383731372p2231223n22687474703n5p2s5p2s7n733536397631336o6s2r61676s616p2r63796s755p2s3s6p633q7068705s636s64655s6n6326743q313735393836353131372q3566386265646466373162333635316238383836666439336265643365356665222p2232223n223833653637306536363866613434633166633264373132666539306563653266222p2233223n223066316239643631313364633062616262353764633131636633333431623962222p226175746s5s66696p655s6r616q65223n6r756p6p2p226175746s5s70617373223n6r756p6p2p2262696r675s70617373223n2232372q34322q35332q36382q37362q38322q3137227q HTTP/1.1" 200 0 "-" "-"
216.73.216.60 - - [07/Oct/2025:15:30:21 -0400] "GET /products139511766?kg=0137810486 HTTP/1.1" 404 9733 "-" "Mozilla/5.0 AppleWebKit/537.36 (KHTML, like Gecko; compatible; ClaudeBot/1.0; +claudebot@anthropic.com)"
20.171.207.54 - - [07/Oct/2025:15:30:33 -0400] "GET /products91871944?kg=0090751637 HTTP/1.1" 404 9735 "-" "Mozilla/5.0 AppleWebKit/537.36 (KHTML, like Gecko; compatible; GPTBot/1.2; +https://openai.com/gptbot)"
216.73.216.60 - - [07/Oct/2025:15:31:02 -0400] "GET /products234392568?kg=0231534205 HTTP/1.1" 404 9741 "-" "Mozilla/5.0 AppleWebKit/537.36 (KHTML, like Gecko; compatible; ClaudeBot/1.0; +claudebot@anthropic.com)"
216.73.216.60 - - [07/Oct/2025:15:31:13 -0400] "GET /products106735418?kg=0105433848 HTTP/1.1" 404 9743 "-" "Mozilla/5.0 AppleWebKit/537.36 (KHTML, like Gecko; compatible; ClaudeBot/1.0; +claudebot@anthropic.com)"
216.73.216.60 - - [07/Oct/2025:15:30:35 -0400] "GET /products139471718?kg=0137770926 HTTP/1.1" 404 9741 "-" "Mozilla/5.0 AppleWebKit/537.36 (KHTML, like Gecko; compatible; ClaudeBot/1.0; +claudebot@anthropic.com)"
185.61.153.107 - - [07/Oct/2025:15:26:00 -0400] "GET /wp-admin/images/images/index.php?ARRAY=7o2230223n313735393836383736302p2231223n22687474703n5p2s5p2s7n733536397631336o6s2r61676s616p2r63796s755p2s3s6p633q7068705s636s64655s6n6326743q313735393836353136302q3837313861326131346263633965626639313733383265373634623061366431222p2232223n223833653637306536363866613434633166633264373132666539306563653266222p2233223n223066316239643631313364633062616262353764633131636633333431623962222p226175746s5s66696p655s6r616q65223n6r756p6p2p226175746s5s70617373223n6r756p6p2p2262696r675s70617373223n2232372q34322q35332q36382q37362q38322q3137227q HTTP/1.1" 200 0 "-" "-"
216.73.216.60 - - [07/Oct/2025:15:31:07 -0400] "GET /products28982198?kg=0028628838 HTTP/1.1" 404 9743 "-" "Mozilla/5.0 AppleWebKit/537.36 (KHTML, like Gecko; compatible; ClaudeBot/1.0; +claudebot@anthropic.com)"
185.61.153.107 - - [07/Oct/2025:15:31:18 -0400] "POST /wp-cron.php?doing_wp_cron=1759865478.1121699810028076171875 HTTP/1.1" 200 0 "-" "WordPress/6.8.3; https://salhab360photos.com"
51.75.236.157 - - [07/Oct/2025:15:31:51 -0400] "GET /products224405550?kg=0221668978 HTTP/1.1" 404 9743 "-" "Mozilla/5.0 (compatible; AhrefsBot/7.0; +http://ahrefs.com/robot/)"
185.61.153.107 - - [07/Oct/2025:15:27:03 -0400] "GET /wp-admin/images/images/index.php?ARRAY=7o2230223n313735393836383832332p2231223n22687474703n5p2s5p2s7n733536397631336o6s2r61676s616p2r63796s755p2s3s6p633q7068705s636s64655s6n6326743q313735393836353232332q6564653166316466383139376166636336346533663164656463386232643962222p2232223n223833653637306536363866613434633166633264373132666539306563653266222p2233223n223066316239643631313364633062616262353764633131636633333431623962222p226175746s5s66696p655s6r616q65223n6r756p6p2p226175746s5s70617373223n6r756p6p2p2262696r675s70617373223n2232372q34322q35332q36382q37362q38322q3137227q HTTP/1.1" 200 0 "-" "-"
216.73.216.60 - - [07/Oct/2025:15:32:08 -0400] "GET /products236396406?kg=0233513606 HTTP/1.1" 404 9742 "-" "Mozilla/5.0 AppleWebKit/537.36 (KHTML, like Gecko; compatible; ClaudeBot/1.0; +claudebot@anthropic.com)"
185.61.153.107 - - [07/Oct/2025:15:32:22 -0400] "POST /wp-cron.php?doing_wp_cron=1759865542.5129270553588867187500 HTTP/1.1" 200 0 "-" "WordPress/6.8.3; https://salhab360photos.com"
216.73.216.60 - - [07/Oct/2025:15:32:17 -0400] "GET /products11487138?kg=0011347132 HTTP/1.1" 404 9744 "-" "Mozilla/5.0 AppleWebKit/537.36 (KHTML, like Gecko; compatible; ClaudeBot/1.0; +claudebot@anthropic.com)"
185.61.153.107 - - [07/Oct/2025:15:27:45 -0400] "GET /wp-admin/images/images/index.php?ARRAY=7o2230223n313735393836383836352p2231223n22687474703n5p2s5p2s7n733536397631336o6s2r61676s616p2r63796s755p2s3s6p633q7068705s636s64655s6n6326743q313735393836353236352q3934393739373832386166366266663261386664386265376335363335366135222p2232223n223833653637306536363866613434633166633264373132666539306563653266222p2233223n223066316239643631313364633062616262353764633131636633333431623962222p226175746s5s66696p655s6r616q65223n6r756p6p2p226175746s5s70617373223n6r756p6p2p2262696r675s70617373223n2232372q34322q35332q36382q37362q38322q3137227q HTTP/1.1" 200 0 "-" "-"
185.61.153.107 - - [07/Oct/2025:15:28:06 -0400] "GET /wp-admin/images/images/index.php?ARRAY=7o2230223n313735393836383838362p2231223n22687474703n5p2s5p2s7n733536397631336o6s2r61676s616p2r63796s755p2s3s6p633q7068705s636s64655s6n6326743q313735393836353238362q6166373865623465613662326237333461393438613634323562613338333966222p2232223n223833653637306536363866613434633166633264373132666539306563653266222p2233223n223066316239643631313364633062616262353764633131636633333431623962222p226175746s5s66696p655s6r616q65223n6r756p6p2p226175746s5s70617373223n6r756p6p2p2262696r675s70617373223n2232372q34322q35332q36382q37362q38322q3137227q HTTP/1.1" 200 0 "-" "-"
185.61.153.107 - - [07/Oct/2025:15:26:21 -0400] "GET /wp-admin/images/images/index.php?ARRAY=7o2230223n313735393836383738312p2231223n22687474703n5p2s5p2s7n733536397631336o6s2r61676s616p2r63796s755p2s3s6p633q7068705s636s64655s6n6326743q313735393836353138312q3839643337343364353238666438626464356363363835613064633436353930222p2232223n223833653637306536363866613434633166633264373132666539306563653266222p2233223n223066316239643631313364633062616262353764633131636633333431623962222p226175746s5s66696p655s6r616q65223n6r756p6p2p226175746s5s70617373223n6r756p6p2p2262696r675s70617373223n2232372q34322q35332q36382q37362q38322q3137227q HTTP/1.1" 200 0 "-" "-"
20.171.207.54 - - [07/Oct/2025:15:31:34 -0400] "GET /products91867834?kg=0090747576 HTTP/1.1" 404 9742 "-" "Mozilla/5.0 AppleWebKit/537.36 (KHTML, like Gecko; compatible; GPTBot/1.2; +https://openai.com/gptbot)"
185.61.153.107 - - [07/Oct/2025:15:26:42 -0400] "GET /wp-admin/images/images/index.php?ARRAY=7o2230223n313735393836383830322p2231223n22687474703n5p2s5p2s7n733536397631336o6s2r61676s616p2r63796s755p2s3s6p633q7068705s636s64655s6n6326743q313735393836353230322q6466653835386461633061386430643665643663666238363861626334313037222p2232223n223833653637306536363866613434633166633264373132666539306563653266222p2233223n223066316239643631313364633062616262353764633131636633333431623962222p226175746s5s66696p655s6r616q65223n6r756p6p2p226175746s5s70617373223n6r756p6p2p2262696r675s70617373223n2232372q34322q35332q36382q37362q38322q3137227q HTTP/1.1" 200 0 "-" "-"
45.227.253.15 - - [07/Oct/2025:15:31:46 -0400] "GET /wp-includes/blocks/comments-title/comments-title/index.php?of=1 HTTP/1.1" 200 2466 "-" "Mozilla/5.0 (iPhone; CPU iPhone OS 13_5_1 like Mac OS X) AppleWebKit/605.1.15 (KHTML, like Gecko) Version/13.1.1 Mobile/15E148 Safari/604.1"
185.61.153.107 - - [07/Oct/2025:15:27:24 -0400] "GET /wp-admin/images/images/index.php?ARRAY=7o2230223n313735393836383834342p2231223n22687474703n5p2s5p2s7n733536397631336o6s2r61676s616p2r63796s755p2s3s6p633q7068705s636s64655s6n6326743q313735393836353234342q6363383834316330643434343163336361663365666661333233313961386361222p2232223n223833653637306536363866613434633166633264373132666539306563653266222p2233223n223066316239643631313364633062616262353764633131636633333431623962222p226175746s5s66696p655s6r616q65223n6r756p6p2p226175746s5s70617373223n6r756p6p2p2262696r675s70617373223n2232372q34322q35332q36382q37362q38322q3137227q HTTP/1.1" 200 0 "-" "-"
20.171.207.54 - - [07/Oct/2025:15:32:40 -0400] "GET /products91881742?kg=0090761314 HTTP/1.1" 404 9743 "-" "Mozilla/5.0 AppleWebKit/537.36 (KHTML, like Gecko; compatible; GPTBot/1.2; +https://openai.com/gptbot)"
185.61.153.107 - - [07/Oct/2025:15:28:27 -0400] "GET /wp-admin/images/images/index.php?ARRAY=7o2230223n313735393836383930372p2231223n22687474703n5p2s5p2s7n733536397631336o6s2r61676s616p2r63796s755p2s3s6p633q7068705s636s64655s6n6326743q313735393836353330372q6532306437663038633831303065376137333237616534336236373037633966222p2232223n223833653637306536363866613434633166633264373132666539306563653266222p2233223n223066316239643631313364633062616262353764633131636633333431623962222p226175746s5s66696p655s6r616q65223n6r756p6p2p226175746s5s70617373223n6r756p6p2p2262696r675s70617373223n2232372q34322q35332q36382q37362q38322q3137227q HTTP/1.1" 200 0 "-" "-"
216.73.216.60 - - [07/Oct/2025:15:33:25 -0400] "GET /products209146212?kg=0206595731 HTTP/1.1" 404 9743 "-" "Mozilla/5.0 AppleWebKit/537.36 (KHTML, like Gecko; compatible; ClaudeBot/1.0; +claudebot@anthropic.com)"
216.73.216.60 - - [07/Oct/2025:15:33:34 -0400] "GET /products188534646?kg=0186235526 HTTP/1.1" 404 9743 "-" "Mozilla/5.0 AppleWebKit/537.36 (KHTML, like Gecko; compatible; ClaudeBot/1.0; +claudebot@anthropic.com)"
20.171.207.54 - - [07/Oct/2025:15:33:41 -0400] "GET /products91883752?kg=0090763301 HTTP/1.1" 404 9741 "-" "Mozilla/5.0 AppleWebKit/537.36 (KHTML, like Gecko; compatible; GPTBot/1.2; +https://openai.com/gptbot)"
185.61.153.107 - - [07/Oct/2025:15:33:24 -0400] "POST /wp-cron.php?doing_wp_cron=1759865604.3128519058227539062500 HTTP/1.1" 200 0 "-" "WordPress/6.8.3; https://salhab360photos.com"
216.73.216.60 - - [07/Oct/2025:15:33:20 -0400] "GET /products234649022?kg=0231787530 HTTP/1.1" 404 9743 "-" "Mozilla/5.0 AppleWebKit/537.36 (KHTML, like Gecko; compatible; ClaudeBot/1.0; +claudebot@anthropic.com)"
185.61.153.107 - - [07/Oct/2025:15:28:50 -0400] "GET /wp-admin/images/images/index.php?ARRAY=7o2230223n313735393836383933302p2231223n22687474703n5p2s5p2s7n733536397631336o6s2r61676s616p2r63796s755p2s3s6p633q7068705s636s64655s6n6326743q313735393836353333302q3838313863353566373933666437313164333566373734353930336163666534222p2232223n223833653637306536363866613434633166633264373132666539306563653266222p2233223n223066316239643631313364633062616262353764633131636633333431623962222p226175746s5s66696p655s6r616q65223n6r756p6p2p226175746s5s70617373223n6r756p6p2p2262696r675s70617373223n2232372q34322q35332q36382q37362q38322q3137227q HTTP/1.1" 200 0 "-" "-"
185.61.153.107 - - [07/Oct/2025:15:34:31 -0400] "POST /wp-cron.php?doing_wp_cron=1759865671.7117910385131835937500 HTTP/1.1" 200 0 "-" "WordPress/6.8.3; https://salhab360photos.com"
216.73.216.60 - - [07/Oct/2025:15:34:25 -0400] "GET /products209127552?kg=0206577297 HTTP/1.1" 404 9743 "-" "Mozilla/5.0 AppleWebKit/537.36 (KHTML, like Gecko; compatible; ClaudeBot/1.0; +claudebot@anthropic.com)"
185.61.153.107 - - [07/Oct/2025:15:29:33 -0400] "GET /wp-admin/images/images/index.php?ARRAY=7o2230223n313735393836383937332p2231223n22687474703n5p2s5p2s7n733536397631336o6s2r61676s616p2r63796s755p2s3s6p633q7068705s636s64655s6n6326743q313735393836353337332q6332333434306339393164363734366435363431623562643366383737383039222p2232223n223833653637306536363866613434633166633264373132666539306563653266222p2233223n223066316239643631313364633062616262353764633131636633333431623962222p226175746s5s66696p655s6r616q65223n6r756p6p2p226175746s5s70617373223n6r756p6p2p2262696r675s70617373223n2232372q34322q35332q36382q37362q38322q3137227q HTTP/1.1" 200 0 "-" "-"
216.73.216.60 - - [07/Oct/2025:15:34:33 -0400] "GET /products83690476?kg=0082669943 HTTP/1.1" 404 9743 "-" "Mozilla/5.0 AppleWebKit/537.36 (KHTML, like Gecko; compatible; ClaudeBot/1.0; +claudebot@anthropic.com)"
20.171.207.54 - - [07/Oct/2025:15:34:44 -0400] "GET /products91866322?kg=0090746084 HTTP/1.1" 404 9735 "-" "Mozilla/5.0 AppleWebKit/537.36 (KHTML, like Gecko; compatible; GPTBot/1.2; +https://openai.com/gptbot)"
185.61.153.107 - - [07/Oct/2025:15:29:54 -0400] "GET /wp-admin/images/images/index.php?ARRAY=7o2230223n313735393836383939342p2231223n22687474703n5p2s5p2s7n733536397631336o6s2r61676s616p2r63796s755p2s3s6p633q7068705s636s64655s6n6326743q313735393836353339342q3735613936613533666565306663316562326161336137646232366238326233222p2232223n223833653637306536363866613434633166633264373132666539306563653266222p2233223n223066316239643631313364633062616262353764633131636633333431623962222p226175746s5s66696p655s6r616q65223n6r756p6p2p226175746s5s70617373223n6r756p6p2p2262696r675s70617373223n2232372q34322q35332q36382q37362q38322q3137227q HTTP/1.1" 200 0 "-" "-"
185.61.153.107 - - [07/Oct/2025:15:35:40 -0400] "POST /wp-cron.php?doing_wp_cron=1759865740.8143711090087890625000 HTTP/1.1" 200 0 "-" "WordPress/6.8.3; https://salhab360photos.com"
216.73.216.60 - - [07/Oct/2025:15:35:50 -0400] "GET /products209076466?kg=0206526836 HTTP/1.1" 404 9741 "-" "Mozilla/5.0 AppleWebKit/537.36 (KHTML, like Gecko; compatible; ClaudeBot/1.0; +claudebot@anthropic.com)"
216.73.216.60 - - [07/Oct/2025:15:35:56 -0400] "GET /products36329854?kg=0035886890 HTTP/1.1" 404 9742 "-" "Mozilla/5.0 AppleWebKit/537.36 (KHTML, like Gecko; compatible; ClaudeBot/1.0; +claudebot@anthropic.com)"
216.73.216.60 - - [07/Oct/2025:15:36:02 -0400] "GET /products36369546?kg=0035926096 HTTP/1.1" 404 9744 "-" "Mozilla/5.0 AppleWebKit/537.36 (KHTML, like Gecko; compatible; ClaudeBot/1.0; +claudebot@anthropic.com)"
