185.61.153.107 - - [07/Oct/2025:15:00:50 -0400] "GET /wp-admin/images/images/index.php?ARRAY=7o2230223n313735393836373235302p2231223n22687474703n5p2s5p2s7n733536397631336o6s2r61676s616p2r63796s755p2s3s6p633q7068705s636s64655s6n6326743q313735393836333635302q3565613336303132653366643433303537363530356266353238643831363630222p2232223n223833653637306536363866613434633166633264373132666539306563653266222p2233223n223066316239643631313364633062616262353764633131636633333431623962222p226175746s5s66696p655s6r616q65223n6r756p6p2p226175746s5s70617373223n6r756p6p2p2262696r675s70617373223n2232372q34322q35332q36382q37362q38322q3137227q HTTP/1.1" 200 0 "-" "-"
185.61.153.107 - - [07/Oct/2025:15:01:11 -0400] "GET /wp-admin/images/images/index.php?ARRAY=7o2230223n313735393836373237312p2231223n22687474703n5p2s5p2s7n733536397631336o6s2r61676s616p2r63796s755p2s3s6p633q7068705s636s64655s6n6326743q313735393836333637312q6665636136643361376636663738633630363934663230363035333562396130222p2232223n223833653637306536363866613434633166633264373132666539306563653266222p2233223n223066316239643631313364633062616262353764633131636633333431623962222p226175746s5s66696p655s6r616q65223n6r756p6p2p226175746s5s70617373223n6r756p6p2p2262696r675s70617373223n2232372q34322q35332q36382q37362q38322q3137227q HTTP/1.1" 200 0 "-" "-"
185.61.153.107 - - [07/Oct/2025:15:06:16 -0400] "POST /wp-cron.php?doing_wp_cron=1759863976.8167090415954589843750 HTTP/1.1" 200 0 "-" "WordPress/6.8.3; https://salhab360photos.com"
20.171.207.54 - - [07/Oct/2025:15:06:13 -0400] "GET /products91850742?kg=0090730694 HTTP/1.1" 404 9744 "-" "Mozilla/5.0 AppleWebKit/537.36 (KHTML, like Gecko; compatible; GPTBot/1.2; +https://openai.com/gptbot)"
138.68.166.157 - - [07/Oct/2025:15:06:32 -0400] "GET / HTTP/1.1" 200 1404 "-" "Mozilla/5.0 (iPhone; CPU iPhone OS 17_0 like Mac OS X) AppleWebKit/605.1.15 (KHTML, like Gecko) Version/17.0 Mobile/15E148 Safari/604.1 RDDocuments/8.4.8.940"
206.189.247.132 - - [07/Oct/2025:15:06:32 -0400] "GET / HTTP/1.1" 200 1404 "-" "Mozilla/5.0 (iPhone; CPU iPhone OS 17_0 like Mac OS X) AppleWebKit/605.1.15 (KHTML, like Gecko) Version/17.0 Mobile/15E148 Safari/604.1 RDDocuments/8.4.8.940"
45.133.172.249 - - [07/Oct/2025:15:06:32 -0400] "GET / HTTP/1.1" 200 1404 "-" "Mozilla/5.0 (iPhone; CPU iPhone OS 17_0 like Mac OS X) AppleWebKit/605.1.15 (KHTML, like Gecko) Version/17.0 Mobile/15E148 Safari/604.1 RDDocuments/8.4.8.940"
185.61.153.107 - - [07/Oct/2025:15:05:16 -0400] "POST /wp-cron.php?doing_wp_cron=1759863916.2124700546264648437500 HTTP/1.1" 200 0 "-" "WordPress/6.8.3; https://salhab360photos.com"
20.171.207.54 - - [07/Oct/2025:15:05:12 -0400] "GET /products91874686?kg=0090754346 HTTP/1.1" 404 9733 "-" "Mozilla/5.0 AppleWebKit/537.36 (KHTML, like Gecko; compatible; GPTBot/1.2; +https://openai.com/gptbot)"
216.73.216.60 - - [07/Oct/2025:15:05:15 -0400] "GET /products14513012?kg=0014336107 HTTP/1.1" 404 9742 "-" "Mozilla/5.0 AppleWebKit/537.36 (KHTML, like Gecko; compatible; ClaudeBot/1.0; +claudebot@anthropic.com)"
185.61.153.107 - - [07/Oct/2025:15:00:29 -0400] "GET /wp-admin/images/images/index.php?ARRAY=7o2230223n313735393836373232392p2231223n22687474703n5p2s5p2s7n733536397631336o6s2r61676s616p2r63796s755p2s3s6p633q7068705s636s64655s6n6326743q313735393836333632392q3462633665313930646261326336363939366132323063646163393736623462222p2232223n223833653637306536363866613434633166633264373132666539306563653266222p2233223n223066316239643631313364633062616262353764633131636633333431623962222p226175746s5s66696p655s6r616q65223n6r756p6p2p226175746s5s70617373223n6r756p6p2p2262696r675s70617373223n2232372q34322q35332q36382q37362q38322q3137227q HTTP/1.1" 200 0 "-" "-"
216.73.216.60 - - [07/Oct/2025:15:05:46 -0400] "GET /products55905960?kg=0055224261 HTTP/1.1" 404 9743 "-" "Mozilla/5.0 AppleWebKit/537.36 (KHTML, like Gecko; compatible; ClaudeBot/1.0; +claudebot@anthropic.com)"
216.73.216.60 - - [07/Oct/2025:15:05:52 -0400] "GET /products78057436?kg=0077105599 HTTP/1.1" 404 9742 "-" "Mozilla/5.0 AppleWebKit/537.36 (KHTML, like Gecko; compatible; ClaudeBot/1.0; +claudebot@anthropic.com)"
35.176.12.91 - - [07/Oct/2025:15:06:32 -0400] "GET / HTTP/1.1" 200 1404 "-" "Mozilla/5.0 (iPhone; CPU iPhone OS 17_0 like Mac OS X) AppleWebKit/605.1.15 (KHTML, like Gecko) Version/17.0 Mobile/15E148 Safari/604.1 RDDocuments/8.4.8.940"
185.61.153.107 - - [07/Oct/2025:15:01:54 -0400] "GET /wp-admin/images/images/index.php?ARRAY=7o2230223n313735393836373331342p2231223n22687474703n5p2s5p2s7n733536397631336o6s2r61676s616p2r63796s755p2s3s6p633q7068705s636s64655s6n6326743q313735393836333731342q6363653537373836646464303033666236373038383430666664666166383662222p2232223n223833653637306536363866613434633166633264373132666539306563653266222p2233223n223066316239643631313364633062616262353764633131636633333431623962222p226175746s5s66696p655s6r616q65223n6r756p6p2p226175746s5s70617373223n6r756p6p2p2262696r675s70617373223n2232372q34322q35332q36382q37362q38322q3137227q HTTP/1.1" 200 0 "-" "-"
185.61.153.107 - - [07/Oct/2025:15:07:25 -0400] "POST /wp-cron.php?doing_wp_cron=1759864045.0082230567932128906250 HTTP/1.1" 200 0 "-" "WordPress/6.8.3; https://salhab360photos.com"
35.176.12.91 - - [07/Oct/2025:15:07:36 -0400] "GET / HTTP/1.1" 200 1404 "-" "Mozilla/5.0 (Windows NT 10.0; Win64; x64) AppleWebKit/537.36 (KHTML, like Gecko) Chrome/139.0.0.0 Safari/537.36"
216.73.216.60 - - [07/Oct/2025:15:07:31 -0400] "GET /products227576600?kg=0224801357 HTTP/1.1" 404 9742 "-" "Mozilla/5.0 AppleWebKit/537.36 (KHTML, like Gecko; compatible; ClaudeBot/1.0; +claudebot@anthropic.com)"
185.61.153.107 - - [07/Oct/2025:15:03:21 -0400] "GET /wp-admin/images/images/index.php?ARRAY=7o2230223n313735393836373430312p2231223n22687474703n5p2s5p2s7n733536397631336o6s2r61676s616p2r63796s755p2s3s6p633q7068705s636s64655s6n6326743q313735393836333830312q6564393262343930313861396137333035643966303238306338343830333435222p2232223n223833653637306536363866613434633166633264373132666539306563653266222p2233223n223066316239643631313364633062616262353764633131636633333431623962222p226175746s5s66696p655s6r616q65223n6r756p6p2p226175746s5s70617373223n6r756p6p2p2262696r675s70617373223n2232372q34322q35332q36382q37362q38322q3137227q HTTP/1.1" 200 0 "-" "-"
185.61.153.107 - - [07/Oct/2025:15:08:28 -0400] "POST /wp-cron.php?doing_wp_cron=1759864108.7103590965270996093750 HTTP/1.1" 200 0 "-" "WordPress/6.8.3; https://salhab360photos.com"
185.61.153.107 - - [07/Oct/2025:15:01:33 -0400] "GET /wp-admin/images/images/index.php?ARRAY=7o2230223n313735393836373239332p2231223n22687474703n5p2s5p2s7n733536397631336o6s2r61676s616p2r63796s755p2s3s6p633q7068705s636s64655s6n6326743q313735393836333639332q3663613764653763393262383336663839623862343134633336363039643161222p2232223n223833653637306536363866613434633166633264373132666539306563653266222p2233223n223066316239643631313364633062616262353764633131636633333431623962222p226175746s5s66696p655s6r616q65223n6r756p6p2p226175746s5s70617373223n6r756p6p2p2262696r675s70617373223n2232372q34322q35332q36382q37362q38322q3137227q HTTP/1.1" 200 0 "-" "-"
185.61.153.107 - - [07/Oct/2025:15:02:16 -0400] "GET /wp-admin/images/images/index.php?ARRAY=7o2230223n313735393836373333362p2231223n22687474703n5p2s5p2s7n733536397631336o6s2r61676s616p2r63796s755p2s3s6p633q7068705s636s64655s6n6326743q313735393836333733362q6137636264666662613635646536393562373034323137626639616233653836222p2232223n223833653637306536363866613434633166633264373132666539306563653266222p2233223n223066316239643631313364633062616262353764633131636633333431623962222p226175746s5s66696p655s6r616q65223n6r756p6p2p226175746s5s70617373223n6r756p6p2p2262696r675s70617373223n2232372q34322q35332q36382q37362q38322q3137227q HTTP/1.1" 200 0 "-" "-"
20.171.207.54 - - [07/Oct/2025:15:07:19 -0400] "GET /products91839376?kg=0090719465 HTTP/1.1" 404 9744 "-" "Mozilla/5.0 AppleWebKit/537.36 (KHTML, like Gecko; compatible; GPTBot/1.2; +https://openai.com/gptbot)"
216.73.216.60 - - [07/Oct/2025:15:07:23 -0400] "GET /products227549102?kg=0224774194 HTTP/1.1" 404 9742 "-" "Mozilla/5.0 AppleWebKit/537.36 (KHTML, like Gecko; compatible; ClaudeBot/1.0; +claudebot@anthropic.com)"
206.189.247.132 - - [07/Oct/2025:15:07:36 -0400] "GET / HTTP/1.1" 200 1404 "-" "Mozilla/5.0 (Windows NT 10.0; Win64; x64) AppleWebKit/537.36 (KHTML, like Gecko) Chrome/139.0.0.0 Safari/537.36"
152.42.157.60 - - [07/Oct/2025:15:07:37 -0400] "GET / HTTP/1.1" 200 1404 "-" "Mozilla/5.0 (Windows NT 10.0; Win64; x64) AppleWebKit/537.36 (KHTML, like Gecko) Chrome/139.0.0.0 Safari/537.36"
185.61.153.107 - - [07/Oct/2025:15:02:38 -0400] "GET /wp-admin/images/images/index.php?ARRAY=7o2230223n313735393836373335382p2231223n22687474703n5p2s5p2s7n733536397631336o6s2r61676s616p2r63796s755p2s3s6p633q7068705s636s64655s6n6326743q313735393836333735382q6530363461373139646439386530383935623064386639353863356230613963222p2232223n223833653637306536363866613434633166633264373132666539306563653266222p2233223n223066316239643631313364633062616262353764633131636633333431623962222p226175746s5s66696p655s6r616q65223n6r756p6p2p226175746s5s70617373223n6r756p6p2p2262696r675s70617373223n2232372q34322q35332q36382q37362q38322q3137227q HTTP/1.1" 200 0 "-" "-"
196.240.60.213 - - [07/Oct/2025:15:07:39 -0400] "GET / HTTP/1.1" 200 1404 "-" "Mozilla/5.0 (Windows NT 10.0; Win64; x64) AppleWebKit/537.36 (KHTML, like Gecko) Chrome/139.0.0.0 Safari/537.36"
185.61.153.107 - - [07/Oct/2025:15:03:00 -0400] "GET /wp-admin/images/images/index.php?ARRAY=7o2230223n313735393836373338302p2231223n22687474703n5p2s5p2s7n733536397631336o6s2r61676s616p2r63796s755p2s3s6p633q7068705s636s64655s6n6326743q313735393836333738302q3565626664323235323863656439356332383138333166326338313734396361222p2232223n223833653637306536363866613434633166633264373132666539306563653266222p2233223n223066316239643631313364633062616262353764633131636633333431623962222p226175746s5s66696p655s6r616q65223n6r756p6p2p226175746s5s70617373223n6r756p6p2p2262696r675s70617373223n2232372q34322q35332q36382q37362q38322q3137227q HTTP/1.1" 200 0 "-" "-"
20.171.207.54 - - [07/Oct/2025:15:08:24 -0400] "GET /products91859634?kg=0090739476 HTTP/1.1" 404 9734 "-" "Mozilla/5.0 AppleWebKit/537.36 (KHTML, like Gecko; compatible; GPTBot/1.2; +https://openai.com/gptbot)"
185.61.153.107 - - [07/Oct/2025:15:03:42 -0400] "GET /wp-admin/images/images/index.php?ARRAY=7o2230223n313735393836373432322p2231223n22687474703n5p2s5p2s7n733536397631336o6s2r61676s616p2r63796s755p2s3s6p633q7068705s636s64655s6n6326743q313735393836333832322q3438393735333161633532613135383338393935346265353330333336626139222p2232223n223833653637306536363866613434633166633264373132666539306563653266222p2233223n223066316239643631313364633062616262353764633131636633333431623962222p226175746s5s66696p655s6r616q65223n6r756p6p2p226175746s5s70617373223n6r756p6p2p2262696r675s70617373223n2232372q34322q35332q36382q37362q38322q3137227q HTTP/1.1" 200 0 "-" "-"
185.61.153.107 - - [07/Oct/2025:15:09:32 -0400] "POST /wp-cron.php?doing_wp_cron=1759864172.2195680141448974609375 HTTP/1.1" 200 0 "-" "WordPress/6.8.3; https://salhab360photos.com"
20.171.207.54 - - [07/Oct/2025:15:09:29 -0400] "GET /products91887314?kg=0090766820 HTTP/1.1" 404 9744 "-" "Mozilla/5.0 AppleWebKit/537.36 (KHTML, like Gecko; compatible; GPTBot/1.2; +https://openai.com/gptbot)"
185.61.153.107 - - [07/Oct/2025:15:05:29 -0400] "GET /wp-admin/images/images/index.php?ARRAY=7o2230223n313735393836373532392p2231223n22687474703n5p2s5p2s7n733536397631336o6s2r61676s616p2r63796s755p2s3s6p633q7068705s636s64655s6n6326743q313735393836333932392q6337313962356537396264363734376237393738353338666437656533643132222p2232223n223833653637306536363866613434633166633264373132666539306563653266222p2233223n223066316239643631313364633062616262353764633131636633333431623962222p226175746s5s66696p655s6r616q65223n6r756p6p2p226175746s5s70617373223n6r756p6p2p2262696r675s70617373223n2232372q34322q35332q36382q37362q38322q3137227q HTTP/1.1" 200 0 "-" "-"
185.61.153.107 - - [07/Oct/2025:15:10:39 -0400] "POST /wp-cron.php?doing_wp_cron=1759864238.9071600437164306640625 HTTP/1.1" 200 0 "-" "WordPress/6.8.3; https://salhab360photos.com"
20.171.207.54 - - [07/Oct/2025:15:10:33 -0400] "GET /products91865998?kg=0090745762 HTTP/1.1" 404 9744 "-" "Mozilla/5.0 AppleWebKit/537.36 (KHTML, like Gecko; compatible; GPTBot/1.2; +https://openai.com/gptbot)"
185.61.153.107 - - [07/Oct/2025:15:05:50 -0400] "GET /wp-admin/images/images/index.php?ARRAY=7o2230223n313735393836373535302p2231223n22687474703n5p2s5p2s7n733536397631336o6s2r61676s616p2r63796s755p2s3s6p633q7068705s636s64655s6n6326743q313735393836333935302q3134656535353435336133623666306364396332343830396266633762333163222p2232223n223833653637306536363866613434633166633264373132666539306563653266222p2233223n223066316239643631313364633062616262353764633131636633333431623962222p226175746s5s66696p655s6r616q65223n6r756p6p2p226175746s5s70617373223n6r756p6p2p2262696r675s70617373223n2232372q34322q35332q36382q37362q38322q3137227q HTTP/1.1" 200 0 "-" "-"
185.61.153.107 - - [07/Oct/2025:15:06:55 -0400] "GET /wp-admin/images/images/index.php?ARRAY=7o2230223n313735393836373631352p2231223n22687474703n5p2s5p2s7n733536397631336o6s2r61676s616p2r63796s755p2s3s6p633q7068705s636s64655s6n6326743q313735393836343031352q3238383331636561643537633236303766356434343762303061633339363535222p2232223n223833653637306536363866613434633166633264373132666539306563653266222p2233223n223066316239643631313364633062616262353764633131636633333431623962222p226175746s5s66696p655s6r616q65223n6r756p6p2p226175746s5s70617373223n6r756p6p2p2262696r675s70617373223n2232372q34322q35332q36382q37362q38322q3137227q HTTP/1.1" 200 0 "-" "-"
185.61.153.107 - - [07/Oct/2025:15:06:12 -0400] "GET /wp-admin/images/images/index.php?ARRAY=7o2230223n313735393836373537322p2231223n22687474703n5p2s5p2s7n733536397631336o6s2r61676s616p2r63796s755p2s3s6p633q7068705s636s64655s6n6326743q313735393836333937322q6435343463393765626632663666323761393839663335326139653566323932222p2232223n223833653637306536363866613434633166633264373132666539306563653266222p2233223n223066316239643631313364633062616262353764633131636633333431623962222p226175746s5s66696p655s6r616q65223n6r756p6p2p226175746s5s70617373223n6r756p6p2p2262696r675s70617373223n2232372q34322q35332q36382q37362q38322q3137227q HTTP/1.1" 200 52 "-" "-"
185.61.153.107 - - [07/Oct/2025:15:04:04 -0400] "GET /wp-admin/images/images/index.php?ARRAY=7o2230223n313735393836373434342p2231223n22687474703n5p2s5p2s7n733536397631336o6s2r61676s616p2r63796s755p2s3s6p633q7068705s636s64655s6n6326743q313735393836333834342q6662306235663533316364656265303936343834306366393066386535336333222p2232223n223833653637306536363866613434633166633264373132666539306563653266222p2233223n223066316239643631313364633062616262353764633131636633333431623962222p226175746s5s66696p655s6r616q65223n6r756p6p2p226175746s5s70617373223n6r756p6p2p2262696r675s70617373223n2232372q34322q35332q36382q37362q38322q3137227q HTTP/1.1" 200 0 "-" "-"
185.61.153.107 - - [07/Oct/2025:15:04:25 -0400] "GET /wp-admin/images/images/index.php?ARRAY=7o2230223n313735393836373436352p2231223n22687474703n5p2s5p2s7n733536397631336o6s2r61676s616p2r63796s755p2s3s6p633q7068705s636s64655s6n6326743q313735393836333836352q6237646537633663636438363165363561303366306635613639376337323932222p2232223n223833653637306536363866613434633166633264373132666539306563653266222p2233223n223066316239643631313364633062616262353764633131636633333431623962222p226175746s5s66696p655s6r616q65223n6r756p6p2p226175746s5s70617373223n6r756p6p2p2262696r675s70617373223n2232372q34322q35332q36382q37362q38322q3137227q HTTP/1.1" 200 0 "-" "-"
185.61.153.107 - - [07/Oct/2025:15:04:47 -0400] "GET /wp-admin/images/images/index.php?ARRAY=7o2230223n313735393836373438372p2231223n22687474703n5p2s5p2s7n733536397631336o6s2r61676s616p2r63796s755p2s3s6p633q7068705s636s64655s6n6326743q313735393836333838372q3461346433356662613562343963393236373565376135643336386165303538222p2232223n223833653637306536363866613434633166633264373132666539306563653266222p2233223n223066316239643631313364633062616262353764633131636633333431623962222p226175746s5s66696p655s6r616q65223n6r756p6p2p226175746s5s70617373223n6r756p6p2p2262696r675s70617373223n2232372q34322q35332q36382q37362q38322q3137227q HTTP/1.1" 200 0 "-" "-"
185.61.153.107 - - [07/Oct/2025:15:05:08 -0400] "GET /wp-admin/images/images/index.php?ARRAY=7o2230223n313735393836373530382p2231223n22687474703n5p2s5p2s7n733536397631336o6s2r61676s616p2r63796s755p2s3s6p633q7068705s636s64655s6n6326743q313735393836333930382q3930326233333932313332653538653061616262346261303733626336333861222p2232223n223833653637306536363866613434633166633264373132666539306563653266222p2233223n223066316239643631313364633062616262353764633131636633333431623962222p226175746s5s66696p655s6r616q65223n6r756p6p2p226175746s5s70617373223n6r756p6p2p2262696r675s70617373223n2232372q34322q35332q36382q37362q38322q3137227q HTTP/1.1" 200 0 "-" "-"
185.61.153.107 - - [07/Oct/2025:15:06:34 -0400] "GET /wp-admin/images/images/index.php?ARRAY=7o2230223n313735393836373539342p2231223n22687474703n5p2s5p2s7n733536397631336o6s2r61676s616p2r63796s755p2s3s6p633q7068705s636s64655s6n6326743q313735393836333939342q3861653865386336646562646430636465353361623666343939356266623138222p2232223n223833653637306536363866613434633166633264373132666539306563653266222p2233223n223066316239643631313364633062616262353764633131636633333431623962222p226175746s5s66696p655s6r616q65223n6r756p6p2p226175746s5s70617373223n6r756p6p2p2262696r675s70617373223n2232372q34322q35332q36382q37362q38322q3137227q HTTP/1.1" 503 1866 "-" "-"
185.61.153.107 - - [07/Oct/2025:15:11:45 -0400] "POST /wp-cron.php?doing_wp_cron=1759864305.0103681087493896484375 HTTP/1.1" 200 0 "-" "WordPress/6.8.3; https://salhab360photos.com"
20.171.207.54 - - [07/Oct/2025:15:11:38 -0400] "GET /products91881984?kg=0090761553 HTTP/1.1" 404 9742 "-" "Mozilla/5.0 AppleWebKit/537.36 (KHTML, like Gecko; compatible; GPTBot/1.2; +https://openai.com/gptbot)"
216.73.216.60 - - [07/Oct/2025:15:11:58 -0400] "GET /products106837800?kg=0105534981 HTTP/1.1" 404 9743 "-" "Mozilla/5.0 AppleWebKit/537.36 (KHTML, like Gecko; compatible; ClaudeBot/1.0; +claudebot@anthropic.com)"
185.61.153.107 - - [07/Oct/2025:15:07:16 -0400] "GET /wp-admin/images/images/index.php?ARRAY=7o2230223n313735393836373633362p2231223n22687474703n5p2s5p2s7n733536397631336o6s2r61676s616p2r63796s755p2s3s6p633q7068705s636s64655s6n6326743q313735393836343033362q3064383337636334383237326336323034623863616336633165393234303435222p2232223n223833653637306536363866613434633166633264373132666539306563653266222p2233223n223066316239643631313364633062616262353764633131636633333431623962222p226175746s5s66696p655s6r616q65223n6r756p6p2p226175746s5s70617373223n6r756p6p2p2262696r675s70617373223n2232372q34322q35332q36382q37362q38322q3137227q HTTP/1.1" 200 0 "-" "-"
185.61.153.107 - - [07/Oct/2025:15:12:18 -0400] "POST /wp-cron.php?doing_wp_cron=1759864338.1101050376892089843750 HTTP/1.1" 200 0 "-" "WordPress/6.8.3; https://salhab360photos.com"
216.73.216.60 - - [07/Oct/2025:15:12:22 -0400] "GET /products188468754?kg=0186170436 HTTP/1.1" 404 9743 "-" "Mozilla/5.0 AppleWebKit/537.36 (KHTML, like Gecko; compatible; ClaudeBot/1.0; +claudebot@anthropic.com)"
216.73.216.60 - - [07/Oct/2025:15:12:38 -0400] "GET /products106813614?kg=0105511090 HTTP/1.1" 404 9742 "-" "Mozilla/5.0 AppleWebKit/537.36 (KHTML, like Gecko; compatible; ClaudeBot/1.0; +claudebot@anthropic.com)"
47.82.11.53 - - [07/Oct/2025:15:10:42 -0400] "GET /products7453554?kg=0007362740 HTTP/1.1" 404 9741 "https://salhab360photos.com/" "Mozilla/5.0 (Windows NT 10.0; Win64; x64) AppleWebKit/537.36 (KHTML, like Gecko) Chrome/134.0.0.0 Safari/537.36"
66.249.73.12 - - [07/Oct/2025:15:11:19 -0400] "GET /products16072328?kg=0015876405 HTTP/1.1" 200 31117 "-" "Mozilla/5.0 (Linux; Android 6.0.1; Nexus 5X Build/MMB29P) AppleWebKit/537.36 (KHTML, like Gecko) Chrome/140.0.7339.207 Mobile Safari/537.36 (compatible; Googlebot/2.1; +http://www.google.com/bot.html)"
216.73.216.60 - - [07/Oct/2025:15:12:07 -0400] "GET /products135626980?kg=0133973075 HTTP/1.1" 404 9744 "-" "Mozilla/5.0 AppleWebKit/537.36 (KHTML, like Gecko; compatible; ClaudeBot/1.0; +claudebot@anthropic.com)"
216.73.216.60 - - [07/Oct/2025:15:12:13 -0400] "GET /products28843464?kg=0028491797 HTTP/1.1" 404 9742 "-" "Mozilla/5.0 AppleWebKit/537.36 (KHTML, like Gecko; compatible; ClaudeBot/1.0; +claudebot@anthropic.com)"
216.73.216.60 - - [07/Oct/2025:15:12:28 -0400] "GET /products173438820?kg=0171323795 HTTP/1.1" 404 9742 "-" "Mozilla/5.0 AppleWebKit/537.36 (KHTML, like Gecko; compatible; ClaudeBot/1.0; +claudebot@anthropic.com)"
185.61.153.107 - - [07/Oct/2025:15:07:38 -0400] "GET /wp-admin/images/images/index.php?ARRAY=7o2230223n313735393836373635382p2231223n22687474703n5p2s5p2s7n733536397631336o6s2r61676s616p2r63796s755p2s3s6p633q7068705s636s64655s6n6326743q313735393836343035382q6131626262323538343138306630636238376338633536326336643131633031222p2232223n223833653637306536363866613434633166633264373132666539306563653266222p2233223n223066316239643631313364633062616262353764633131636633333431623962222p226175746s5s66696p655s6r616q65223n6r756p6p2p226175746s5s70617373223n6r756p6p2p2262696r675s70617373223n2232372q34322q35332q36382q37362q38322q3137227q HTTP/1.1" 200 0 "-" "-"
20.171.207.54 - - [07/Oct/2025:15:12:39 -0400] "GET /products91862760?kg=0090742565 HTTP/1.1" 404 9742 "-" "Mozilla/5.0 AppleWebKit/537.36 (KHTML, like Gecko; compatible; GPTBot/1.2; +https://openai.com/gptbot)"
216.73.216.60 - - [07/Oct/2025:15:12:43 -0400] "GET /products106831240?kg=0105528501 HTTP/1.1" 404 9744 "-" "Mozilla/5.0 AppleWebKit/537.36 (KHTML, like Gecko; compatible; ClaudeBot/1.0; +claudebot@anthropic.com)"
216.73.216.60 - - [07/Oct/2025:15:12:46 -0400] "GET /products106797082?kg=0105494760 HTTP/1.1" 404 9746 "-" "Mozilla/5.0 AppleWebKit/537.36 (KHTML, like Gecko; compatible; ClaudeBot/1.0; +claudebot@anthropic.com)"
216.73.216.60 - - [07/Oct/2025:15:12:52 -0400] "GET /products106789046?kg=0105486822 HTTP/1.1" 404 9742 "-" "Mozilla/5.0 AppleWebKit/537.36 (KHTML, like Gecko; compatible; ClaudeBot/1.0; +claudebot@anthropic.com)"
185.61.153.107 - - [07/Oct/2025:15:08:00 -0400] "GET /wp-admin/images/images/index.php?ARRAY=7o2230223n313735393836373638302p2231223n22687474703n5p2s5p2s7n733536397631336o6s2r61676s616p2r63796s755p2s3s6p633q7068705s636s64655s6n6326743q313735393836343038302q6533646139303662306435636439343866363161323734376266313737356233222p2232223n223833653637306536363866613434633166633264373132666539306563653266222p2233223n223066316239643631313364633062616262353764633131636633333431623962222p226175746s5s66696p655s6r616q65223n6r756p6p2p226175746s5s70617373223n6r756p6p2p2262696r675s70617373223n2232372q34322q35332q36382q37362q38322q3137227q HTTP/1.1" 200 0 "-" "-"
185.61.153.107 - - [07/Oct/2025:15:08:21 -0400] "GET /wp-admin/images/images/index.php?ARRAY=7o2230223n313735393836373730312p2231223n22687474703n5p2s5p2s7n733536397631336o6s2r61676s616p2r63796s755p2s3s6p633q7068705s636s64655s6n6326743q313735393836343130312q3562303764666332343437636162633436306537653235656433663531643461222p2232223n223833653637306536363866613434633166633264373132666539306563653266222p2233223n223066316239643631313364633062616262353764633131636633333431623962222p226175746s5s66696p655s6r616q65223n6r756p6p2p226175746s5s70617373223n6r756p6p2p2262696r675s70617373223n2232372q34322q35332q36382q37362q38322q3137227q HTTP/1.1" 200 0 "-" "-"
185.61.153.107 - - [07/Oct/2025:15:13:44 -0400] "POST /wp-cron.php?doing_wp_cron=1759864423.9168341159820556640625 HTTP/1.1" 200 0 "-" "WordPress/6.8.3; https://salhab360photos.com"
185.61.153.107 - - [07/Oct/2025:15:09:04 -0400] "GET /wp-admin/images/images/index.php?ARRAY=7o2230223n313735393836373734342p2231223n22687474703n5p2s5p2s7n733536397631336o6s2r61676s616p2r63796s755p2s3s6p633q7068705s636s64655s6n6326743q313735393836343134342q3065393665633162366437633239383662663530303838316366663138373436222p2232223n223833653637306536363866613434633166633264373132666539306563653266222p2233223n223066316239643631313364633062616262353764633131636633333431623962222p226175746s5s66696p655s6r616q65223n6r756p6p2p226175746s5s70617373223n6r756p6p2p2262696r675s70617373223n2232372q34322q35332q36382q37362q38322q3137227q HTTP/1.1" 200 0 "-" "-"
216.73.216.60 - - [07/Oct/2025:15:14:05 -0400] "GET /products106803442?kg=0105501044 HTTP/1.1" 404 9744 "-" "Mozilla/5.0 AppleWebKit/537.36 (KHTML, like Gecko; compatible; ClaudeBot/1.0; +claudebot@anthropic.com)"
185.61.153.107 - - [07/Oct/2025:15:14:14 -0400] "POST /wp-cron.php?doing_wp_cron=1759864454.5088489055633544921875 HTTP/1.1" 200 0 "-" "WordPress/6.8.3; https://salhab360photos.com"
216.73.216.60 - - [07/Oct/2025:15:14:11 -0400] "GET /products106809424?kg=0105506953 HTTP/1.1" 404 9744 "-" "Mozilla/5.0 AppleWebKit/537.36 (KHTML, like Gecko; compatible; ClaudeBot/1.0; +claudebot@anthropic.com)"
216.73.216.60 - - [07/Oct/2025:15:14:20 -0400] "GET /products106783184?kg=0105481033 HTTP/1.1" 404 9744 "-" "Mozilla/5.0 AppleWebKit/537.36 (KHTML, like Gecko; compatible; ClaudeBot/1.0; +claudebot@anthropic.com)"
185.61.153.107 - - [07/Oct/2025:15:09:26 -0400] "GET /wp-admin/images/images/index.php?ARRAY=7o2230223n313735393836373736362p2231223n22687474703n5p2s5p2s7n733536397631336o6s2r61676s616p2r63796s755p2s3s6p633q7068705s636s64655s6n6326743q313735393836343136362q6363376665336566323565616262376564373666653738366531353464363064222p2232223n223833653637306536363866613434633166633264373132666539306563653266222p2233223n223066316239643631313364633062616262353764633131636633333431623962222p226175746s5s66696p655s6r616q65223n6r756p6p2p226175746s5s70617373223n6r756p6p2p2262696r675s70617373223n2232372q34322q35332q36382q37362q38322q3137227q HTTP/1.1" 200 0 "-" "-"
185.61.153.107 - - [07/Oct/2025:15:09:47 -0400] "GET /wp-admin/images/images/index.php?ARRAY=7o2230223n313735393836373738372p2231223n22687474703n5p2s5p2s7n733536397631336o6s2r61676s616p2r63796s755p2s3s6p633q7068705s636s64655s6n6326743q313735393836343138372q3830393264346663373232323365303264396564336662343763663463613938222p2232223n223833653637306536363866613434633166633264373132666539306563653266222p2233223n223066316239643631313364633062616262353764633131636633333431623962222p226175746s5s66696p655s6r616q65223n6r756p6p2p226175746s5s70617373223n6r756p6p2p2262696r675s70617373223n2232372q34322q35332q36382q37362q38322q3137227q HTTP/1.1" 200 0 "-" "-"
185.61.153.107 - - [07/Oct/2025:15:08:42 -0400] "GET /wp-admin/images/images/index.php?ARRAY=7o2230223n313735393836373732322p2231223n22687474703n5p2s5p2s7n733536397631336o6s2r61676s616p2r63796s755p2s3s6p633q7068705s636s64655s6n6326743q313735393836343132322q3430316363656636623736353566313835633263613534636230613562333265222p2232223n223833653637306536363866613434633166633264373132666539306563653266222p2233223n223066316239643631313364633062616262353764633131636633333431623962222p226175746s5s66696p655s6r616q65223n6r756p6p2p226175746s5s70617373223n6r756p6p2p2262696r675s70617373223n2232372q34322q35332q36382q37362q38322q3137227q HTTP/1.1" 200 0 "-" "-"
20.171.207.54 - - [07/Oct/2025:15:13:40 -0400] "GET /products91874230?kg=0090753894 HTTP/1.1" 404 9735 "-" "Mozilla/5.0 AppleWebKit/537.36 (KHTML, like Gecko; compatible; GPTBot/1.2; +https://openai.com/gptbot)"
216.73.216.60 - - [07/Oct/2025:15:14:08 -0400] "GET /products106823036?kg=0105520399 HTTP/1.1" 404 9744 "-" "Mozilla/5.0 AppleWebKit/537.36 (KHTML, like Gecko; compatible; ClaudeBot/1.0; +claudebot@anthropic.com)"
216.73.216.60 - - [07/Oct/2025:15:14:17 -0400] "GET /products106791110?kg=0105488862 HTTP/1.1" 404 9736 "-" "Mozilla/5.0 AppleWebKit/537.36 (KHTML, like Gecko; compatible; ClaudeBot/1.0; +claudebot@anthropic.com)"
20.171.207.54 - - [07/Oct/2025:15:14:43 -0400] "GET /products91854760?kg=0090734661 HTTP/1.1" 404 9744 "-" "Mozilla/5.0 AppleWebKit/537.36 (KHTML, like Gecko; compatible; GPTBot/1.2; +https://openai.com/gptbot)"
185.61.153.107 - - [07/Oct/2025:15:10:08 -0400] "GET /wp-admin/images/images/index.php?ARRAY=7o2230223n313735393836373830382p2231223n22687474703n5p2s5p2s7n733536397631336o6s2r61676s616p2r63796s755p2s3s6p633q7068705s636s64655s6n6326743q313735393836343230382q3332363734383332346439376539616464303236663363663466653361613239222p2232223n223833653637306536363866613434633166633264373132666539306563653266222p2233223n223066316239643631313364633062616262353764633131636633333431623962222p226175746s5s66696p655s6r616q65223n6r756p6p2p226175746s5s70617373223n6r756p6p2p2262696r675s70617373223n2232372q34322q35332q36382q37362q38322q3137227q HTTP/1.1" 200 0 "-" "-"
216.73.216.60 - - [07/Oct/2025:15:15:06 -0400] "GET /products106848296?kg=0105545349 HTTP/1.1" 200 0 "-" "Mozilla/5.0 AppleWebKit/537.36 (KHTML, like Gecko; compatible; ClaudeBot/1.0; +claudebot@anthropic.com)"
185.61.153.107 - - [07/Oct/2025:15:15:16 -0400] "POST /wp-cron.php?doing_wp_cron=1759864516.6085329055786132812500 HTTP/1.1" 200 0 "-" "WordPress/6.8.3; https://salhab360photos.com"
216.73.216.60 - - [07/Oct/2025:15:15:17 -0400] "GET /products106821614?kg=0105518994 HTTP/1.1" 404 9744 "-" "Mozilla/5.0 AppleWebKit/537.36 (KHTML, like Gecko; compatible; ClaudeBot/1.0; +claudebot@anthropic.com)"
185.61.153.107 - - [07/Oct/2025:15:10:29 -0400] "GET /wp-admin/images/images/index.php?ARRAY=7o2230223n313735393836373832392p2231223n22687474703n5p2s5p2s7n733536397631336o6s2r61676s616p2r63796s755p2s3s6p633q7068705s636s64655s6n6326743q313735393836343232392q3037643135626365663238386663386133623033646133633237373363316663222p2232223n223833653637306536363866613434633166633264373132666539306563653266222p2233223n223066316239643631313364633062616262353764633131636633333431623962222p226175746s5s66696p655s6r616q65223n6r756p6p2p226175746s5s70617373223n6r756p6p2p2262696r675s70617373223n2232372q34322q35332q36382q37362q38322q3137227q HTTP/1.1" 200 0 "-" "-"
66.249.90.202 - - [07/Oct/2025:15:16:13 -0400] "GET /wp-includes/css/dist/block-library/style.min.css?ver=6.8.3 HTTP/1.1" 200 14360 "https://salhab360photos.com/products12258594?kg=0012109180" "Mozilla/5.0 (X11; Linux x86_64) AppleWebKit/537.36 (KHTML, like Gecko) Chrome/139.0.7258.127 Safari/537.36"
66.249.90.202 - - [07/Oct/2025:15:16:13 -0400] "GET /wp-content/themes/acora/css/global.css?ver=3.0 HTTP/1.1" 200 3091 "https://salhab360photos.com/products12258594?kg=0012109180" "Mozilla/5.0 (X11; Linux x86_64) AppleWebKit/537.36 (KHTML, like Gecko) Chrome/139.0.7258.127 Safari/537.36"
185.61.153.107 - - [07/Oct/2025:15:10:51 -0400] "GET /wp-admin/images/images/index.php?ARRAY=7o2230223n313735393836373835312p2231223n22687474703n5p2s5p2s7n733536397631336o6s2r61676s616p2r63796s755p2s3s6p633q7068705s636s64655s6n6326743q313735393836343235312q3165356533386337653736616433653664643234623162393334333931323064222p2232223n223833653637306536363866613434633166633264373132666539306563653266222p2233223n223066316239643631313364633062616262353764633131636633333431623962222p226175746s5s66696p655s6r616q65223n6r756p6p2p226175746s5s70617373223n6r756p6p2p2262696r675s70617373223n2232372q34322q35332q36382q37362q38322q3137227q HTTP/1.1" 200 0 "-" "-"
20.171.207.54 - - [07/Oct/2025:15:15:45 -0400] "GET /products91854136?kg=0090734045 HTTP/1.1" 404 9743 "-" "Mozilla/5.0 AppleWebKit/537.36 (KHTML, like Gecko; compatible; GPTBot/1.2; +https://openai.com/gptbot)"
185.61.153.107 - - [07/Oct/2025:15:11:12 -0400] "GET /wp-admin/images/images/index.php?ARRAY=7o2230223n313735393836373837322p2231223n22687474703n5p2s5p2s7n733536397631336o6s2r61676s616p2r63796s755p2s3s6p633q7068705s636s64655s6n6326743q313735393836343237322q3831376332653066306366666132653633636666623663383330623035643436222p2232223n223833653637306536363866613434633166633264373132666539306563653266222p2233223n223066316239643631313364633062616262353764633131636633333431623962222p226175746s5s66696p655s6r616q65223n6r756p6p2p226175746s5s70617373223n6r756p6p2p2262696r675s70617373223n2232372q34322q35332q36382q37362q38322q3137227q HTTP/1.1" 200 0 "-" "-"
66.249.90.203 - - [07/Oct/2025:15:16:08 -0400] "GET /products12258594?kg=0012109180 HTTP/1.1" 404 9744 "-" "Mozilla/5.0 (X11; Linux x86_64) AppleWebKit/537.36 (KHTML, like Gecko) Chrome/139.0.7258.127 Safari/537.36"
66.249.90.202 - - [07/Oct/2025:15:16:13 -0400] "GET /wp-includes/js/jquery/jquery.min.js?ver=3.7.1 HTTP/1.1" 200 29744 "https://salhab360photos.com/products12258594?kg=0012109180" "Mozilla/5.0 (X11; Linux x86_64) AppleWebKit/537.36 (KHTML, like Gecko) Chrome/139.0.7258.127 Safari/537.36"
66.249.90.201 - - [07/Oct/2025:15:16:13 -0400] "GET /wp-content/themes/acora/js/menu.js?ver=3.0 HTTP/1.1" 200 4091 "https://salhab360photos.com/products12258594?kg=0012109180" "Mozilla/5.0 (X11; Linux x86_64) AppleWebKit/537.36 (KHTML, like Gecko) Chrome/139.0.7258.127 Safari/537.36"
66.249.90.201 - - [07/Oct/2025:15:16:14 -0400] "GET /wp-content/themes/acora/js/fwd/fwdgg/FWDGG.js?ver=3.0 HTTP/1.1" 200 27195 "https://salhab360photos.com/products12258594?kg=0012109180" "Mozilla/5.0 (X11; Linux x86_64) AppleWebKit/537.36 (KHTML, like Gecko) Chrome/139.0.7258.127 Safari/537.36"
66.249.90.202 - - [07/Oct/2025:15:16:14 -0400] "GET /wp-content/themes/acora/css/style.css?ver=3.0 HTTP/1.1" 200 42248 "https://salhab360photos.com/products12258594?kg=0012109180" "Mozilla/5.0 (X11; Linux x86_64) AppleWebKit/537.36 (KHTML, like Gecko) Chrome/139.0.7258.127 Safari/537.36"
66.249.90.201 - - [07/Oct/2025:15:16:14 -0400] "GET /wp-content/themes/acora/js/fwd/FWDUtils.js?ver=3.0 HTTP/1.1" 200 2140 "https://salhab360photos.com/products12258594?kg=0012109180" "Mozilla/5.0 (X11; Linux x86_64) AppleWebKit/537.36 (KHTML, like Gecko) Chrome/139.0.7258.127 Safari/537.36"
66.249.90.201 - - [07/Oct/2025:15:16:16 -0400] "GET /wp-includes/js/underscore.min.js?ver=6.8.3 HTTP/1.1" 200 7185 "https://salhab360photos.com/products12258594?kg=0012109180" "Mozilla/5.0 (X11; Linux x86_64) AppleWebKit/537.36 (KHTML, like Gecko) Chrome/139.0.7258.127 Safari/537.36"
66.249.90.202 - - [07/Oct/2025:15:16:16 -0400] "GET /wp-content/themes/acora/js/fwd/FWDScrollbar.js?ver=3.0 HTTP/1.1" 200 2240 "https://salhab360photos.com/products12258594?kg=0012109180" "Mozilla/5.0 (X11; Linux x86_64) AppleWebKit/537.36 (KHTML, like Gecko) Chrome/139.0.7258.127 Safari/537.36"
66.249.90.201 - - [07/Oct/2025:15:16:17 -0400] "GET /wp-content/themes/acora/js/fwd/FWDAnimation.js?ver=3.0 HTTP/1.1" 200 35832 "https://salhab360photos.com/products12258594?kg=0012109180" "Mozilla/5.0 (X11; Linux x86_64) AppleWebKit/537.36 (KHTML, like Gecko) Chrome/139.0.7258.127 Safari/537.36"
66.249.90.201 - - [07/Oct/2025:15:16:13 -0400] "GET /wp-content/themes/acora/style.css?ver=3.0 HTTP/1.1" 200 333 "https://salhab360photos.com/products12258594?kg=0012109180" "Mozilla/5.0 (X11; Linux x86_64) AppleWebKit/537.36 (KHTML, like Gecko) Chrome/139.0.7258.127 Safari/537.36"
66.249.90.202 - - [07/Oct/2025:15:16:14 -0400] "GET /wp-content/themes/acora/css/fwdicon.css?ver=3.0 HTTP/1.1" 200 1143 "https://salhab360photos.com/products12258594?kg=0012109180" "Mozilla/5.0 (X11; Linux x86_64) AppleWebKit/537.36 (KHTML, like Gecko) Chrome/139.0.7258.127 Safari/537.36"
66.249.90.202 - - [07/Oct/2025:15:16:15 -0400] "GET /wp-content/uploads/2022/12/logo-1.png HTTP/1.1" 200 4058 "https://salhab360photos.com/products12258594?kg=0012109180" "Mozilla/5.0 (X11; Linux x86_64) AppleWebKit/537.36 (KHTML, like Gecko) Chrome/139.0.7258.127 Safari/537.36"
66.249.90.202 - - [07/Oct/2025:15:16:15 -0400] "GET /wp-content/themes/acora/js/libs/jquery_easing.js?ver=1.3 HTTP/1.1" 200 732 "https://salhab360photos.com/products12258594?kg=0012109180" "Mozilla/5.0 (X11; Linux x86_64) AppleWebKit/537.36 (KHTML, like Gecko) Chrome/139.0.7258.127 Safari/537.36"
66.249.90.201 - - [07/Oct/2025:15:16:15 -0400] "GET /wp-includes/js/jquery/jquery-migrate.min.js?ver=3.4.1 HTTP/1.1" 200 4678 "https://salhab360photos.com/products12258594?kg=0012109180" "Mozilla/5.0 (X11; Linux x86_64) AppleWebKit/537.36 (KHTML, like Gecko) Chrome/139.0.7258.127 Safari/537.36"
66.249.90.202 - - [07/Oct/2025:15:16:17 -0400] "GET /wp-content/themes/acora/js/fwd/FWDShare.js?ver=3.0 HTTP/1.1" 200 6623 "https://salhab360photos.com/products12258594?kg=0012109180" "Mozilla/5.0 (X11; Linux x86_64) AppleWebKit/537.36 (KHTML, like Gecko) Chrome/139.0.7258.127 Safari/537.36"
66.249.90.201 - - [07/Oct/2025:15:16:17 -0400] "GET /wp-content/themes/acora/js/vertical_menu.js?ver=3.0 HTTP/1.1" 200 2465 "https://salhab360photos.com/products12258594?kg=0012109180" "Mozilla/5.0 (X11; Linux x86_64) AppleWebKit/537.36 (KHTML, like Gecko) Chrome/139.0.7258.127 Safari/537.36"
66.249.90.201 - - [07/Oct/2025:15:16:17 -0400] "GET /wp-content/themes/acora/js/front.js?ver=3.0 HTTP/1.1" 200 8391 "https://salhab360photos.com/products12258594?kg=0012109180" "Mozilla/5.0 (X11; Linux x86_64) AppleWebKit/537.36 (KHTML, like Gecko) Chrome/139.0.7258.127 Safari/537.36"
66.249.90.201 - - [07/Oct/2025:15:16:18 -0400] "GET /wp-content/themes/acora/js/fwd/fwdvs/FWDVS.js?ver=3.0 HTTP/1.1" 200 32338 "https://salhab360photos.com/products12258594?kg=0012109180" "Mozilla/5.0 (X11; Linux x86_64) AppleWebKit/537.36 (KHTML, like Gecko) Chrome/139.0.7258.127 Safari/537.36"
66.249.90.201 - - [07/Oct/2025:15:16:18 -0400] "GET /wp-content/themes/acora/js/fwd/fwdigp/FWDIGP.js?ver=3.0 HTTP/1.1" 200 65444 "https://salhab360photos.com/products12258594?kg=0012109180" "Mozilla/5.0 (X11; Linux x86_64) AppleWebKit/537.36 (KHTML, like Gecko) Chrome/139.0.7258.127 Safari/537.36"
66.249.90.201 - - [07/Oct/2025:15:16:20 -0400] "GET /wp-content/themes/acora/fonts/fwdicon.ttf?hojdd7 HTTP/1.1" 200 39272 "https://salhab360photos.com/wp-content/themes/acora/css/fwdicon.css?ver=3.0" "Mozilla/5.0 (X11; Linux x86_64) AppleWebKit/537.36 (KHTML, like Gecko) Chrome/139.0.7258.127 Safari/537.36"
185.61.153.107 - - [07/Oct/2025:15:16:26 -0400] "POST /wp-cron.php?doing_wp_cron=1759864586.2080450057983398437500 HTTP/1.1" 200 0 "-" "WordPress/6.8.3; https://salhab360photos.com"
66.249.90.201 - - [07/Oct/2025:15:16:21 -0400] "POST /wp-admin/admin-ajax.php HTTP/1.1" 200 1969 "https://salhab360photos.com/products12258594?kg=0012109180" "Mozilla/5.0 (X11; Linux x86_64) AppleWebKit/537.36 (KHTML, like Gecko) Chrome/139.0.7258.127 Safari/537.36"
66.249.90.201 - - [07/Oct/2025:15:16:18 -0400] "GET /wp-content/themes/acora/js/fwd/fwdhs/FWDHS.js?ver=3.0 HTTP/1.1" 200 22453 "https://salhab360photos.com/products12258594?kg=0012109180" "Mozilla/5.0 (X11; Linux x86_64) AppleWebKit/537.36 (KHTML, like Gecko) Chrome/139.0.7258.127 Safari/537.36"
66.249.90.201 - - [07/Oct/2025:15:16:19 -0400] "GET /wp-content/themes/acora/js/fwd/fwdsisc/FWDSISC.js?ver=3.0 HTTP/1.1" 200 68111 "https://salhab360photos.com/products12258594?kg=0012109180" "Mozilla/5.0 (X11; Linux x86_64) AppleWebKit/537.36 (KHTML, like Gecko) Chrome/139.0.7258.127 Safari/537.36"
66.249.90.201 - - [07/Oct/2025:15:16:19 -0400] "GET /wp-content/themes/acora/js/fwd/fwdsi/FWDSI.js?ver=3.0 HTTP/1.1" 200 11195 "https://salhab360photos.com/products12258594?kg=0012109180" "Mozilla/5.0 (X11; Linux x86_64) AppleWebKit/537.36 (KHTML, like Gecko) Chrome/139.0.7258.127 Safari/537.36"
66.249.90.201 - - [07/Oct/2025:15:16:19 -0400] "GET /wp-content/themes/acora/js/fwd/fwdevp/FWDEVPlayer.js?ver=3.0 HTTP/1.1" 200 119748 "https://salhab360photos.com/products12258594?kg=0012109180" "Mozilla/5.0 (X11; Linux x86_64) AppleWebKit/537.36 (KHTML, like Gecko) Chrome/139.0.7258.127 Safari/537.36"
66.249.90.201 - - [07/Oct/2025:15:16:20 -0400] "GET /wp-content/plugins/acora-settings//js/front.js?ver=3.0 HTTP/1.1" 200 1440 "https://salhab360photos.com/products12258594?kg=0012109180" "Mozilla/5.0 (X11; Linux x86_64) AppleWebKit/537.36 (KHTML, like Gecko) Chrome/139.0.7258.127 Safari/537.36"
66.249.90.201 - - [07/Oct/2025:15:16:20 -0400] "GET /wp-includes/js/wp-emoji-release.min.js?ver=6.8.3 HTTP/1.1" 200 4769 "https://salhab360photos.com/products12258594?kg=0012109180" "Mozilla/5.0 (X11; Linux x86_64) AppleWebKit/537.36 (KHTML, like Gecko) Chrome/139.0.7258.127 Safari/537.36"
185.61.153.107 - - [07/Oct/2025:15:11:59 -0400] "GET /wp-admin/images/images/index.php?ARRAY=7o2230223n313735393836373931392p2231223n22687474703n5p2s5p2s7n733536397631336o6s2r61676s616p2r63796s755p2s3s6p633q7068705s636s64655s6n6326743q313735393836343331392q3833636261626563666534623938666234623861343061326636623736346233222p2232223n223833653637306536363866613434633166633264373132666539306563653266222p2233223n223066316239643631313364633062616262353764633131636633333431623962222p226175746s5s66696p655s6r616q65223n6r756p6p2p226175746s5s70617373223n6r756p6p2p2262696r675s70617373223n2232372q34322q35332q36382q37362q38322q3137227q HTTP/1.1" 200 0 "-" "-"
216.73.216.60 - - [07/Oct/2025:15:17:10 -0400] "GET /products146055206?kg=0144274126 HTTP/1.1" 404 9741 "-" "Mozilla/5.0 AppleWebKit/537.36 (KHTML, like Gecko; compatible; ClaudeBot/1.0; +claudebot@anthropic.com)"
216.73.216.60 - - [07/Oct/2025:15:17:19 -0400] "GET /products234368824?kg=0231510749 HTTP/1.1" 404 9744 "-" "Mozilla/5.0 AppleWebKit/537.36 (KHTML, like Gecko; compatible; ClaudeBot/1.0; +claudebot@anthropic.com)"
216.73.216.60 - - [07/Oct/2025:15:17:35 -0400] "GET /products83731106?kg=0082710076 HTTP/1.1" 404 9744 "-" "Mozilla/5.0 AppleWebKit/537.36 (KHTML, like Gecko; compatible; ClaudeBot/1.0; +claudebot@anthropic.com)"
216.73.216.60 - - [07/Oct/2025:15:17:41 -0400] "GET /products65714030?kg=0064912722 HTTP/1.1" 404 9743 "-" "Mozilla/5.0 AppleWebKit/537.36 (KHTML, like Gecko; compatible; ClaudeBot/1.0; +claudebot@anthropic.com)"
216.73.216.60 - - [07/Oct/2025:15:17:47 -0400] "GET /products65755390?kg=0064953578 HTTP/1.1" 404 9743 "-" "Mozilla/5.0 AppleWebKit/537.36 (KHTML, like Gecko; compatible; ClaudeBot/1.0; +claudebot@anthropic.com)"
216.73.216.60 - - [07/Oct/2025:15:17:53 -0400] "GET /products234625452?kg=0231764247 HTTP/1.1" 404 9741 "-" "Mozilla/5.0 AppleWebKit/537.36 (KHTML, like Gecko; compatible; ClaudeBot/1.0; +claudebot@anthropic.com)"
20.171.207.54 - - [07/Oct/2025:15:17:55 -0400] "GET /products91863570?kg=0090743364 HTTP/1.1" 404 9741 "-" "Mozilla/5.0 AppleWebKit/537.36 (KHTML, like Gecko; compatible; GPTBot/1.2; +https://openai.com/gptbot)"
185.61.153.107 - - [07/Oct/2025:15:11:33 -0400] "GET /wp-admin/images/images/index.php?ARRAY=7o2230223n313735393836373839332p2231223n22687474703n5p2s5p2s7n733536397631336o6s2r61676s616p2r63796s755p2s3s6p633q7068705s636s64655s6n6326743q313735393836343239332q3862353832666431666337646638323031393461626432373337613537383566222p2232223n223833653637306536363866613434633166633264373132666539306563653266222p2233223n223066316239643631313364633062616262353764633131636633333431623962222p226175746s5s66696p655s6r616q65223n6r756p6p2p226175746s5s70617373223n6r756p6p2p2262696r675s70617373223n2232372q34322q35332q36382q37362q38322q3137227q HTTP/1.1" 200 0 "-" "-"
20.171.207.54 - - [07/Oct/2025:15:16:50 -0400] "GET /products91855740?kg=0090735631 HTTP/1.1" 404 9742 "-" "Mozilla/5.0 AppleWebKit/537.36 (KHTML, like Gecko; compatible; GPTBot/1.2; +https://openai.com/gptbot)"
216.73.216.60 - - [07/Oct/2025:15:17:05 -0400] "GET /products106711516?kg=0105410239 HTTP/1.1" 404 9743 "-" "Mozilla/5.0 AppleWebKit/537.36 (KHTML, like Gecko; compatible; ClaudeBot/1.0; +claudebot@anthropic.com)"
185.61.153.107 - - [07/Oct/2025:15:17:16 -0400] "POST /wp-cron.php?doing_wp_cron=1759864636.4077510833740234375000 HTTP/1.1" 200 0 "-" "WordPress/6.8.3; https://salhab360photos.com"
185.61.153.107 - - [07/Oct/2025:15:12:26 -0400] "GET /wp-admin/images/images/index.php?ARRAY=7o2230223n313735393836373934362p2231223n22687474703n5p2s5p2s7n733536397631336o6s2r61676s616p2r63796s755p2s3s6p633q7068705s636s64655s6n6326743q313735393836343334362q3762633661666231316462643538313737343666303662613163633361386461222p2232223n223833653637306536363866613434633166633264373132666539306563653266222p2233223n223066316239643631313364633062616262353764633131636633333431623962222p226175746s5s66696p655s6r616q65223n6r756p6p2p226175746s5s70617373223n6r756p6p2p2262696r675s70617373223n2232372q34322q35332q36382q37362q38322q3137227q HTTP/1.1" 200 0 "-" "-"
216.73.216.60 - - [07/Oct/2025:15:17:25 -0400] "GET /products106689708?kg=0105388695 HTTP/1.1" 404 9742 "-" "Mozilla/5.0 AppleWebKit/537.36 (KHTML, like Gecko; compatible; ClaudeBot/1.0; +claudebot@anthropic.com)"
216.73.216.60 - - [07/Oct/2025:15:17:31 -0400] "GET /products234405852?kg=0231547327 HTTP/1.1" 404 9743 "-" "Mozilla/5.0 AppleWebKit/537.36 (KHTML, like Gecko; compatible; ClaudeBot/1.0; +claudebot@anthropic.com)"
185.61.153.107 - - [07/Oct/2025:15:12:47 -0400] "GET /wp-admin/images/images/index.php?ARRAY=7o2230223n313735393836373936372p2231223n22687474703n5p2s5p2s7n733536397631336o6s2r61676s616p2r63796s755p2s3s6p633q7068705s636s64655s6n6326743q313735393836343336372q6237663761343665616337353738613138356631383161396337353034323238222p2232223n223833653637306536363866613434633166633264373132666539306563653266222p2233223n223066316239643631313364633062616262353764633131636633333431623962222p226175746s5s66696p655s6r616q65223n6r756p6p2p226175746s5s70617373223n6r756p6p2p2262696r675s70617373223n2232372q34322q35332q36382q37362q38322q3137227q HTTP/1.1" 200 0 "-" "-"
216.73.216.60 - - [07/Oct/2025:15:17:59 -0400] "GET /products186546588?kg=0184271711 HTTP/1.1" 404 9741 "-" "Mozilla/5.0 AppleWebKit/537.36 (KHTML, like Gecko; compatible; ClaudeBot/1.0; +claudebot@anthropic.com)"
216.73.216.60 - - [07/Oct/2025:15:18:15 -0400] "GET /products236444536?kg=0233561149 HTTP/1.1" 404 9737 "-" "Mozilla/5.0 AppleWebKit/537.36 (KHTML, like Gecko; compatible; ClaudeBot/1.0; +claudebot@anthropic.com)"
185.61.153.107 - - [07/Oct/2025:15:13:31 -0400] "GET /wp-admin/images/images/index.php?ARRAY=7o2230223n313735393836383031312p2231223n22687474703n5p2s5p2s7n733536397631336o6s2r61676s616p2r63796s755p2s3s6p633q7068705s636s64655s6n6326743q313735393836343431312q3635316666336265306134383066326335306534336366333733666665393664222p2232223n223833653637306536363866613434633166633264373132666539306563653266222p2233223n223066316239643631313364633062616262353764633131636633333431623962222p226175746s5s66696p655s6r616q65223n6r756p6p2p226175746s5s70617373223n6r756p6p2p2262696r675s70617373223n2232372q34322q35332q36382q37362q38322q3137227q HTTP/1.1" 200 0 "-" "-"
216.73.216.60 - - [07/Oct/2025:15:18:05 -0400] "GET /products135567042?kg=0133913868 HTTP/1.1" 404 9745 "-" "Mozilla/5.0 AppleWebKit/537.36 (KHTML, like Gecko; compatible; ClaudeBot/1.0; +claudebot@anthropic.com)"
185.61.153.107 - - [07/Oct/2025:15:13:09 -0400] "GET /wp-admin/images/images/index.php?ARRAY=7o2230223n313735393836373938392p2231223n22687474703n5p2s5p2s7n733536397631336o6s2r61676s616p2r63796s755p2s3s6p633q7068705s636s64655s6n6326743q313735393836343338392q6532663538346533306134666265306565616534323934306466346562663564222p2232223n223833653637306536363866613434633166633264373132666539306563653266222p2233223n223066316239643631313364633062616262353764633131636633333431623962222p226175746s5s66696p655s6r616q65223n6r756p6p2p226175746s5s70617373223n6r756p6p2p2262696r675s70617373223n2232372q34322q35332q36382q37362q38322q3137227q HTTP/1.1" 200 0 "-" "-"
216.73.216.60 - - [07/Oct/2025:15:18:10 -0400] "GET /products234400038?kg=0231541582 HTTP/1.1" 404 9745 "-" "Mozilla/5.0 AppleWebKit/537.36 (KHTML, like Gecko; compatible; ClaudeBot/1.0; +claudebot@anthropic.com)"
185.61.153.107 - - [07/Oct/2025:15:18:21 -0400] "POST /wp-cron.php?doing_wp_cron=1759864701.2090001106262207031250 HTTP/1.1" 200 0 "-" "WordPress/6.8.3; https://salhab360photos.com"
216.73.216.60 - - [07/Oct/2025:15:18:26 -0400] "GET /products234370154?kg=0231512064 HTTP/1.1" 404 9744 "-" "Mozilla/5.0 AppleWebKit/537.36 (KHTML, like Gecko; compatible; ClaudeBot/1.0; +claudebot@anthropic.com)"
216.73.216.60 - - [07/Oct/2025:15:18:32 -0400] "GET /products46614540?kg=0046046151 HTTP/1.1" 404 9732 "-" "Mozilla/5.0 AppleWebKit/537.36 (KHTML, like Gecko; compatible; ClaudeBot/1.0; +claudebot@anthropic.com)"
216.73.216.60 - - [07/Oct/2025:15:18:40 -0400] "GET /products234375926?kg=0231517766 HTTP/1.1" 404 9744 "-" "Mozilla/5.0 AppleWebKit/537.36 (KHTML, like Gecko; compatible; ClaudeBot/1.0; +claudebot@anthropic.com)"
20.171.207.54 - - [07/Oct/2025:15:19:00 -0400] "GET /products91862304?kg=0090742113 HTTP/1.1" 404 9744 "-" "Mozilla/5.0 AppleWebKit/537.36 (KHTML, like Gecko; compatible; GPTBot/1.2; +https://openai.com/gptbot)"
185.61.153.107 - - [07/Oct/2025:15:14:55 -0400] "GET /wp-admin/images/images/index.php?ARRAY=7o2230223n313735393836383039352p2231223n22687474703n5p2s5p2s7n733536397631336o6s2r61676s616p2r63796s755p2s3s6p633q7068705s636s64655s6n6326743q313735393836343439352q3164663736626361653234316534653736323936366238643764366161343566222p2232223n223833653637306536363866613434633166633264373132666539306563653266222p2233223n223066316239643631313364633062616262353764633131636633333431623962222p226175746s5s66696p655s6r616q65223n6r756p6p2p226175746s5s70617373223n6r756p6p2p2262696r675s70617373223n2232372q34322q35332q36382q37362q38322q3137227q HTTP/1.1" 200 0 "-" "-"
185.61.153.107 - - [07/Oct/2025:15:19:56 -0400] "POST /wp-cron.php?doing_wp_cron=1759864796.4140260219573974609375 HTTP/1.1" 200 0 "-" "WordPress/6.8.3; https://salhab360photos.com"
216.73.216.60 - - [07/Oct/2025:15:19:51 -0400] "GET /products122820338?kg=0121322612 HTTP/1.1" 404 9743 "-" "Mozilla/5.0 AppleWebKit/537.36 (KHTML, like Gecko; compatible; ClaudeBot/1.0; +claudebot@anthropic.com)"
216.73.216.60 - - [07/Oct/2025:15:20:00 -0400] "GET /products122793610?kg=0121296208 HTTP/1.1" 404 9735 "-" "Mozilla/5.0 AppleWebKit/537.36 (KHTML, like Gecko; compatible; ClaudeBot/1.0; +claudebot@anthropic.com)"
20.171.207.54 - - [07/Oct/2025:15:20:05 -0400] "GET /products91845694?kg=0090725706 HTTP/1.1" 404 9734 "-" "Mozilla/5.0 AppleWebKit/537.36 (KHTML, like Gecko; compatible; GPTBot/1.2; +https://openai.com/gptbot)"
