216.73.216.116 - - [07/Oct/2025:10:08:36 -0400] "GET /products28843628?kg=0028491959 HTTP/1.1" 404 9732 "-" "Mozilla/5.0 AppleWebKit/537.36 (KHTML, like Gecko; compatible; ClaudeBot/1.0; +claudebot@anthropic.com)"
216.73.216.116 - - [07/Oct/2025:10:08:42 -0400] "GET /products28893898?kg=0028541616 HTTP/1.1" 404 9742 "-" "Mozilla/5.0 AppleWebKit/537.36 (KHTML, like Gecko; compatible; ClaudeBot/1.0; +claudebot@anthropic.com)"
216.73.216.116 - - [07/Oct/2025:10:08:48 -0400] "GET /products28884988?kg=0028532815 HTTP/1.1" 404 9740 "-" "Mozilla/5.0 AppleWebKit/537.36 (KHTML, like Gecko; compatible; ClaudeBot/1.0; +claudebot@anthropic.com)"
216.73.216.116 - - [07/Oct/2025:10:09:00 -0400] "GET /products186514202?kg=0184239720 HTTP/1.1" 404 9743 "-" "Mozilla/5.0 AppleWebKit/537.36 (KHTML, like Gecko; compatible; ClaudeBot/1.0; +claudebot@anthropic.com)"
185.61.153.107 - - [07/Oct/2025:10:09:14 -0400] "POST /wp-cron.php?doing_wp_cron=1759846154.5084340572357177734375 HTTP/1.1" 200 0 "-" "WordPress/6.8.3; https://salhab360photos.com"
216.73.216.116 - - [07/Oct/2025:10:09:12 -0400] "GET /products65748088?kg=0064946365 HTTP/1.1" 404 9744 "-" "Mozilla/5.0 AppleWebKit/537.36 (KHTML, like Gecko; compatible; ClaudeBot/1.0; +claudebot@anthropic.com)"
216.73.216.116 - - [07/Oct/2025:10:09:15 -0400] "GET /products122812512?kg=0121314881 HTTP/1.1" 404 9744 "-" "Mozilla/5.0 AppleWebKit/537.36 (KHTML, like Gecko; compatible; ClaudeBot/1.0; +claudebot@anthropic.com)"
20.171.207.54 - - [07/Oct/2025:10:09:21 -0400] "GET /products91884312?kg=0090763853 HTTP/1.1" 404 9744 "-" "Mozilla/5.0 AppleWebKit/537.36 (KHTML, like Gecko; compatible; GPTBot/1.2; +https://openai.com/gptbot)"
216.73.216.116 - - [07/Oct/2025:10:09:42 -0400] "GET /products65763134?kg=0064961226 HTTP/1.1" 404 9743 "-" "Mozilla/5.0 AppleWebKit/537.36 (KHTML, like Gecko; compatible; ClaudeBot/1.0; +claudebot@anthropic.com)"
20.171.207.54 - - [07/Oct/2025:10:10:26 -0400] "GET /products91857962?kg=0090737824 HTTP/1.1" 404 9743 "-" "Mozilla/5.0 AppleWebKit/537.36 (KHTML, like Gecko; compatible; GPTBot/1.2; +https://openai.com/gptbot)"
216.73.216.116 - - [07/Oct/2025:10:10:52 -0400] "GET /products186544948?kg=0184270091 HTTP/1.1" 404 9742 "-" "Mozilla/5.0 AppleWebKit/537.36 (KHTML, like Gecko; compatible; ClaudeBot/1.0; +claudebot@anthropic.com)"
216.73.216.116 - - [07/Oct/2025:10:10:58 -0400] "GET /products122834410?kg=0121336512 HTTP/1.1" 404 9743 "-" "Mozilla/5.0 AppleWebKit/537.36 (KHTML, like Gecko; compatible; ClaudeBot/1.0; +claudebot@anthropic.com)"
216.73.216.116 - - [07/Oct/2025:10:11:16 -0400] "GET /products83686412?kg=0082665927 HTTP/1.1" 404 9742 "-" "Mozilla/5.0 AppleWebKit/537.36 (KHTML, like Gecko; compatible; ClaudeBot/1.0; +claudebot@anthropic.com)"
20.171.207.54 - - [07/Oct/2025:10:11:26 -0400] "GET /products91868532?kg=0090748267 HTTP/1.1" 404 9745 "-" "Mozilla/5.0 AppleWebKit/537.36 (KHTML, like Gecko; compatible; GPTBot/1.2; +https://openai.com/gptbot)"
216.73.216.116 - - [07/Oct/2025:10:11:49 -0400] "GET /products234677558?kg=0231815718 HTTP/1.1" 404 9742 "-" "Mozilla/5.0 AppleWebKit/537.36 (KHTML, like Gecko; compatible; ClaudeBot/1.0; +claudebot@anthropic.com)"
185.61.153.107 - - [07/Oct/2025:10:12:23 -0400] "POST /wp-cron.php?doing_wp_cron=1759846343.9095048904418945312500 HTTP/1.1" 200 0 "-" "WordPress/6.8.3; https://salhab360photos.com"
216.73.216.116 - - [07/Oct/2025:10:12:32 -0400] "GET /products83714670?kg=0082693842 HTTP/1.1" 404 9742 "-" "Mozilla/5.0 AppleWebKit/537.36 (KHTML, like Gecko; compatible; ClaudeBot/1.0; +claudebot@anthropic.com)"
216.73.216.116 - - [07/Oct/2025:10:13:01 -0400] "GET /products122840556?kg=0121342583 HTTP/1.1" 404 9742 "-" "Mozilla/5.0 AppleWebKit/537.36 (KHTML, like Gecko; compatible; ClaudeBot/1.0; +claudebot@anthropic.com)"
20.171.207.54 - - [07/Oct/2025:10:14:31 -0400] "GET /products91871934?kg=0090751626 HTTP/1.1" 404 9741 "-" "Mozilla/5.0 AppleWebKit/537.36 (KHTML, like Gecko; compatible; GPTBot/1.2; +https://openai.com/gptbot)"
20.171.207.54 - - [07/Oct/2025:10:15:32 -0400] "GET /products91885424?kg=0090764953 HTTP/1.1" 404 9742 "-" "Mozilla/5.0 AppleWebKit/537.36 (KHTML, like Gecko; compatible; GPTBot/1.2; +https://openai.com/gptbot)"
20.171.207.54 - - [07/Oct/2025:10:16:33 -0400] "GET /products91882964?kg=0090762523 HTTP/1.1" 404 9743 "-" "Mozilla/5.0 AppleWebKit/537.36 (KHTML, like Gecko; compatible; GPTBot/1.2; +https://openai.com/gptbot)"
185.61.153.107 - - [07/Oct/2025:10:17:41 -0400] "POST /wp-cron.php?doing_wp_cron=1759846661.3139040470123291015625 HTTP/1.1" 200 0 "-" "WordPress/6.8.3; https://salhab360photos.com"
20.171.207.54 - - [07/Oct/2025:10:17:38 -0400] "GET /products91871652?kg=0090751347 HTTP/1.1" 404 9745 "-" "Mozilla/5.0 AppleWebKit/537.36 (KHTML, like Gecko; compatible; GPTBot/1.2; +https://openai.com/gptbot)"
216.73.216.116 - - [07/Oct/2025:10:11:22 -0400] "GET /products122815824?kg=0121318153 HTTP/1.1" 404 9742 "-" "Mozilla/5.0 AppleWebKit/537.36 (KHTML, like Gecko; compatible; ClaudeBot/1.0; +claudebot@anthropic.com)"
216.73.216.116 - - [07/Oct/2025:10:11:27 -0400] "GET /products135609632?kg=0133955937 HTTP/1.1" 404 9743 "-" "Mozilla/5.0 AppleWebKit/537.36 (KHTML, like Gecko; compatible; ClaudeBot/1.0; +claudebot@anthropic.com)"
216.73.216.116 - - [07/Oct/2025:10:11:37 -0400] "GET /products83680504?kg=0082660093 HTTP/1.1" 200 0 "-" "Mozilla/5.0 AppleWebKit/537.36 (KHTML, like Gecko; compatible; ClaudeBot/1.0; +claudebot@anthropic.com)"
52.73.6.26 - - [07/Oct/2025:10:11:43 -0400] "GET /portfolio/fullscreen-fit-video/ HTTP/1.1" 200 0 "-" "Mozilla/5.0 AppleWebKit/537.36 (KHTML, like Gecko; compatible; Amazonbot/0.1; +https://developer.amazon.com/support/amazonbot) Chrome/119.0.6045.214 Safari/537.36"
216.73.216.116 - - [07/Oct/2025:10:12:13 -0400] "GET /products186492062?kg=0184217850 HTTP/1.1" 200 0 "-" "Mozilla/5.0 AppleWebKit/537.36 (KHTML, like Gecko; compatible; ClaudeBot/1.0; +claudebot@anthropic.com)"
20.171.207.54 - - [07/Oct/2025:10:12:29 -0400] "GET /products91854318?kg=0090734226 HTTP/1.1" 404 9734 "-" "Mozilla/5.0 AppleWebKit/537.36 (KHTML, like Gecko; compatible; GPTBot/1.2; +https://openai.com/gptbot)"
185.61.153.107 - - [07/Oct/2025:10:13:33 -0400] "POST /wp-cron.php?doing_wp_cron=1759846413.6152238845825195312500 HTTP/1.1" 200 0 "-" "WordPress/6.8.3; https://salhab360photos.com"
20.171.207.54 - - [07/Oct/2025:10:13:30 -0400] "GET /products91863734?kg=0090743526 HTTP/1.1" 404 9742 "-" "Mozilla/5.0 AppleWebKit/537.36 (KHTML, like Gecko; compatible; GPTBot/1.2; +https://openai.com/gptbot)"
216.73.216.116 - - [07/Oct/2025:10:13:35 -0400] "GET /products234663628?kg=0231801959 HTTP/1.1" 404 9742 "-" "Mozilla/5.0 AppleWebKit/537.36 (KHTML, like Gecko; compatible; ClaudeBot/1.0; +claudebot@anthropic.com)"
185.61.153.107 - - [07/Oct/2025:10:14:16 -0400] "POST /wp-cron.php?doing_wp_cron=1759846455.9087951183319091796875 HTTP/1.1" 200 0 "-" "WordPress/6.8.3; https://salhab360photos.com"
216.73.216.116 - - [07/Oct/2025:10:14:13 -0400] "GET /products234387770?kg=0231529464 HTTP/1.1" 404 9741 "-" "Mozilla/5.0 AppleWebKit/537.36 (KHTML, like Gecko; compatible; ClaudeBot/1.0; +claudebot@anthropic.com)"
216.73.216.116 - - [07/Oct/2025:10:14:48 -0400] "GET /products80642654?kg=0079659290 HTTP/1.1" 404 9742 "-" "Mozilla/5.0 AppleWebKit/537.36 (KHTML, like Gecko; compatible; ClaudeBot/1.0; +claudebot@anthropic.com)"
185.61.153.107 - - [07/Oct/2025:10:15:37 -0400] "POST /wp-cron.php?doing_wp_cron=1759846537.6105160713195800781250 HTTP/1.1" 200 0 "-" "WordPress/6.8.3; https://salhab360photos.com"
216.73.216.116 - - [07/Oct/2025:10:15:34 -0400] "GET /products146044086?kg=0144263142 HTTP/1.1" 404 9743 "-" "Mozilla/5.0 AppleWebKit/537.36 (KHTML, like Gecko; compatible; ClaudeBot/1.0; +claudebot@anthropic.com)"
185.61.153.107 - - [07/Oct/2025:10:16:39 -0400] "POST /wp-cron.php?doing_wp_cron=1759846599.2114191055297851562500 HTTP/1.1" 200 0 "-" "WordPress/6.8.3; https://salhab360photos.com"
185.61.153.107 - - [07/Oct/2025:10:18:43 -0400] "POST /wp-cron.php?doing_wp_cron=1759846723.7096700668334960937500 HTTP/1.1" 200 0 "-" "WordPress/6.8.3; https://salhab360photos.com"
216.73.216.116 - - [07/Oct/2025:10:19:07 -0400] "GET /products62144060?kg=0061386287 HTTP/1.1" 404 9796 "-" "Mozilla/5.0 AppleWebKit/537.36 (KHTML, like Gecko; compatible; ClaudeBot/1.0; +claudebot@anthropic.com)"
185.61.153.107 - - [07/Oct/2025:10:19:50 -0400] "POST /wp-cron.php?doing_wp_cron=1759846790.8078029155731201171875 HTTP/1.1" 200 0 "-" "WordPress/6.8.3; https://salhab360photos.com"
20.171.207.54 - - [07/Oct/2025:10:19:43 -0400] "GET /products91872358?kg=0090752046 HTTP/1.1" 404 9742 "-" "Mozilla/5.0 AppleWebKit/537.36 (KHTML, like Gecko; compatible; GPTBot/1.2; +https://openai.com/gptbot)"
185.61.153.107 - - [07/Oct/2025:10:20:52 -0400] "POST /wp-cron.php?doing_wp_cron=1759846852.6210999488830566406250 HTTP/1.1" 200 0 "-" "WordPress/6.8.3; https://salhab360photos.com"
185.61.153.107 - - [07/Oct/2025:10:21:21 -0400] "POST /wp-cron.php?doing_wp_cron=1759846881.4168419837951660156250 HTTP/1.1" 200 0 "-" "WordPress/6.8.3; https://salhab360photos.com"
174.138.112.39 - - [07/Oct/2025:10:21:39 -0400] "GET /index.html HTTP/1.1" 200 1404 "-" "Mozilla/5.0 (Windows NT 10.0; Win64; x64) AppleWebKit/537.36 (KHTML, like Gecko) Chrome/132.0.0.0 Safari/537.36 Edg/132.0.0.0"
216.73.216.116 - - [07/Oct/2025:10:21:51 -0400] "GET /products36321490?kg=0035878628 HTTP/1.1" 404 9742 "-" "Mozilla/5.0 AppleWebKit/537.36 (KHTML, like Gecko; compatible; ClaudeBot/1.0; +claudebot@anthropic.com)"
20.171.207.54 - - [07/Oct/2025:10:21:53 -0400] "GET /products91865338?kg=0090745112 HTTP/1.1" 404 9734 "-" "Mozilla/5.0 AppleWebKit/537.36 (KHTML, like Gecko; compatible; GPTBot/1.2; +https://openai.com/gptbot)"
188.14.218.37 - - [07/Oct/2025:10:22:59 -0400] "GET /shell.php HTTP/1.1" 200 0 "-" "python-requests/2.32.4"
188.14.218.37 - - [07/Oct/2025:10:23:02 -0400] "GET /admin.php HTTP/1.1" 404 16 "-" "python-requests/2.32.4"
185.61.153.107 - - [07/Oct/2025:10:23:04 -0400] "POST /wp-cron.php?doing_wp_cron=1759846984.3093240261077880859375 HTTP/1.1" 200 0 "-" "WordPress/6.8.3; https://salhab360photos.com"
188.14.218.37 - - [07/Oct/2025:10:23:03 -0400] "GET /wp-admin.php HTTP/1.1" 200 0 "-" "python-requests/2.32.4"
188.14.218.37 - - [07/Oct/2025:10:23:09 -0400] "GET /file.php HTTP/1.1" 200 0 "-" "python-requests/2.32.4"
216.73.216.116 - - [07/Oct/2025:10:23:52 -0400] "GET /products83828072?kg=0082805861 HTTP/1.1" 404 9741 "-" "Mozilla/5.0 AppleWebKit/537.36 (KHTML, like Gecko; compatible; ClaudeBot/1.0; +claudebot@anthropic.com)"
20.171.207.54 - - [07/Oct/2025:10:24:00 -0400] "GET /products91895232?kg=0090774641 HTTP/1.1" 404 9742 "-" "Mozilla/5.0 AppleWebKit/537.36 (KHTML, like Gecko; compatible; GPTBot/1.2; +https://openai.com/gptbot)"
216.73.216.116 - - [07/Oct/2025:10:25:02 -0400] "GET /products36369620?kg=0035926171 HTTP/1.1" 404 9742 "-" "Mozilla/5.0 AppleWebKit/537.36 (KHTML, like Gecko; compatible; ClaudeBot/1.0; +claudebot@anthropic.com)"
216.73.216.116 - - [07/Oct/2025:10:25:07 -0400] "GET /products83832982?kg=0082810710 HTTP/1.1" 404 9742 "-" "Mozilla/5.0 AppleWebKit/537.36 (KHTML, like Gecko; compatible; ClaudeBot/1.0; +claudebot@anthropic.com)"
216.73.216.116 - - [07/Oct/2025:10:25:10 -0400] "GET /products28856980?kg=0028505147 HTTP/1.1" 404 9740 "-" "Mozilla/5.0 AppleWebKit/537.36 (KHTML, like Gecko; compatible; ClaudeBot/1.0; +claudebot@anthropic.com)"
216.73.216.116 - - [07/Oct/2025:10:25:13 -0400] "GET /products28896632?kg=0028544317 HTTP/1.1" 404 9742 "-" "Mozilla/5.0 AppleWebKit/537.36 (KHTML, like Gecko; compatible; ClaudeBot/1.0; +claudebot@anthropic.com)"
216.73.216.116 - - [07/Oct/2025:10:25:19 -0400] "GET /products28894586?kg=0028542296 HTTP/1.1" 404 9741 "-" "Mozilla/5.0 AppleWebKit/537.36 (KHTML, like Gecko; compatible; ClaudeBot/1.0; +claudebot@anthropic.com)"
20.171.207.54 - - [07/Oct/2025:10:18:39 -0400] "GET /products91884112?kg=0090763657 HTTP/1.1" 404 9741 "-" "Mozilla/5.0 AppleWebKit/537.36 (KHTML, like Gecko; compatible; GPTBot/1.2; +https://openai.com/gptbot)"
20.171.207.54 - - [07/Oct/2025:10:20:48 -0400] "GET /products91854386?kg=0090734292 HTTP/1.1" 404 9742 "-" "Mozilla/5.0 AppleWebKit/537.36 (KHTML, like Gecko; compatible; GPTBot/1.2; +https://openai.com/gptbot)"
216.73.216.116 - - [07/Oct/2025:10:21:19 -0400] "GET /products83779236?kg=0082757619 HTTP/1.1" 404 9743 "-" "Mozilla/5.0 AppleWebKit/537.36 (KHTML, like Gecko; compatible; ClaudeBot/1.0; +claudebot@anthropic.com)"
66.249.73.10 - - [07/Oct/2025:10:21:37 -0400] "GET /products14906648?kg=0014724941 HTTP/1.1" 200 29309 "-" "Mozilla/5.0 (Linux; Android 6.0.1; Nexus 5X Build/MMB29P) AppleWebKit/537.36 (KHTML, like Gecko) Chrome/140.0.7339.207 Mobile Safari/537.36 (compatible; Googlebot/2.1; +http://www.google.com/bot.html)"
46.101.70.221 - - [07/Oct/2025:10:21:38 -0400] "GET /index.html HTTP/1.1" 200 1404 "-" "Mozilla/5.0 (Windows NT 10.0; Win64; x64) AppleWebKit/537.36 (KHTML, like Gecko) Chrome/132.0.0.0 Safari/537.36 Edg/132.0.0.0"
164.90.241.135 - - [07/Oct/2025:10:21:38 -0400] "GET /index.html HTTP/1.1" 200 1404 "-" "Mozilla/5.0 (Windows NT 10.0; Win64; x64) AppleWebKit/537.36 (KHTML, like Gecko) Chrome/132.0.0.0 Safari/537.36 Edg/132.0.0.0"
20.171.207.54 - - [07/Oct/2025:10:22:58 -0400] "GET /products91853862?kg=0090733774 HTTP/1.1" 404 9744 "-" "Mozilla/5.0 AppleWebKit/537.36 (KHTML, like Gecko; compatible; GPTBot/1.2; +https://openai.com/gptbot)"
188.14.218.37 - - [07/Oct/2025:10:23:06 -0400] "GET /upload.php HTTP/1.1" 200 0 "-" "python-requests/2.32.4"
216.73.216.116 - - [07/Oct/2025:10:23:35 -0400] "GET /products28878560?kg=0028526465 HTTP/1.1" 404 9742 "-" "Mozilla/5.0 AppleWebKit/537.36 (KHTML, like Gecko; compatible; ClaudeBot/1.0; +claudebot@anthropic.com)"
185.61.153.107 - - [07/Oct/2025:10:25:04 -0400] "POST /wp-cron.php?doing_wp_cron=1759847104.4246621131896972656250 HTTP/1.1" 200 0 "-" "WordPress/6.8.3; https://salhab360photos.com"
20.171.207.54 - - [07/Oct/2025:10:25:06 -0400] "GET /products91861438?kg=0090741258 HTTP/1.1" 404 9741 "-" "Mozilla/5.0 AppleWebKit/537.36 (KHTML, like Gecko; compatible; GPTBot/1.2; +https://openai.com/gptbot)"
185.61.153.107 - - [07/Oct/2025:10:25:14 -0400] "POST /wp-cron.php?doing_wp_cron=1759847114.9117410182952880859375 HTTP/1.1" 200 0 "-" "WordPress/6.8.3; https://salhab360photos.com"
216.73.216.116 - - [07/Oct/2025:10:25:16 -0400] "GET /products28828170?kg=0028476688 HTTP/1.1" 404 9741 "-" "Mozilla/5.0 AppleWebKit/537.36 (KHTML, like Gecko; compatible; ClaudeBot/1.0; +claudebot@anthropic.com)"
20.171.207.54 - - [07/Oct/2025:10:26:07 -0400] "GET /products91853248?kg=0090733169 HTTP/1.1" 404 9744 "-" "Mozilla/5.0 AppleWebKit/537.36 (KHTML, like Gecko; compatible; GPTBot/1.2; +https://openai.com/gptbot)"
216.73.216.116 - - [07/Oct/2025:10:26:09 -0400] "GET /products36331038?kg=0035888058 HTTP/1.1" 404 9743 "-" "Mozilla/5.0 AppleWebKit/537.36 (KHTML, like Gecko; compatible; ClaudeBot/1.0; +claudebot@anthropic.com)"
216.73.216.116 - - [07/Oct/2025:10:26:12 -0400] "GET /products62162318?kg=0061404322 HTTP/1.1" 404 9743 "-" "Mozilla/5.0 AppleWebKit/537.36 (KHTML, like Gecko; compatible; ClaudeBot/1.0; +claudebot@anthropic.com)"
185.61.153.107 - - [07/Oct/2025:10:26:16 -0400] "POST /wp-cron.php?doing_wp_cron=1759847176.2094719409942626953125 HTTP/1.1" 200 0 "-" "WordPress/6.8.3; https://salhab360photos.com"
216.73.216.116 - - [07/Oct/2025:10:26:24 -0400] "GET /products62197250?kg=0061438828 HTTP/1.1" 404 9741 "-" "Mozilla/5.0 AppleWebKit/537.36 (KHTML, like Gecko; compatible; ClaudeBot/1.0; +claudebot@anthropic.com)"
20.171.207.54 - - [07/Oct/2025:10:27:12 -0400] "GET /products91843640?kg=0090723677 HTTP/1.1" 404 9741 "-" "Mozilla/5.0 AppleWebKit/537.36 (KHTML, like Gecko; compatible; GPTBot/1.2; +https://openai.com/gptbot)"
185.61.153.107 - - [07/Oct/2025:10:27:16 -0400] "POST /wp-cron.php?doing_wp_cron=1759847236.3134739398956298828125 HTTP/1.1" 200 0 "-" "WordPress/6.8.3; https://salhab360photos.com"
216.73.216.116 - - [07/Oct/2025:10:27:14 -0400] "GET /products209080566?kg=0206530886 HTTP/1.1" 404 9743 "-" "Mozilla/5.0 AppleWebKit/537.36 (KHTML, like Gecko; compatible; ClaudeBot/1.0; +claudebot@anthropic.com)"
216.73.216.116 - - [07/Oct/2025:10:27:19 -0400] "GET /products209079696?kg=0206530025 HTTP/1.1" 404 9743 "-" "Mozilla/5.0 AppleWebKit/537.36 (KHTML, like Gecko; compatible; ClaudeBot/1.0; +claudebot@anthropic.com)"
216.73.216.116 - - [07/Oct/2025:10:27:22 -0400] "GET /products209075978?kg=0206526352 HTTP/1.1" 404 9743 "-" "Mozilla/5.0 AppleWebKit/537.36 (KHTML, like Gecko; compatible; ClaudeBot/1.0; +claudebot@anthropic.com)"
216.73.216.116 - - [07/Oct/2025:10:27:25 -0400] "GET /products209135310?kg=0206584962 HTTP/1.1" 404 9741 "-" "Mozilla/5.0 AppleWebKit/537.36 (KHTML, like Gecko; compatible; ClaudeBot/1.0; +claudebot@anthropic.com)"
188.14.218.37 - - [07/Oct/2025:10:27:39 -0400] "GET /wp-content/plugins/wp-automatic/inc/csv.php HTTP/1.1" 200 0 "-" "python-requests/2.32.4"
146.190.11.185 - - [07/Oct/2025:10:28:04 -0400] "GET /index.html HTTP/1.1" 200 1404 "-" "Mozilla/5.0 (Windows NT 10.0; Win64; x64) AppleWebKit/537.36 (KHTML, like Gecko) Chrome/135.0.0.0 Safari/537.36 OPR/120.0.0.0"
45.133.172.237 - - [07/Oct/2025:10:28:09 -0400] "GET /index.html HTTP/1.1" 200 1404 "-" "Mozilla/5.0 (Windows NT 10.0; Win64; x64) AppleWebKit/537.36 (KHTML, like Gecko) Chrome/135.0.0.0 Safari/537.36 OPR/120.0.0.0"
216.73.216.116 - - [07/Oct/2025:10:28:11 -0400] "GET /products36363674?kg=0035920296 HTTP/1.1" 404 9743 "-" "Mozilla/5.0 AppleWebKit/537.36 (KHTML, like Gecko; compatible; ClaudeBot/1.0; +claudebot@anthropic.com)"
185.61.153.107 - - [07/Oct/2025:10:28:16 -0400] "POST /wp-cron.php?doing_wp_cron=1759847296.2124540805816650390625 HTTP/1.1" 200 0 "-" "WordPress/6.8.3; https://salhab360photos.com"
20.171.207.54 - - [07/Oct/2025:10:28:14 -0400] "GET /products91852714?kg=0090732640 HTTP/1.1" 404 9743 "-" "Mozilla/5.0 AppleWebKit/537.36 (KHTML, like Gecko; compatible; GPTBot/1.2; +https://openai.com/gptbot)"
216.73.216.116 - - [07/Oct/2025:10:28:14 -0400] "GET /products65749522?kg=0064947780 HTTP/1.1" 404 9743 "-" "Mozilla/5.0 AppleWebKit/537.36 (KHTML, like Gecko; compatible; ClaudeBot/1.0; +claudebot@anthropic.com)"
216.73.216.116 - - [07/Oct/2025:10:28:17 -0400] "GET /products234620286?kg=0231759146 HTTP/1.1" 404 9743 "-" "Mozilla/5.0 AppleWebKit/537.36 (KHTML, like Gecko; compatible; ClaudeBot/1.0; +claudebot@anthropic.com)"
216.73.216.116 - - [07/Oct/2025:10:28:26 -0400] "GET /products173428884?kg=0171313979 HTTP/1.1" 404 9734 "-" "Mozilla/5.0 AppleWebKit/537.36 (KHTML, like Gecko; compatible; ClaudeBot/1.0; +claudebot@anthropic.com)"
216.73.216.116 - - [07/Oct/2025:10:28:29 -0400] "GET /products83695974?kg=0082675374 HTTP/1.1" 404 9740 "-" "Mozilla/5.0 AppleWebKit/537.36 (KHTML, like Gecko; compatible; ClaudeBot/1.0; +claudebot@anthropic.com)"
216.73.216.116 - - [07/Oct/2025:10:28:32 -0400] "GET /products209123010?kg=0206572812 HTTP/1.1" 404 9742 "-" "Mozilla/5.0 AppleWebKit/537.36 (KHTML, like Gecko; compatible; ClaudeBot/1.0; +claudebot@anthropic.com)"
216.73.216.116 - - [07/Oct/2025:10:28:38 -0400] "GET /products36354040?kg=0035910781 HTTP/1.1" 404 9741 "-" "Mozilla/5.0 AppleWebKit/537.36 (KHTML, like Gecko; compatible; ClaudeBot/1.0; +claudebot@anthropic.com)"
185.61.153.107 - - [07/Oct/2025:10:29:29 -0400] "POST /wp-cron.php?doing_wp_cron=1759847369.4075191020965576171875 HTTP/1.1" 200 0 "-" "WordPress/6.8.3; https://salhab360photos.com"
20.171.207.54 - - [07/Oct/2025:10:29:20 -0400] "GET /products91864468?kg=0090744251 HTTP/1.1" 404 9737 "-" "Mozilla/5.0 AppleWebKit/537.36 (KHTML, like Gecko; compatible; GPTBot/1.2; +https://openai.com/gptbot)"
216.73.216.116 - - [07/Oct/2025:10:25:22 -0400] "GET /products28886172?kg=0028533983 HTTP/1.1" 404 9740 "-" "Mozilla/5.0 AppleWebKit/537.36 (KHTML, like Gecko; compatible; ClaudeBot/1.0; +claudebot@anthropic.com)"
216.73.216.116 - - [07/Oct/2025:10:26:03 -0400] "GET /products234649032?kg=0231787541 HTTP/1.1" 404 9742 "-" "Mozilla/5.0 AppleWebKit/537.36 (KHTML, like Gecko; compatible; ClaudeBot/1.0; +claudebot@anthropic.com)"
216.73.216.116 - - [07/Oct/2025:10:26:06 -0400] "GET /products83688084?kg=0082667579 HTTP/1.1" 404 9741 "-" "Mozilla/5.0 AppleWebKit/537.36 (KHTML, like Gecko; compatible; ClaudeBot/1.0; +claudebot@anthropic.com)"
216.73.216.116 - - [07/Oct/2025:10:26:15 -0400] "GET /products225085654?kg=0222340790 HTTP/1.1" 404 9741 "-" "Mozilla/5.0 AppleWebKit/537.36 (KHTML, like Gecko; compatible; ClaudeBot/1.0; +claudebot@anthropic.com)"
216.73.216.116 - - [07/Oct/2025:10:26:18 -0400] "GET /products209109138?kg=0206559108 HTTP/1.1" 404 9742 "-" "Mozilla/5.0 AppleWebKit/537.36 (KHTML, like Gecko; compatible; ClaudeBot/1.0; +claudebot@anthropic.com)"
216.73.216.116 - - [07/Oct/2025:10:26:21 -0400] "GET /products83685588?kg=0082665115 HTTP/1.1" 404 9743 "-" "Mozilla/5.0 AppleWebKit/537.36 (KHTML, like Gecko; compatible; ClaudeBot/1.0; +claudebot@anthropic.com)"
216.73.216.116 - - [07/Oct/2025:10:27:16 -0400] "GET /products135579948?kg=0133926615 HTTP/1.1" 404 9744 "-" "Mozilla/5.0 AppleWebKit/537.36 (KHTML, like Gecko; compatible; ClaudeBot/1.0; +claudebot@anthropic.com)"
216.73.216.116 - - [07/Oct/2025:10:27:28 -0400] "GET /products209110624?kg=0206560577 HTTP/1.1" 404 9743 "-" "Mozilla/5.0 AppleWebKit/537.36 (KHTML, like Gecko; compatible; ClaudeBot/1.0; +claudebot@anthropic.com)"
216.73.216.116 - - [07/Oct/2025:10:27:31 -0400] "GET /products173433772?kg=0171318807 HTTP/1.1" 404 9733 "-" "Mozilla/5.0 AppleWebKit/537.36 (KHTML, like Gecko; compatible; ClaudeBot/1.0; +claudebot@anthropic.com)"
66.249.73.10 - - [07/Oct/2025:10:27:33 -0400] "GET /products2133886?kg=0002107946 HTTP/1.1" 200 29941 "-" "Mozilla/5.0 (Linux; Android 6.0.1; Nexus 5X Build/MMB29P) AppleWebKit/537.36 (KHTML, like Gecko) Chrome/140.0.7339.207 Mobile Safari/537.36 (compatible; Googlebot/2.1; +http://www.google.com/bot.html)"
13.40.131.223 - - [07/Oct/2025:10:28:02 -0400] "GET /index.html HTTP/1.1" 200 1404 "-" "Mozilla/5.0 (Windows NT 10.0; Win64; x64) AppleWebKit/537.36 (KHTML, like Gecko) Chrome/135.0.0.0 Safari/537.36 OPR/120.0.0.0"
206.189.247.132 - - [07/Oct/2025:10:28:02 -0400] "GET /index.html HTTP/1.1" 200 1404 "-" "Mozilla/5.0 (Windows NT 10.0; Win64; x64) AppleWebKit/537.36 (KHTML, like Gecko) Chrome/135.0.0.0 Safari/537.36 OPR/120.0.0.0"
216.73.216.116 - - [07/Oct/2025:10:28:09 -0400] "GET /products186534178?kg=0184259452 HTTP/1.1" 404 9742 "-" "Mozilla/5.0 AppleWebKit/537.36 (KHTML, like Gecko; compatible; ClaudeBot/1.0; +claudebot@anthropic.com)"
216.73.216.116 - - [07/Oct/2025:10:28:20 -0400] "GET /products65714590?kg=0064913274 HTTP/1.1" 404 9743 "-" "Mozilla/5.0 AppleWebKit/537.36 (KHTML, like Gecko; compatible; ClaudeBot/1.0; +claudebot@anthropic.com)"
216.73.216.116 - - [07/Oct/2025:10:28:23 -0400] "GET /products173427986?kg=0171313092 HTTP/1.1" 404 9741 "-" "Mozilla/5.0 AppleWebKit/537.36 (KHTML, like Gecko; compatible; ClaudeBot/1.0; +claudebot@anthropic.com)"
216.73.216.116 - - [07/Oct/2025:10:29:42 -0400] "GET /products65777284?kg=0064975203 HTTP/1.1" 404 9746 "-" "Mozilla/5.0 AppleWebKit/537.36 (KHTML, like Gecko; compatible; ClaudeBot/1.0; +claudebot@anthropic.com)"
216.73.216.116 - - [07/Oct/2025:10:29:45 -0400] "GET /products122841990?kg=0121343998 HTTP/1.1" 404 9743 "-" "Mozilla/5.0 AppleWebKit/537.36 (KHTML, like Gecko; compatible; ClaudeBot/1.0; +claudebot@anthropic.com)"
216.73.216.116 - - [07/Oct/2025:10:29:48 -0400] "GET /products234604710?kg=0231743758 HTTP/1.1" 404 9744 "-" "Mozilla/5.0 AppleWebKit/537.36 (KHTML, like Gecko; compatible; ClaudeBot/1.0; +claudebot@anthropic.com)"
216.73.216.116 - - [07/Oct/2025:10:29:51 -0400] "GET /products135577902?kg=0133924594 HTTP/1.1" 404 9741 "-" "Mozilla/5.0 AppleWebKit/537.36 (KHTML, like Gecko; compatible; ClaudeBot/1.0; +claudebot@anthropic.com)"
216.73.216.116 - - [07/Oct/2025:10:29:57 -0400] "GET /products209129844?kg=0206579563 HTTP/1.1" 404 9744 "-" "Mozilla/5.0 AppleWebKit/537.36 (KHTML, like Gecko; compatible; ClaudeBot/1.0; +claudebot@anthropic.com)"
216.73.216.116 - - [07/Oct/2025:10:30:06 -0400] "GET /products135559480?kg=0133906397 HTTP/1.1" 404 9741 "-" "Mozilla/5.0 AppleWebKit/537.36 (KHTML, like Gecko; compatible; ClaudeBot/1.0; +claudebot@anthropic.com)"
216.73.216.116 - - [07/Oct/2025:10:30:35 -0400] "GET /products234353372?kg=0231495487 HTTP/1.1" 404 9742 "-" "Mozilla/5.0 AppleWebKit/537.36 (KHTML, like Gecko; compatible; ClaudeBot/1.0; +claudebot@anthropic.com)"
66.249.73.12 - - [07/Oct/2025:10:31:01 -0400] "GET /?products15737850?kg=0015546008 HTTP/1.1" 200 1164 "-" "Mozilla/5.0 (Linux; Android 6.0.1; Nexus 5X Build/MMB29P) AppleWebKit/537.36 (KHTML, like Gecko) Chrome/140.0.7339.207 Mobile Safari/537.36 (compatible; GoogleOther)"
185.61.153.107 - - [07/Oct/2025:10:31:29 -0400] "POST /wp-cron.php?doing_wp_cron=1759847489.5124878883361816406250 HTTP/1.1" 200 0 "-" "WordPress/6.8.3; https://salhab360photos.com"
216.73.216.116 - - [07/Oct/2025:10:31:59 -0400] "GET /products135564122?kg=0133910984 HTTP/1.1" 404 9741 "-" "Mozilla/5.0 AppleWebKit/537.36 (KHTML, like Gecko; compatible; ClaudeBot/1.0; +claudebot@anthropic.com)"
216.73.216.116 - - [07/Oct/2025:10:32:11 -0400] "GET /products65744274?kg=0064942596 HTTP/1.1" 404 9743 "-" "Mozilla/5.0 AppleWebKit/537.36 (KHTML, like Gecko; compatible; ClaudeBot/1.0; +claudebot@anthropic.com)"
185.61.153.107 - - [07/Oct/2025:10:32:15 -0400] "POST /wp-cron.php?doing_wp_cron=1759847535.8245439529418945312500 HTTP/1.1" 200 0 "-" "WordPress/6.8.3; https://salhab360photos.com"
216.73.216.116 - - [07/Oct/2025:10:32:14 -0400] "GET /products62182650?kg=0061424408 HTTP/1.1" 404 9742 "-" "Mozilla/5.0 AppleWebKit/537.36 (KHTML, like Gecko; compatible; ClaudeBot/1.0; +claudebot@anthropic.com)"
216.73.216.116 - - [07/Oct/2025:10:32:17 -0400] "GET /products80649906?kg=0079666452 HTTP/1.1" 404 9743 "-" "Mozilla/5.0 AppleWebKit/537.36 (KHTML, like Gecko; compatible; ClaudeBot/1.0; +claudebot@anthropic.com)"
216.73.216.116 - - [07/Oct/2025:10:32:20 -0400] "GET /products62176532?kg=0061418363 HTTP/1.1" 404 9742 "-" "Mozilla/5.0 AppleWebKit/537.36 (KHTML, like Gecko; compatible; ClaudeBot/1.0; +claudebot@anthropic.com)"
216.73.216.116 - - [07/Oct/2025:10:32:26 -0400] "GET /products83802082?kg=0082780188 HTTP/1.1" 404 9743 "-" "Mozilla/5.0 AppleWebKit/537.36 (KHTML, like Gecko; compatible; ClaudeBot/1.0; +claudebot@anthropic.com)"
216.73.216.116 - - [07/Oct/2025:10:32:32 -0400] "GET /products28851172?kg=0028499411 HTTP/1.1" 404 9739 "-" "Mozilla/5.0 AppleWebKit/537.36 (KHTML, like Gecko; compatible; ClaudeBot/1.0; +claudebot@anthropic.com)"
188.14.218.37 - - [07/Oct/2025:10:32:53 -0400] "GET /wp-content/plugins/wp-automatic/inc/csv.php HTTP/1.1" 200 0 "-" "python-requests/2.32.4"
216.73.216.116 - - [07/Oct/2025:10:32:50 -0400] "GET /products225125584?kg=0222380233 HTTP/1.1" 404 9731 "-" "Mozilla/5.0 AppleWebKit/537.36 (KHTML, like Gecko; compatible; ClaudeBot/1.0; +claudebot@anthropic.com)"
216.73.216.116 - - [07/Oct/2025:10:33:02 -0400] "GET /products186512038?kg=0184237582 HTTP/1.1" 404 9734 "-" "Mozilla/5.0 AppleWebKit/537.36 (KHTML, like Gecko; compatible; ClaudeBot/1.0; +claudebot@anthropic.com)"
216.73.216.116 - - [07/Oct/2025:10:33:23 -0400] "GET /products65750766?kg=0064949010 HTTP/1.1" 404 9741 "-" "Mozilla/5.0 AppleWebKit/537.36 (KHTML, like Gecko; compatible; ClaudeBot/1.0; +claudebot@anthropic.com)"
20.171.207.54 - - [07/Oct/2025:10:33:32 -0400] "GET /products91902352?kg=0090781673 HTTP/1.1" 404 9741 "-" "Mozilla/5.0 AppleWebKit/537.36 (KHTML, like Gecko; compatible; GPTBot/1.2; +https://openai.com/gptbot)"
216.73.216.116 - - [07/Oct/2025:10:29:27 -0400] "GET /products28856246?kg=0028504422 HTTP/1.1" 404 9743 "-" "Mozilla/5.0 AppleWebKit/537.36 (KHTML, like Gecko; compatible; ClaudeBot/1.0; +claudebot@anthropic.com)"
216.73.216.116 - - [07/Oct/2025:10:29:36 -0400] "GET /products28858584?kg=0028506733 HTTP/1.1" 404 9744 "-" "Mozilla/5.0 AppleWebKit/537.36 (KHTML, like Gecko; compatible; ClaudeBot/1.0; +claudebot@anthropic.com)"
216.73.216.116 - - [07/Oct/2025:10:30:00 -0400] "GET /products135556296?kg=0133903253 HTTP/1.1" 404 9741 "-" "Mozilla/5.0 AppleWebKit/537.36 (KHTML, like Gecko; compatible; ClaudeBot/1.0; +claudebot@anthropic.com)"
185.61.153.107 - - [07/Oct/2025:10:30:25 -0400] "POST /wp-cron.php?doing_wp_cron=1759847425.2189760208129882812500 HTTP/1.1" 200 0 "-" "WordPress/6.8.3; https://salhab360photos.com"
216.73.216.116 - - [07/Oct/2025:10:30:23 -0400] "GET /products55899650?kg=0055218028 HTTP/1.1" 404 9740 "-" "Mozilla/5.0 AppleWebKit/537.36 (KHTML, like Gecko; compatible; ClaudeBot/1.0; +claudebot@anthropic.com)"
20.171.207.54 - - [07/Oct/2025:10:30:24 -0400] "GET /products91838642?kg=0090718740 HTTP/1.1" 404 9743 "-" "Mozilla/5.0 AppleWebKit/537.36 (KHTML, like Gecko; compatible; GPTBot/1.2; +https://openai.com/gptbot)"
216.73.216.116 - - [07/Oct/2025:10:30:26 -0400] "GET /products106717388?kg=0105416039 HTTP/1.1" 404 9741 "-" "Mozilla/5.0 AppleWebKit/537.36 (KHTML, like Gecko; compatible; ClaudeBot/1.0; +claudebot@anthropic.com)"
216.73.216.116 - - [07/Oct/2025:10:30:41 -0400] "GET /products146084722?kg=0144303284 HTTP/1.1" 404 9741 "-" "Mozilla/5.0 AppleWebKit/537.36 (KHTML, like Gecko; compatible; ClaudeBot/1.0; +claudebot@anthropic.com)"
20.171.207.54 - - [07/Oct/2025:10:31:28 -0400] "GET /products91902534?kg=0090781854 HTTP/1.1" 404 9741 "-" "Mozilla/5.0 AppleWebKit/537.36 (KHTML, like Gecko; compatible; GPTBot/1.2; +https://openai.com/gptbot)"
216.73.216.116 - - [07/Oct/2025:10:31:59 -0400] "GET /robots.txt HTTP/1.1" 200 84 "-" "Mozilla/5.0 AppleWebKit/537.36 (KHTML, like Gecko; compatible; ClaudeBot/1.0; +claudebot@anthropic.com)"
216.73.216.116 - - [07/Oct/2025:10:32:05 -0400] "GET /products65776136?kg=0064974069 HTTP/1.1" 404 9742 "-" "Mozilla/5.0 AppleWebKit/537.36 (KHTML, like Gecko; compatible; ClaudeBot/1.0; +claudebot@anthropic.com)"
216.73.216.116 - - [07/Oct/2025:10:32:29 -0400] "GET /products28853062?kg=0028501278 HTTP/1.1" 404 9740 "-" "Mozilla/5.0 AppleWebKit/537.36 (KHTML, like Gecko; compatible; ClaudeBot/1.0; +claudebot@anthropic.com)"
20.171.207.54 - - [07/Oct/2025:10:32:30 -0400] "GET /products91869438?kg=0090749162 HTTP/1.1" 404 9742 "-" "Mozilla/5.0 AppleWebKit/537.36 (KHTML, like Gecko; compatible; GPTBot/1.2; +https://openai.com/gptbot)"
216.73.216.116 - - [07/Oct/2025:10:32:38 -0400] "GET /products83837706?kg=0082815376 HTTP/1.1" 404 9746 "-" "Mozilla/5.0 AppleWebKit/537.36 (KHTML, like Gecko; compatible; ClaudeBot/1.0; +claudebot@anthropic.com)"
216.73.216.116 - - [07/Oct/2025:10:32:41 -0400] "GET /products122790408?kg=0121293045 HTTP/1.1" 404 9742 "-" "Mozilla/5.0 AppleWebKit/537.36 (KHTML, like Gecko; compatible; ClaudeBot/1.0; +claudebot@anthropic.com)"
216.73.216.116 - - [07/Oct/2025:10:32:47 -0400] "GET /products135573912?kg=0133920653 HTTP/1.1" 404 9740 "-" "Mozilla/5.0 AppleWebKit/537.36 (KHTML, like Gecko; compatible; ClaudeBot/1.0; +claudebot@anthropic.com)"
216.73.216.116 - - [07/Oct/2025:10:32:56 -0400] "GET /products186503182?kg=0184228834 HTTP/1.1" 404 9741 "-" "Mozilla/5.0 AppleWebKit/537.36 (KHTML, like Gecko; compatible; ClaudeBot/1.0; +claudebot@anthropic.com)"
185.61.153.107 - - [07/Oct/2025:10:33:20 -0400] "POST /wp-cron.php?doing_wp_cron=1759847600.1094629764556884765625 HTTP/1.1" 200 0 "-" "WordPress/6.8.3; https://salhab360photos.com"
216.73.216.116 - - [07/Oct/2025:10:33:11 -0400] "GET /products135574094?kg=0133920834 HTTP/1.1" 200 0 "-" "Mozilla/5.0 AppleWebKit/537.36 (KHTML, like Gecko; compatible; ClaudeBot/1.0; +claudebot@anthropic.com)"
216.73.216.116 - - [07/Oct/2025:10:34:02 -0400] "GET /products122788144?kg=0121290809 HTTP/1.1" 404 9742 "-" "Mozilla/5.0 AppleWebKit/537.36 (KHTML, like Gecko; compatible; ClaudeBot/1.0; +claudebot@anthropic.com)"
185.61.153.107 - - [07/Oct/2025:10:34:16 -0400] "POST /wp-cron.php?doing_wp_cron=1759847656.2074899673461914062500 HTTP/1.1" 200 0 "-" "WordPress/6.8.3; https://salhab360photos.com"
216.73.216.116 - - [07/Oct/2025:10:34:13 -0400] "GET /products135607454?kg=0133953786 HTTP/1.1" 404 9741 "-" "Mozilla/5.0 AppleWebKit/537.36 (KHTML, like Gecko; compatible; ClaudeBot/1.0; +claudebot@anthropic.com)"
216.73.216.116 - - [07/Oct/2025:10:33:58 -0400] "GET /products36359738?kg=0035916408 HTTP/1.1" 404 9742 "-" "Mozilla/5.0 AppleWebKit/537.36 (KHTML, like Gecko; compatible; ClaudeBot/1.0; +claudebot@anthropic.com)"
66.249.73.10 - - [07/Oct/2025:10:34:15 -0400] "GET /products7236988?kg=0007148815 HTTP/1.1" 200 28928 "-" "Mozilla/5.0 (Linux; Android 6.0.1; Nexus 5X Build/MMB29P) AppleWebKit/537.36 (KHTML, like Gecko) Chrome/140.0.7339.207 Mobile Safari/537.36 (compatible; Googlebot/2.1; +http://www.google.com/bot.html)"
185.61.153.107 - - [07/Oct/2025:10:35:46 -0400] "POST /wp-cron.php?doing_wp_cron=1759847746.0134000778198242187500 HTTP/1.1" 200 0 "-" "WordPress/6.8.3; https://salhab360photos.com"
20.171.207.54 - - [07/Oct/2025:10:35:38 -0400] "GET /products91844346?kg=0090724376 HTTP/1.1" 404 9740 "-" "Mozilla/5.0 AppleWebKit/537.36 (KHTML, like Gecko; compatible; GPTBot/1.2; +https://openai.com/gptbot)"
185.61.153.107 - - [07/Oct/2025:10:36:41 -0400] "POST /wp-cron.php?doing_wp_cron=1759847801.7222681045532226562500 HTTP/1.1" 200 0 "-" "WordPress/6.8.3; https://salhab360photos.com"
20.171.207.54 - - [07/Oct/2025:10:36:38 -0400] "GET /products91849348?kg=0090729315 HTTP/1.1" 404 9741 "-" "Mozilla/5.0 AppleWebKit/537.36 (KHTML, like Gecko; compatible; GPTBot/1.2; +https://openai.com/gptbot)"
20.171.207.54 - - [07/Oct/2025:10:37:40 -0400] "GET /products91871246?kg=0090750946 HTTP/1.1" 404 9742 "-" "Mozilla/5.0 AppleWebKit/537.36 (KHTML, like Gecko; compatible; GPTBot/1.2; +https://openai.com/gptbot)"
216.73.216.116 - - [07/Oct/2025:10:38:52 -0400] "GET /products234656740?kg=0231795155 HTTP/1.1" 404 9740 "-" "Mozilla/5.0 AppleWebKit/537.36 (KHTML, like Gecko; compatible; ClaudeBot/1.0; +claudebot@anthropic.com)"
185.61.153.107 - - [07/Oct/2025:10:39:48 -0400] "POST /wp-cron.php?doing_wp_cron=1759847988.2180099487304687500000 HTTP/1.1" 200 0 "-" "WordPress/6.8.3; https://salhab360photos.com"
20.171.207.54 - - [07/Oct/2025:10:39:46 -0400] "GET /products91845330?kg=0090725348 HTTP/1.1" 404 9735 "-" "Mozilla/5.0 AppleWebKit/537.36 (KHTML, like Gecko; compatible; GPTBot/1.2; +https://openai.com/gptbot)"
185.61.153.107 - - [07/Oct/2025:10:40:23 -0400] "POST /wp-cron.php?doing_wp_cron=1759848023.8235681056976318359375 HTTP/1.1" 200 0 "-" "WordPress/6.8.3; https://salhab360photos.com"
216.73.216.116 - - [07/Oct/2025:10:40:22 -0400] "GET /products83686038?kg=0082665558 HTTP/1.1" 404 9742 "-" "Mozilla/5.0 AppleWebKit/537.36 (KHTML, like Gecko; compatible; ClaudeBot/1.0; +claudebot@anthropic.com)"
20.171.207.54 - - [07/Oct/2025:10:40:47 -0400] "GET /products91863744?kg=0090743537 HTTP/1.1" 404 9742 "-" "Mozilla/5.0 AppleWebKit/537.36 (KHTML, like Gecko; compatible; GPTBot/1.2; +https://openai.com/gptbot)"
185.61.153.107 - - [07/Oct/2025:10:41:22 -0400] "POST /wp-cron.php?doing_wp_cron=1759848082.5087490081787109375000 HTTP/1.1" 200 0 "-" "WordPress/6.8.3; https://salhab360photos.com"
216.73.216.116 - - [07/Oct/2025:10:41:18 -0400] "GET /products186519856?kg=0184245305 HTTP/1.1" 404 9741 "-" "Mozilla/5.0 AppleWebKit/537.36 (KHTML, like Gecko; compatible; ClaudeBot/1.0; +claudebot@anthropic.com)"
216.73.216.116 - - [07/Oct/2025:10:41:23 -0400] "GET /products83681870?kg=0082661442 HTTP/1.1" 404 9742 "-" "Mozilla/5.0 AppleWebKit/537.36 (KHTML, like Gecko; compatible; ClaudeBot/1.0; +claudebot@anthropic.com)"
185.61.153.107 - - [07/Oct/2025:10:42:15 -0400] "POST /wp-cron.php?doing_wp_cron=1759848135.6129291057586669921875 HTTP/1.1" 200 0 "-" "WordPress/6.8.3; https://salhab360photos.com"
216.73.216.116 - - [07/Oct/2025:10:42:17 -0400] "GET /products209144900?kg=0206594435 HTTP/1.1" 404 9740 "-" "Mozilla/5.0 AppleWebKit/537.36 (KHTML, like Gecko; compatible; ClaudeBot/1.0; +claudebot@anthropic.com)"
216.73.216.116 - - [07/Oct/2025:10:43:08 -0400] "GET /products46047382?kg=0045485910 HTTP/1.1" 404 9740 "-" "Mozilla/5.0 AppleWebKit/537.36 (KHTML, like Gecko; compatible; ClaudeBot/1.0; +claudebot@anthropic.com)"
185.61.153.107 - - [07/Oct/2025:10:43:18 -0400] "POST /wp-cron.php?doing_wp_cron=1759848198.2160038948059082031250 HTTP/1.1" 200 0 "-" "WordPress/6.8.3; https://salhab360photos.com"
216.73.216.116 - - [07/Oct/2025:10:43:13 -0400] "GET /products46024682?kg=0045463488 HTTP/1.1" 404 9746 "-" "Mozilla/5.0 AppleWebKit/537.36 (KHTML, like Gecko; compatible; ClaudeBot/1.0; +claudebot@anthropic.com)"
216.73.216.116 - - [07/Oct/2025:10:43:58 -0400] "GET /products135600116?kg=0133946539 HTTP/1.1" 404 9741 "-" "Mozilla/5.0 AppleWebKit/537.36 (KHTML, like Gecko; compatible; ClaudeBot/1.0; +claudebot@anthropic.com)"
20.171.207.54 - - [07/Oct/2025:10:34:34 -0400] "GET /products91885916?kg=0090765439 HTTP/1.1" 404 9740 "-" "Mozilla/5.0 AppleWebKit/537.36 (KHTML, like Gecko; compatible; GPTBot/1.2; +https://openai.com/gptbot)"
185.61.153.107 - - [07/Oct/2025:10:37:46 -0400] "POST /wp-cron.php?doing_wp_cron=1759847866.0085089206695556640625 HTTP/1.1" 200 0 "-" "WordPress/6.8.3; https://salhab360photos.com"
185.61.153.107 - - [07/Oct/2025:10:38:47 -0400] "POST /wp-cron.php?doing_wp_cron=1759847927.6115620136260986328125 HTTP/1.1" 200 0 "-" "WordPress/6.8.3; https://salhab360photos.com"
20.171.207.54 - - [07/Oct/2025:10:38:43 -0400] "GET /products91847466?kg=0090727456 HTTP/1.1" 404 9745 "-" "Mozilla/5.0 AppleWebKit/537.36 (KHTML, like Gecko; compatible; GPTBot/1.2; +https://openai.com/gptbot)"
216.73.216.116 - - [07/Oct/2025:10:39:01 -0400] "GET /products234672060?kg=0231810287 HTTP/1.1" 404 9744 "-" "Mozilla/5.0 AppleWebKit/537.36 (KHTML, like Gecko; compatible; ClaudeBot/1.0; +claudebot@anthropic.com)"
216.73.216.116 - - [07/Oct/2025:10:40:27 -0400] "GET /products209075760?kg=0206526137 HTTP/1.1" 404 9740 "-" "Mozilla/5.0 AppleWebKit/537.36 (KHTML, like Gecko; compatible; ClaudeBot/1.0; +claudebot@anthropic.com)"
216.73.216.116 - - [07/Oct/2025:10:40:32 -0400] "GET /products234624554?kg=0231763360 HTTP/1.1" 404 9743 "-" "Mozilla/5.0 AppleWebKit/537.36 (KHTML, like Gecko; compatible; ClaudeBot/1.0; +claudebot@anthropic.com)"
20.171.207.54 - - [07/Oct/2025:10:41:51 -0400] "GET /products91856026?kg=0090735912 HTTP/1.1" 404 9742 "-" "Mozilla/5.0 AppleWebKit/537.36 (KHTML, like Gecko; compatible; GPTBot/1.2; +https://openai.com/gptbot)"
216.73.216.116 - - [07/Oct/2025:10:42:11 -0400] "GET /products83712616?kg=0082691813 HTTP/1.1" 404 9743 "-" "Mozilla/5.0 AppleWebKit/537.36 (KHTML, like Gecko; compatible; ClaudeBot/1.0; +claudebot@anthropic.com)"
216.73.216.116 - - [07/Oct/2025:10:42:22 -0400] "GET /products135575848?kg=0133922565 HTTP/1.1" 404 9740 "-" "Mozilla/5.0 AppleWebKit/537.36 (KHTML, like Gecko; compatible; ClaudeBot/1.0; +claudebot@anthropic.com)"
20.171.207.54 - - [07/Oct/2025:10:42:54 -0400] "GET /products91864432?kg=0090744217 HTTP/1.1" 404 9741 "-" "Mozilla/5.0 AppleWebKit/537.36 (KHTML, like Gecko; compatible; GPTBot/1.2; +https://openai.com/gptbot)"
216.73.216.116 - - [07/Oct/2025:10:43:46 -0400] "GET /products234661090?kg=0231799452 HTTP/1.1" 404 9742 "-" "Mozilla/5.0 AppleWebKit/537.36 (KHTML, like Gecko; compatible; ClaudeBot/1.0; +claudebot@anthropic.com)"
216.73.216.116 - - [07/Oct/2025:10:43:52 -0400] "GET /products122796070?kg=0121298638 HTTP/1.1" 404 9740 "-" "Mozilla/5.0 AppleWebKit/537.36 (KHTML, like Gecko; compatible; ClaudeBot/1.0; +claudebot@anthropic.com)"
20.171.207.54 - - [07/Oct/2025:10:43:57 -0400] "GET /products91847540?kg=0090727531 HTTP/1.1" 404 9741 "-" "Mozilla/5.0 AppleWebKit/537.36 (KHTML, like Gecko; compatible; GPTBot/1.2; +https://openai.com/gptbot)"
185.61.153.107 - - [07/Oct/2025:10:45:07 -0400] "POST /wp-cron.php?doing_wp_cron=1759848306.9159379005432128906250 HTTP/1.1" 200 0 "-" "WordPress/6.8.3; https://salhab360photos.com"
185.61.153.107 - - [07/Oct/2025:10:46:09 -0400] "POST /wp-cron.php?doing_wp_cron=1759848369.5082659721374511718750 HTTP/1.1" 200 0 "-" "WordPress/6.8.3; https://salhab360photos.com"
185.61.153.107 - - [07/Oct/2025:10:47:12 -0400] "POST /wp-cron.php?doing_wp_cron=1759848432.3239989280700683593750 HTTP/1.1" 200 0 "-" "WordPress/6.8.3; https://salhab360photos.com"
20.171.207.54 - - [07/Oct/2025:10:47:09 -0400] "GET /products91876112?kg=0090755753 HTTP/1.1" 404 9743 "-" "Mozilla/5.0 AppleWebKit/537.36 (KHTML, like Gecko; compatible; GPTBot/1.2; +https://openai.com/gptbot)"
216.73.216.116 - - [07/Oct/2025:10:47:14 -0400] "GET /products135591842?kg=0133938364 HTTP/1.1" 404 9744 "-" "Mozilla/5.0 AppleWebKit/537.36 (KHTML, like Gecko; compatible; ClaudeBot/1.0; +claudebot@anthropic.com)"
216.73.216.116 - - [07/Oct/2025:10:47:35 -0400] "GET /products36306120?kg=0035863445 HTTP/1.1" 404 9740 "-" "Mozilla/5.0 AppleWebKit/537.36 (KHTML, like Gecko; compatible; ClaudeBot/1.0; +claudebot@anthropic.com)"
185.61.153.107 - - [07/Oct/2025:10:48:17 -0400] "POST /wp-cron.php?doing_wp_cron=1759848496.9116759300231933593750 HTTP/1.1" 200 0 "-" "WordPress/6.8.3; https://salhab360photos.com"
216.73.216.116 - - [07/Oct/2025:10:48:32 -0400] "GET /products209101768?kg=0206551829 HTTP/1.1" 404 9741 "-" "Mozilla/5.0 AppleWebKit/537.36 (KHTML, like Gecko; compatible; ClaudeBot/1.0; +claudebot@anthropic.com)"
216.73.216.116 - - [07/Oct/2025:10:48:55 -0400] "GET /products209117962?kg=0206567824 HTTP/1.1" 404 9746 "-" "Mozilla/5.0 AppleWebKit/537.36 (KHTML, like Gecko; compatible; ClaudeBot/1.0; +claudebot@anthropic.com)"
185.61.153.107 - - [07/Oct/2025:10:49:21 -0400] "POST /wp-cron.php?doing_wp_cron=1759848561.2088329792022705078125 HTTP/1.1" 200 0 "-" "WordPress/6.8.3; https://salhab360photos.com"
216.73.216.116 - - [07/Oct/2025:10:50:11 -0400] "GET /products49952792?kg=0049343693 HTTP/1.1" 404 9742 "-" "Mozilla/5.0 AppleWebKit/537.36 (KHTML, like Gecko; compatible; ClaudeBot/1.0; +claudebot@anthropic.com)"
216.73.216.116 - - [07/Oct/2025:10:50:17 -0400] "GET /products49962846?kg=0049353626 HTTP/1.1" 404 9797 "-" "Mozilla/5.0 AppleWebKit/537.36 (KHTML, like Gecko; compatible; ClaudeBot/1.0; +claudebot@anthropic.com)"
216.73.216.116 - - [07/Oct/2025:10:50:20 -0400] "GET /products49972326?kg=0049362990 HTTP/1.1" 404 9732 "-" "Mozilla/5.0 AppleWebKit/537.36 (KHTML, like Gecko; compatible; ClaudeBot/1.0; +claudebot@anthropic.com)"
216.73.216.116 - - [07/Oct/2025:10:50:56 -0400] "GET /products68894878?kg=0068054778 HTTP/1.1" 404 9734 "-" "Mozilla/5.0 AppleWebKit/537.36 (KHTML, like Gecko; compatible; ClaudeBot/1.0; +claudebot@anthropic.com)"
20.171.207.54 - - [07/Oct/2025:10:45:00 -0400] "GET /products91865092?kg=0090744867 HTTP/1.1" 404 9742 "-" "Mozilla/5.0 AppleWebKit/537.36 (KHTML, like Gecko; compatible; GPTBot/1.2; +https://openai.com/gptbot)"
20.171.207.54 - - [07/Oct/2025:10:46:05 -0400] "GET /products91877642?kg=0090757264 HTTP/1.1" 404 9742 "-" "Mozilla/5.0 AppleWebKit/537.36 (KHTML, like Gecko; compatible; GPTBot/1.2; +https://openai.com/gptbot)"
216.73.216.116 - - [07/Oct/2025:10:47:20 -0400] "GET /products173419536?kg=0171304745 HTTP/1.1" 404 9740 "-" "Mozilla/5.0 AppleWebKit/537.36 (KHTML, like Gecko; compatible; ClaudeBot/1.0; +claudebot@anthropic.com)"
216.73.216.116 - - [07/Oct/2025:10:47:26 -0400] "GET /products135617044?kg=0133963259 HTTP/1.1" 404 9741 "-" "Mozilla/5.0 AppleWebKit/537.36 (KHTML, like Gecko; compatible; ClaudeBot/1.0; +claudebot@anthropic.com)"
20.171.207.54 - - [07/Oct/2025:10:48:10 -0400] "GET /products91906178?kg=0090785452 HTTP/1.1" 404 9743 "-" "Mozilla/5.0 AppleWebKit/537.36 (KHTML, like Gecko; compatible; GPTBot/1.2; +https://openai.com/gptbot)"
216.73.216.116 - - [07/Oct/2025:10:48:24 -0400] "GET /products83773824?kg=0082752273 HTTP/1.1" 404 9742 "-" "Mozilla/5.0 AppleWebKit/537.36 (KHTML, like Gecko; compatible; ClaudeBot/1.0; +claudebot@anthropic.com)"
216.73.216.116 - - [07/Oct/2025:10:48:38 -0400] "GET /products186476450?kg=0184202428 HTTP/1.1" 404 9742 "-" "Mozilla/5.0 AppleWebKit/537.36 (KHTML, like Gecko; compatible; ClaudeBot/1.0; +claudebot@anthropic.com)"
216.73.216.116 - - [07/Oct/2025:10:49:01 -0400] "GET /products135617914?kg=0133964120 HTTP/1.1" 404 9742 "-" "Mozilla/5.0 AppleWebKit/537.36 (KHTML, like Gecko; compatible; ClaudeBot/1.0; +claudebot@anthropic.com)"
216.73.216.116 - - [07/Oct/2025:10:49:07 -0400] "GET /products36315426?kg=0035872636 HTTP/1.1" 404 9744 "-" "Mozilla/5.0 AppleWebKit/537.36 (KHTML, like Gecko; compatible; ClaudeBot/1.0; +claudebot@anthropic.com)"
20.171.207.54 - - [07/Oct/2025:10:49:14 -0400] "GET /products91848364?kg=0090728343 HTTP/1.1" 404 9744 "-" "Mozilla/5.0 AppleWebKit/537.36 (KHTML, like Gecko; compatible; GPTBot/1.2; +https://openai.com/gptbot)"
185.61.153.107 - - [07/Oct/2025:10:50:14 -0400] "POST /wp-cron.php?doing_wp_cron=1759848614.9268150329589843750000 HTTP/1.1" 200 0 "-" "WordPress/6.8.3; https://salhab360photos.com"
20.171.207.54 - - [07/Oct/2025:10:50:18 -0400] "GET /products91846428?kg=0090726431 HTTP/1.1" 404 9741 "-" "Mozilla/5.0 AppleWebKit/537.36 (KHTML, like Gecko; compatible; GPTBot/1.2; +https://openai.com/gptbot)"
54.37.118.87 - - [07/Oct/2025:10:50:32 -0400] "GET /sitemap.xml HTTP/1.1" 200 6001 "-" "Mozilla/5.0 (compatible; AhrefsBot/7.0; +http://ahrefs.com/robot/)"
216.73.216.116 - - [07/Oct/2025:10:50:29 -0400] "GET /products50017504?kg=0049407617 HTTP/1.1" 404 9742 "-" "Mozilla/5.0 AppleWebKit/537.36 (KHTML, like Gecko; compatible; ClaudeBot/1.0; +claudebot@anthropic.com)"
216.73.216.116 - - [07/Oct/2025:10:50:50 -0400] "GET /products50000812?kg=0049391127 HTTP/1.1" 404 9740 "-" "Mozilla/5.0 AppleWebKit/537.36 (KHTML, like Gecko; compatible; ClaudeBot/1.0; +claudebot@anthropic.com)"
216.73.216.116 - - [07/Oct/2025:10:51:02 -0400] "GET /products49966040?kg=0049356781 HTTP/1.1" 404 9743 "-" "Mozilla/5.0 AppleWebKit/537.36 (KHTML, like Gecko; compatible; ClaudeBot/1.0; +claudebot@anthropic.com)"
20.171.207.54 - - [07/Oct/2025:10:51:19 -0400] "GET /products91857174?kg=0090737046 HTTP/1.1" 404 9741 "-" "Mozilla/5.0 AppleWebKit/537.36 (KHTML, like Gecko; compatible; GPTBot/1.2; +https://openai.com/gptbot)"
216.73.216.116 - - [07/Oct/2025:10:52:11 -0400] "GET /products49979446?kg=0049370022 HTTP/1.1" 404 9743 "-" "Mozilla/5.0 AppleWebKit/537.36 (KHTML, like Gecko; compatible; ClaudeBot/1.0; +claudebot@anthropic.com)"
20.171.207.54 - - [07/Oct/2025:10:52:21 -0400] "GET /products91843116?kg=0090723159 HTTP/1.1" 404 9742 "-" "Mozilla/5.0 AppleWebKit/537.36 (KHTML, like Gecko; compatible; GPTBot/1.2; +https://openai.com/gptbot)"
216.73.216.116 - - [07/Oct/2025:10:52:22 -0400] "GET /products49967602?kg=0049358324 HTTP/1.1" 404 9740 "-" "Mozilla/5.0 AppleWebKit/537.36 (KHTML, like Gecko; compatible; ClaudeBot/1.0; +claudebot@anthropic.com)"
216.73.216.116 - - [07/Oct/2025:10:52:25 -0400] "GET /products49972886?kg=0049363542 HTTP/1.1" 404 9741 "-" "Mozilla/5.0 AppleWebKit/537.36 (KHTML, like Gecko; compatible; ClaudeBot/1.0; +claudebot@anthropic.com)"
216.73.216.116 - - [07/Oct/2025:10:53:06 -0400] "GET /products49965474?kg=0049356220 HTTP/1.1" 200 0 "-" "Mozilla/5.0 AppleWebKit/537.36 (KHTML, like Gecko; compatible; ClaudeBot/1.0; +claudebot@anthropic.com)"
216.73.216.116 - - [07/Oct/2025:10:53:24 -0400] "GET /products50001878?kg=0049392182 HTTP/1.1" 404 9742 "-" "Mozilla/5.0 AppleWebKit/537.36 (KHTML, like Gecko; compatible; ClaudeBot/1.0; +claudebot@anthropic.com)"
20.171.207.54 - - [07/Oct/2025:10:53:27 -0400] "GET /products91895846?kg=0090775246 HTTP/1.1" 404 9743 "-" "Mozilla/5.0 AppleWebKit/537.36 (KHTML, like Gecko; compatible; GPTBot/1.2; +https://openai.com/gptbot)"
13.40.131.223 - - [07/Oct/2025:10:53:47 -0400] "GET /index.html HTTP/1.1" 200 1404 "-" "Mozilla/5.0 (Windows NT 10.0; Win64; x64) AppleWebKit/537.36 (KHTML, like Gecko) Chrome/132.0.0.0 Safari/537.36 Edg/132.0.0.0"
164.90.241.135 - - [07/Oct/2025:10:53:47 -0400] "GET /index.html HTTP/1.1" 200 1404 "-" "Mozilla/5.0 (Windows NT 10.0; Win64; x64) AppleWebKit/537.36 (KHTML, like Gecko) Chrome/132.0.0.0 Safari/537.36 Edg/132.0.0.0"
46.101.70.221 - - [07/Oct/2025:10:53:47 -0400] "GET /index.html HTTP/1.1" 200 1404 "-" "Mozilla/5.0 (Windows NT 10.0; Win64; x64) AppleWebKit/537.36 (KHTML, like Gecko) Chrome/132.0.0.0 Safari/537.36 Edg/132.0.0.0"
174.138.112.39 - - [07/Oct/2025:10:53:47 -0400] "GET /index.html HTTP/1.1" 200 1404 "-" "Mozilla/5.0 (Windows NT 10.0; Win64; x64) AppleWebKit/537.36 (KHTML, like Gecko) Chrome/132.0.0.0 Safari/537.36 Edg/132.0.0.0"
216.73.216.116 - - [07/Oct/2025:10:54:02 -0400] "GET /products49990316?kg=0049380759 HTTP/1.1" 200 0 "-" "Mozilla/5.0 AppleWebKit/537.36 (KHTML, like Gecko; compatible; ClaudeBot/1.0; +claudebot@anthropic.com)"
216.73.216.116 - - [07/Oct/2025:10:54:14 -0400] "GET /products49959976?kg=0049350789 HTTP/1.1" 404 9745 "-" "Mozilla/5.0 AppleWebKit/537.36 (KHTML, like Gecko; compatible; ClaudeBot/1.0; +claudebot@anthropic.com)"
20.171.207.54 - - [07/Oct/2025:10:55:33 -0400] "GET /products91884736?kg=0090764273 HTTP/1.1" 404 9741 "-" "Mozilla/5.0 AppleWebKit/537.36 (KHTML, like Gecko; compatible; GPTBot/1.2; +https://openai.com/gptbot)"
216.73.216.116 - - [07/Oct/2025:10:56:11 -0400] "GET /products50007750?kg=0049397982 HTTP/1.1" 404 9743 "-" "Mozilla/5.0 AppleWebKit/537.36 (KHTML, like Gecko; compatible; ClaudeBot/1.0; +claudebot@anthropic.com)"
185.61.153.107 - - [07/Oct/2025:10:56:18 -0400] "POST /wp-cron.php?doing_wp_cron=1759848978.7101650238037109375000 HTTP/1.1" 200 0 "-" "WordPress/6.8.3; https://salhab360photos.com"
216.73.216.116 - - [07/Oct/2025:10:56:16 -0400] "GET /products49950004?kg=0049340939 HTTP/1.1" 404 9742 "-" "Mozilla/5.0 AppleWebKit/537.36 (KHTML, like Gecko; compatible; ClaudeBot/1.0; +claudebot@anthropic.com)"
216.73.216.116 - - [07/Oct/2025:10:56:19 -0400] "GET /products50003650?kg=0049393932 HTTP/1.1" 404 9742 "-" "Mozilla/5.0 AppleWebKit/537.36 (KHTML, like Gecko; compatible; ClaudeBot/1.0; +claudebot@anthropic.com)"
