185.61.153.107 - - [07/Oct/2025:10:51:21 -0400] "POST /wp-cron.php?doing_wp_cron=1759848681.7120211124420166015625 HTTP/1.1" 200 0 "-" "WordPress/6.8.3; https://salhab360photos.com"
66.249.73.12 - - [07/Oct/2025:10:51:32 -0400] "GET /products4913308?kg=0004853471 HTTP/1.1" 200 29474 "-" "Mozilla/5.0 (Linux; Android 6.0.1; Nexus 5X Build/MMB29P) AppleWebKit/537.36 (KHTML, like Gecko) Chrome/140.0.7339.207 Mobile Safari/537.36 (compatible; Googlebot/2.1; +http://www.google.com/bot.html)"
185.61.153.107 - - [07/Oct/2025:10:52:15 -0400] "POST /wp-cron.php?doing_wp_cron=1759848734.9159440994262695312500 HTTP/1.1" 200 0 "-" "WordPress/6.8.3; https://salhab360photos.com"
216.73.216.116 - - [07/Oct/2025:10:52:16 -0400] "GET /products49988968?kg=0049379429 HTTP/1.1" 404 9743 "-" "Mozilla/5.0 AppleWebKit/537.36 (KHTML, like Gecko; compatible; ClaudeBot/1.0; +claudebot@anthropic.com)"
216.73.216.116 - - [07/Oct/2025:10:52:19 -0400] "GET /products49954122?kg=0049345008 HTTP/1.1" 404 9742 "-" "Mozilla/5.0 AppleWebKit/537.36 (KHTML, like Gecko; compatible; ClaudeBot/1.0; +claudebot@anthropic.com)"
185.61.153.107 - - [07/Oct/2025:10:53:17 -0400] "POST /wp-cron.php?doing_wp_cron=1759848797.0094048976898193359375 HTTP/1.1" 200 0 "-" "WordPress/6.8.3; https://salhab360photos.com"
216.73.216.116 - - [07/Oct/2025:10:53:19 -0400] "GET /products50020742?kg=0049410814 HTTP/1.1" 404 9741 "-" "Mozilla/5.0 AppleWebKit/537.36 (KHTML, like Gecko; compatible; ClaudeBot/1.0; +claudebot@anthropic.com)"
185.61.153.107 - - [07/Oct/2025:10:54:19 -0400] "POST /wp-cron.php?doing_wp_cron=1759848859.3126800060272216796875 HTTP/1.1" 200 0 "-" "WordPress/6.8.3; https://salhab360photos.com"
20.171.207.54 - - [07/Oct/2025:10:54:30 -0400] "GET /products91846318?kg=0090726322 HTTP/1.1" 404 9742 "-" "Mozilla/5.0 AppleWebKit/537.36 (KHTML, like Gecko; compatible; GPTBot/1.2; +https://openai.com/gptbot)"
216.73.216.116 - - [07/Oct/2025:10:55:03 -0400] "GET /products214116268?kg=0211505175 HTTP/1.1" 200 0 "-" "Mozilla/5.0 AppleWebKit/537.36 (KHTML, like Gecko; compatible; ClaudeBot/1.0; +claudebot@anthropic.com)"
185.61.153.107 - - [07/Oct/2025:10:55:16 -0400] "POST /wp-cron.php?doing_wp_cron=1759848916.7076001167297363281250 HTTP/1.1" 200 0 "-" "WordPress/6.8.3; https://salhab360photos.com"
216.73.216.116 - - [07/Oct/2025:10:55:14 -0400] "GET /products106681344?kg=0105380433 HTTP/1.1" 404 9741 "-" "Mozilla/5.0 AppleWebKit/537.36 (KHTML, like Gecko; compatible; ClaudeBot/1.0; +claudebot@anthropic.com)"
216.73.216.116 - - [07/Oct/2025:10:56:28 -0400] "GET /products49982398?kg=0049372938 HTTP/1.1" 404 9743 "-" "Mozilla/5.0 AppleWebKit/537.36 (KHTML, like Gecko; compatible; ClaudeBot/1.0; +claudebot@anthropic.com)"
216.73.216.116 - - [07/Oct/2025:10:56:43 -0400] "GET /products163808042?kg=0161810464 HTTP/1.1" 200 0 "-" "Mozilla/5.0 AppleWebKit/537.36 (KHTML, like Gecko; compatible; ClaudeBot/1.0; +claudebot@anthropic.com)"
216.73.216.116 - - [07/Oct/2025:10:56:55 -0400] "GET /products78081338?kg=0077129208 HTTP/1.1" 404 9744 "-" "Mozilla/5.0 AppleWebKit/537.36 (KHTML, like Gecko; compatible; ClaudeBot/1.0; +claudebot@anthropic.com)"
185.61.153.107 - - [07/Oct/2025:10:57:48 -0400] "POST /wp-cron.php?doing_wp_cron=1759849068.2122750282287597656250 HTTP/1.1" 200 0 "-" "WordPress/6.8.3; https://salhab360photos.com"
20.171.207.54 - - [07/Oct/2025:10:57:41 -0400] "GET /products91845936?kg=0090725945 HTTP/1.1" 404 9742 "-" "Mozilla/5.0 AppleWebKit/537.36 (KHTML, like Gecko; compatible; GPTBot/1.2; +https://openai.com/gptbot)"
185.61.153.107 - - [07/Oct/2025:10:58:51 -0400] "POST /wp-cron.php?doing_wp_cron=1759849131.3113629817962646484375 HTTP/1.1" 200 0 "-" "WordPress/6.8.3; https://salhab360photos.com"
20.171.207.54 - - [07/Oct/2025:10:58:45 -0400] "GET /products91870622?kg=0090750330 HTTP/1.1" 404 9742 "-" "Mozilla/5.0 AppleWebKit/537.36 (KHTML, like Gecko; compatible; GPTBot/1.2; +https://openai.com/gptbot)"
206.189.247.132 - - [07/Oct/2025:10:56:43 -0400] "GET /index.html HTTP/1.1" 200 1404 "-" "Mozilla/5.0 (Windows NT 10.0; Win64; x64) AppleWebKit/537.36 (KHTML, like Gecko) Chrome/135.0.0.0 Safari/537.36 OPR/120.0.0.0"
13.40.131.223 - - [07/Oct/2025:10:56:43 -0400] "GET /index.html HTTP/1.1" 200 1404 "-" "Mozilla/5.0 (Windows NT 10.0; Win64; x64) AppleWebKit/537.36 (KHTML, like Gecko) Chrome/135.0.0.0 Safari/537.36 OPR/120.0.0.0"
45.133.172.237 - - [07/Oct/2025:10:56:43 -0400] "GET /index.html HTTP/1.1" 200 1404 "-" "Mozilla/5.0 (Windows NT 10.0; Win64; x64) AppleWebKit/537.36 (KHTML, like Gecko) Chrome/135.0.0.0 Safari/537.36 OPR/120.0.0.0"
216.73.216.116 - - [07/Oct/2025:10:56:37 -0400] "GET /products50005162?kg=0049395424 HTTP/1.1" 404 9742 "-" "Mozilla/5.0 AppleWebKit/537.36 (KHTML, like Gecko; compatible; ClaudeBot/1.0; +claudebot@anthropic.com)"
20.171.207.54 - - [07/Oct/2025:10:56:37 -0400] "GET /products91864650?kg=0090744432 HTTP/1.1" 404 9741 "-" "Mozilla/5.0 AppleWebKit/537.36 (KHTML, like Gecko; compatible; GPTBot/1.2; +https://openai.com/gptbot)"
216.73.216.116 - - [07/Oct/2025:10:57:02 -0400] "GET /products50005236?kg=0049395499 HTTP/1.1" 200 0 "-" "Mozilla/5.0 AppleWebKit/537.36 (KHTML, like Gecko; compatible; ClaudeBot/1.0; +claudebot@anthropic.com)"
66.249.73.11 - - [07/Oct/2025:10:58:02 -0400] "GET /products7385990?kg=0007295998 HTTP/1.1" 200 28973 "-" "Mozilla/5.0 (Linux; Android 6.0.1; Nexus 5X Build/MMB29P) AppleWebKit/537.36 (KHTML, like Gecko) Chrome/140.0.7339.207 Mobile Safari/537.36 (compatible; Googlebot/2.1; +http://www.google.com/bot.html)"
185.61.153.107 - - [07/Oct/2025:10:59:55 -0400] "POST /wp-cron.php?doing_wp_cron=1759849195.1100521087646484375000 HTTP/1.1" 200 0 "-" "WordPress/6.8.3; https://salhab360photos.com"
20.171.207.54 - - [07/Oct/2025:10:59:45 -0400] "GET /products91865374?kg=0090745146 HTTP/1.1" 404 9742 "-" "Mozilla/5.0 AppleWebKit/537.36 (KHTML, like Gecko; compatible; GPTBot/1.2; +https://openai.com/gptbot)"
66.249.73.10 - - [07/Oct/2025:11:01:13 -0400] "GET /?products7569634?kg=0007477404 HTTP/1.1" 200 1164 "-" "Mozilla/5.0 (Linux; Android 6.0.1; Nexus 5X Build/MMB29P) AppleWebKit/537.36 (KHTML, like Gecko) Chrome/140.0.7339.207 Mobile Safari/537.36 (compatible; GoogleOther)"
20.171.207.54 - - [07/Oct/2025:11:01:54 -0400] "GET /products91872394?kg=0090752080 HTTP/1.1" 404 9743 "-" "Mozilla/5.0 AppleWebKit/537.36 (KHTML, like Gecko; compatible; GPTBot/1.2; +https://openai.com/gptbot)"
20.171.207.54 - - [07/Oct/2025:11:02:58 -0400] "GET /products91857548?kg=0090737415 HTTP/1.1" 404 9742 "-" "Mozilla/5.0 AppleWebKit/537.36 (KHTML, like Gecko; compatible; GPTBot/1.2; +https://openai.com/gptbot)"
185.61.153.107 - - [07/Oct/2025:11:04:05 -0400] "POST /wp-cron.php?doing_wp_cron=1759849445.7095849514007568359375 HTTP/1.1" 200 0 "-" "WordPress/6.8.3; https://salhab360photos.com"
20.171.207.54 - - [07/Oct/2025:11:03:59 -0400] "GET /products91840164?kg=0090720243 HTTP/1.1" 404 9734 "-" "Mozilla/5.0 AppleWebKit/537.36 (KHTML, like Gecko; compatible; GPTBot/1.2; +https://openai.com/gptbot)"
20.171.207.54 - - [07/Oct/2025:11:05:01 -0400] "GET /products91864924?kg=0090744703 HTTP/1.1" 404 9742 "-" "Mozilla/5.0 AppleWebKit/537.36 (KHTML, like Gecko; compatible; GPTBot/1.2; +https://openai.com/gptbot)"
216.73.216.116 - - [07/Oct/2025:11:05:09 -0400] "GET /products15762254?kg=0015570114 HTTP/1.1" 200 0 "-" "Mozilla/5.0 AppleWebKit/537.36 (KHTML, like Gecko; compatible; ClaudeBot/1.0; +claudebot@anthropic.com)"
185.61.153.107 - - [07/Oct/2025:11:06:22 -0400] "POST /wp-cron.php?doing_wp_cron=1759849581.9070289134979248046875 HTTP/1.1" 200 0 "-" "WordPress/6.8.3; https://salhab360photos.com"
216.73.216.116 - - [07/Oct/2025:11:06:24 -0400] "GET /products15747890?kg=0015555924 HTTP/1.1" 404 9732 "-" "Mozilla/5.0 AppleWebKit/537.36 (KHTML, like Gecko; compatible; ClaudeBot/1.0; +claudebot@anthropic.com)"
185.61.153.107 - - [07/Oct/2025:11:00:55 -0400] "POST /wp-cron.php?doing_wp_cron=1759849255.1150670051574707031250 HTTP/1.1" 200 0 "-" "WordPress/6.8.3; https://salhab360photos.com"
20.171.207.54 - - [07/Oct/2025:11:00:51 -0400] "GET /products91895396?kg=0090774803 HTTP/1.1" 404 9745 "-" "Mozilla/5.0 AppleWebKit/537.36 (KHTML, like Gecko; compatible; GPTBot/1.2; +https://openai.com/gptbot)"
185.61.153.107 - - [07/Oct/2025:11:02:00 -0400] "POST /wp-cron.php?doing_wp_cron=1759849320.2080790996551513671875 HTTP/1.1" 200 0 "-" "WordPress/6.8.3; https://salhab360photos.com"
185.61.153.107 - - [07/Oct/2025:11:03:04 -0400] "POST /wp-cron.php?doing_wp_cron=1759849384.5118899345397949218750 HTTP/1.1" 200 0 "-" "WordPress/6.8.3; https://salhab360photos.com"
185.61.153.107 - - [07/Oct/2025:11:05:13 -0400] "POST /wp-cron.php?doing_wp_cron=1759849512.8077499866485595703125 HTTP/1.1" 200 0 "-" "WordPress/6.8.3; https://salhab360photos.com"
216.73.216.116 - - [07/Oct/2025:11:05:21 -0400] "GET /products15738018?kg=0015546172 HTTP/1.1" 404 9742 "-" "Mozilla/5.0 AppleWebKit/537.36 (KHTML, like Gecko; compatible; ClaudeBot/1.0; +claudebot@anthropic.com)"
216.73.216.116 - - [07/Oct/2025:11:05:30 -0400] "GET /products28893442?kg=0028541164 HTTP/1.1" 404 9742 "-" "Mozilla/5.0 AppleWebKit/537.36 (KHTML, like Gecko; compatible; ClaudeBot/1.0; +claudebot@anthropic.com)"
216.73.216.116 - - [07/Oct/2025:11:05:36 -0400] "GET /products28897980?kg=0028545647 HTTP/1.1" 200 0 "-" "Mozilla/5.0 AppleWebKit/537.36 (KHTML, like Gecko; compatible; ClaudeBot/1.0; +claudebot@anthropic.com)"
216.73.216.116 - - [07/Oct/2025:11:06:00 -0400] "GET /products15741786?kg=0015549896 HTTP/1.1" 200 0 "-" "Mozilla/5.0 AppleWebKit/537.36 (KHTML, like Gecko; compatible; ClaudeBot/1.0; +claudebot@anthropic.com)"
216.73.216.116 - - [07/Oct/2025:11:06:12 -0400] "GET /products15707022?kg=0015515554 HTTP/1.1" 200 0 "-" "Mozilla/5.0 AppleWebKit/537.36 (KHTML, like Gecko; compatible; ClaudeBot/1.0; +claudebot@anthropic.com)"
20.171.207.54 - - [07/Oct/2025:11:06:07 -0400] "GET /products91863120?kg=0090742921 HTTP/1.1" 404 9745 "-" "Mozilla/5.0 AppleWebKit/537.36 (KHTML, like Gecko; compatible; GPTBot/1.2; +https://openai.com/gptbot)"
185.61.153.107 - - [07/Oct/2025:11:07:16 -0400] "POST /wp-cron.php?doing_wp_cron=1759849636.8118379116058349609375 HTTP/1.1" 200 0 "-" "WordPress/6.8.3; https://salhab360photos.com"
20.171.207.54 - - [07/Oct/2025:11:07:12 -0400] "GET /products91878048?kg=0090757665 HTTP/1.1" 404 9742 "-" "Mozilla/5.0 AppleWebKit/537.36 (KHTML, like Gecko; compatible; GPTBot/1.2; +https://openai.com/gptbot)"
216.73.216.116 - - [07/Oct/2025:11:07:34 -0400] "GET /products36446626?kg=0036002236 HTTP/1.1" 404 9740 "-" "Mozilla/5.0 AppleWebKit/537.36 (KHTML, like Gecko; compatible; ClaudeBot/1.0; +claudebot@anthropic.com)"
216.73.216.116 - - [07/Oct/2025:11:07:46 -0400] "GET /products36446002?kg=0036001620 HTTP/1.1" 404 9741 "-" "Mozilla/5.0 AppleWebKit/537.36 (KHTML, like Gecko; compatible; ClaudeBot/1.0; +claudebot@anthropic.com)"
45.227.253.15 - - [07/Oct/2025:11:07:04 -0400] "GET /index.php/jk HTTP/1.1" 200 63 "-" "Mozilla/5.0 (iPhone; CPU iPhone OS 14_1 like Mac OS X) AppleWebKit/605.1.15 (KHTML, like Gecko) Version/14.0 Mobile/15E148 Safari/604.1"
216.73.216.116 - - [07/Oct/2025:11:07:25 -0400] "GET /products15706362?kg=0015514904 HTTP/1.1" 404 9742 "-" "Mozilla/5.0 AppleWebKit/537.36 (KHTML, like Gecko; compatible; ClaudeBot/1.0; +claudebot@anthropic.com)"
20.171.207.54 - - [07/Oct/2025:11:08:18 -0400] "GET /products91869606?kg=0090749326 HTTP/1.1" 404 9742 "-" "Mozilla/5.0 AppleWebKit/537.36 (KHTML, like Gecko; compatible; GPTBot/1.2; +https://openai.com/gptbot)"
185.61.153.107 - - [07/Oct/2025:11:09:24 -0400] "POST /wp-cron.php?doing_wp_cron=1759849764.0140559673309326171875 HTTP/1.1" 200 0 "-" "WordPress/6.8.3; https://salhab360photos.com"
216.73.216.116 - - [07/Oct/2025:11:09:48 -0400] "GET /products11535104?kg=0011394513 HTTP/1.1" 404 9743 "-" "Mozilla/5.0 AppleWebKit/537.36 (KHTML, like Gecko; compatible; ClaudeBot/1.0; +claudebot@anthropic.com)"
216.73.216.116 - - [07/Oct/2025:11:09:56 -0400] "GET /products74168668?kg=0073264255 HTTP/1.1" 404 9744 "-" "Mozilla/5.0 AppleWebKit/537.36 (KHTML, like Gecko; compatible; ClaudeBot/1.0; +claudebot@anthropic.com)"
20.171.207.54 - - [07/Oct/2025:11:10:20 -0400] "GET /products91857056?kg=0090736929 HTTP/1.1" 404 9733 "-" "Mozilla/5.0 AppleWebKit/537.36 (KHTML, like Gecko; compatible; GPTBot/1.2; +https://openai.com/gptbot)"
216.73.216.116 - - [07/Oct/2025:11:10:53 -0400] "GET /products139511024?kg=0137809753 HTTP/1.1" 404 9743 "-" "Mozilla/5.0 AppleWebKit/537.36 (KHTML, like Gecko; compatible; ClaudeBot/1.0; +claudebot@anthropic.com)"
216.73.216.116 - - [07/Oct/2025:11:10:59 -0400] "GET /products28901018?kg=0028548648 HTTP/1.1" 404 9741 "-" "Mozilla/5.0 AppleWebKit/537.36 (KHTML, like Gecko; compatible; ClaudeBot/1.0; +claudebot@anthropic.com)"
34.225.24.180 - - [07/Oct/2025:11:11:14 -0400] "GET /portfolio/horizontal-fullscreen-full-images/ HTTP/1.1" 200 0 "-" "Mozilla/5.0 AppleWebKit/537.36 (KHTML, like Gecko; compatible; Amazonbot/0.1; +https://developer.amazon.com/support/amazonbot) Chrome/119.0.6045.214 Safari/537.36"
216.73.216.116 - - [07/Oct/2025:11:11:32 -0400] "GET /products15738752?kg=0015546897 HTTP/1.1" 200 0 "-" "Mozilla/5.0 AppleWebKit/537.36 (KHTML, like Gecko; compatible; ClaudeBot/1.0; +claudebot@anthropic.com)"
216.73.216.116 - - [07/Oct/2025:11:11:44 -0400] "GET /products15755676?kg=0015563615 HTTP/1.1" 200 0 "-" "Mozilla/5.0 AppleWebKit/537.36 (KHTML, like Gecko; compatible; ClaudeBot/1.0; +claudebot@anthropic.com)"
216.73.216.116 - - [07/Oct/2025:11:11:56 -0400] "GET /products122788436?kg=0121291099 HTTP/1.1" 200 0 "-" "Mozilla/5.0 AppleWebKit/537.36 (KHTML, like Gecko; compatible; ClaudeBot/1.0; +claudebot@anthropic.com)"
20.171.207.54 - - [07/Oct/2025:11:13:26 -0400] "GET /products91894284?kg=0090773703 HTTP/1.1" 200 0 "-" "Mozilla/5.0 AppleWebKit/537.36 (KHTML, like Gecko; compatible; GPTBot/1.2; +https://openai.com/gptbot)"
20.171.207.54 - - [07/Oct/2025:11:14:30 -0400] "GET /products91860368?kg=0090740201 HTTP/1.1" 404 9741 "-" "Mozilla/5.0 AppleWebKit/537.36 (KHTML, like Gecko; compatible; GPTBot/1.2; +https://openai.com/gptbot)"
185.61.153.107 - - [07/Oct/2025:11:15:36 -0400] "POST /wp-cron.php?doing_wp_cron=1759850136.6083428859710693359375 HTTP/1.1" 200 0 "-" "WordPress/6.8.3; https://salhab360photos.com"
66.249.73.10 - - [07/Oct/2025:11:16:18 -0400] "GET /products4978580?kg=0004917947 HTTP/1.1" 200 29783 "-" "Mozilla/5.0 (Linux; Android 6.0.1; Nexus 5X Build/MMB29P) AppleWebKit/537.36 (KHTML, like Gecko) Chrome/140.0.7339.207 Mobile Safari/537.36 (compatible; Googlebot/2.1; +http://www.google.com/bot.html)"
185.61.153.107 - - [07/Oct/2025:11:08:23 -0400] "POST /wp-cron.php?doing_wp_cron=1759849703.0114688873291015625000 HTTP/1.1" 200 0 "-" "WordPress/6.8.3; https://salhab360photos.com"
216.73.216.116 - - [07/Oct/2025:11:08:22 -0400] "GET /products15720052?kg=0015528427 HTTP/1.1" 200 0 "-" "Mozilla/5.0 AppleWebKit/537.36 (KHTML, like Gecko; compatible; ClaudeBot/1.0; +claudebot@anthropic.com)"
216.73.216.116 - - [07/Oct/2025:11:08:34 -0400] "GET /products36446494?kg=0036002106 HTTP/1.1" 200 0 "-" "Mozilla/5.0 AppleWebKit/537.36 (KHTML, like Gecko; compatible; ClaudeBot/1.0; +claudebot@anthropic.com)"
20.171.207.54 - - [07/Oct/2025:11:09:20 -0400] "GET /products91892238?kg=0090771682 HTTP/1.1" 404 9743 "-" "Mozilla/5.0 AppleWebKit/537.36 (KHTML, like Gecko; compatible; GPTBot/1.2; +https://openai.com/gptbot)"
216.73.216.116 - - [07/Oct/2025:11:10:02 -0400] "GET /products234340712?kg=0231482981 HTTP/1.1" 200 0 "-" "Mozilla/5.0 AppleWebKit/537.36 (KHTML, like Gecko; compatible; ClaudeBot/1.0; +claudebot@anthropic.com)"
185.61.153.107 - - [07/Oct/2025:11:10:27 -0400] "POST /wp-cron.php?doing_wp_cron=1759849827.3091840744018554687500 HTTP/1.1" 200 0 "-" "WordPress/6.8.3; https://salhab360photos.com"
185.61.153.107 - - [07/Oct/2025:11:11:03 -0400] "POST /wp-cron.php?doing_wp_cron=1759849863.5114629268646240234375 HTTP/1.1" 200 0 "-" "WordPress/6.8.3; https://salhab360photos.com"
216.73.216.116 - - [07/Oct/2025:11:11:08 -0400] "GET /products139483230?kg=0137782298 HTTP/1.1" 200 0 "-" "Mozilla/5.0 AppleWebKit/537.36 (KHTML, like Gecko; compatible; ClaudeBot/1.0; +claudebot@anthropic.com)"
34.225.243.131 - - [07/Oct/2025:11:11:18 -0400] "GET /portfolio/vertical-fit-images/ HTTP/1.1" 200 0 "-" "Mozilla/5.0 AppleWebKit/537.36 (KHTML, like Gecko; compatible; Amazonbot/0.1; +https://developer.amazon.com/support/amazonbot) Chrome/119.0.6045.214 Safari/537.36"
185.61.153.107 - - [07/Oct/2025:11:11:27 -0400] "POST /wp-cron.php?doing_wp_cron=1759849887.1096580028533935546875 HTTP/1.1" 200 0 "-" "WordPress/6.8.3; https://salhab360photos.com"
216.73.216.116 - - [07/Oct/2025:11:11:20 -0400] "GET /products139454826?kg=0137754240 HTTP/1.1" 200 0 "-" "Mozilla/5.0 AppleWebKit/537.36 (KHTML, like Gecko; compatible; ClaudeBot/1.0; +claudebot@anthropic.com)"
44.207.207.36 - - [07/Oct/2025:11:11:22 -0400] "GET /portfolio/video-thumbnails-preview/ HTTP/1.1" 200 0 "-" "Mozilla/5.0 AppleWebKit/537.36 (KHTML, like Gecko; compatible; Amazonbot/0.1; +https://developer.amazon.com/support/amazonbot) Chrome/119.0.6045.214 Safari/537.36"
20.171.207.54 - - [07/Oct/2025:11:11:20 -0400] "GET /products91877806?kg=0090757426 HTTP/1.1" 200 0 "-" "Mozilla/5.0 AppleWebKit/537.36 (KHTML, like Gecko; compatible; GPTBot/1.2; +https://openai.com/gptbot)"
216.73.216.116 - - [07/Oct/2025:11:12:08 -0400] "GET /products122831044?kg=0121333187 HTTP/1.1" 200 0 "-" "Mozilla/5.0 AppleWebKit/537.36 (KHTML, like Gecko; compatible; ClaudeBot/1.0; +claudebot@anthropic.com)"
20.171.207.54 - - [07/Oct/2025:11:12:26 -0400] "GET /products91879652?kg=0090759251 HTTP/1.1" 200 0 "-" "Mozilla/5.0 AppleWebKit/537.36 (KHTML, like Gecko; compatible; GPTBot/1.2; +https://openai.com/gptbot)"
185.61.153.107 - - [07/Oct/2025:11:14:39 -0400] "POST /wp-cron.php?doing_wp_cron=1759850079.0108590126037597656250 HTTP/1.1" 200 0 "-" "WordPress/6.8.3; https://salhab360photos.com"
20.171.207.54 - - [07/Oct/2025:11:15:33 -0400] "GET /products91849512?kg=0090729477 HTTP/1.1" 404 9740 "-" "Mozilla/5.0 AppleWebKit/537.36 (KHTML, like Gecko; compatible; GPTBot/1.2; +https://openai.com/gptbot)"
185.61.153.107 - - [07/Oct/2025:11:16:38 -0400] "POST /wp-cron.php?doing_wp_cron=1759850198.1114590167999267578125 HTTP/1.1" 200 0 "-" "WordPress/6.8.3; https://salhab360photos.com"
20.171.207.54 - - [07/Oct/2025:11:16:37 -0400] "GET /products91871734?kg=0090751430 HTTP/1.1" 404 9742 "-" "Mozilla/5.0 AppleWebKit/537.36 (KHTML, like Gecko; compatible; GPTBot/1.2; +https://openai.com/gptbot)"
185.61.153.107 - - [07/Oct/2025:11:20:55 -0400] "POST /wp-cron.php?doing_wp_cron=1759850455.3095650672912597656250 HTTP/1.1" 200 0 "-" "WordPress/6.8.3; https://salhab360photos.com"
185.61.153.107 - - [07/Oct/2025:11:22:00 -0400] "POST /wp-cron.php?doing_wp_cron=1759850520.7146470546722412109375 HTTP/1.1" 200 0 "-" "WordPress/6.8.3; https://salhab360photos.com"
20.171.207.54 - - [07/Oct/2025:11:21:53 -0400] "GET /products91867220?kg=0090746971 HTTP/1.1" 404 9743 "-" "Mozilla/5.0 AppleWebKit/537.36 (KHTML, like Gecko; compatible; GPTBot/1.2; +https://openai.com/gptbot)"
185.61.153.107 - - [07/Oct/2025:11:23:06 -0400] "POST /wp-cron.php?doing_wp_cron=1759850585.9083950519561767578125 HTTP/1.1" 200 0 "-" "WordPress/6.8.3; https://salhab360photos.com"
216.73.216.116 - - [07/Oct/2025:11:23:18 -0400] "GET /products28876514?kg=0028524444 HTTP/1.1" 404 9732 "-" "Mozilla/5.0 AppleWebKit/537.36 (KHTML, like Gecko; compatible; ClaudeBot/1.0; +claudebot@anthropic.com)"
216.73.216.116 - - [07/Oct/2025:11:23:29 -0400] "GET /products14507964?kg=0014331119 HTTP/1.1" 404 9744 "-" "Mozilla/5.0 AppleWebKit/537.36 (KHTML, like Gecko; compatible; ClaudeBot/1.0; +claudebot@anthropic.com)"
216.73.216.116 - - [07/Oct/2025:11:23:32 -0400] "GET /products14510478?kg=0014333602 HTTP/1.1" 404 9740 "-" "Mozilla/5.0 AppleWebKit/537.36 (KHTML, like Gecko; compatible; ClaudeBot/1.0; +claudebot@anthropic.com)"
46.101.70.221 - - [07/Oct/2025:11:23:50 -0400] "GET /index.html HTTP/1.1" 200 1404 "-" "Mozilla/5.0 (Windows NT 10.0; Win64; x64) AppleWebKit/537.36 (KHTML, like Gecko) Chrome/132.0.0.0 Safari/537.36 Edg/132.0.0.0"
216.73.216.116 - - [07/Oct/2025:11:23:58 -0400] "GET /products135617458?kg=0133963668 HTTP/1.1" 404 9742 "-" "Mozilla/5.0 AppleWebKit/537.36 (KHTML, like Gecko; compatible; ClaudeBot/1.0; +claudebot@anthropic.com)"
20.171.207.54 - - [07/Oct/2025:11:24:02 -0400] "GET /products91855052?kg=0090734951 HTTP/1.1" 404 9741 "-" "Mozilla/5.0 AppleWebKit/537.36 (KHTML, like Gecko; compatible; GPTBot/1.2; +https://openai.com/gptbot)"
185.61.153.107 - - [07/Oct/2025:11:25:13 -0400] "POST /wp-cron.php?doing_wp_cron=1759850713.4121510982513427734375 HTTP/1.1" 200 0 "-" "WordPress/6.8.3; https://salhab360photos.com"
216.73.216.116 - - [07/Oct/2025:11:25:53 -0400] "GET /products28868624?kg=0028516649 HTTP/1.1" 404 9743 "-" "Mozilla/5.0 AppleWebKit/537.36 (KHTML, like Gecko; compatible; ClaudeBot/1.0; +claudebot@anthropic.com)"
185.61.153.107 - - [07/Oct/2025:11:17:42 -0400] "POST /wp-cron.php?doing_wp_cron=1759850262.0155661106109619140625 HTTP/1.1" 200 0 "-" "WordPress/6.8.3; https://salhab360photos.com"
20.171.207.54 - - [07/Oct/2025:11:17:41 -0400] "GET /products91886772?kg=0090766283 HTTP/1.1" 404 9743 "-" "Mozilla/5.0 AppleWebKit/537.36 (KHTML, like Gecko; compatible; GPTBot/1.2; +https://openai.com/gptbot)"
66.249.73.11 - - [07/Oct/2025:11:18:24 -0400] "GET /?ctg/search/similarImageSearchResultView/?ctgItemCd=103104 HTTP/1.1" 200 1164 "-" "Mozilla/5.0 (Linux; Android 6.0.1; Nexus 5X Build/MMB29P) AppleWebKit/537.36 (KHTML, like Gecko) Chrome/140.0.7339.207 Mobile Safari/537.36 (compatible; Googlebot/2.1; +http://www.google.com/bot.html)"
185.61.153.107 - - [07/Oct/2025:11:18:47 -0400] "POST /wp-cron.php?doing_wp_cron=1759850327.1282010078430175781250 HTTP/1.1" 200 0 "-" "WordPress/6.8.3; https://salhab360photos.com"
20.171.207.54 - - [07/Oct/2025:11:18:45 -0400] "GET /products91861448?kg=0090741269 HTTP/1.1" 404 9745 "-" "Mozilla/5.0 AppleWebKit/537.36 (KHTML, like Gecko; compatible; GPTBot/1.2; +https://openai.com/gptbot)"
185.61.153.107 - - [07/Oct/2025:11:19:52 -0400] "POST /wp-cron.php?doing_wp_cron=1759850392.4232029914855957031250 HTTP/1.1" 200 0 "-" "WordPress/6.8.3; https://salhab360photos.com"
20.171.207.54 - - [07/Oct/2025:11:19:48 -0400] "GET /products91863010?kg=0090742812 HTTP/1.1" 404 9743 "-" "Mozilla/5.0 AppleWebKit/537.36 (KHTML, like Gecko; compatible; GPTBot/1.2; +https://openai.com/gptbot)"
20.171.207.54 - - [07/Oct/2025:11:20:52 -0400] "GET /products91865798?kg=0090745566 HTTP/1.1" 404 9741 "-" "Mozilla/5.0 AppleWebKit/537.36 (KHTML, like Gecko; compatible; GPTBot/1.2; +https://openai.com/gptbot)"
20.171.207.54 - - [07/Oct/2025:11:22:59 -0400] "GET /products91877192?kg=0090756821 HTTP/1.1" 404 9741 "-" "Mozilla/5.0 AppleWebKit/537.36 (KHTML, like Gecko; compatible; GPTBot/1.2; +https://openai.com/gptbot)"
216.73.216.116 - - [07/Oct/2025:11:23:23 -0400] "GET /products28853336?kg=0028501549 HTTP/1.1" 404 9743 "-" "Mozilla/5.0 AppleWebKit/537.36 (KHTML, like Gecko; compatible; ClaudeBot/1.0; +claudebot@anthropic.com)"
3.8.126.39 - - [07/Oct/2025:11:23:50 -0400] "GET /index.html HTTP/1.1" 200 1404 "-" "Mozilla/5.0 (Windows NT 10.0; Win64; x64) AppleWebKit/537.36 (KHTML, like Gecko) Chrome/132.0.0.0 Safari/537.36 Edg/132.0.0.0"
164.90.241.135 - - [07/Oct/2025:11:23:50 -0400] "GET /index.html HTTP/1.1" 200 1404 "-" "Mozilla/5.0 (Windows NT 10.0; Win64; x64) AppleWebKit/537.36 (KHTML, like Gecko) Chrome/132.0.0.0 Safari/537.36 Edg/132.0.0.0"
174.138.112.39 - - [07/Oct/2025:11:23:51 -0400] "GET /index.html HTTP/1.1" 200 1404 "-" "Mozilla/5.0 (Windows NT 10.0; Win64; x64) AppleWebKit/537.36 (KHTML, like Gecko) Chrome/132.0.0.0 Safari/537.36 Edg/132.0.0.0"
216.73.216.116 - - [07/Oct/2025:11:24:03 -0400] "GET /products209102292?kg=0206552347 HTTP/1.1" 200 0 "-" "Mozilla/5.0 AppleWebKit/537.36 (KHTML, like Gecko; compatible; ClaudeBot/1.0; +claudebot@anthropic.com)"
66.249.73.11 - - [07/Oct/2025:11:24:29 -0400] "GET /products2964952?kg=0002928877 HTTP/1.1" 200 29240 "-" "Mozilla/5.0 (Linux; Android 6.0.1; Nexus 5X Build/MMB29P) AppleWebKit/537.36 (KHTML, like Gecko) Chrome/140.0.7339.207 Mobile Safari/537.36 (compatible; GoogleOther)"
20.171.207.54 - - [07/Oct/2025:11:25:08 -0400] "GET /products91868294?kg=0090748030 HTTP/1.1" 404 9740 "-" "Mozilla/5.0 AppleWebKit/537.36 (KHTML, like Gecko; compatible; GPTBot/1.2; +https://openai.com/gptbot)"
216.73.216.116 - - [07/Oct/2025:11:25:38 -0400] "GET /products28858510?kg=0028506658 HTTP/1.1" 404 9732 "-" "Mozilla/5.0 AppleWebKit/537.36 (KHTML, like Gecko; compatible; ClaudeBot/1.0; +claudebot@anthropic.com)"
216.73.216.116 - - [07/Oct/2025:11:25:47 -0400] "GET /products139479012?kg=0137778131 HTTP/1.1" 404 9740 "-" "Mozilla/5.0 AppleWebKit/537.36 (KHTML, like Gecko; compatible; ClaudeBot/1.0; +claudebot@anthropic.com)"
185.61.153.107 - - [07/Oct/2025:11:26:14 -0400] "POST /wp-cron.php?doing_wp_cron=1759850774.3082280158996582031250 HTTP/1.1" 200 0 "-" "WordPress/6.8.3; https://salhab360photos.com"
20.171.207.54 - - [07/Oct/2025:11:26:10 -0400] "GET /products91883378?kg=0090762932 HTTP/1.1" 404 9735 "-" "Mozilla/5.0 AppleWebKit/537.36 (KHTML, like Gecko; compatible; GPTBot/1.2; +https://openai.com/gptbot)"
216.73.216.116 - - [07/Oct/2025:11:26:18 -0400] "GET /products27037004?kg=0026707367 HTTP/1.1" 404 9743 "-" "Mozilla/5.0 AppleWebKit/537.36 (KHTML, like Gecko; compatible; ClaudeBot/1.0; +claudebot@anthropic.com)"
216.73.216.116 - - [07/Oct/2025:11:26:24 -0400] "GET /products109345556?kg=0108012155 HTTP/1.1" 404 9742 "-" "Mozilla/5.0 AppleWebKit/537.36 (KHTML, like Gecko; compatible; ClaudeBot/1.0; +claudebot@anthropic.com)"
45.133.172.237 - - [07/Oct/2025:11:27:14 -0400] "GET /index.html HTTP/1.1" 200 1404 "-" "Mozilla/5.0 (Windows NT 10.0; Win64; x64) AppleWebKit/537.36 (KHTML, like Gecko) Chrome/135.0.0.0 Safari/537.36 OPR/120.0.0.0"
216.73.216.116 - - [07/Oct/2025:11:27:42 -0400] "GET /products135604840?kg=0133951205 HTTP/1.1" 404 9743 "-" "Mozilla/5.0 AppleWebKit/537.36 (KHTML, like Gecko; compatible; ClaudeBot/1.0; +claudebot@anthropic.com)"
185.61.153.107 - - [07/Oct/2025:11:28:16 -0400] "POST /wp-cron.php?doing_wp_cron=1759850896.5309789180755615234375 HTTP/1.1" 200 0 "-" "WordPress/6.8.3; https://salhab360photos.com"
20.171.207.54 - - [07/Oct/2025:11:28:19 -0400] "GET /products91894534?kg=0090773950 HTTP/1.1" 404 9743 "-" "Mozilla/5.0 AppleWebKit/537.36 (KHTML, like Gecko; compatible; GPTBot/1.2; +https://openai.com/gptbot)"
216.73.216.116 - - [07/Oct/2025:11:28:23 -0400] "GET /products80676770?kg=0079692988 HTTP/1.1" 404 9743 "-" "Mozilla/5.0 AppleWebKit/537.36 (KHTML, like Gecko; compatible; ClaudeBot/1.0; +claudebot@anthropic.com)"
216.73.216.116 - - [07/Oct/2025:11:28:35 -0400] "GET /products139487038?kg=0137786058 HTTP/1.1" 200 0 "-" "Mozilla/5.0 AppleWebKit/537.36 (KHTML, like Gecko; compatible; ClaudeBot/1.0; +claudebot@anthropic.com)"
216.73.216.116 - - [07/Oct/2025:11:28:48 -0400] "GET /products80674998?kg=0079691238 HTTP/1.1" 404 9742 "-" "Mozilla/5.0 AppleWebKit/537.36 (KHTML, like Gecko; compatible; ClaudeBot/1.0; +claudebot@anthropic.com)"
185.61.153.107 - - [07/Oct/2025:11:29:16 -0400] "POST /wp-cron.php?doing_wp_cron=1759850956.0092771053314208984375 HTTP/1.1" 200 0 "-" "WordPress/6.8.3; https://salhab360photos.com"
216.73.216.116 - - [07/Oct/2025:11:29:33 -0400] "GET /products122803364?kg=0121305843 HTTP/1.1" 200 0 "-" "Mozilla/5.0 AppleWebKit/537.36 (KHTML, like Gecko; compatible; ClaudeBot/1.0; +claudebot@anthropic.com)"
216.73.216.116 - - [07/Oct/2025:11:30:06 -0400] "GET /products139458056?kg=0137757429 HTTP/1.1" 200 0 "-" "Mozilla/5.0 AppleWebKit/537.36 (KHTML, like Gecko; compatible; ClaudeBot/1.0; +claudebot@anthropic.com)"
216.73.216.116 - - [07/Oct/2025:11:30:21 -0400] "GET /products80654704?kg=0079671193 HTTP/1.1" 200 0 "-" "Mozilla/5.0 AppleWebKit/537.36 (KHTML, like Gecko; compatible; ClaudeBot/1.0; +claudebot@anthropic.com)"
20.171.207.54 - - [07/Oct/2025:11:30:25 -0400] "GET /products91865780?kg=0090745547 HTTP/1.1" 404 9740 "-" "Mozilla/5.0 AppleWebKit/537.36 (KHTML, like Gecko; compatible; GPTBot/1.2; +https://openai.com/gptbot)"
216.73.216.116 - - [07/Oct/2025:11:30:52 -0400] "GET /sitemap.xml HTTP/1.1" 200 6005 "-" "Mozilla/5.0 AppleWebKit/537.36 (KHTML, like Gecko; compatible; ClaudeBot/1.0; +claudebot@anthropic.com)"
20.171.207.54 - - [07/Oct/2025:11:31:30 -0400] "GET /products91842752?kg=0090722801 HTTP/1.1" 404 9742 "-" "Mozilla/5.0 AppleWebKit/537.36 (KHTML, like Gecko; compatible; GPTBot/1.2; +https://openai.com/gptbot)"
216.73.216.116 - - [07/Oct/2025:11:31:32 -0400] "GET /products236405066?kg=0233522160 HTTP/1.1" 200 0 "-" "Mozilla/5.0 AppleWebKit/537.36 (KHTML, like Gecko; compatible; ClaudeBot/1.0; +claudebot@anthropic.com)"
216.73.216.116 - - [07/Oct/2025:11:26:27 -0400] "GET /products11533956?kg=0011393379 HTTP/1.1" 404 9743 "-" "Mozilla/5.0 AppleWebKit/537.36 (KHTML, like Gecko; compatible; ClaudeBot/1.0; +claudebot@anthropic.com)"
216.73.216.116 - - [07/Oct/2025:11:26:30 -0400] "GET /products102167786?kg=0100921920 HTTP/1.1" 200 0 "-" "Mozilla/5.0 AppleWebKit/537.36 (KHTML, like Gecko; compatible; ClaudeBot/1.0; +claudebot@anthropic.com)"
206.189.247.132 - - [07/Oct/2025:11:27:14 -0400] "GET /index.html HTTP/1.1" 200 1404 "-" "Mozilla/5.0 (Windows NT 10.0; Win64; x64) AppleWebKit/537.36 (KHTML, like Gecko) Chrome/135.0.0.0 Safari/537.36 OPR/120.0.0.0"
3.8.126.39 - - [07/Oct/2025:11:27:14 -0400] "GET /index.html HTTP/1.1" 200 1404 "-" "Mozilla/5.0 (Windows NT 10.0; Win64; x64) AppleWebKit/537.36 (KHTML, like Gecko) Chrome/135.0.0.0 Safari/537.36 OPR/120.0.0.0"
185.61.153.107 - - [07/Oct/2025:11:27:17 -0400] "POST /wp-cron.php?doing_wp_cron=1759850837.8243639469146728515625 HTTP/1.1" 200 0 "-" "WordPress/6.8.3; https://salhab360photos.com"
20.171.207.54 - - [07/Oct/2025:11:27:15 -0400] "GET /products91874928?kg=0090754585 HTTP/1.1" 404 9743 "-" "Mozilla/5.0 AppleWebKit/537.36 (KHTML, like Gecko; compatible; GPTBot/1.2; +https://openai.com/gptbot)"
216.73.216.116 - - [07/Oct/2025:11:27:47 -0400] "GET /products14511900?kg=0014335007 HTTP/1.1" 404 9743 "-" "Mozilla/5.0 AppleWebKit/537.36 (KHTML, like Gecko; compatible; ClaudeBot/1.0; +claudebot@anthropic.com)"
216.73.216.116 - - [07/Oct/2025:11:27:53 -0400] "GET /products135569252?kg=0133916051 HTTP/1.1" 404 9743 "-" "Mozilla/5.0 AppleWebKit/537.36 (KHTML, like Gecko; compatible; ClaudeBot/1.0; +claudebot@anthropic.com)"
216.73.216.116 - - [07/Oct/2025:11:27:59 -0400] "GET /products209098816?kg=0206548913 HTTP/1.1" 404 9742 "-" "Mozilla/5.0 AppleWebKit/537.36 (KHTML, like Gecko; compatible; ClaudeBot/1.0; +claudebot@anthropic.com)"
216.73.216.116 - - [07/Oct/2025:11:28:15 -0400] "GET /products80657582?kg=0079674034 HTTP/1.1" 404 9741 "-" "Mozilla/5.0 AppleWebKit/537.36 (KHTML, like Gecko; compatible; ClaudeBot/1.0; +claudebot@anthropic.com)"
216.73.216.116 - - [07/Oct/2025:11:28:17 -0400] "GET /products65753960?kg=0064952165 HTTP/1.1" 404 9743 "-" "Mozilla/5.0 AppleWebKit/537.36 (KHTML, like Gecko; compatible; ClaudeBot/1.0; +claudebot@anthropic.com)"
216.73.216.116 - - [07/Oct/2025:11:28:29 -0400] "GET /products80655196?kg=0079671679 HTTP/1.1" 404 9742 "-" "Mozilla/5.0 AppleWebKit/537.36 (KHTML, like Gecko; compatible; ClaudeBot/1.0; +claudebot@anthropic.com)"
216.73.216.116 - - [07/Oct/2025:11:28:56 -0400] "GET /products80635078?kg=0079651806 HTTP/1.1" 404 9742 "-" "Mozilla/5.0 AppleWebKit/537.36 (KHTML, like Gecko; compatible; ClaudeBot/1.0; +claudebot@anthropic.com)"
216.73.216.116 - - [07/Oct/2025:11:29:09 -0400] "GET /products139504914?kg=0137803716 HTTP/1.1" 404 9743 "-" "Mozilla/5.0 AppleWebKit/537.36 (KHTML, like Gecko; compatible; ClaudeBot/1.0; +claudebot@anthropic.com)"
20.171.207.54 - - [07/Oct/2025:11:29:21 -0400] "GET /products91887514?kg=0090767016 HTTP/1.1" 404 9742 "-" "Mozilla/5.0 AppleWebKit/537.36 (KHTML, like Gecko; compatible; GPTBot/1.2; +https://openai.com/gptbot)"
185.61.153.107 - - [07/Oct/2025:11:30:20 -0400] "POST /wp-cron.php?doing_wp_cron=1759851020.4088840484619140625000 HTTP/1.1" 200 0 "-" "WordPress/6.8.3; https://salhab360photos.com"
185.61.153.107 - - [07/Oct/2025:11:31:35 -0400] "POST /wp-cron.php?doing_wp_cron=1759851094.9073939323425292968750 HTTP/1.1" 200 0 "-" "WordPress/6.8.3; https://salhab360photos.com"
216.73.216.116 - - [07/Oct/2025:11:32:05 -0400] "GET /products236409772?kg=0233526807 HTTP/1.1" 200 0 "-" "Mozilla/5.0 AppleWebKit/537.36 (KHTML, like Gecko; compatible; ClaudeBot/1.0; +claudebot@anthropic.com)"
185.61.153.107 - - [07/Oct/2025:11:32:16 -0400] "POST /wp-cron.php?doing_wp_cron=1759851136.2100780010223388671875 HTTP/1.1" 200 0 "-" "WordPress/6.8.3; https://salhab360photos.com"
216.73.216.116 - - [07/Oct/2025:11:32:19 -0400] "GET /products80666384?kg=0079682729 HTTP/1.1" 404 9742 "-" "Mozilla/5.0 AppleWebKit/537.36 (KHTML, like Gecko; compatible; ClaudeBot/1.0; +claudebot@anthropic.com)"
20.171.207.54 - - [07/Oct/2025:11:32:31 -0400] "GET /products91897268?kg=0090776651 HTTP/1.1" 404 9741 "-" "Mozilla/5.0 AppleWebKit/537.36 (KHTML, like Gecko; compatible; GPTBot/1.2; +https://openai.com/gptbot)"
66.249.73.12 - - [07/Oct/2025:11:33:10 -0400] "GET /products14908502?kg=0014726774 HTTP/1.1" 200 29220 "-" "Mozilla/5.0 (Linux; Android 6.0.1; Nexus 5X Build/MMB29P) AppleWebKit/537.36 (KHTML, like Gecko) Chrome/140.0.7339.207 Mobile Safari/537.36 (compatible; Googlebot/2.1; +http://www.google.com/bot.html)"
216.73.216.116 - - [07/Oct/2025:11:33:28 -0400] "GET /robots.txt HTTP/1.1" 200 84 "-" "Mozilla/5.0 AppleWebKit/537.36 (KHTML, like Gecko; compatible; ClaudeBot/1.0; +claudebot@anthropic.com)"
216.73.216.116 - - [07/Oct/2025:11:33:28 -0400] "GET /products46001636?kg=0045440723 HTTP/1.1" 404 9741 "-" "Mozilla/5.0 AppleWebKit/537.36 (KHTML, like Gecko; compatible; ClaudeBot/1.0; +claudebot@anthropic.com)"
185.61.153.107 - - [07/Oct/2025:11:34:44 -0400] "POST /wp-cron.php?doing_wp_cron=1759851284.0082919597625732421875 HTTP/1.1" 200 0 "-" "WordPress/6.8.3; https://salhab360photos.com"
20.171.207.54 - - [07/Oct/2025:11:34:33 -0400] "GET /products91840246?kg=0090720326 HTTP/1.1" 404 9741 "-" "Mozilla/5.0 AppleWebKit/537.36 (KHTML, like Gecko; compatible; GPTBot/1.2; +https://openai.com/gptbot)"
185.61.153.107 - - [07/Oct/2025:11:35:32 -0400] "POST /wp-cron.php?doing_wp_cron=1759851332.7078809738159179687500 HTTP/1.1" 200 0 "-" "WordPress/6.8.3; https://salhab360photos.com"
216.73.216.116 - - [07/Oct/2025:11:35:31 -0400] "GET /products139460434?kg=0137759780 HTTP/1.1" 404 9741 "-" "Mozilla/5.0 AppleWebKit/537.36 (KHTML, like Gecko; compatible; ClaudeBot/1.0; +claudebot@anthropic.com)"
20.171.207.54 - - [07/Oct/2025:11:35:38 -0400] "GET /products91894608?kg=0090774025 HTTP/1.1" 404 9742 "-" "Mozilla/5.0 AppleWebKit/537.36 (KHTML, like Gecko; compatible; GPTBot/1.2; +https://openai.com/gptbot)"
185.61.153.107 - - [07/Oct/2025:11:36:41 -0400] "POST /wp-cron.php?doing_wp_cron=1759851401.6103758811950683593750 HTTP/1.1" 200 0 "-" "WordPress/6.8.3; https://salhab360photos.com"
20.171.207.54 - - [07/Oct/2025:11:36:39 -0400] "GET /products91893386?kg=0090772816 HTTP/1.1" 404 9732 "-" "Mozilla/5.0 AppleWebKit/537.36 (KHTML, like Gecko; compatible; GPTBot/1.2; +https://openai.com/gptbot)"
105.157.63.201 - - [07/Oct/2025:11:37:15 -0400] "GET /11index.php?https://salhab360photos.com/11index.php HTTP/1.1" 404 10910 "-" "Mozilla/5.0 (Windows; U; Windows NT 6.1; en-US; rv:1.9.1.5) Gecko/20091102 Firefox/3.5.5 (.NET CLR 3.5.30729)"
105.157.63.201 - - [07/Oct/2025:11:37:22 -0400] "GET /2index.php?https://salhab360photos.com/2index.php HTTP/1.1" 404 10911 "-" "Mozilla/5.0 (Windows; U; Windows NT 6.1; en-US; rv:1.9.1.5) Gecko/20091102 Firefox/3.5.5 (.NET CLR 3.5.30729)"
105.157.63.201 - - [07/Oct/2025:11:37:25 -0400] "GET /3index.php?https://salhab360photos.com/3index.php HTTP/1.1" 404 10902 "-" "Mozilla/5.0 (Windows; U; Windows NT 6.1; en-US; rv:1.9.1.5) Gecko/20091102 Firefox/3.5.5 (.NET CLR 3.5.30729)"
105.157.63.201 - - [07/Oct/2025:11:37:39 -0400] "GET /cgi.new?https://salhab360photos.com/cgi.new HTTP/1.1" 404 10911 "-" "Mozilla/5.0 (Windows; U; Windows NT 6.1; en-US; rv:1.9.1.5) Gecko/20091102 Firefox/3.5.5 (.NET CLR 3.5.30729)"
20.171.207.54 - - [07/Oct/2025:11:37:39 -0400] "GET /products91854842?kg=0090734744 HTTP/1.1" 404 9742 "-" "Mozilla/5.0 AppleWebKit/537.36 (KHTML, like Gecko; compatible; GPTBot/1.2; +https://openai.com/gptbot)"
105.157.63.201 - - [07/Oct/2025:11:37:44 -0400] "GET /EVTOlPB.php?https://salhab360photos.com/EVTOlPB.php HTTP/1.1" 404 10905 "-" "Mozilla/5.0 (Windows; U; Windows NT 6.1; en-US; rv:1.9.1.5) Gecko/20091102 Firefox/3.5.5 (.NET CLR 3.5.30729)"
185.61.153.107 - - [07/Oct/2025:11:33:16 -0400] "POST /wp-cron.php?doing_wp_cron=1759851196.5081648826599121093750 HTTP/1.1" 200 0 "-" "WordPress/6.8.3; https://salhab360photos.com"
216.73.216.116 - - [07/Oct/2025:11:33:08 -0400] "GET /products106673176?kg=0105372365 HTTP/1.1" 404 9744 "-" "Mozilla/5.0 AppleWebKit/537.36 (KHTML, like Gecko; compatible; ClaudeBot/1.0; +claudebot@anthropic.com)"
20.171.207.54 - - [07/Oct/2025:11:33:32 -0400] "GET /products91885460?kg=0090764987 HTTP/1.1" 404 9743 "-" "Mozilla/5.0 AppleWebKit/537.36 (KHTML, like Gecko; compatible; GPTBot/1.2; +https://openai.com/gptbot)"
216.73.216.116 - - [07/Oct/2025:11:36:41 -0400] "GET /products173417864?kg=0171303093 HTTP/1.1" 404 9743 "-" "Mozilla/5.0 AppleWebKit/537.36 (KHTML, like Gecko; compatible; ClaudeBot/1.0; +claudebot@anthropic.com)"
185.61.153.107 - - [07/Oct/2025:11:37:14 -0400] "POST /wp-cron.php?doing_wp_cron=1759851434.8217380046844482421875 HTTP/1.1" 200 0 "-" "WordPress/6.8.3; https://salhab360photos.com"
105.157.63.201 - - [07/Oct/2025:11:37:13 -0400] "GET /1index.php?https://salhab360photos.com/1index.php HTTP/1.1" 404 10909 "-" "Mozilla/5.0 (Windows; U; Windows NT 6.1; en-US; rv:1.9.1.5) Gecko/20091102 Firefox/3.5.5 (.NET CLR 3.5.30729)"
105.157.63.201 - - [07/Oct/2025:11:37:17 -0400] "GET /wp-content/plugins/content-management/content.php?https://salhab360photos.com/wp-content/plugins/content-management/content.php HTTP/1.1" 200 0 "-" "Mozilla/5.0 (Windows; U; Windows NT 6.1; en-US; rv:1.9.1.5) Gecko/20091102 Firefox/3.5.5 (.NET CLR 3.5.30729)"
105.157.63.201 - - [07/Oct/2025:11:37:17 -0400] "GET /lockindex.php?https://salhab360photos.com/lockindex.php HTTP/1.1" 404 10902 "-" "Mozilla/5.0 (Windows; U; Windows NT 6.1; en-US; rv:1.9.1.5) Gecko/20091102 Firefox/3.5.5 (.NET CLR 3.5.30729)"
105.157.63.201 - - [07/Oct/2025:11:37:28 -0400] "GET /wp_wrong_datlib.php?https://salhab360photos.com/wp_wrong_datlib.php HTTP/1.1" 404 10904 "-" "Mozilla/5.0 (Windows; U; Windows NT 6.1; en-US; rv:1.9.1.5) Gecko/20091102 Firefox/3.5.5 (.NET CLR 3.5.30729)"
105.157.63.201 - - [07/Oct/2025:11:37:33 -0400] "GET /wp-adminincludesclass-wp-media-list-data.php?https://salhab360photos.com/wp-adminincludesclass-wp-media-list-data.php HTTP/1.1" 404 10911 "-" "Mozilla/5.0 (Windows; U; Windows NT 6.1; en-US; rv:1.9.1.5) Gecko/20091102 Firefox/3.5.5 (.NET CLR 3.5.30729)"
105.157.63.201 - - [07/Oct/2025:11:37:36 -0400] "GET /autoload_classmap.php?https://salhab360photos.com/autoload_classmap.php HTTP/1.1" 404 10902 "-" "Mozilla/5.0 (Windows; U; Windows NT 6.1; en-US; rv:1.9.1.5) Gecko/20091102 Firefox/3.5.5 (.NET CLR 3.5.30729)"
105.157.63.201 - - [07/Oct/2025:11:38:08 -0400] "GET /key1.php?https://salhab360photos.com/key1.php HTTP/1.1" 404 10908 "-" "Mozilla/5.0 (Windows; U; Windows NT 6.1; en-US; rv:1.9.1.5) Gecko/20091102 Firefox/3.5.5 (.NET CLR 3.5.30729)"
105.157.63.201 - - [07/Oct/2025:11:38:12 -0400] "GET /randkeyword.PhP7?https://salhab360photos.com/randkeyword.PhP7 HTTP/1.1" 404 10908 "-" "Mozilla/5.0 (Windows; U; Windows NT 6.1; en-US; rv:1.9.1.5) Gecko/20091102 Firefox/3.5.5 (.NET CLR 3.5.30729)"
105.157.63.201 - - [07/Oct/2025:11:38:14 -0400] "GET /wso.php?https://salhab360photos.com/wso.php HTTP/1.1" 404 10902 "-" "Mozilla/5.0 (Windows; U; Windows NT 6.1; en-US; rv:1.9.1.5) Gecko/20091102 Firefox/3.5.5 (.NET CLR 3.5.30729)"
105.157.63.201 - - [07/Oct/2025:11:38:17 -0400] "GET /doc.php?https://salhab360photos.com/doc.php HTTP/1.1" 404 10902 "-" "Mozilla/5.0 (Windows; U; Windows NT 6.1; en-US; rv:1.9.1.5) Gecko/20091102 Firefox/3.5.5 (.NET CLR 3.5.30729)"
105.157.63.201 - - [07/Oct/2025:11:38:22 -0400] "GET /x7root.php?https://salhab360photos.com/x7root.php HTTP/1.1" 404 10905 "-" "Mozilla/5.0 (Windows; U; Windows NT 6.1; en-US; rv:1.9.1.5) Gecko/20091102 Firefox/3.5.5 (.NET CLR 3.5.30729)"
105.157.63.201 - - [07/Oct/2025:11:38:24 -0400] "GET /stindex.php?https://salhab360photos.com/stindex.php HTTP/1.1" 404 10911 "-" "Mozilla/5.0 (Windows; U; Windows NT 6.1; en-US; rv:1.9.1.5) Gecko/20091102 Firefox/3.5.5 (.NET CLR 3.5.30729)"
105.157.63.201 - - [07/Oct/2025:11:37:50 -0400] "GET /sgd.php?https://salhab360photos.com/sgd.php HTTP/1.1" 404 10905 "-" "Mozilla/5.0 (Windows; U; Windows NT 6.1; en-US; rv:1.9.1.5) Gecko/20091102 Firefox/3.5.5 (.NET CLR 3.5.30729)"
105.157.63.201 - - [07/Oct/2025:11:37:55 -0400] "GET /bless.php?https://salhab360photos.com/bless.php HTTP/1.1" 404 10902 "-" "Mozilla/5.0 (Windows; U; Windows NT 6.1; en-US; rv:1.9.1.5) Gecko/20091102 Firefox/3.5.5 (.NET CLR 3.5.30729)"
105.157.63.201 - - [07/Oct/2025:11:38:02 -0400] "GET /k9.php?https://salhab360photos.com/k9.php HTTP/1.1" 404 10908 "-" "Mozilla/5.0 (Windows; U; Windows NT 6.1; en-US; rv:1.9.1.5) Gecko/20091102 Firefox/3.5.5 (.NET CLR 3.5.30729)"
105.157.63.201 - - [07/Oct/2025:11:38:10 -0400] "GET /nsts1.php?https://salhab360photos.com/nsts1.php HTTP/1.1" 404 10906 "-" "Mozilla/5.0 (Windows; U; Windows NT 6.1; en-US; rv:1.9.1.5) Gecko/20091102 Firefox/3.5.5 (.NET CLR 3.5.30729)"
185.61.153.107 - - [07/Oct/2025:11:38:17 -0400] "POST /wp-cron.php?doing_wp_cron=1759851496.9168961048126220703125 HTTP/1.1" 200 0 "-" "WordPress/6.8.3; https://salhab360photos.com"
105.157.63.201 - - [07/Oct/2025:11:38:25 -0400] "GET /alwso.php?https://salhab360photos.com/alwso.php HTTP/1.1" 404 10911 "-" "Mozilla/5.0 (Windows; U; Windows NT 6.1; en-US; rv:1.9.1.5) Gecko/20091102 Firefox/3.5.5 (.NET CLR 3.5.30729)"
105.157.63.201 - - [07/Oct/2025:11:38:29 -0400] "GET /ups.php?https://salhab360photos.com/ups.php HTTP/1.1" 404 10909 "-" "Mozilla/5.0 (Windows; U; Windows NT 6.1; en-US; rv:1.9.1.5) Gecko/20091102 Firefox/3.5.5 (.NET CLR 3.5.30729)"
105.157.63.201 - - [07/Oct/2025:11:38:35 -0400] "GET /media-admin.php?https://salhab360photos.com/media-admin.php HTTP/1.1" 404 10902 "-" "Mozilla/5.0 (Windows; U; Windows NT 6.1; en-US; rv:1.9.1.5) Gecko/20091102 Firefox/3.5.5 (.NET CLR 3.5.30729)"
105.157.63.201 - - [07/Oct/2025:11:38:49 -0400] "GET /fw.php?https://salhab360photos.com/fw.php HTTP/1.1" 404 10905 "-" "Mozilla/5.0 (Windows; U; Windows NT 6.1; en-US; rv:1.9.1.5) Gecko/20091102 Firefox/3.5.5 (.NET CLR 3.5.30729)"
105.157.63.201 - - [07/Oct/2025:11:38:54 -0400] "GET /symlink.php?https://salhab360photos.com/symlink.php HTTP/1.1" 404 10911 "-" "Mozilla/5.0 (Windows; U; Windows NT 6.1; en-US; rv:1.9.1.5) Gecko/20091102 Firefox/3.5.5 (.NET CLR 3.5.30729)"
105.157.63.201 - - [07/Oct/2025:11:38:59 -0400] "GET /shell.php?https://salhab360photos.com/shell.php HTTP/1.1" 404 10911 "-" "Mozilla/5.0 (Windows; U; Windows NT 6.1; en-US; rv:1.9.1.5) Gecko/20091102 Firefox/3.5.5 (.NET CLR 3.5.30729)"
185.61.153.107 - - [07/Oct/2025:11:39:16 -0400] "POST /wp-cron.php?doing_wp_cron=1759851556.4121880531311035156250 HTTP/1.1" 200 0 "-" "WordPress/6.8.3; https://salhab360photos.com"
105.157.63.201 - - [07/Oct/2025:11:39:38 -0400] "GET /old-index.php?https://salhab360photos.com/old-index.php HTTP/1.1" 404 10912 "-" "Mozilla/5.0 (Windows; U; Windows NT 6.1; en-US; rv:1.9.1.5) Gecko/20091102 Firefox/3.5.5 (.NET CLR 3.5.30729)"
105.157.63.201 - - [07/Oct/2025:11:39:42 -0400] "GET /FoxWSO.php?https://salhab360photos.com/FoxWSO.php HTTP/1.1" 404 10912 "-" "Mozilla/5.0 (Windows; U; Windows NT 6.1; en-US; rv:1.9.1.5) Gecko/20091102 Firefox/3.5.5 (.NET CLR 3.5.30729)"
105.157.63.201 - - [07/Oct/2025:11:39:46 -0400] "GET /403.php?https://salhab360photos.com/403.php HTTP/1.1" 404 10902 "-" "Mozilla/5.0 (Windows; U; Windows NT 6.1; en-US; rv:1.9.1.5) Gecko/20091102 Firefox/3.5.5 (.NET CLR 3.5.30729)"
105.157.63.201 - - [07/Oct/2025:11:39:56 -0400] "GET /edit-form.php?https://salhab360photos.com/edit-form.php HTTP/1.1" 404 10902 "-" "Mozilla/5.0 (Windows; U; Windows NT 6.1; en-US; rv:1.9.1.5) Gecko/20091102 Firefox/3.5.5 (.NET CLR 3.5.30729)"
185.61.153.107 - - [07/Oct/2025:11:40:15 -0400] "POST /wp-cron.php?doing_wp_cron=1759851615.8097670078277587890625 HTTP/1.1" 200 0 "-" "WordPress/6.8.3; https://salhab360photos.com"
105.157.63.201 - - [07/Oct/2025:11:38:37 -0400] "GET /sym.php?https://salhab360photos.com/sym.php HTTP/1.1" 404 10910 "-" "Mozilla/5.0 (Windows; U; Windows NT 6.1; en-US; rv:1.9.1.5) Gecko/20091102 Firefox/3.5.5 (.NET CLR 3.5.30729)"
20.171.207.54 - - [07/Oct/2025:11:38:42 -0400] "GET /products91854596?kg=0090734499 HTTP/1.1" 404 9740 "-" "Mozilla/5.0 AppleWebKit/537.36 (KHTML, like Gecko; compatible; GPTBot/1.2; +https://openai.com/gptbot)"
105.157.63.201 - - [07/Oct/2025:11:38:45 -0400] "GET /sym403.php?https://salhab360photos.com/sym403.php HTTP/1.1" 404 10905 "-" "Mozilla/5.0 (Windows; U; Windows NT 6.1; en-US; rv:1.9.1.5) Gecko/20091102 Firefox/3.5.5 (.NET CLR 3.5.30729)"
105.157.63.201 - - [07/Oct/2025:11:39:06 -0400] "GET /1.php?https://salhab360photos.com/1.php HTTP/1.1" 404 10909 "-" "Mozilla/5.0 (Windows; U; Windows NT 6.1; en-US; rv:1.9.1.5) Gecko/20091102 Firefox/3.5.5 (.NET CLR 3.5.30729)"
105.157.63.201 - - [07/Oct/2025:11:39:10 -0400] "GET /data.php?https://salhab360photos.com/data.php HTTP/1.1" 404 10911 "-" "Mozilla/5.0 (Windows; U; Windows NT 6.1; en-US; rv:1.9.1.5) Gecko/20091102 Firefox/3.5.5 (.NET CLR 3.5.30729)"
105.157.63.201 - - [07/Oct/2025:11:39:13 -0400] "GET /wp-blog.php?https://salhab360photos.com/wp-blog.php HTTP/1.1" 404 10909 "-" "Mozilla/5.0 (Windows; U; Windows NT 6.1; en-US; rv:1.9.1.5) Gecko/20091102 Firefox/3.5.5 (.NET CLR 3.5.30729)"
105.157.63.201 - - [07/Oct/2025:11:39:18 -0400] "GET /b.php?https://salhab360photos.com/b.php HTTP/1.1" 404 10902 "-" "Mozilla/5.0 (Windows; U; Windows NT 6.1; en-US; rv:1.9.1.5) Gecko/20091102 Firefox/3.5.5 (.NET CLR 3.5.30729)"
105.157.63.201 - - [07/Oct/2025:11:39:22 -0400] "GET /c.php?https://salhab360photos.com/c.php HTTP/1.1" 404 10909 "-" "Mozilla/5.0 (Windows; U; Windows NT 6.1; en-US; rv:1.9.1.5) Gecko/20091102 Firefox/3.5.5 (.NET CLR 3.5.30729)"
105.157.63.201 - - [07/Oct/2025:11:39:25 -0400] "GET /shx.php?https://salhab360photos.com/shx.php HTTP/1.1" 404 10909 "-" "Mozilla/5.0 (Windows; U; Windows NT 6.1; en-US; rv:1.9.1.5) Gecko/20091102 Firefox/3.5.5 (.NET CLR 3.5.30729)"
105.157.63.201 - - [07/Oct/2025:11:39:31 -0400] "GET /alfa.php?https://salhab360photos.com/alfa.php HTTP/1.1" 404 10909 "-" "Mozilla/5.0 (Windows; U; Windows NT 6.1; en-US; rv:1.9.1.5) Gecko/20091102 Firefox/3.5.5 (.NET CLR 3.5.30729)"
105.157.63.201 - - [07/Oct/2025:11:39:36 -0400] "GET /a.php?https://salhab360photos.com/a.php HTTP/1.1" 404 10904 "-" "Mozilla/5.0 (Windows; U; Windows NT 6.1; en-US; rv:1.9.1.5) Gecko/20091102 Firefox/3.5.5 (.NET CLR 3.5.30729)"
105.157.63.201 - - [07/Oct/2025:11:39:44 -0400] "GET /x.php?https://salhab360photos.com/x.php HTTP/1.1" 404 10912 "-" "Mozilla/5.0 (Windows; U; Windows NT 6.1; en-US; rv:1.9.1.5) Gecko/20091102 Firefox/3.5.5 (.NET CLR 3.5.30729)"
20.171.207.54 - - [07/Oct/2025:11:39:48 -0400] "GET /products91886330?kg=0090765848 HTTP/1.1" 404 9742 "-" "Mozilla/5.0 AppleWebKit/537.36 (KHTML, like Gecko; compatible; GPTBot/1.2; +https://openai.com/gptbot)"
105.157.63.201 - - [07/Oct/2025:11:39:50 -0400] "GET /mini.php?https://salhab360photos.com/mini.php HTTP/1.1" 404 10912 "-" "Mozilla/5.0 (Windows; U; Windows NT 6.1; en-US; rv:1.9.1.5) Gecko/20091102 Firefox/3.5.5 (.NET CLR 3.5.30729)"
105.157.63.201 - - [07/Oct/2025:11:39:53 -0400] "GET /imagesvuln.php?https://salhab360photos.com/imagesvuln.php HTTP/1.1" 404 10909 "-" "Mozilla/5.0 (Windows; U; Windows NT 6.1; en-US; rv:1.9.1.5) Gecko/20091102 Firefox/3.5.5 (.NET CLR 3.5.30729)"
23.23.104.107 - - [07/Oct/2025:11:39:58 -0400] "GET /slider-gallery-2/ HTTP/1.1" 200 0 "-" "Mozilla/5.0 AppleWebKit/537.36 (KHTML, like Gecko; compatible; Amazonbot/0.1; +https://developer.amazon.com/support/amazonbot) Chrome/119.0.6045.214 Safari/537.36"
105.157.63.201 - - [07/Oct/2025:11:40:05 -0400] "GET /wikindex.php?https://salhab360photos.com/wikindex.php HTTP/1.1" 404 10911 "-" "Mozilla/5.0 (Windows; U; Windows NT 6.1; en-US; rv:1.9.1.5) Gecko/20091102 Firefox/3.5.5 (.NET CLR 3.5.30729)"
105.157.63.201 - - [07/Oct/2025:11:40:13 -0400] "GET /m.php?https://salhab360photos.com/m.php HTTP/1.1" 404 10908 "-" "Mozilla/5.0 (Windows; U; Windows NT 6.1; en-US; rv:1.9.1.5) Gecko/20091102 Firefox/3.5.5 (.NET CLR 3.5.30729)"
105.157.63.201 - - [07/Oct/2025:11:40:16 -0400] "GET /0byte.php?https://salhab360photos.com/0byte.php HTTP/1.1" 404 10908 "-" "Mozilla/5.0 (Windows; U; Windows NT 6.1; en-US; rv:1.9.1.5) Gecko/20091102 Firefox/3.5.5 (.NET CLR 3.5.30729)"
105.157.63.201 - - [07/Oct/2025:11:40:37 -0400] "GET /wp.php?https://salhab360photos.com/wp.php HTTP/1.1" 404 10902 "-" "Mozilla/5.0 (Windows; U; Windows NT 6.1; en-US; rv:1.9.1.5) Gecko/20091102 Firefox/3.5.5 (.NET CLR 3.5.30729)"
105.157.63.201 - - [07/Oct/2025:11:40:40 -0400] "GET /wp-wso.php?https://salhab360photos.com/wp-wso.php HTTP/1.1" 404 10902 "-" "Mozilla/5.0 (Windows; U; Windows NT 6.1; en-US; rv:1.9.1.5) Gecko/20091102 Firefox/3.5.5 (.NET CLR 3.5.30729)"
105.157.63.201 - - [07/Oct/2025:11:40:55 -0400] "GET /priv8.php?https://salhab360photos.com/priv8.php HTTP/1.1" 404 10911 "-" "Mozilla/5.0 (Windows; U; Windows NT 6.1; en-US; rv:1.9.1.5) Gecko/20091102 Firefox/3.5.5 (.NET CLR 3.5.30729)"
