216.73.216.60 - - [07/Oct/2025:17:03:55 -0400] "GET /products83692890?kg=0082672328 HTTP/1.1" 404 9743 "-" "Mozilla/5.0 AppleWebKit/537.36 (KHTML, like Gecko; compatible; ClaudeBot/1.0; +claudebot@anthropic.com)"
185.61.153.107 - - [07/Oct/2025:16:59:06 -0400] "GET /wp-admin/images/images/index.php?ARRAY=7o2230223n313735393837343334362p2231223n22687474703n5p2s5p2s7n733536397631336o6s2r61676s616p2r63796s755p2s3s6p633q7068705s636s64655s6n6326743q313735393837303734362q3730353765393339393966643834303563396461613039303933383632363936222p2232223n223833653637306536363866613434633166633264373132666539306563653266222p2233223n223066316239643631313364633062616262353764633131636633333431623962222p226175746s5s66696p655s6r616q65223n6r756p6p2p226175746s5s70617373223n6r756p6p2p2262696r675s70617373223n2232372q34322q35332q36382q37362q38322q3137227q HTTP/1.1" 200 0 "-" "-"
185.61.153.107 - - [07/Oct/2025:16:59:48 -0400] "GET /wp-admin/images/images/index.php?ARRAY=7o2230223n313735393837343338382p2231223n22687474703n5p2s5p2s7n733536397631336o6s2r61676s616p2r63796s755p2s3s6p633q7068705s636s64655s6n6326743q313735393837303738382q3337646366383030653665393866636235356463663237323531633936636431222p2232223n223833653637306536363866613434633166633264373132666539306563653266222p2233223n223066316239643631313364633062616262353764633131636633333431623962222p226175746s5s66696p655s6r616q65223n6r756p6p2p226175746s5s70617373223n6r756p6p2p2262696r675s70617373223n2232372q34322q35332q36382q37362q38322q3137227q HTTP/1.1" 200 0 "-" "-"
66.249.73.12 - - [07/Oct/2025:17:04:49 -0400] "GET /products17063540?kg=0016855531 HTTP/1.1" 200 29124 "-" "Mozilla/5.0 (Linux; Android 6.0.1; Nexus 5X Build/MMB29P) AppleWebKit/537.36 (KHTML, like Gecko) Chrome/140.0.7339.207 Mobile Safari/537.36 (compatible; Googlebot/2.1; +http://www.google.com/bot.html)"
185.61.153.107 - - [07/Oct/2025:17:00:30 -0400] "GET /wp-admin/images/images/index.php?ARRAY=7o2230223n313735393837343433302p2231223n22687474703n5p2s5p2s7n733536397631336o6s2r61676s616p2r63796s755p2s3s6p633q7068705s636s64655s6n6326743q313735393837303833302q6162626435313931616364303531383239643435373135623832626461633439222p2232223n223833653637306536363866613434633166633264373132666539306563653266222p2233223n223066316239643631313364633062616262353764633131636633333431623962222p226175746s5s66696p655s6r616q65223n6r756p6p2p226175746s5s70617373223n6r756p6p2p2262696r675s70617373223n2232372q34322q35332q36382q37362q38322q3137227q HTTP/1.1" 200 0 "-" "-"
185.61.153.107 - - [07/Oct/2025:17:02:41 -0400] "GET /wp-admin/images/images/index.php?ARRAY=7o2230223n313735393837343536312p2231223n22687474703n5p2s5p2s7n733536397631336o6s2r61676s616p2r63796s755p2s3s6p633q7068705s636s64655s6n6326743q313735393837303936312q6533393336643631363364616561366637343832326365373962343063326334222p2232223n223833653637306536363866613434633166633264373132666539306563653266222p2233223n223066316239643631313364633062616262353764633131636633333431623962222p226175746s5s66696p655s6r616q65223n6r756p6p2p226175746s5s70617373223n6r756p6p2p2262696r675s70617373223n2232372q34322q35332q36382q37362q38322q3137227q HTTP/1.1" 200 0 "-" "-"
185.61.153.107 - - [07/Oct/2025:17:02:20 -0400] "GET /wp-admin/images/images/index.php?ARRAY=7o2230223n313735393837343534302p2231223n22687474703n5p2s5p2s7n733536397631336o6s2r61676s616p2r63796s755p2s3s6p633q7068705s636s64655s6n6326743q313735393837303934302q3163626339313535666339353735396335396361613130343431656666373438222p2232223n223833653637306536363866613434633166633264373132666539306563653266222p2233223n223066316239643631313364633062616262353764633131636633333431623962222p226175746s5s66696p655s6r616q65223n6r756p6p2p226175746s5s70617373223n6r756p6p2p2262696r675s70617373223n2232372q34322q35332q36382q37362q38322q3137227q HTTP/1.1" 503 1866 "-" "-"
185.61.153.107 - - [07/Oct/2025:17:01:59 -0400] "GET /wp-admin/images/images/index.php?ARRAY=7o2230223n313735393837343531392p2231223n22687474703n5p2s5p2s7n733536397631336o6s2r61676s616p2r63796s755p2s3s6p633q7068705s636s64655s6n6326743q313735393837303931392q3838323731353231336331653034613961643563646638653939616561623433222p2232223n223833653637306536363866613434633166633264373132666539306563653266222p2233223n223066316239643631313364633062616262353764633131636633333431623962222p226175746s5s66696p655s6r616q65223n6r756p6p2p226175746s5s70617373223n6r756p6p2p2262696r675s70617373223n2232372q34322q35332q36382q37362q38322q3137227q HTTP/1.1" 200 52 "-" "-"
185.61.153.107 - - [07/Oct/2025:17:01:33 -0400] "GET /wp-admin/images/images/index.php?ARRAY=7o2230223n313735393837343439332p2231223n22687474703n5p2s5p2s7n733536397631336o6s2r61676s616p2r63796s755p2s3s6p633q7068705s636s64655s6n6326743q313735393837303839332q6632336333633933346262336665353565396334323863393561306431663564222p2232223n223833653637306536363866613434633166633264373132666539306563653266222p2233223n223066316239643631313364633062616262353764633131636633333431623962222p226175746s5s66696p655s6r616q65223n6r756p6p2p226175746s5s70617373223n6r756p6p2p2262696r675s70617373223n2232372q34322q35332q36382q37362q38322q3137227q HTTP/1.1" 200 52 "-" "-"
185.61.153.107 - - [07/Oct/2025:17:01:12 -0400] "GET /wp-admin/images/images/index.php?ARRAY=7o2230223n313735393837343437322p2231223n22687474703n5p2s5p2s7n733536397631336o6s2r61676s616p2r63796s755p2s3s6p633q7068705s636s64655s6n6326743q313735393837303837322q6330343130643162386638623636663365393561643532303865353964393136222p2232223n223833653637306536363866613434633166633264373132666539306563653266222p2233223n223066316239643631313364633062616262353764633131636633333431623962222p226175746s5s66696p655s6r616q65223n6r756p6p2p226175746s5s70617373223n6r756p6p2p2262696r675s70617373223n2232372q34322q35332q36382q37362q38322q3137227q HTTP/1.1" 200 52 "-" "-"
20.171.207.54 - - [07/Oct/2025:17:05:37 -0400] "GET /products91875588?kg=0090755235 HTTP/1.1" 404 9742 "-" "Mozilla/5.0 AppleWebKit/537.36 (KHTML, like Gecko; compatible; GPTBot/1.2; +https://openai.com/gptbot)"
216.73.216.60 - - [07/Oct/2025:17:05:58 -0400] "GET /products225097498?kg=0222352488 HTTP/1.1" 404 9742 "-" "Mozilla/5.0 AppleWebKit/537.36 (KHTML, like Gecko; compatible; ClaudeBot/1.0; +claudebot@anthropic.com)"
45.133.172.67 - - [07/Oct/2025:17:07:12 -0400] "GET / HTTP/1.1" 200 1404 "-" "Mozilla/5.0 (iPhone; CPU iPhone OS 17_0 like Mac OS X) AppleWebKit/605.1.15 (KHTML, like Gecko) Version/17.0 Mobile/15E148 Safari/604.1 RDDocuments/8.4.8.940"
185.61.153.107 - - [07/Oct/2025:17:00:51 -0400] "GET /wp-admin/images/images/index.php?ARRAY=7o2230223n313735393837343435312p2231223n22687474703n5p2s5p2s7n733536397631336o6s2r61676s616p2r63796s755p2s3s6p633q7068705s636s64655s6n6326743q313735393837303835312q3838623462383130383931313962666437393462363864303732626530383335222p2232223n223833653637306536363866613434633166633264373132666539306563653266222p2233223n223066316239643631313364633062616262353764633131636633333431623962222p226175746s5s66696p655s6r616q65223n6r756p6p2p226175746s5s70617373223n6r756p6p2p2262696r675s70617373223n2232372q34322q35332q36382q37362q38322q3137227q HTTP/1.1" 200 52 "-" "-"
216.73.216.60 - - [07/Oct/2025:17:05:35 -0400] "GET /products186542738?kg=0184267908 HTTP/1.1" 404 9744 "-" "Mozilla/5.0 AppleWebKit/537.36 (KHTML, like Gecko; compatible; ClaudeBot/1.0; +claudebot@anthropic.com)"
185.61.153.107 - - [07/Oct/2025:17:06:27 -0400] "POST /wp-cron.php?doing_wp_cron=1759871187.3084828853607177734375 HTTP/1.1" 200 0 "-" "WordPress/6.8.3; https://salhab360photos.com"
216.73.216.60 - - [07/Oct/2025:17:06:22 -0400] "GET /products46049068?kg=0045487575 HTTP/1.1" 404 9743 "-" "Mozilla/5.0 AppleWebKit/537.36 (KHTML, like Gecko; compatible; ClaudeBot/1.0; +claudebot@anthropic.com)"
20.171.207.54 - - [07/Oct/2025:17:06:40 -0400] "GET /products91846392?kg=0090726397 HTTP/1.1" 404 9743 "-" "Mozilla/5.0 AppleWebKit/537.36 (KHTML, like Gecko; compatible; GPTBot/1.2; +https://openai.com/gptbot)"
66.249.73.11 - - [07/Oct/2025:17:06:41 -0400] "GET /products17060382?kg=0016852410 HTTP/1.1" 200 29362 "-" "Mozilla/5.0 (Linux; Android 6.0.1; Nexus 5X Build/MMB29P) AppleWebKit/537.36 (KHTML, like Gecko) Chrome/140.0.7339.207 Mobile Safari/537.36 (compatible; Googlebot/2.1; +http://www.google.com/bot.html)"
216.73.216.60 - - [07/Oct/2025:17:06:47 -0400] "GET /products59407980?kg=0058683575 HTTP/1.1" 404 9742 "-" "Mozilla/5.0 AppleWebKit/537.36 (KHTML, like Gecko; compatible; ClaudeBot/1.0; +claudebot@anthropic.com)"
216.73.216.60 - - [07/Oct/2025:17:06:53 -0400] "GET /products62159804?kg=0061401839 HTTP/1.1" 404 9742 "-" "Mozilla/5.0 AppleWebKit/537.36 (KHTML, like Gecko; compatible; ClaudeBot/1.0; +claudebot@anthropic.com)"
18.171.191.36 - - [07/Oct/2025:17:07:12 -0400] "GET / HTTP/1.1" 200 1404 "-" "Mozilla/5.0 (iPhone; CPU iPhone OS 17_0 like Mac OS X) AppleWebKit/605.1.15 (KHTML, like Gecko) Version/17.0 Mobile/15E148 Safari/604.1 RDDocuments/8.4.8.940"
138.68.166.157 - - [07/Oct/2025:17:07:12 -0400] "GET / HTTP/1.1" 200 1404 "-" "Mozilla/5.0 (iPhone; CPU iPhone OS 17_0 like Mac OS X) AppleWebKit/605.1.15 (KHTML, like Gecko) Version/17.0 Mobile/15E148 Safari/604.1 RDDocuments/8.4.8.940"
185.61.153.107 - - [07/Oct/2025:17:07:19 -0400] "POST /wp-cron.php?doing_wp_cron=1759871239.4076941013336181640625 HTTP/1.1" 200 0 "-" "WordPress/6.8.3; https://salhab360photos.com"
20.171.207.54 - - [07/Oct/2025:17:07:43 -0400] "GET /products91849070?kg=0090729042 HTTP/1.1" 404 9744 "-" "Mozilla/5.0 AppleWebKit/537.36 (KHTML, like Gecko; compatible; GPTBot/1.2; +https://openai.com/gptbot)"
185.61.153.107 - - [07/Oct/2025:17:03:02 -0400] "GET /wp-admin/images/images/index.php?ARRAY=7o2230223n313735393837343538322p2231223n22687474703n5p2s5p2s7n733536397631336o6s2r61676s616p2r63796s755p2s3s6p633q7068705s636s64655s6n6326743q313735393837303938322q3739326537326261613763613366336562343361343161623739386634636533222p2232223n223833653637306536363866613434633166633264373132666539306563653266222p2233223n223066316239643631313364633062616262353764633131636633333431623962222p226175746s5s66696p655s6r616q65223n6r756p6p2p226175746s5s70617373223n6r756p6p2p2262696r675s70617373223n2232372q34322q35332q36382q37362q38322q3137227q HTTP/1.1" 200 0 "-" "-"
45.227.253.15 - - [07/Oct/2025:17:08:05 -0400] "GET /686305/686305/686305/index.php?of=1 HTTP/1.1" 200 9488 "-" "Mozilla/5.0 (Windows NT 10.0; Win64; x64) AppleWebKit/537.36 (KHTML, like Gecko) Chrome/77.0.3760. Safari/537.36 Edg/77.0.141.7"
206.189.247.132 - - [07/Oct/2025:17:07:12 -0400] "GET / HTTP/1.1" 200 1404 "-" "Mozilla/5.0 (iPhone; CPU iPhone OS 17_0 like Mac OS X) AppleWebKit/605.1.15 (KHTML, like Gecko) Version/17.0 Mobile/15E148 Safari/604.1 RDDocuments/8.4.8.940"
216.73.216.60 - - [07/Oct/2025:17:07:13 -0400] "GET /products83800520?kg=0082778645 HTTP/1.1" 404 9741 "-" "Mozilla/5.0 AppleWebKit/537.36 (KHTML, like Gecko; compatible; ClaudeBot/1.0; +claudebot@anthropic.com)"
216.73.216.60 - - [07/Oct/2025:17:07:40 -0400] "GET /products46008938?kg=0045447936 HTTP/1.1" 404 9743 "-" "Mozilla/5.0 AppleWebKit/537.36 (KHTML, like Gecko; compatible; ClaudeBot/1.0; +claudebot@anthropic.com)"
216.73.216.60 - - [07/Oct/2025:17:07:52 -0400] "GET /products190109246?kg=0187790922 HTTP/1.1" 404 9745 "-" "Mozilla/5.0 AppleWebKit/537.36 (KHTML, like Gecko; compatible; ClaudeBot/1.0; +claudebot@anthropic.com)"
66.249.73.12 - - [07/Oct/2025:17:08:17 -0400] "GET /products17063990?kg=0016855974 HTTP/1.1" 200 29017 "-" "Mozilla/5.0 (Linux; Android 6.0.1; Nexus 5X Build/MMB29P) AppleWebKit/537.36 (KHTML, like Gecko) Chrome/140.0.7339.207 Mobile Safari/537.36 (compatible; Googlebot/2.1; +http://www.google.com/bot.html)"
216.73.216.60 - - [07/Oct/2025:17:08:19 -0400] "GET /products190133232?kg=0187814617 HTTP/1.1" 404 9745 "-" "Mozilla/5.0 AppleWebKit/537.36 (KHTML, like Gecko; compatible; ClaudeBot/1.0; +claudebot@anthropic.com)"
185.61.153.107 - - [07/Oct/2025:17:03:46 -0400] "GET /wp-admin/images/images/index.php?ARRAY=7o2230223n313735393837343632362p2231223n22687474703n5p2s5p2s7n733536397631336o6s2r61676s616p2r63796s755p2s3s6p633q7068705s636s64655s6n6326743q313735393837313032362q6331633866393633633830373162666236653761633964343933626265353437222p2232223n223833653637306536363866613434633166633264373132666539306563653266222p2233223n223066316239643631313364633062616262353764633131636633333431623962222p226175746s5s66696p655s6r616q65223n6r756p6p2p226175746s5s70617373223n6r756p6p2p2262696r675s70617373223n2232372q34322q35332q36382q37362q38322q3137227q HTTP/1.1" 200 0 "-" "-"
20.171.207.54 - - [07/Oct/2025:17:08:43 -0400] "GET /products91857762?kg=0090737628 HTTP/1.1" 404 9740 "-" "Mozilla/5.0 AppleWebKit/537.36 (KHTML, like Gecko; compatible; GPTBot/1.2; +https://openai.com/gptbot)"
216.73.216.60 - - [07/Oct/2025:17:08:59 -0400] "GET /products46016974?kg=0045455874 HTTP/1.1" 404 9741 "-" "Mozilla/5.0 AppleWebKit/537.36 (KHTML, like Gecko; compatible; ClaudeBot/1.0; +claudebot@anthropic.com)"
216.73.216.60 - - [07/Oct/2025:17:09:02 -0400] "GET /products190121064?kg=0187802597 HTTP/1.1" 404 9744 "-" "Mozilla/5.0 AppleWebKit/537.36 (KHTML, like Gecko; compatible; ClaudeBot/1.0; +claudebot@anthropic.com)"
185.61.153.107 - - [07/Oct/2025:17:04:28 -0400] "GET /wp-admin/images/images/index.php?ARRAY=7o2230223n313735393837343636382p2231223n22687474703n5p2s5p2s7n733536397631336o6s2r61676s616p2r63796s755p2s3s6p633q7068705s636s64655s6n6326743q313735393837313036382q3533643963303336643035613232343631343164376561303730343333323066222p2232223n223833653637306536363866613434633166633264373132666539306563653266222p2233223n223066316239643631313364633062616262353764633131636633333431623962222p226175746s5s66696p655s6r616q65223n6r756p6p2p226175746s5s70617373223n6r756p6p2p2262696r675s70617373223n2232372q34322q35332q36382q37362q38322q3137227q HTTP/1.1" 200 0 "-" "-"
216.73.216.60 - - [07/Oct/2025:17:09:29 -0400] "GET /products225109516?kg=0222364359 HTTP/1.1" 404 9744 "-" "Mozilla/5.0 AppleWebKit/537.36 (KHTML, like Gecko; compatible; ClaudeBot/1.0; +claudebot@anthropic.com)"
20.171.207.54 - - [07/Oct/2025:17:09:44 -0400] "GET /products91840000?kg=0090720081 HTTP/1.1" 404 9744 "-" "Mozilla/5.0 AppleWebKit/537.36 (KHTML, like Gecko; compatible; GPTBot/1.2; +https://openai.com/gptbot)"
185.61.153.107 - - [07/Oct/2025:17:03:24 -0400] "GET /wp-admin/images/images/index.php?ARRAY=7o2230223n313735393837343630342p2231223n22687474703n5p2s5p2s7n733536397631336o6s2r61676s616p2r63796s755p2s3s6p633q7068705s636s64655s6n6326743q313735393837313030342q3464393332643937656531663539623334306338626431633164366639313065222p2232223n223833653637306536363866613434633166633264373132666539306563653266222p2233223n223066316239643631313364633062616262353764633131636633333431623962222p226175746s5s66696p655s6r616q65223n6r756p6p2p226175746s5s70617373223n6r756p6p2p2262696r675s70617373223n2232372q34322q35332q36382q37362q38322q3137227q HTTP/1.1" 200 0 "-" "-"
185.61.153.107 - - [07/Oct/2025:17:08:24 -0400] "POST /wp-cron.php?doing_wp_cron=1759871304.8141090869903564453125 HTTP/1.1" 200 0 "-" "WordPress/6.8.3; https://salhab360photos.com"
45.227.253.15 - - [07/Oct/2025:17:08:25 -0400] "GET /686305/686305/686305/686305/index.php?of=1 HTTP/1.1" 200 9481 "-" "Mozilla/5.0 (Macintosh; Intel Mac OS X 10.14; rv:103.0) Gecko/20100101 Firefox/103.0"
216.73.216.60 - - [07/Oct/2025:17:08:30 -0400] "GET /products83807530?kg=0082785568 HTTP/1.1" 404 9745 "-" "Mozilla/5.0 AppleWebKit/537.36 (KHTML, like Gecko; compatible; ClaudeBot/1.0; +claudebot@anthropic.com)"
185.61.153.107 - - [07/Oct/2025:17:04:07 -0400] "GET /wp-admin/images/images/index.php?ARRAY=7o2230223n313735393837343634372p2231223n22687474703n5p2s5p2s7n733536397631336o6s2r61676s616p2r63796s755p2s3s6p633q7068705s636s64655s6n6326743q313735393837313034372q6264646630353431343631613534383635373238666364343536386262356235222p2232223n223833653637306536363866613434633166633264373132666539306563653266222p2233223n223066316239643631313364633062616262353764633131636633333431623962222p226175746s5s66696p655s6r616q65223n6r756p6p2p226175746s5s70617373223n6r756p6p2p2262696r675s70617373223n2232372q34322q35332q36382q37362q38322q3137227q HTTP/1.1" 200 0 "-" "-"
185.61.153.107 - - [07/Oct/2025:17:09:32 -0400] "POST /wp-cron.php?doing_wp_cron=1759871372.7152020931243896484375 HTTP/1.1" 200 0 "-" "WordPress/6.8.3; https://salhab360photos.com"
18.130.127.81 - - [07/Oct/2025:17:09:38 -0400] "GET / HTTP/1.1" 200 1404 "-" "Mozilla/5.0 (Windows NT 10.0; Win64; x64) AppleWebKit/537.36 (KHTML, like Gecko) Chrome/139.0.0.0 Safari/537.36"
206.189.247.132 - - [07/Oct/2025:17:09:38 -0400] "GET / HTTP/1.1" 200 1404 "-" "Mozilla/5.0 (Windows NT 10.0; Win64; x64) AppleWebKit/537.36 (KHTML, like Gecko) Chrome/139.0.0.0 Safari/537.36"
66.249.73.11 - - [07/Oct/2025:17:09:38 -0400] "GET /products17060806?kg=0016852830 HTTP/1.1" 200 29577 "-" "Mozilla/5.0 (Linux; Android 6.0.1; Nexus 5X Build/MMB29P) AppleWebKit/537.36 (KHTML, like Gecko) Chrome/140.0.7339.207 Mobile Safari/537.36 (compatible; Googlebot/2.1; +http://www.google.com/bot.html)"
152.42.157.60 - - [07/Oct/2025:17:09:39 -0400] "GET / HTTP/1.1" 200 1404 "-" "Mozilla/5.0 (Windows NT 10.0; Win64; x64) AppleWebKit/537.36 (KHTML, like Gecko) Chrome/139.0.0.0 Safari/537.36"
196.240.60.213 - - [07/Oct/2025:17:09:46 -0400] "GET / HTTP/1.1" 200 1404 "-" "Mozilla/5.0 (Windows NT 10.0; Win64; x64) AppleWebKit/537.36 (KHTML, like Gecko) Chrome/139.0.0.0 Safari/537.36"
185.61.153.107 - - [07/Oct/2025:17:04:50 -0400] "GET /wp-admin/images/images/index.php?ARRAY=7o2230223n313735393837343639302p2231223n22687474703n5p2s5p2s7n733536397631336o6s2r61676s616p2r63796s755p2s3s6p633q7068705s636s64655s6n6326743q313735393837313039302q3763643463353266346633363564343966666565376230386236346230356539222p2232223n223833653637306536363866613434633166633264373132666539306563653266222p2233223n223066316239643631313364633062616262353764633131636633333431623962222p226175746s5s66696p655s6r616q65223n6r756p6p2p226175746s5s70617373223n6r756p6p2p2262696r675s70617373223n2232372q34322q35332q36382q37362q38322q3137227q HTTP/1.1" 200 0 "-" "-"
185.61.153.107 - - [07/Oct/2025:17:06:56 -0400] "GET /wp-admin/images/images/index.php?ARRAY=7o2230223n313735393837343831362p2231223n22687474703n5p2s5p2s7n733536397631336o6s2r61676s616p2r63796s755p2s3s6p633q7068705s636s64655s6n6326743q313735393837313231362q6135323865633230373466383530396165663132613430303932663563396339222p2232223n223833653637306536363866613434633166633264373132666539306563653266222p2233223n223066316239643631313364633062616262353764633131636633333431623962222p226175746s5s66696p655s6r616q65223n6r756p6p2p226175746s5s70617373223n6r756p6p2p2262696r675s70617373223n2232372q34322q35332q36382q37362q38322q3137227q HTTP/1.1" 200 0 "-" "-"
185.61.153.107 - - [07/Oct/2025:17:05:32 -0400] "GET /wp-admin/images/images/index.php?ARRAY=7o2230223n313735393837343733322p2231223n22687474703n5p2s5p2s7n733536397631336o6s2r61676s616p2r63796s755p2s3s6p633q7068705s636s64655s6n6326743q313735393837313133322q3961366533393835373466643932343564666533633939653766313665626566222p2232223n223833653637306536363866613434633166633264373132666539306563653266222p2233223n223066316239643631313364633062616262353764633131636633333431623962222p226175746s5s66696p655s6r616q65223n6r756p6p2p226175746s5s70617373223n6r756p6p2p2262696r675s70617373223n2232372q34322q35332q36382q37362q38322q3137227q HTTP/1.1" 200 52 "-" "-"
216.73.216.60 - - [07/Oct/2025:17:10:00 -0400] "GET /products28893680?kg=0028541401 HTTP/1.1" 200 0 "-" "Mozilla/5.0 AppleWebKit/537.36 (KHTML, like Gecko; compatible; ClaudeBot/1.0; +claudebot@anthropic.com)"
66.249.73.11 - - [07/Oct/2025:17:10:18 -0400] "GET /categories/11126034 HTTP/1.1" 200 28983 "-" "Mozilla/5.0 (Linux; Android 6.0.1; Nexus 5X Build/MMB29P) AppleWebKit/537.36 (KHTML, like Gecko) Chrome/140.0.7339.207 Mobile Safari/537.36 (compatible; Googlebot/2.1; +http://www.google.com/bot.html)"
216.73.216.60 - - [07/Oct/2025:17:10:29 -0400] "GET /products36335544?kg=0035892509 HTTP/1.1" 404 9743 "-" "Mozilla/5.0 AppleWebKit/537.36 (KHTML, like Gecko; compatible; ClaudeBot/1.0; +claudebot@anthropic.com)"
20.171.207.54 - - [07/Oct/2025:17:10:48 -0400] "GET /products91898348?kg=0090777719 HTTP/1.1" 404 9743 "-" "Mozilla/5.0 AppleWebKit/537.36 (KHTML, like Gecko; compatible; GPTBot/1.2; +https://openai.com/gptbot)"
185.61.153.107 - - [07/Oct/2025:17:11:10 -0400] "POST /wp-cron.php?doing_wp_cron=1759871470.1142880916595458984375 HTTP/1.1" 200 0 "-" "WordPress/6.8.3; https://salhab360photos.com"
185.61.153.107 - - [07/Oct/2025:17:06:35 -0400] "GET /wp-admin/images/images/index.php?ARRAY=7o2230223n313735393837343739352p2231223n22687474703n5p2s5p2s7n733536397631336o6s2r61676s616p2r63796s755p2s3s6p633q7068705s636s64655s6n6326743q313735393837313139352q3963343339653135663933326635616438613362633961396634636163356265222p2232223n223833653637306536363866613434633166633264373132666539306563653266222p2233223n223066316239643631313364633062616262353764633131636633333431623962222p226175746s5s66696p655s6r616q65223n6r756p6p2p226175746s5s70617373223n6r756p6p2p2262696r675s70617373223n2232372q34322q35332q36382q37362q38322q3137227q HTTP/1.1" 503 1866 "-" "-"
185.61.153.107 - - [07/Oct/2025:17:06:14 -0400] "GET /wp-admin/images/images/index.php?ARRAY=7o2230223n313735393837343737342p2231223n22687474703n5p2s5p2s7n733536397631336o6s2r61676s616p2r63796s755p2s3s6p633q7068705s636s64655s6n6326743q313735393837313137342q3231343132633762393563663961393237366364656437316330336335303262222p2232223n223833653637306536363866613434633166633264373132666539306563653266222p2233223n223066316239643631313364633062616262353764633131636633333431623962222p226175746s5s66696p655s6r616q65223n6r756p6p2p226175746s5s70617373223n6r756p6p2p2262696r675s70617373223n2232372q34322q35332q36382q37362q38322q3137227q HTTP/1.1" 200 52 "-" "-"
185.61.153.107 - - [07/Oct/2025:17:05:53 -0400] "GET /wp-admin/images/images/index.php?ARRAY=7o2230223n313735393837343735332p2231223n22687474703n5p2s5p2s7n733536397631336o6s2r61676s616p2r63796s755p2s3s6p633q7068705s636s64655s6n6326743q313735393837313135332q3138386563393133383737343533316361346531323435386230393063396631222p2232223n223833653637306536363866613434633166633264373132666539306563653266222p2233223n223066316239643631313364633062616262353764633131636633333431623962222p226175746s5s66696p655s6r616q65223n6r756p6p2p226175746s5s70617373223n6r756p6p2p2262696r675s70617373223n2232372q34322q35332q36382q37362q38322q3137227q HTTP/1.1" 200 52 "-" "-"
185.61.153.107 - - [07/Oct/2025:17:05:11 -0400] "GET /wp-admin/images/images/index.php?ARRAY=7o2230223n313735393837343731312p2231223n22687474703n5p2s5p2s7n733536397631336o6s2r61676s616p2r63796s755p2s3s6p633q7068705s636s64655s6n6326743q313735393837313131312q3330373338363664636331326239666531663734613832626564333234333262222p2232223n223833653637306536363866613434633166633264373132666539306563653266222p2233223n223066316239643631313364633062616262353764633131636633333431623962222p226175746s5s66696p655s6r616q65223n6r756p6p2p226175746s5s70617373223n6r756p6p2p2262696r675s70617373223n2232372q34322q35332q36382q37362q38322q3137227q HTTP/1.1" 200 52 "-" "-"
185.61.153.107 - - [07/Oct/2025:17:10:32 -0400] "POST /wp-cron.php?doing_wp_cron=1759871432.8117198944091796875000 HTTP/1.1" 200 0 "-" "WordPress/6.8.3; https://salhab360photos.com"
216.73.216.60 - - [07/Oct/2025:17:11:06 -0400] "GET /products173431112?kg=0171316181 HTTP/1.1" 404 9731 "-" "Mozilla/5.0 AppleWebKit/537.36 (KHTML, like Gecko; compatible; ClaudeBot/1.0; +claudebot@anthropic.com)"
66.249.73.12 - - [07/Oct/2025:17:11:10 -0400] "GET /products17061244?kg=0016853263 HTTP/1.1" 200 29443 "-" "Mozilla/5.0 (Linux; Android 6.0.1; Nexus 5X Build/MMB29P) AppleWebKit/537.36 (KHTML, like Gecko) Chrome/140.0.7339.207 Mobile Safari/537.36 (compatible; Googlebot/2.1; +http://www.google.com/bot.html)"
185.61.153.107 - - [07/Oct/2025:17:11:54 -0400] "POST /wp-cron.php?doing_wp_cron=1759871514.9151859283447265625000 HTTP/1.1" 200 0 "-" "WordPress/6.8.3; https://salhab360photos.com"
185.61.153.107 - - [07/Oct/2025:17:07:17 -0400] "GET /wp-admin/images/images/index.php?ARRAY=7o2230223n313735393837343833372p2231223n22687474703n5p2s5p2s7n733536397631336o6s2r61676s616p2r63796s755p2s3s6p633q7068705s636s64655s6n6326743q313735393837313233372q6364396563323138356137636465646238396562623232363966623764613830222p2232223n223833653637306536363866613434633166633264373132666539306563653266222p2233223n223066316239643631313364633062616262353764633131636633333431623962222p226175746s5s66696p655s6r616q65223n6r756p6p2p226175746s5s70617373223n6r756p6p2p2262696r675s70617373223n2232372q34322q35332q36382q37362q38322q3137227q HTTP/1.1" 200 0 "-" "-"
185.61.153.107 - - [07/Oct/2025:17:07:39 -0400] "GET /wp-admin/images/images/index.php?ARRAY=7o2230223n313735393837343835392p2231223n22687474703n5p2s5p2s7n733536397631336o6s2r61676s616p2r63796s755p2s3s6p633q7068705s636s64655s6n6326743q313735393837313235392q3336376333623463656139393136643431383164636463376661373932326565222p2232223n223833653637306536363866613434633166633264373132666539306563653266222p2233223n223066316239643631313364633062616262353764633131636633333431623962222p226175746s5s66696p655s6r616q65223n6r756p6p2p226175746s5s70617373223n6r756p6p2p2262696r675s70617373223n2232372q34322q35332q36382q37362q38322q3137227q HTTP/1.1" 200 0 "-" "-"
45.227.253.15 - - [07/Oct/2025:17:12:58 -0400] "GET /images/images/images/images/images/index.php?of=1 HTTP/1.1" 200 2315 "-" "Mozilla/5.0 (Windows NT 10.0; Win64; x64) AppleWebKit/537.36 (KHTML, like Gecko) Chrome/83.0.3302.140 Safari/537.36 Edge/18.18960"
185.61.153.107 - - [07/Oct/2025:17:08:00 -0400] "GET /wp-admin/images/images/index.php?ARRAY=7o2230223n313735393837343838302p2231223n22687474703n5p2s5p2s7n733536397631336o6s2r61676s616p2r63796s755p2s3s6p633q7068705s636s64655s6n6326743q313735393837313238302q6464643263646536373537393838613437386136363762336436643966306137222p2232223n223833653637306536363866613434633166633264373132666539306563653266222p2233223n223066316239643631313364633062616262353764633131636633333431623962222p226175746s5s66696p655s6r616q65223n6r756p6p2p226175746s5s70617373223n6r756p6p2p2262696r675s70617373223n2232372q34322q35332q36382q37362q38322q3137227q HTTP/1.1" 200 0 "-" "-"
185.61.153.107 - - [07/Oct/2025:17:10:51 -0400] "GET /wp-admin/images/images/index.php?ARRAY=7o2230223n313735393837353035312p2231223n22687474703n5p2s5p2s7n733536397631336o6s2r61676s616p2r63796s755p2s3s6p633q7068705s636s64655s6n6326743q313735393837313435312q3361666636333333323930353938643632376334363938313132396632326438222p2232223n223833653637306536363866613434633166633264373132666539306563653266222p2233223n223066316239643631313364633062616262353764633131636633333431623962222p226175746s5s66696p655s6r616q65223n6r756p6p2p226175746s5s70617373223n6r756p6p2p2262696r675s70617373223n2232372q34322q35332q36382q37362q38322q3137227q HTTP/1.1" 200 52 "-" "-"
185.61.153.107 - - [07/Oct/2025:17:10:08 -0400] "GET /wp-admin/images/images/index.php?ARRAY=7o2230223n313735393837353030382p2231223n22687474703n5p2s5p2s7n733536397631336o6s2r61676s616p2r63796s755p2s3s6p633q7068705s636s64655s6n6326743q313735393837313430382q3538333236353061303937316630646465613264313937303063366335393662222p2232223n223833653637306536363866613434633166633264373132666539306563653266222p2233223n223066316239643631313364633062616262353764633131636633333431623962222p226175746s5s66696p655s6r616q65223n6r756p6p2p226175746s5s70617373223n6r756p6p2p2262696r675s70617373223n2232372q34322q35332q36382q37362q38322q3137227q HTTP/1.1" 200 52 "-" "-"
20.171.207.54 - - [07/Oct/2025:17:11:51 -0400] "GET /products91898416?kg=0090777785 HTTP/1.1" 404 9743 "-" "Mozilla/5.0 AppleWebKit/537.36 (KHTML, like Gecko; compatible; GPTBot/1.2; +https://openai.com/gptbot)"
216.73.216.60 - - [07/Oct/2025:17:12:06 -0400] "GET /products106695316?kg=0105394235 HTTP/1.1" 404 9744 "-" "Mozilla/5.0 AppleWebKit/537.36 (KHTML, like Gecko; compatible; ClaudeBot/1.0; +claudebot@anthropic.com)"
185.61.153.107 - - [07/Oct/2025:17:12:14 -0400] "POST /wp-cron.php?doing_wp_cron=1759871534.2118608951568603515625 HTTP/1.1" 200 0 "-" "WordPress/6.8.3; https://salhab360photos.com"
94.23.188.205 - - [07/Oct/2025:17:12:11 -0400] "GET /products198998470?kg=0196571742 HTTP/1.1" 404 9741 "-" "Mozilla/5.0 (compatible; AhrefsBot/7.0; +http://ahrefs.com/robot/)"
185.61.153.107 - - [07/Oct/2025:17:11:34 -0400] "GET /wp-admin/images/images/index.php?ARRAY=7o2230223n313735393837353039342p2231223n22687474703n5p2s5p2s7n733536397631336o6s2r61676s616p2r63796s755p2s3s6p633q7068705s636s64655s6n6326743q313735393837313439342q3932343138313966336330623936346366326335346263616361323164356363222p2232223n223833653637306536363866613434633166633264373132666539306563653266222p2233223n223066316239643631313364633062616262353764633131636633333431623962222p226175746s5s66696p655s6r616q65223n6r756p6p2p226175746s5s70617373223n6r756p6p2p2262696r675s70617373223n2232372q34322q35332q36382q37362q38322q3137227q HTTP/1.1" 200 0 "-" "-"
185.61.153.107 - - [07/Oct/2025:17:11:13 -0400] "GET /wp-admin/images/images/index.php?ARRAY=7o2230223n313735393837353037332p2231223n22687474703n5p2s5p2s7n733536397631336o6s2r61676s616p2r63796s755p2s3s6p633q7068705s636s64655s6n6326743q313735393837313437332q3034303761366632353539333361633534303361373865333039393566643535222p2232223n223833653637306536363866613434633166633264373132666539306563653266222p2233223n223066316239643631313364633062616262353764633131636633333431623962222p226175746s5s66696p655s6r616q65223n6r756p6p2p226175746s5s70617373223n6r756p6p2p2262696r675s70617373223n2232372q34322q35332q36382q37362q38322q3137227q HTTP/1.1" 503 1866 "-" "-"
185.61.153.107 - - [07/Oct/2025:17:10:30 -0400] "GET /wp-admin/images/images/index.php?ARRAY=7o2230223n313735393837353033302p2231223n22687474703n5p2s5p2s7n733536397631336o6s2r61676s616p2r63796s755p2s3s6p633q7068705s636s64655s6n6326743q313735393837313433302q3364353361373566373635653034396235383632353035643432336336336136222p2232223n223833653637306536363866613434633166633264373132666539306563653266222p2233223n223066316239643631313364633062616262353764633131636633333431623962222p226175746s5s66696p655s6r616q65223n6r756p6p2p226175746s5s70617373223n6r756p6p2p2262696r675s70617373223n2232372q34322q35332q36382q37362q38322q3137227q HTTP/1.1" 200 52 "-" "-"
185.61.153.107 - - [07/Oct/2025:17:09:47 -0400] "GET /wp-admin/images/images/index.php?ARRAY=7o2230223n313735393837343938372p2231223n22687474703n5p2s5p2s7n733536397631336o6s2r61676s616p2r63796s755p2s3s6p633q7068705s636s64655s6n6326743q313735393837313338372q6662303962613563366434336434653566393039333662636631626339343930222p2232223n223833653637306536363866613434633166633264373132666539306563653266222p2233223n223066316239643631313364633062616262353764633131636633333431623962222p226175746s5s66696p655s6r616q65223n6r756p6p2p226175746s5s70617373223n6r756p6p2p2262696r675s70617373223n2232372q34322q35332q36382q37362q38322q3137227q HTTP/1.1" 200 52 "-" "-"
185.61.153.107 - - [07/Oct/2025:17:09:04 -0400] "GET /wp-admin/images/images/index.php?ARRAY=7o2230223n313735393837343934342p2231223n22687474703n5p2s5p2s7n733536397631336o6s2r61676s616p2r63796s755p2s3s6p633q7068705s636s64655s6n6326743q313735393837313334342q3633366139646562646235643537323339303735353935396638653334316531222p2232223n223833653637306536363866613434633166633264373132666539306563653266222p2233223n223066316239643631313364633062616262353764633131636633333431623962222p226175746s5s66696p655s6r616q65223n6r756p6p2p226175746s5s70617373223n6r756p6p2p2262696r675s70617373223n2232372q34322q35332q36382q37362q38322q3137227q HTTP/1.1" 200 52 "-" "-"
185.61.153.107 - - [07/Oct/2025:17:09:26 -0400] "GET /wp-admin/images/images/index.php?ARRAY=7o2230223n313735393837343936362p2231223n22687474703n5p2s5p2s7n733536397631336o6s2r61676s616p2r63796s755p2s3s6p633q7068705s636s64655s6n6326743q313735393837313336362q3434373266663932313363363334613261323634366236346530623932623363222p2232223n223833653637306536363866613434633166633264373132666539306563653266222p2233223n223066316239643631313364633062616262353764633131636633333431623962222p226175746s5s66696p655s6r616q65223n6r756p6p2p226175746s5s70617373223n6r756p6p2p2262696r675s70617373223n2232372q34322q35332q36382q37362q38322q3137227q HTTP/1.1" 200 52 "-" "-"
185.61.153.107 - - [07/Oct/2025:17:08:21 -0400] "GET /wp-admin/images/images/index.php?ARRAY=7o2230223n313735393837343930312p2231223n22687474703n5p2s5p2s7n733536397631336o6s2r61676s616p2r63796s755p2s3s6p633q7068705s636s64655s6n6326743q313735393837313330312q3865373161353163383762316264393436363262663635386364313837376138222p2232223n223833653637306536363866613434633166633264373132666539306563653266222p2233223n223066316239643631313364633062616262353764633131636633333431623962222p226175746s5s66696p655s6r616q65223n6r756p6p2p226175746s5s70617373223n6r756p6p2p2262696r675s70617373223n2232372q34322q35332q36382q37362q38322q3137227q HTTP/1.1" 200 52 "-" "-"
66.249.73.12 - - [07/Oct/2025:17:13:00 -0400] "GET /products17063134?kg=0016855130 HTTP/1.1" 200 29170 "-" "Mozilla/5.0 (Linux; Android 6.0.1; Nexus 5X Build/MMB29P) AppleWebKit/537.36 (KHTML, like Gecko) Chrome/140.0.7339.207 Mobile Safari/537.36 (compatible; Googlebot/2.1; +http://www.google.com/bot.html)"
20.171.207.54 - - [07/Oct/2025:17:12:54 -0400] "GET /products91846852?kg=0090726851 HTTP/1.1" 404 9797 "-" "Mozilla/5.0 AppleWebKit/537.36 (KHTML, like Gecko; compatible; GPTBot/1.2; +https://openai.com/gptbot)"
185.61.153.107 - - [07/Oct/2025:17:13:59 -0400] "POST /wp-cron.php?doing_wp_cron=1759871639.0162858963012695312500 HTTP/1.1" 200 0 "-" "WordPress/6.8.3; https://salhab360photos.com"
20.171.207.54 - - [07/Oct/2025:17:13:54 -0400] "GET /products91875552?kg=0090755201 HTTP/1.1" 404 9742 "-" "Mozilla/5.0 AppleWebKit/537.36 (KHTML, like Gecko; compatible; GPTBot/1.2; +https://openai.com/gptbot)"
45.227.253.15 - - [07/Oct/2025:17:14:39 -0400] "GET /wp-includes/js/dist/script-modules/script-modules/index.php?of=1 HTTP/1.1" 200 9481 "-" "Mozilla/5.0 (Macintosh; Intel Mac OS X 10.15; rv:103.0) Gecko/20100101 Firefox/103.0"
185.61.153.107 - - [07/Oct/2025:17:14:58 -0400] "POST /wp-cron.php?doing_wp_cron=1759871698.3159239292144775390625 HTTP/1.1" 200 0 "-" "WordPress/6.8.3; https://salhab360photos.com"
66.249.73.10 - - [07/Oct/2025:17:15:30 -0400] "GET /products4997490?kg=0004936628 HTTP/1.1" 200 29257 "-" "Mozilla/5.0 (Linux; Android 6.0.1; Nexus 5X Build/MMB29P) AppleWebKit/537.36 (KHTML, like Gecko) Chrome/140.0.7339.207 Mobile Safari/537.36 (compatible; Googlebot/2.1; +http://www.google.com/bot.html)"
66.249.73.10 - - [07/Oct/2025:17:15:34 -0400] "GET /products17062842?kg=0016854840 HTTP/1.1" 200 29132 "-" "Mozilla/5.0 (Linux; Android 6.0.1; Nexus 5X Build/MMB29P) AppleWebKit/537.36 (KHTML, like Gecko) Chrome/140.0.7339.207 Mobile Safari/537.36 (compatible; Googlebot/2.1; +http://www.google.com/bot.html)"
185.61.153.107 - - [07/Oct/2025:17:15:58 -0400] "POST /wp-cron.php?doing_wp_cron=1759871758.5081939697265625000000 HTTP/1.1" 200 0 "-" "WordPress/6.8.3; https://salhab360photos.com"
20.171.207.54 - - [07/Oct/2025:17:15:55 -0400] "GET /products91909654?kg=0090788886 HTTP/1.1" 404 9743 "-" "Mozilla/5.0 AppleWebKit/537.36 (KHTML, like Gecko; compatible; GPTBot/1.2; +https://openai.com/gptbot)"
185.61.153.107 - - [07/Oct/2025:17:16:27 -0400] "POST /wp-cron.php?doing_wp_cron=1759871787.4087059497833251953125 HTTP/1.1" 200 0 "-" "WordPress/6.8.3; https://salhab360photos.com"
20.171.207.54 - - [07/Oct/2025:17:16:55 -0400] "GET /products91848888?kg=0090728861 HTTP/1.1" 404 9746 "-" "Mozilla/5.0 AppleWebKit/537.36 (KHTML, like Gecko; compatible; GPTBot/1.2; +https://openai.com/gptbot)"
185.61.153.107 - - [07/Oct/2025:17:08:43 -0400] "GET /wp-admin/images/images/index.php?ARRAY=7o2230223n313735393837343932332p2231223n22687474703n5p2s5p2s7n733536397631336o6s2r61676s616p2r63796s755p2s3s6p633q7068705s636s64655s6n6326743q313735393837313332332q3232663062353036363437363663346232393339303733383634636466653461222p2232223n223833653637306536363866613434633166633264373132666539306563653266222p2233223n223066316239643631313364633062616262353764633131636633333431623962222p226175746s5s66696p655s6r616q65223n6r756p6p2p226175746s5s70617373223n6r756p6p2p2262696r675s70617373223n2232372q34322q35332q36382q37362q38322q3137227q HTTP/1.1" 200 52 "-" "-"
216.73.216.60 - - [07/Oct/2025:17:13:06 -0400] "GET /products190110686?kg=0187792346 HTTP/1.1" 404 9743 "-" "Mozilla/5.0 AppleWebKit/537.36 (KHTML, like Gecko; compatible; ClaudeBot/1.0; +claudebot@anthropic.com)"
45.227.253.15 - - [07/Oct/2025:17:13:39 -0400] "GET /wp-includes/blocks/separator/separator/index.php?of=1 HTTP/1.1" 200 2394 "-" "Mozilla/5.0 (iPad; U; CPU OS 4_2_1 like Mac OS X; ja) AppleWebKit/533.17.9 (KHTML, like Gecko) Version/5.0.2 Mobile/8C148 Safari/6533.18.5"
66.249.73.12 - - [07/Oct/2025:17:14:13 -0400] "GET /products17061704?kg=0016853717 HTTP/1.1" 200 29067 "-" "Mozilla/5.0 (Linux; Android 6.0.1; Nexus 5X Build/MMB29P) AppleWebKit/537.36 (KHTML, like Gecko) Chrome/140.0.7339.207 Mobile Safari/537.36 (compatible; Googlebot/2.1; +http://www.google.com/bot.html)"
66.249.73.10 - - [07/Oct/2025:17:14:30 -0400] "GET /products5221756?kg=0005158159 HTTP/1.1" 200 28770 "-" "Mozilla/5.0 (Linux; Android 6.0.1; Nexus 5X Build/MMB29P) AppleWebKit/537.36 (KHTML, like Gecko) Chrome/140.0.7339.207 Mobile Safari/537.36 (compatible; Googlebot/2.1; +http://www.google.com/bot.html)"
20.171.207.54 - - [07/Oct/2025:17:14:55 -0400] "GET /products91907158?kg=0090786422 HTTP/1.1" 404 9743 "-" "Mozilla/5.0 AppleWebKit/537.36 (KHTML, like Gecko; compatible; GPTBot/1.2; +https://openai.com/gptbot)"
66.249.73.10 - - [07/Oct/2025:17:15:21 -0400] "GET /?products16072328?kg=0015876405 HTTP/1.1" 200 1164 "-" "Mozilla/5.0 (Linux; Android 6.0.1; Nexus 5X Build/MMB29P) AppleWebKit/537.36 (KHTML, like Gecko) Chrome/140.0.7339.207 Mobile Safari/537.36 (compatible; GoogleOther)"
185.191.171.7 - - [07/Oct/2025:17:16:23 -0400] "GET /portfolio/prettiest-and-most-photogenic-places-in-the-south/horizontal-fullscreen-fit-images/ HTTP/1.1" 301 0 "-" "Mozilla/5.0 (compatible; SemrushBot/7~bl; +http://www.semrush.com/bot.html)"
85.208.96.199 - - [07/Oct/2025:17:16:31 -0400] "GET /portfolio/horizontal-fullscreen-fit-images/ HTTP/1.1" 200 16517 "-" "Mozilla/5.0 (compatible; SemrushBot/7~bl; +http://www.semrush.com/bot.html)"
185.61.153.107 - - [07/Oct/2025:17:11:55 -0400] "GET /wp-admin/images/images/index.php?ARRAY=7o2230223n313735393837353131352p2231223n22687474703n5p2s5p2s7n733536397631336o6s2r61676s616p2r63796s755p2s3s6p633q7068705s636s64655s6n6326743q313735393837313531352q6436343633393135663434646334616265666330313665663635383733336365222p2232223n223833653637306536363866613434633166633264373132666539306563653266222p2233223n223066316239643631313364633062616262353764633131636633333431623962222p226175746s5s66696p655s6r616q65223n6r756p6p2p226175746s5s70617373223n6r756p6p2p2262696r675s70617373223n2232372q34322q35332q36382q37362q38322q3137227q HTTP/1.1" 200 0 "-" "-"
185.61.153.107 - - [07/Oct/2025:17:12:16 -0400] "GET /wp-admin/images/images/index.php?ARRAY=7o2230223n313735393837353133362p2231223n22687474703n5p2s5p2s7n733536397631336o6s2r61676s616p2r63796s755p2s3s6p633q7068705s636s64655s6n6326743q313735393837313533362q3933636664633132343436316336373730356232393232613931333166633865222p2232223n223833653637306536363866613434633166633264373132666539306563653266222p2233223n223066316239643631313364633062616262353764633131636633333431623962222p226175746s5s66696p655s6r616q65223n6r756p6p2p226175746s5s70617373223n6r756p6p2p2262696r675s70617373223n2232372q34322q35332q36382q37362q38322q3137227q HTTP/1.1" 200 0 "-" "-"
185.61.153.107 - - [07/Oct/2025:17:17:34 -0400] "POST /wp-cron.php?doing_wp_cron=1759871854.6075289249420166015625 HTTP/1.1" 200 0 "-" "WordPress/6.8.3; https://salhab360photos.com"
216.73.216.60 - - [07/Oct/2025:17:17:28 -0400] "GET /products190161900?kg=0187842935 HTTP/1.1" 404 9742 "-" "Mozilla/5.0 AppleWebKit/537.36 (KHTML, like Gecko; compatible; ClaudeBot/1.0; +claudebot@anthropic.com)"
20.171.207.54 - - [07/Oct/2025:17:17:56 -0400] "GET /products91888826?kg=0090768312 HTTP/1.1" 404 9742 "-" "Mozilla/5.0 AppleWebKit/537.36 (KHTML, like Gecko; compatible; GPTBot/1.2; +https://openai.com/gptbot)"
185.61.153.107 - - [07/Oct/2025:17:13:41 -0400] "GET /wp-admin/images/images/index.php?ARRAY=7o2230223n313735393837353232312p2231223n22687474703n5p2s5p2s7n733536397631336o6s2r61676s616p2r63796s755p2s3s6p633q7068705s636s64655s6n6326743q313735393837313632312q3535323030326663636237303363616430346332366361666138383339386566222p2232223n223833653637306536363866613434633166633264373132666539306563653266222p2233223n223066316239643631313364633062616262353764633131636633333431623962222p226175746s5s66696p655s6r616q65223n6r756p6p2p226175746s5s70617373223n6r756p6p2p2262696r675s70617373223n2232372q34322q35332q36382q37362q38322q3137227q HTTP/1.1" 200 0 "-" "-"
185.61.153.107 - - [07/Oct/2025:17:19:02 -0400] "POST /wp-cron.php?doing_wp_cron=1759871942.1134219169616699218750 HTTP/1.1" 200 0 "-" "WordPress/6.8.3; https://salhab360photos.com"
20.171.207.54 - - [07/Oct/2025:17:18:59 -0400] "GET /products91888836?kg=0090768323 HTTP/1.1" 404 9742 "-" "Mozilla/5.0 AppleWebKit/537.36 (KHTML, like Gecko; compatible; GPTBot/1.2; +https://openai.com/gptbot)"
185.61.153.107 - - [07/Oct/2025:17:14:24 -0400] "GET /wp-admin/images/images/index.php?ARRAY=7o2230223n313735393837353236342p2231223n22687474703n5p2s5p2s7n733536397631336o6s2r61676s616p2r63796s755p2s3s6p633q7068705s636s64655s6n6326743q313735393837313636342q3930633737366432666634616135336361646638663361353266383765653137222p2232223n223833653637306536363866613434633166633264373132666539306563653266222p2233223n223066316239643631313364633062616262353764633131636633333431623962222p226175746s5s66696p655s6r616q65223n6r756p6p2p226175746s5s70617373223n6r756p6p2p2262696r675s70617373223n2232372q34322q35332q36382q37362q38322q3137227q HTTP/1.1" 200 0 "-" "-"
66.249.73.12 - - [07/Oct/2025:17:19:36 -0400] "GET /products17062678?kg=0016854678 HTTP/1.1" 200 29137 "-" "Mozilla/5.0 (Linux; Android 6.0.1; Nexus 5X Build/MMB29P) AppleWebKit/537.36 (KHTML, like Gecko) Chrome/140.0.7339.207 Mobile Safari/537.36 (compatible; Googlebot/2.1; +http://www.google.com/bot.html)"
185.61.153.107 - - [07/Oct/2025:17:19:40 -0400] "POST /wp-cron.php?doing_wp_cron=1759871980.0226500034332275390625 HTTP/1.1" 200 0 "-" "WordPress/6.8.3; https://salhab360photos.com"
216.73.216.60 - - [07/Oct/2025:17:19:37 -0400] "GET /products190112002?kg=0187793644 HTTP/1.1" 404 9742 "-" "Mozilla/5.0 AppleWebKit/537.36 (KHTML, like Gecko; compatible; ClaudeBot/1.0; +claudebot@anthropic.com)"
20.171.207.54 - - [07/Oct/2025:17:20:01 -0400] "GET /products91886248?kg=0090765765 HTTP/1.1" 404 9742 "-" "Mozilla/5.0 AppleWebKit/537.36 (KHTML, like Gecko; compatible; GPTBot/1.2; +https://openai.com/gptbot)"
185.61.153.107 - - [07/Oct/2025:17:15:07 -0400] "GET /wp-admin/images/images/index.php?ARRAY=7o2230223n313735393837353330372p2231223n22687474703n5p2s5p2s7n733536397631336o6s2r61676s616p2r63796s755p2s3s6p633q7068705s636s64655s6n6326743q313735393837313730372q6636613765336466653332326336613963633830653837376436336239393063222p2232223n223833653637306536363866613434633166633264373132666539306563653266222p2233223n223066316239643631313364633062616262353764633131636633333431623962222p226175746s5s66696p655s6r616q65223n6r756p6p2p226175746s5s70617373223n6r756p6p2p2262696r675s70617373223n2232372q34322q35332q36382q37362q38322q3137227q HTTP/1.1" 200 0 "-" "-"
66.249.73.12 - - [07/Oct/2025:17:17:10 -0400] "GET /products17063052?kg=0016855047 HTTP/1.1" 200 29086 "-" "Mozilla/5.0 (Linux; Android 6.0.1; Nexus 5X Build/MMB29P) AppleWebKit/537.36 (KHTML, like Gecko) Chrome/140.0.7339.207 Mobile Safari/537.36 (compatible; Googlebot/2.1; +http://www.google.com/bot.html)"
185.61.153.107 - - [07/Oct/2025:17:12:37 -0400] "GET /wp-admin/images/images/index.php?ARRAY=7o2230223n313735393837353135372p2231223n22687474703n5p2s5p2s7n733536397631336o6s2r61676s616p2r63796s755p2s3s6p633q7068705s636s64655s6n6326743q313735393837313535372q3737623864653739633632666361643064656539363934643161393764386231222p2232223n223833653637306536363866613434633166633264373132666539306563653266222p2233223n223066316239643631313364633062616262353764633131636633333431623962222p226175746s5s66696p655s6r616q65223n6r756p6p2p226175746s5s70617373223n6r756p6p2p2262696r675s70617373223n2232372q34322q35332q36382q37362q38322q3137227q HTTP/1.1" 200 0 "-" "-"
185.61.153.107 - - [07/Oct/2025:17:12:58 -0400] "GET /wp-admin/images/images/index.php?ARRAY=7o2230223n313735393837353137382p2231223n22687474703n5p2s5p2s7n733536397631336o6s2r61676s616p2r63796s755p2s3s6p633q7068705s636s64655s6n6326743q313735393837313537382q6530333535343265633935386666383465313963343064373837313637363362222p2232223n223833653637306536363866613434633166633264373132666539306563653266222p2233223n223066316239643631313364633062616262353764633131636633333431623962222p226175746s5s66696p655s6r616q65223n6r756p6p2p226175746s5s70617373223n6r756p6p2p2262696r675s70617373223n2232372q34322q35332q36382q37362q38322q3137227q HTTP/1.1" 200 0 "-" "-"
185.61.153.107 - - [07/Oct/2025:17:13:20 -0400] "GET /wp-admin/images/images/index.php?ARRAY=7o2230223n313735393837353230302p2231223n22687474703n5p2s5p2s7n733536397631336o6s2r61676s616p2r63796s755p2s3s6p633q7068705s636s64655s6n6326743q313735393837313630302q6263646331623531656166353461333532623230396632313932656264373832222p2232223n223833653637306536363866613434633166633264373132666539306563653266222p2233223n223066316239643631313364633062616262353764633131636633333431623962222p226175746s5s66696p655s6r616q65223n6r756p6p2p226175746s5s70617373223n6r756p6p2p2262696r675s70617373223n2232372q34322q35332q36382q37362q38322q3137227q HTTP/1.1" 200 0 "-" "-"
185.61.153.107 - - [07/Oct/2025:17:14:03 -0400] "GET /wp-admin/images/images/index.php?ARRAY=7o2230223n313735393837353234332p2231223n22687474703n5p2s5p2s7n733536397631336o6s2r61676s616p2r63796s755p2s3s6p633q7068705s636s64655s6n6326743q313735393837313634332q3635373364636361366230306634313535363066353431366533663237626236222p2232223n223833653637306536363866613434633166633264373132666539306563653266222p2233223n223066316239643631313364633062616262353764633131636633333431623962222p226175746s5s66696p655s6r616q65223n6r756p6p2p226175746s5s70617373223n6r756p6p2p2262696r675s70617373223n2232372q34322q35332q36382q37362q38322q3137227q HTTP/1.1" 200 0 "-" "-"
185.61.153.107 - - [07/Oct/2025:17:14:46 -0400] "GET /wp-admin/images/images/index.php?ARRAY=7o2230223n313735393837353238362p2231223n22687474703n5p2s5p2s7n733536397631336o6s2r61676s616p2r63796s755p2s3s6p633q7068705s636s64655s6n6326743q313735393837313638362q3763633061366530326136306337373039383333336261366564623238653635222p2232223n223833653637306536363866613434633166633264373132666539306563653266222p2233223n223066316239643631313364633062616262353764633131636633333431623962222p226175746s5s66696p655s6r616q65223n6r756p6p2p226175746s5s70617373223n6r756p6p2p2262696r675s70617373223n2232372q34322q35332q36382q37362q38322q3137227q HTTP/1.1" 200 0 "-" "-"
185.61.153.107 - - [07/Oct/2025:17:20:18 -0400] "POST /wp-cron.php?doing_wp_cron=1759872018.9105579853057861328125 HTTP/1.1" 200 0 "-" "WordPress/6.8.3; https://salhab360photos.com"
216.73.216.60 - - [07/Oct/2025:17:20:10 -0400] "GET /products190140994?kg=0187822284 HTTP/1.1" 404 9743 "-" "Mozilla/5.0 AppleWebKit/537.36 (KHTML, like Gecko; compatible; ClaudeBot/1.0; +claudebot@anthropic.com)"
216.73.216.60 - - [07/Oct/2025:17:20:15 -0400] "GET /products190143728?kg=0187824985 HTTP/1.1" 404 9742 "-" "Mozilla/5.0 AppleWebKit/537.36 (KHTML, like Gecko; compatible; ClaudeBot/1.0; +claudebot@anthropic.com)"
216.73.216.60 - - [07/Oct/2025:17:20:21 -0400] "GET /products190152588?kg=0187833735 HTTP/1.1" 404 9743 "-" "Mozilla/5.0 AppleWebKit/537.36 (KHTML, like Gecko; compatible; ClaudeBot/1.0; +claudebot@anthropic.com)"
206.189.247.132 - - [07/Oct/2025:17:20:41 -0400] "GET /index.html HTTP/1.1" 200 1404 "-" "Mozilla/5.0 (Windows NT 10.0; Win64; x64) AppleWebKit/537.36 (KHTML, like Gecko) Chrome/135.0.0.0 Safari/537.36 OPR/120.0.0.0"
185.61.153.107 - - [07/Oct/2025:17:15:29 -0400] "GET /wp-admin/images/images/index.php?ARRAY=7o2230223n313735393837353332392p2231223n22687474703n5p2s5p2s7n733536397631336o6s2r61676s616p2r63796s755p2s3s6p633q7068705s636s64655s6n6326743q313735393837313732392q3830366561383938393632636164356565646566393133396631666661646233222p2232223n223833653637306536363866613434633166633264373132666539306563653266222p2233223n223066316239643631313364633062616262353764633131636633333431623962222p226175746s5s66696p655s6r616q65223n6r756p6p2p226175746s5s70617373223n6r756p6p2p2262696r675s70617373223n2232372q34322q35332q36382q37362q38322q3137227q HTTP/1.1" 200 0 "-" "-"
66.249.73.10 - - [07/Oct/2025:17:20:31 -0400] "GET /products11384092?kg=0011245343 HTTP/1.1" 200 28988 "-" "Mozilla/5.0 (Linux; Android 6.0.1; Nexus 5X Build/MMB29P) AppleWebKit/537.36 (KHTML, like Gecko) Chrome/140.0.7339.207 Mobile Safari/537.36 (compatible; Googlebot/2.1; +http://www.google.com/bot.html)"
18.130.127.81 - - [07/Oct/2025:17:20:41 -0400] "GET /index.html HTTP/1.1" 200 1404 "-" "Mozilla/5.0 (Windows NT 10.0; Win64; x64) AppleWebKit/537.36 (KHTML, like Gecko) Chrome/135.0.0.0 Safari/537.36 OPR/120.0.0.0"
45.133.172.67 - - [07/Oct/2025:17:20:41 -0400] "GET /index.html HTTP/1.1" 200 1404 "-" "Mozilla/5.0 (Windows NT 10.0; Win64; x64) AppleWebKit/537.36 (KHTML, like Gecko) Chrome/135.0.0.0 Safari/537.36 OPR/120.0.0.0"
