20.171.207.52 - - [05/Oct/2025:08:59:03 -0400] "GET /upload/save_image/132011_image_1_l.jpg?path=//proc/self/root/opt/cloudlinux/alt-php71/root/usr/include/php/main/streams HTTP/1.1" 200 3172 "-" "Mozilla/5.0 AppleWebKit/537.36 (KHTML, like Gecko; compatible; GPTBot/1.2; +https://openai.com/gptbot)"
3.94.40.182 - - [05/Oct/2025:08:59:05 -0400] "GET /services/?fileloc=//lib/node_modules/npm/node_modules/decamelize/license&path=//lib/node_modules/npm/node_modules/decamelize HTTP/1.1" 200 3654 "-" "Mozilla/5.0 AppleWebKit/537.36 (KHTML, like Gecko; compatible; Amazonbot/0.1; +https://developer.amazon.com/support/amazonbot) Chrome/119.0.6045.214 Safari/537.36"
20.171.207.232 - - [05/Oct/2025:08:59:06 -0400] "GET /?path=//proc/self/root/proc/self/root/opt/alt/alt-nodejs11/root/usr/lib/node_modules/npm/node_modules.bundled/semver HTTP/1.1" 200 3182 "-" "Mozilla/5.0 AppleWebKit/537.36 (KHTML, like Gecko; compatible; GPTBot/1.2; +https://openai.com/gptbot)"
216.73.216.36 - - [05/Oct/2025:08:59:06 -0400] "GET /products/gauge-demo.gif?path=%2Fhome%2Fsalhiscp%2Flscache%2F2%2Fd%2F5 HTTP/1.1" 200 3512 "-" "Mozilla/5.0 AppleWebKit/537.36 (KHTML, like Gecko; compatible; ClaudeBot/1.0; +claudebot@anthropic.com)"
37.27.55.74 - - [05/Oct/2025:08:59:06 -0400] "GET /theorie-des-probabilites-au-riviera-casino-guide-pour-joueurs-avises/?path=/lib/locale/en_SG.utf8 HTTP/1.1" 200 3915 "-" "Mozilla/5.0 (compatible; BLEXBot/1.0; +https://help.seranking.com/en/blex-crawler)"
20.171.207.52 - - [05/Oct/2025:08:59:06 -0400] "GET /upload/save_image/132011_image_1_l.jpg?fileloc=//proc/self/root/opt/cloudlinux/alt-php54/root/usr/include/php/ext/spl/spl_directory.h&path=//proc/self/root/opt/cloudlinux/alt-php54/root/usr/include/php/ext/spl HTTP/1.1" 200 4384 "-" "Mozilla/5.0 AppleWebKit/537.36 (KHTML, like Gecko; compatible; GPTBot/1.2; +https://openai.com/gptbot)"
57.141.0.53 - - [05/Oct/2025:08:59:07 -0400] "GET /1694022487?fileloc=/home/salhiscp/public_html/product.php&path=/home/salhiscp/public_html HTTP/1.1" 200 12352 "-" "meta-externalagent/1.1 (+https://developers.facebook.com/docs/sharing/webmasters/crawler)"
216.73.216.36 - - [05/Oct/2025:08:59:09 -0400] "GET /b_white?fileloc=%2F%2Fvar%2Fsoftaculous%2Fninja%2Fphp71%2Fupgrade.php&path=%2F%2Fvar%2Fsoftaculous%2Fninja%2Fphp71 HTTP/1.1" 200 9665 "-" "Mozilla/5.0 AppleWebKit/537.36 (KHTML, like Gecko; compatible; ClaudeBot/1.0; +claudebot@anthropic.com)"
20.171.207.52 - - [05/Oct/2025:08:59:10 -0400] "GET /upload/save_image/132011_image_1_l.jpg?path=//proc/self/root/opt/cloudlinux/alt-php54/root/etc/php-fpm.d HTTP/1.1" 403 1242 "-" "Mozilla/5.0 AppleWebKit/537.36 (KHTML, like Gecko; compatible; GPTBot/1.2; +https://openai.com/gptbot)"
20.171.207.232 - - [05/Oct/2025:08:59:10 -0400] "GET /?path=//proc/self/root/proc/self/root/opt/alt/alt-nodejs11/root/usr/lib/node_modules/npm/node_modules.bundled/cli-columns HTTP/1.1" 200 3149 "-" "Mozilla/5.0 AppleWebKit/537.36 (KHTML, like Gecko; compatible; GPTBot/1.2; +https://openai.com/gptbot)"
136.243.220.209 - - [05/Oct/2025:08:58:58 -0400] "GET /products/175vu6926?fileloc=/home/salhiscp/public_html/googlefdfa70c42332752b.html&path=/home/salhiscp/public_html HTTP/1.1" 200 2519 "-" "Mozilla/5.0 (compatible; DataForSeoBot/1.0; +https://dataforseo.com/dataforseo-bot)"
20.171.207.232 - - [05/Oct/2025:08:58:58 -0400] "GET /?path=//proc/self/root/proc/self/root/opt/alt/alt-nodejs14/root/usr/lib/node_modules/npm/node_modules/spdx-exceptions HTTP/1.1" 200 3009 "-" "Mozilla/5.0 AppleWebKit/537.36 (KHTML, like Gecko; compatible; GPTBot/1.2; +https://openai.com/gptbot)"
216.73.216.36 - - [05/Oct/2025:08:58:58 -0400] "GET /products/gauge-demo.gif?path=%2Fhome%2Fsalhiscp%2Flscache%2F5%2Fd%2F2 HTTP/1.1" 200 3372 "-" "Mozilla/5.0 AppleWebKit/537.36 (KHTML, like Gecko; compatible; ClaudeBot/1.0; +claudebot@anthropic.com)"
37.27.55.74 - - [05/Oct/2025:08:58:58 -0400] "GET /theorie-des-probabilites-au-riviera-casino-guide-pour-joueurs-avises/?path=/lib/locale/en_SC.utf8 HTTP/1.1" 200 3920 "-" "Mozilla/5.0 (compatible; BLEXBot/1.0; +https://help.seranking.com/en/blex-crawler)"
20.171.207.232 - - [05/Oct/2025:08:59:02 -0400] "GET /?path=//proc/self/root/proc/self/root/opt/alt/alt-nodejs14/root/usr/lib/node_modules/npm/node_modules/iconv-lite/encodings/tables HTTP/1.1" 200 3225 "-" "Mozilla/5.0 AppleWebKit/537.36 (KHTML, like Gecko; compatible; GPTBot/1.2; +https://openai.com/gptbot)"
216.73.216.36 - - [05/Oct/2025:08:59:03 -0400] "GET /products/gauge-demo.gif?path=%2Fhome%2Fsalhiscp%2Flscache%2F7%2F3%2F4 HTTP/1.1" 200 3570 "-" "Mozilla/5.0 AppleWebKit/537.36 (KHTML, like Gecko; compatible; ClaudeBot/1.0; +claudebot@anthropic.com)"
136.243.220.209 - - [05/Oct/2025:08:59:07 -0400] "GET /products/175vu6926?fileloc=/home/salhiscp/public_html/index.php0&path=/home/salhiscp/public_html HTTP/1.1" 200 16732 "-" "Mozilla/5.0 (compatible; DataForSeoBot/1.0; +https://dataforseo.com/dataforseo-bot)"
20.171.207.52 - - [05/Oct/2025:08:59:09 -0400] "GET /upload/save_image/132011_image_1_l.jpg?path=//proc/self/root/opt/cloudlinux/alt-php71/root/etc/php-fpm.d HTTP/1.1" 403 1242 "-" "Mozilla/5.0 AppleWebKit/537.36 (KHTML, like Gecko; compatible; GPTBot/1.2; +https://openai.com/gptbot)"
20.171.207.232 - - [05/Oct/2025:08:59:09 -0400] "GET /?path=//proc/self/root/proc/self/root/opt/alt/alt-nodejs14/root/usr/lib/node_modules/npm/node_modules/mime-types HTTP/1.1" 200 3129 "-" "Mozilla/5.0 AppleWebKit/537.36 (KHTML, like Gecko; compatible; GPTBot/1.2; +https://openai.com/gptbot)"
3.223.134.5 - - [05/Oct/2025:08:59:09 -0400] "GET /?path=//proc/self/root/proc/self/root/home/salhiscp/lscache/4/1/8 HTTP/1.1" 200 3920 "-" "Mozilla/5.0 AppleWebKit/537.36 (KHTML, like Gecko; compatible; Amazonbot/0.1; +https://developer.amazon.com/support/amazonbot) Chrome/119.0.6045.214 Safari/537.36"
20.171.207.52 - - [05/Oct/2025:08:59:11 -0400] "GET /upload/save_image/132011_image_1_l.jpg?path=//proc/self/root/opt/cloudlinux/alt-php71/root/etc/mariadb1011 HTTP/1.1" 403 1242 "-" "Mozilla/5.0 AppleWebKit/537.36 (KHTML, like Gecko; compatible; GPTBot/1.2; +https://openai.com/gptbot)"
136.243.220.209 - - [05/Oct/2025:08:59:11 -0400] "GET /products/175vu6926?fileloc=/home/salhiscp/public_html/wp-blog-header.php&path=/home/salhiscp/public_html HTTP/1.1" 200 2801 "-" "Mozilla/5.0 (compatible; DataForSeoBot/1.0; +https://dataforseo.com/dataforseo-bot)"
20.171.207.52 - - [05/Oct/2025:08:59:12 -0400] "GET /upload/save_image/132011_image_1_l.jpg?path=//proc/self/root/opt/cloudlinux/alt-php54/root/usr/lib64/php HTTP/1.1" 200 2919 "-" "Mozilla/5.0 AppleWebKit/537.36 (KHTML, like Gecko; compatible; GPTBot/1.2; +https://openai.com/gptbot)"
136.243.220.209 - - [05/Oct/2025:08:59:15 -0400] "GET /products/175vu6926?fileloc=/home/salhiscp/public_html/wp-config.php&path=/home/salhiscp/public_html HTTP/1.1" 403 1242 "-" "Mozilla/5.0 (compatible; DataForSeoBot/1.0; +https://dataforseo.com/dataforseo-bot)"
57.141.0.5 - - [05/Oct/2025:08:59:10 -0400] "GET /1788786822?path=/home/salhiscp/public_html HTTP/1.1" 200 65363 "-" "meta-externalagent/1.1 (+https://developers.facebook.com/docs/sharing/webmasters/crawler)"
20.171.207.232 - - [05/Oct/2025:08:59:11 -0400] "GET /?path=//proc/self/root/proc/self/root/opt/alt/alt-nodejs14/root/usr/lib/node_modules/npm/node_modules/strip-eof HTTP/1.1" 200 3022 "-" "Mozilla/5.0 AppleWebKit/537.36 (KHTML, like Gecko; compatible; GPTBot/1.2; +https://openai.com/gptbot)"
216.73.216.36 - - [05/Oct/2025:08:59:11 -0400] "GET /b_white?fileloc=%2F%2Fvar%2Fsoftaculous%2Fninja%2Fphp53%2Fupgrade.php&path=%2F%2Fvar%2Fsoftaculous%2Fninja%2Fphp53 HTTP/1.1" 200 8571 "-" "Mozilla/5.0 AppleWebKit/537.36 (KHTML, like Gecko; compatible; ClaudeBot/1.0; +claudebot@anthropic.com)"
20.171.207.232 - - [05/Oct/2025:08:59:12 -0400] "GET /?path=//proc/self/root/proc/self/root/opt/alt/alt-nodejs11/root/usr/lib/node_modules/npm/node_modules.bundled/gauge HTTP/1.1" 200 3686 "-" "Mozilla/5.0 AppleWebKit/537.36 (KHTML, like Gecko; compatible; GPTBot/1.2; +https://openai.com/gptbot)"
51.68.247.194 - - [05/Oct/2025:08:59:12 -0400] "GET /?fileloc=//lib/firmware/iwlwifi-ty-a0-gf-a0-59.ucode&path=//lib/firmware HTTP/1.1" 200 507068 "-" "Mozilla/5.0 (compatible; AhrefsBot/7.0; +http://ahrefs.com/robot/)"
37.27.55.74 - - [05/Oct/2025:08:59:12 -0400] "GET /theorie-des-probabilites-au-riviera-casino-guide-pour-joueurs-avises/?path=/lib/locale/en_US.utf8 HTTP/1.1" 200 3937 "-" "Mozilla/5.0 (compatible; BLEXBot/1.0; +https://help.seranking.com/en/blex-crawler)"
23.21.175.228 - - [05/Oct/2025:08:59:13 -0400] "GET /portfolio/?path=//proc/self/root/proc/self/root/opt/cloudlinux/venv/lib64/python3.11/site-packages/pyfakefs HTTP/1.1" 200 4468 "-" "Mozilla/5.0 AppleWebKit/537.36 (KHTML, like Gecko; compatible; Amazonbot/0.1; +https://developer.amazon.com/support/amazonbot) Chrome/119.0.6045.214 Safari/537.36"
20.171.207.52 - - [05/Oct/2025:08:59:15 -0400] "GET /upload/save_image/132011_image_1_l.jpg?path=//var/softaculous/logaholic/php81 HTTP/1.1" 200 2970 "-" "Mozilla/5.0 AppleWebKit/537.36 (KHTML, like Gecko; compatible; GPTBot/1.2; +https://openai.com/gptbot)"
20.171.207.52 - - [05/Oct/2025:08:59:18 -0400] "GET /upload/save_image/132011_image_1_l.jpg?path=//proc/self/root/opt/cloudlinux/alt-php54/root/etc/mariadb1011 HTTP/1.1" 403 1242 "-" "Mozilla/5.0 AppleWebKit/537.36 (KHTML, like Gecko; compatible; GPTBot/1.2; +https://openai.com/gptbot)"
217.113.194.13 - - [05/Oct/2025:08:59:15 -0400] "GET /pin-up-on-line-casino-brasil-site-oficial/feed/?path=/home/salhiscp/public_html HTTP/1.1" 200 5167 "-" "Mozilla/5.0 (compatible; Barkrowler/0.9; +https://babbar.tech/crawler)"
20.171.207.232 - - [05/Oct/2025:08:59:15 -0400] "GET /?path=//proc/self/root/proc/self/root/opt/alt/alt-nodejs11/root/usr/lib/node_modules/npm/node_modules.bundled/semver/bin HTTP/1.1" 200 2939 "-" "Mozilla/5.0 AppleWebKit/537.36 (KHTML, like Gecko; compatible; GPTBot/1.2; +https://openai.com/gptbot)"
216.73.216.36 - - [05/Oct/2025:08:59:16 -0400] "GET /products/gauge-demo.gif?path=%2Fhome%2Fsalhiscp%2Flscache%2Fa%2F4%2F6 HTTP/1.1" 200 3333 "-" "Mozilla/5.0 AppleWebKit/537.36 (KHTML, like Gecko; compatible; ClaudeBot/1.0; +claudebot@anthropic.com)"
57.141.0.35 - - [05/Oct/2025:08:59:17 -0400] "GET /688013689?fileloc=/home/salhiscp/public_html/wp-includes/class-wp-http-encoding.php&path=/home/salhiscp/public_html/wp-includes HTTP/1.1" 200 19424 "-" "meta-externalagent/1.1 (+https://developers.facebook.com/docs/sharing/webmasters/crawler)"
216.73.216.36 - - [05/Oct/2025:08:59:19 -0400] "GET /products/gauge-demo.gif?path=%2Fhome%2Fsalhiscp%2Flscache%2F7%2F7%2F8 HTTP/1.1" 200 3655 "-" "Mozilla/5.0 AppleWebKit/537.36 (KHTML, like Gecko; compatible; ClaudeBot/1.0; +claudebot@anthropic.com)"
37.27.55.74 - - [05/Oct/2025:08:59:18 -0400] "GET /theorie-des-probabilites-au-riviera-casino-guide-pour-joueurs-avises/?path=/lib/locale/en_US@ampm HTTP/1.1" 200 3907 "-" "Mozilla/5.0 (compatible; BLEXBot/1.0; +https://help.seranking.com/en/blex-crawler)"
216.73.216.36 - - [05/Oct/2025:08:59:13 -0400] "GET /products/117ap37814?fileloc=%2F%2Flib%2Ffirmware%2Fnvidia%2Ftu106%2Facr%2Fbl.bin&path=%2F%2Flib%2Ffirmware%2Fnvidia%2Ftu106%2Facr HTTP/1.1" 200 2814 "-" "Mozilla/5.0 AppleWebKit/537.36 (KHTML, like Gecko; compatible; ClaudeBot/1.0; +claudebot@anthropic.com)"
47.128.41.65 - - [05/Oct/2025:08:59:13 -0400] "GET /category/uncategorized/?fileloc=%2F%2Flib%2F.build-id%2Fab%2F17afcda1434a7724b5adf8c34c98b15b74b62a&path=%2F%2Flib%2F.build-id%2Fab HTTP/1.1" 200 5700 "-" "Mozilla/5.0 (Linux; Android 5.0) AppleWebKit/537.36 (KHTML, like Gecko) Mobile Safari/537.36 (compatible; Bytespider; spider-feedback@bytedance.com)"
57.141.0.53 - - [05/Oct/2025:08:59:13 -0400] "GET /1693792010?path=/ HTTP/1.1" 200 30401 "-" "meta-externalagent/1.1 (+https://developers.facebook.com/docs/sharing/webmasters/crawler)"
216.244.66.235 - - [05/Oct/2025:08:59:16 -0400] "GET /ping-g400-7w-20-5-fairway-wood-head-only-right-handed-used-japan-a705-Q0dCFkRXX1lWVAYH?path=/home/salhiscp/public_html HTTP/1.1" 200 65363 "-" "Mozilla/5.0 (compatible; DotBot/1.2; +https://opensiteexplorer.org/dotbot; help@moz.com)"
100.29.160.53 - - [05/Oct/2025:08:59:17 -0400] "GET /contact/?path=//proc/self/root/proc/self/root/home/salhiscp/lscache/2/8/1 HTTP/1.1" 200 4446 "-" "Mozilla/5.0 AppleWebKit/537.36 (KHTML, like Gecko; compatible; Amazonbot/0.1; +https://developer.amazon.com/support/amazonbot) Chrome/119.0.6045.214 Safari/537.36"
20.171.207.232 - - [05/Oct/2025:08:59:19 -0400] "GET /?path=//proc/self/root/proc/self/root/opt/alt/alt-nodejs14/root/usr/lib/node_modules/npm/node_modules/worker-farm HTTP/1.1" 200 3341 "-" "Mozilla/5.0 AppleWebKit/537.36 (KHTML, like Gecko; compatible; GPTBot/1.2; +https://openai.com/gptbot)"
136.243.220.209 - - [05/Oct/2025:08:59:19 -0400] "GET /products/175vu6926?path=/home/salhiscp/public_html/e2fa9f HTTP/1.1" 200 2948 "-" "Mozilla/5.0 (compatible; DataForSeoBot/1.0; +https://dataforseo.com/dataforseo-bot)"
20.171.207.52 - - [05/Oct/2025:08:59:21 -0400] "GET /upload/save_image/132011_image_1_l.jpg?path=//var/softaculous/raphael/php82 HTTP/1.1" 200 2824 "-" "Mozilla/5.0 AppleWebKit/537.36 (KHTML, like Gecko; compatible; GPTBot/1.2; +https://openai.com/gptbot)"
20.171.207.52 - - [05/Oct/2025:08:59:23 -0400] "GET /upload/save_image/132011_image_1_l.jpg?path=//proc/self/root/opt/cloudlinux/alt-php54/root/etc/php.d HTTP/1.1" 403 1242 "-" "Mozilla/5.0 AppleWebKit/537.36 (KHTML, like Gecko; compatible; GPTBot/1.2; +https://openai.com/gptbot)"
57.141.0.39 - - [05/Oct/2025:08:59:21 -0400] "GET /648731890?fileloc=/home/salhiscp/public_html/product.php&path=/home/salhiscp/public_html HTTP/1.1" 200 12352 "-" "meta-externalagent/1.1 (+https://developers.facebook.com/docs/sharing/webmasters/crawler)"
20.171.207.232 - - [05/Oct/2025:08:59:21 -0400] "GET /?path=//proc/self/root/proc/self/root/opt/alt/alt-nodejs11/root/usr/lib/node_modules/npm/node_modules.bundled/prr HTTP/1.1" 200 3205 "-" "Mozilla/5.0 AppleWebKit/537.36 (KHTML, like Gecko; compatible; GPTBot/1.2; +https://openai.com/gptbot)"
54.37.118.64 - - [05/Oct/2025:08:59:21 -0400] "GET /?fileloc=//lib/firmware/iwlwifi-so-a0-jf-b0-73.ucode&path=//lib/firmware HTTP/1.1" 200 495955 "-" "Mozilla/5.0 (compatible; AhrefsBot/7.0; +http://ahrefs.com/robot/)"
20.171.207.52 - - [05/Oct/2025:08:59:24 -0400] "GET /upload/save_image/132011_image_1_l.jpg?path=//var/softaculous/arastta/php82 HTTP/1.1" 200 2927 "-" "Mozilla/5.0 AppleWebKit/537.36 (KHTML, like Gecko; compatible; GPTBot/1.2; +https://openai.com/gptbot)"
216.73.216.36 - - [05/Oct/2025:08:59:24 -0400] "GET /products/gauge-demo.gif?path=%2Fhome%2Fsalhiscp%2Flscache%2F3%2F6%2F5 HTTP/1.1" 200 3477 "-" "Mozilla/5.0 AppleWebKit/537.36 (KHTML, like Gecko; compatible; ClaudeBot/1.0; +claudebot@anthropic.com)"
20.171.207.232 - - [05/Oct/2025:08:59:24 -0400] "GET /?path=//proc/self/root/proc/self/root/opt/alt/alt-nodejs14/root/usr/lib/node_modules/npm/node_modules/libnpm HTTP/1.1" 200 4060 "-" "Mozilla/5.0 AppleWebKit/537.36 (KHTML, like Gecko; compatible; GPTBot/1.2; +https://openai.com/gptbot)"
20.171.207.52 - - [05/Oct/2025:08:59:19 -0400] "GET /upload/save_image/132011_image_1_l.jpg?path=//var/softaculous/joomla30/images HTTP/1.1" 200 2872 "-" "Mozilla/5.0 AppleWebKit/537.36 (KHTML, like Gecko; compatible; GPTBot/1.2; +https://openai.com/gptbot)"
52.204.37.237 - - [05/Oct/2025:08:59:21 -0400] "GET /services/?fileloc=//proc/thread-self/root/usr/lib/node_modules/npm/man/man7/pcap-filter.7.gz&path=//proc/thread-self/root/usr/lib/node_modules/npm/man/man7 HTTP/1.1" 200 12131 "-" "Mozilla/5.0 AppleWebKit/537.36 (KHTML, like Gecko; compatible; Amazonbot/0.1; +https://developer.amazon.com/support/amazonbot) Chrome/119.0.6045.214 Safari/537.36"
216.73.216.36 - - [05/Oct/2025:08:59:22 -0400] "GET /products/gauge-demo.gif?path=%2Fhome%2Fsalhiscp%2Flscache%2F3%2F6%2F7 HTTP/1.1" 200 3453 "-" "Mozilla/5.0 AppleWebKit/537.36 (KHTML, like Gecko; compatible; ClaudeBot/1.0; +claudebot@anthropic.com)"
136.243.220.209 - - [05/Oct/2025:08:59:23 -0400] "GET /products/175vu6926?fileloc=/home/salhiscp/public_html/googlea7b76dea880c4e87.html&path=/home/salhiscp/public_html HTTP/1.1" 200 2518 "-" "Mozilla/5.0 (compatible; DataForSeoBot/1.0; +https://dataforseo.com/dataforseo-bot)"
37.27.55.74 - - [05/Oct/2025:08:59:24 -0400] "GET /theorie-des-probabilites-au-riviera-casino-guide-pour-joueurs-avises/?path=/lib/locale/en_ZA.utf8 HTTP/1.1" 200 3899 "-" "Mozilla/5.0 (compatible; BLEXBot/1.0; +https://help.seranking.com/en/blex-crawler)"
18.209.201.119 - - [05/Oct/2025:08:59:25 -0400] "GET /portfolio/?fileloc=//proc/thread-self/root/opt/alt/php80/usr/include/php/main/fopen_wrappers.h&path=//proc/thread-self/root/opt/alt/php80/usr/include/php/main HTTP/1.1" 200 3814 "-" "Mozilla/5.0 AppleWebKit/537.36 (KHTML, like Gecko; compatible; Amazonbot/0.1; +https://developer.amazon.com/support/amazonbot) Chrome/119.0.6045.214 Safari/537.36"
20.171.207.52 - - [05/Oct/2025:08:59:26 -0400] "GET /upload/save_image/132011_image_1_l.jpg?path=//var/softaculous/presta14/images HTTP/1.1" 200 2870 "-" "Mozilla/5.0 AppleWebKit/537.36 (KHTML, like Gecko; compatible; GPTBot/1.2; +https://openai.com/gptbot)"
20.171.207.232 - - [05/Oct/2025:08:59:27 -0400] "GET /?path=//proc/self/root/proc/self/root/opt/alt/alt-nodejs14/root/usr/lib/node_modules/npm/node_modules/iconv-lite/lib HTTP/1.1" 200 3076 "-" "Mozilla/5.0 AppleWebKit/537.36 (KHTML, like Gecko; compatible; GPTBot/1.2; +https://openai.com/gptbot)"
216.73.216.36 - - [05/Oct/2025:08:59:28 -0400] "GET /b_white?fileloc=%2F%2Fvar%2Fsoftaculous%2Fsoho%2Fedit.xml&path=%2F%2Fvar%2Fsoftaculous%2Fsoho HTTP/1.1" 200 2694 "-" "Mozilla/5.0 AppleWebKit/537.36 (KHTML, like Gecko; compatible; ClaudeBot/1.0; +claudebot@anthropic.com)"
37.27.55.74 - - [05/Oct/2025:08:59:29 -0400] "GET /theorie-des-probabilites-au-riviera-casino-guide-pour-joueurs-avises/?path=/lib/locale/en_ZW.utf8 HTTP/1.1" 200 3915 "-" "Mozilla/5.0 (compatible; BLEXBot/1.0; +https://help.seranking.com/en/blex-crawler)"
20.171.207.232 - - [05/Oct/2025:08:59:30 -0400] "GET /?path=//proc/self/root/proc/self/root/opt/alt/alt-nodejs14/root/usr/lib/node_modules/npm/node_modules/unpipe HTTP/1.1" 200 3080 "-" "Mozilla/5.0 AppleWebKit/537.36 (KHTML, like Gecko; compatible; GPTBot/1.2; +https://openai.com/gptbot)"
216.73.216.36 - - [05/Oct/2025:08:59:31 -0400] "GET /b_white?fileloc=%2F%2Fvar%2Fsoftaculous%2Fnet2ftp%2Fimages%2Fnet2ftp.png&path=%2F%2Fvar%2Fsoftaculous%2Fnet2ftp%2Fimages HTTP/1.1" 200 7930 "-" "Mozilla/5.0 AppleWebKit/537.36 (KHTML, like Gecko; compatible; ClaudeBot/1.0; +claudebot@anthropic.com)"
20.171.207.52 - - [05/Oct/2025:08:59:32 -0400] "GET /upload/save_image/132011_image_1_l.jpg?path=//var/softaculous/toaster/php81 HTTP/1.1" 200 2925 "-" "Mozilla/5.0 AppleWebKit/537.36 (KHTML, like Gecko; compatible; GPTBot/1.2; +https://openai.com/gptbot)"
57.141.0.74 - - [05/Oct/2025:08:59:31 -0400] "GET /724170572?fileloc=/home/salhiscp/public_html/item.php&path=/home/salhiscp/public_html HTTP/1.1" 200 14515 "-" "meta-externalagent/1.1 (+https://developers.facebook.com/docs/sharing/webmasters/crawler)"
57.141.0.44 - - [05/Oct/2025:08:59:24 -0400] "GET /487124568?fileloc=/home/salhiscp/public_html/wp-includes/theme.json&path=/home/salhiscp/public_html/wp-includes HTTP/1.1" 200 25608 "-" "meta-externalagent/1.1 (+https://developers.facebook.com/docs/sharing/webmasters/crawler)"
216.73.216.36 - - [05/Oct/2025:08:59:26 -0400] "GET /b_white?fileloc=%2F%2Fvar%2Fsoftaculous%2Fwacart%2Fedit.xml&path=%2F%2Fvar%2Fsoftaculous%2Fwacart HTTP/1.1" 200 2697 "-" "Mozilla/5.0 AppleWebKit/537.36 (KHTML, like Gecko; compatible; ClaudeBot/1.0; +claudebot@anthropic.com)"
136.243.220.209 - - [05/Oct/2025:08:59:27 -0400] "GET /products/175vu6926?fileloc=/home/salhiscp/public_html/wp-settings.php&path=/home/salhiscp/public_html HTTP/1.1" 200 8774 "-" "Mozilla/5.0 (compatible; DataForSeoBot/1.0; +https://dataforseo.com/dataforseo-bot)"
20.171.207.52 - - [05/Oct/2025:08:59:28 -0400] "GET /upload/save_image/132011_image_1_l.jpg?path=//proc/self/root/opt/cloudlinux/alt-php71/root/usr/lib64 HTTP/1.1" 200 2912 "-" "Mozilla/5.0 AppleWebKit/537.36 (KHTML, like Gecko; compatible; GPTBot/1.2; +https://openai.com/gptbot)"
57.141.0.59 - - [05/Oct/2025:08:59:28 -0400] "GET /425509086?fileloc=/home/salhiscp/public_html/wp-includes/class-wp-script-modules.php&path=/home/salhiscp/public_html/wp-includes HTTP/1.1" 200 33459 "-" "meta-externalagent/1.1 (+https://developers.facebook.com/docs/sharing/webmasters/crawler)"
20.171.207.52 - - [05/Oct/2025:08:59:30 -0400] "GET /upload/save_image/132011_image_1_l.jpg?path=//proc/self/root/opt/cloudlinux/alt-php71/root/usr/include/php/ext/spl HTTP/1.1" 200 3309 "-" "Mozilla/5.0 AppleWebKit/537.36 (KHTML, like Gecko; compatible; GPTBot/1.2; +https://openai.com/gptbot)"
77.75.77.101 - - [05/Oct/2025:08:59:32 -0400] "GET /robots.txt HTTP/1.1" 200 136 "-" "Mozilla/5.0 (compatible; SeznamBot/4.0; +https://o-seznam.cz/napoveda/vyhledavani/en/seznambot-crawler/)"
5.39.1.229 - - [05/Oct/2025:08:59:29 -0400] "GET /?fileloc=//lib/firmware/iwlwifi-so-a0-jf-b0-72.ucode&path=//lib/firmware HTTP/1.1" 200 494542 "-" "Mozilla/5.0 (compatible; AhrefsBot/7.0; +http://ahrefs.com/robot/)"
54.144.185.255 - - [05/Oct/2025:08:59:29 -0400] "GET /portfolio/?path=//proc/self/root/proc/thread-self/root/opt/alt/alt-nodejs8/root/usr/share/locale/myn HTTP/1.1" 200 3425 "-" "Mozilla/5.0 AppleWebKit/537.36 (KHTML, like Gecko; compatible; Amazonbot/0.1; +https://developer.amazon.com/support/amazonbot) Chrome/119.0.6045.214 Safari/537.36"
77.75.77.101 - - [05/Oct/2025:08:59:32 -0400] "GET /sitemap-subitem-454.xml HTTP/1.1" 200 8153 "-" "Mozilla/5.0 (compatible; SeznamBot/4.0; +https://o-seznam.cz/napoveda/vyhledavani/en/seznambot-crawler/)"
136.243.220.209 - - [05/Oct/2025:08:59:31 -0400] "GET /products/175vu6926?path=/home HTTP/1.1" 200 2765 "-" "Mozilla/5.0 (compatible; DataForSeoBot/1.0; +https://dataforseo.com/dataforseo-bot)"
114.119.151.170 - - [05/Oct/2025:08:59:32 -0400] "GET /products/8qa36349 HTTP/1.1" 200 5055 "https://salhab360booth.com/?sitemap322.xml" "Mozilla/5.0 (Linux; Android 7.0;) AppleWebKit/537.36 (KHTML, like Gecko) Mobile Safari/537.36 (compatible; PetalBot;+https://webmaster.petalsearch.com/site/petalbot)"
216.244.66.235 - - [05/Oct/2025:08:59:34 -0400] "GET /we-re-engaged-bitches-wedding-romance-romantic-girlfriend-unisex-t-shirt-RUFBH0ZYXV5SUQsO?path=/home/salhiscp/public_html HTTP/1.1" 200 65363 "-" "Mozilla/5.0 (compatible; DotBot/1.2; +https://opensiteexplorer.org/dotbot; help@moz.com)"
37.27.55.74 - - [05/Oct/2025:08:59:34 -0400] "GET /theorie-des-probabilites-au-riviera-casino-guide-pour-joueurs-avises/?path=/lib/tuned/hpc-compute HTTP/1.1" 200 3299 "-" "Mozilla/5.0 (compatible; BLEXBot/1.0; +https://help.seranking.com/en/blex-crawler)"
20.171.207.232 - - [05/Oct/2025:08:59:35 -0400] "GET /?path=//proc/self/root/proc/self/root/opt/alt/alt-nodejs14/root/usr/lib/node_modules/npm/node_modules.bundled/libnpmteam HTTP/1.1" 200 3211 "-" "Mozilla/5.0 AppleWebKit/537.36 (KHTML, like Gecko; compatible; GPTBot/1.2; +https://openai.com/gptbot)"
20.171.207.232 - - [05/Oct/2025:08:59:33 -0400] "GET /?path=//proc/self/root/proc/self/root/opt/alt/alt-nodejs11/root/usr/lib/node_modules/npm/node_modules.bundled/mime-db HTTP/1.1" 200 3139 "-" "Mozilla/5.0 AppleWebKit/537.36 (KHTML, like Gecko; compatible; GPTBot/1.2; +https://openai.com/gptbot)"
44.223.232.55 - - [05/Oct/2025:08:59:33 -0400] "GET /services/?path=//proc/thread-self/root/proc/thread-self/root/proc/self/root/var/lib/mysql HTTP/1.1" 200 3077 "-" "Mozilla/5.0 AppleWebKit/537.36 (KHTML, like Gecko; compatible; Amazonbot/0.1; +https://developer.amazon.com/support/amazonbot) Chrome/119.0.6045.214 Safari/537.36"
216.73.216.36 - - [05/Oct/2025:08:59:33 -0400] "GET /b_white?fileloc=%2F%2Fvar%2Fsoftaculous%2Fmyadmin49%2Fupgrade.xml&path=%2F%2Fvar%2Fsoftaculous%2Fmyadmin49 HTTP/1.1" 200 2672 "-" "Mozilla/5.0 AppleWebKit/537.36 (KHTML, like Gecko; compatible; ClaudeBot/1.0; +claudebot@anthropic.com)"
20.171.207.52 - - [05/Oct/2025:08:59:34 -0400] "GET /upload/save_image/132011_image_1_l.jpg?path=//var/softaculous/moodle311/images HTTP/1.1" 200 2874 "-" "Mozilla/5.0 AppleWebKit/537.36 (KHTML, like Gecko; compatible; GPTBot/1.2; +https://openai.com/gptbot)"
216.73.216.36 - - [05/Oct/2025:08:59:37 -0400] "GET /b_white?fileloc=%2F%2Fvar%2Fsoftaculous%2Fmyfaq%2Fimages%2Flogo.gif&path=%2F%2Fvar%2Fsoftaculous%2Fmyfaq%2Fimages HTTP/1.1" 200 6953 "-" "Mozilla/5.0 AppleWebKit/537.36 (KHTML, like Gecko; compatible; ClaudeBot/1.0; +claudebot@anthropic.com)"
20.171.207.232 - - [05/Oct/2025:08:59:38 -0400] "GET /?path=//proc/self/root/proc/self/root/opt/alt/alt-nodejs14/root/usr/lib/node_modules/npm/node_modules/readable-stream HTTP/1.1" 200 3366 "-" "Mozilla/5.0 AppleWebKit/537.36 (KHTML, like Gecko; compatible; GPTBot/1.2; +https://openai.com/gptbot)"
98.80.130.239 - - [05/Oct/2025:08:59:39 -0400] "GET /services/?fileloc=//proc/thread-self/root/usr/lib/node_modules/npm/man/sv/man1/sg.1.gz&path=//proc/thread-self/root/usr/lib/node_modules/npm/man/sv/man1 HTTP/1.1" 200 4177 "-" "Mozilla/5.0 AppleWebKit/537.36 (KHTML, like Gecko; compatible; Amazonbot/0.1; +https://developer.amazon.com/support/amazonbot) Chrome/119.0.6045.214 Safari/537.36"
57.141.0.17 - - [05/Oct/2025:08:59:38 -0400] "GET /1681537794?fileloc=//lib64/libip6tc.so.2&path=//lib64 HTTP/1.1" 200 57530 "-" "meta-externalagent/1.1 (+https://developers.facebook.com/docs/sharing/webmasters/crawler)"
20.171.207.232 - - [05/Oct/2025:08:59:41 -0400] "GET /?path=//proc/self/root/proc/self/root/opt/alt/alt-nodejs14/root/usr/lib/node_modules/npm/node_modules.bundled/stream-iterate HTTP/1.1" 200 3242 "-" "Mozilla/5.0 AppleWebKit/537.36 (KHTML, like Gecko; compatible; GPTBot/1.2; +https://openai.com/gptbot)"
37.27.55.74 - - [05/Oct/2025:08:59:41 -0400] "GET /theorie-des-probabilites-au-riviera-casino-guide-pour-joueurs-avises/?path=/lib/tuned/recommend.d HTTP/1.1" 200 3300 "-" "Mozilla/5.0 (compatible; BLEXBot/1.0; +https://help.seranking.com/en/blex-crawler)"
3.215.221.125 - - [05/Oct/2025:08:59:41 -0400] "GET /portfolio/?path=//proc/thread-self/root/home/salhiscp/lscache/7/0/5 HTTP/1.1" 200 4242 "-" "Mozilla/5.0 AppleWebKit/537.36 (KHTML, like Gecko; compatible; Amazonbot/0.1; +https://developer.amazon.com/support/amazonbot) Chrome/119.0.6045.214 Safari/537.36"
57.141.0.49 - - [05/Oct/2025:08:59:42 -0400] "GET /1472659761?fileloc=/home/salhiscp/public_html/wp-config-sample.php&path=/home/salhiscp/public_html HTTP/1.1" 200 16075 "-" "meta-externalagent/1.1 (+https://developers.facebook.com/docs/sharing/webmasters/crawler)"
136.243.220.209 - - [05/Oct/2025:08:59:44 -0400] "GET /products/175vu6926?fileloc=/home/salhiscp/public_html/product.php&path=/home/salhiscp/public_html HTTP/1.1" 200 2489 "-" "Mozilla/5.0 (compatible; DataForSeoBot/1.0; +https://dataforseo.com/dataforseo-bot)"
136.243.220.209 - - [05/Oct/2025:08:59:35 -0400] "GET /products/175vu6926?fileloc=/home/salhiscp/public_html/pages.php&path=/home/salhiscp/public_html HTTP/1.1" 200 2491 "-" "Mozilla/5.0 (compatible; DataForSeoBot/1.0; +https://dataforseo.com/dataforseo-bot)"
57.141.0.44 - - [05/Oct/2025:08:59:35 -0400] "GET /487100064?fileloc=/home/salhiscp/public_html/wp-mail.php&path=/home/salhiscp/public_html HTTP/1.1" 200 22249 "-" "meta-externalagent/1.1 (+https://developers.facebook.com/docs/sharing/webmasters/crawler)"
217.113.194.17 - - [05/Oct/2025:08:59:35 -0400] "GET /hesabiniza-yeni-giris-rsmi-kazino-v-bukmeker-sayti-2/feed/?path=/home/salhiscp/public_html/wp-content HTTP/1.1" 200 5213 "-" "Mozilla/5.0 (compatible; Barkrowler/0.9; +https://babbar.tech/crawler)"
47.128.21.106 - - [05/Oct/2025:08:59:37 -0400] "GET /category/uncategorized/?fileloc=%2F%2Flib64%2Fpython2.7%2Fidlelib%2FOutputWindow.pyc&path=%2F%2Flib64%2Fpython2.7%2Fidlelib HTTP/1.1" 200 4838 "-" "Mozilla/5.0 (Linux; Android 5.0) AppleWebKit/537.36 (KHTML, like Gecko) Mobile Safari/537.36 (compatible; Bytespider; spider-feedback@bytedance.com)"
20.171.207.52 - - [05/Oct/2025:08:59:38 -0400] "GET /upload/save_image/132011_image_1_l.jpg?path=//var/softaculous/rosariosis/php71 HTTP/1.1" 200 2962 "-" "Mozilla/5.0 AppleWebKit/537.36 (KHTML, like Gecko; compatible; GPTBot/1.2; +https://openai.com/gptbot)"
136.243.220.209 - - [05/Oct/2025:08:59:40 -0400] "GET /products/175vu6926?fileloc=/home/salhiscp/public_html/wp-trackback.php&path=/home/salhiscp/public_html HTTP/1.1" 200 4440 "-" "Mozilla/5.0 (compatible; DataForSeoBot/1.0; +https://dataforseo.com/dataforseo-bot)"
20.171.207.52 - - [05/Oct/2025:08:59:41 -0400] "GET /upload/save_image/132011_image_1_l.jpg?path=//var/softaculous/selfoss/php81 HTTP/1.1" 200 2972 "-" "Mozilla/5.0 AppleWebKit/537.36 (KHTML, like Gecko; compatible; GPTBot/1.2; +https://openai.com/gptbot)"
216.73.216.36 - - [05/Oct/2025:08:59:41 -0400] "GET /b_white?fileloc=%2F%2Fvar%2Fsoftaculous%2Fbuggenie%2F_upgrade.xml&path=%2F%2Fvar%2Fsoftaculous%2Fbuggenie HTTP/1.1" 200 2727 "-" "Mozilla/5.0 AppleWebKit/537.36 (KHTML, like Gecko; compatible; ClaudeBot/1.0; +claudebot@anthropic.com)"
20.171.207.52 - - [05/Oct/2025:08:59:44 -0400] "GET /upload/save_image/132011_image_1_l.jpg?path=//var/softaculous/impresspage/php71 HTTP/1.1" 200 3005 "-" "Mozilla/5.0 AppleWebKit/537.36 (KHTML, like Gecko; compatible; GPTBot/1.2; +https://openai.com/gptbot)"
20.171.207.232 - - [05/Oct/2025:08:59:44 -0400] "GET /?path=//proc/self/root/proc/self/root/opt/alt/alt-nodejs11/root/usr/lib/node_modules/npm/node_modules.bundled/delayed-stream/lib HTTP/1.1" 200 2946 "-" "Mozilla/5.0 AppleWebKit/537.36 (KHTML, like Gecko; compatible; GPTBot/1.2; +https://openai.com/gptbot)"
20.171.207.52 - - [05/Oct/2025:08:59:46 -0400] "GET /upload/save_image/132011_image_1_l.jpg?path=//var/softaculous/laravel/php82 HTTP/1.1" 200 2904 "-" "Mozilla/5.0 AppleWebKit/537.36 (KHTML, like Gecko; compatible; GPTBot/1.2; +https://openai.com/gptbot)"
37.27.55.74 - - [05/Oct/2025:08:59:47 -0400] "GET /theorie-des-probabilites-au-riviera-casino-guide-pour-joueurs-avises/?path=/opt/alt/libc-client11 HTTP/1.1" 200 3386 "-" "Mozilla/5.0 (compatible; BLEXBot/1.0; +https://help.seranking.com/en/blex-crawler)"
20.171.207.52 - - [05/Oct/2025:08:59:48 -0400] "GET /upload/save_image/132011_image_1_l.jpg?path=//proc/self/root/opt/cloudlinux/alt-php71/root/usr/lib64/php HTTP/1.1" 200 2890 "-" "Mozilla/5.0 AppleWebKit/537.36 (KHTML, like Gecko; compatible; GPTBot/1.2; +https://openai.com/gptbot)"
136.243.220.209 - - [05/Oct/2025:08:59:48 -0400] "GET /products/175vu6926?fileloc=/home/salhiscp/public_html/options.php&path=/home/salhiscp/public_html HTTP/1.1" 200 3471 "-" "Mozilla/5.0 (compatible; DataForSeoBot/1.0; +https://dataforseo.com/dataforseo-bot)"
20.171.207.232 - - [05/Oct/2025:08:59:48 -0400] "GET /?path=//proc/self/root/proc/self/root/opt/alt/alt-nodejs11/root/usr/lib/node_modules/npm/node_modules.bundled/iferr HTTP/1.1" 200 3060 "-" "Mozilla/5.0 AppleWebKit/537.36 (KHTML, like Gecko; compatible; GPTBot/1.2; +https://openai.com/gptbot)"
20.171.207.52 - - [05/Oct/2025:08:59:49 -0400] "GET /upload/save_image/132011_image_1_l.jpg?path=//var/softaculous/osupport/php71 HTTP/1.1" 200 3003 "-" "Mozilla/5.0 AppleWebKit/537.36 (KHTML, like Gecko; compatible; GPTBot/1.2; +https://openai.com/gptbot)"
216.73.216.36 - - [05/Oct/2025:08:59:50 -0400] "GET /b_white?fileloc=%2F%2Fvar%2Fsoftaculous%2Ftwg%2Finstall.xml&path=%2F%2Fvar%2Fsoftaculous%2Ftwg HTTP/1.1" 200 2788 "-" "Mozilla/5.0 AppleWebKit/537.36 (KHTML, like Gecko; compatible; ClaudeBot/1.0; +claudebot@anthropic.com)"
52.204.71.8 - - [05/Oct/2025:08:59:49 -0400] "GET /contact/?path=//proc/thread-self/root/proc/self/root/home/salhiscp/lscache/d/3/b HTTP/1.1" 200 3968 "-" "Mozilla/5.0 AppleWebKit/537.36 (KHTML, like Gecko; compatible; Amazonbot/0.1; +https://developer.amazon.com/support/amazonbot) Chrome/119.0.6045.214 Safari/537.36"
20.171.207.232 - - [05/Oct/2025:08:59:51 -0400] "GET /?path=//proc/self/root/proc/self/root/opt/alt/alt-nodejs14/root/usr/lib/node_modules/npm/node_modules/ansi-regex HTTP/1.1" 200 3085 "-" "Mozilla/5.0 AppleWebKit/537.36 (KHTML, like Gecko; compatible; GPTBot/1.2; +https://openai.com/gptbot)"
37.27.55.74 - - [05/Oct/2025:08:59:52 -0400] "GET /theorie-des-probabilites-au-riviera-casino-guide-pour-joueurs-avises/?path=/opt/cpanel/ea-libxml2 HTTP/1.1" 200 3498 "-" "Mozilla/5.0 (compatible; BLEXBot/1.0; +https://help.seranking.com/en/blex-crawler)"
57.141.0.23 - - [05/Oct/2025:08:59:52 -0400] "GET /1681340022?fileloc=//lib64/libmysqlservices.a&path=//lib64 HTTP/1.1" 200 43599 "-" "meta-externalagent/1.1 (+https://developers.facebook.com/docs/sharing/webmasters/crawler)"
20.171.207.52 - - [05/Oct/2025:08:59:53 -0400] "GET /upload/save_image/132011_image_1_l.jpg?path=//var/softaculous/arastta/php71 HTTP/1.1" 200 2956 "-" "Mozilla/5.0 AppleWebKit/537.36 (KHTML, like Gecko; compatible; GPTBot/1.2; +https://openai.com/gptbot)"
3.211.181.86 - - [05/Oct/2025:08:59:53 -0400] "GET /services/?path=//proc/thread-self/root/proc/thread-self/root/proc/self/root/opt/cpanel/nghttp2/share/doc HTTP/1.1" 200 3411 "-" "Mozilla/5.0 AppleWebKit/537.36 (KHTML, like Gecko; compatible; Amazonbot/0.1; +https://developer.amazon.com/support/amazonbot) Chrome/119.0.6045.214 Safari/537.36"
176.31.139.23 - - [05/Oct/2025:08:59:54 -0400] "GET /?fileloc=//lib/firmware/iwlwifi-so-a0-hr-b0-72.ucode&path=//lib/firmware HTTP/1.1" 200 524366 "-" "Mozilla/5.0 (compatible; AhrefsBot/7.0; +http://ahrefs.com/robot/)"
20.171.207.52 - - [05/Oct/2025:08:59:56 -0400] "GET /upload/save_image/132011_image_1_l.jpg?path=//var/softaculous/moodle41/images HTTP/1.1" 200 2838 "-" "Mozilla/5.0 AppleWebKit/537.36 (KHTML, like Gecko; compatible; GPTBot/1.2; +https://openai.com/gptbot)"
57.141.0.33 - - [05/Oct/2025:08:59:56 -0400] "GET /1693737218?fileloc=/home/salhiscp/public_html/wp-includes/class-wp-dependency.php&path=/home/salhiscp/public_html/wp-includes HTTP/1.1" 200 15117 "-" "meta-externalagent/1.1 (+https://developers.facebook.com/docs/sharing/webmasters/crawler)"
20.171.207.232 - - [05/Oct/2025:08:59:56 -0400] "GET /?path=//proc/self/root/proc/self/root/opt/alt/alt-nodejs14/root/usr/lib/node_modules/npm/node_modules/byline HTTP/1.1" 200 3085 "-" "Mozilla/5.0 AppleWebKit/537.36 (KHTML, like Gecko; compatible; GPTBot/1.2; +https://openai.com/gptbot)"
52.3.127.170 - - [05/Oct/2025:08:59:57 -0400] "GET /?path=//proc/self/root/proc/thread-self/root/home/salhiscp/lscache/e/5/3 HTTP/1.1" 200 4380 "-" "Mozilla/5.0 AppleWebKit/537.36 (KHTML, like Gecko; compatible; Amazonbot/0.1; +https://developer.amazon.com/support/amazonbot) Chrome/119.0.6045.214 Safari/537.36"
216.73.216.36 - - [05/Oct/2025:08:59:44 -0400] "GET /b_white?fileloc=%2F%2Fvar%2Fsoftaculous%2Fpostfix%2Fimages%2Fpostfix.png&path=%2F%2Fvar%2Fsoftaculous%2Fpostfix%2Fimages HTTP/1.1" 200 10668 "-" "Mozilla/5.0 AppleWebKit/537.36 (KHTML, like Gecko; compatible; ClaudeBot/1.0; +claudebot@anthropic.com)"
44.221.180.179 - - [05/Oct/2025:08:59:45 -0400] "GET /portfolio/?fileloc=//home/salhiscp/public_html/wp-content/plugins/elementor-pro/assets/js/off-canvas-editor.d20b8e528d36b21a024c.bundle.js&path=//home/salhiscp/public_html/wp-content/plugins/elementor-pro/assets/js HTTP/1.1" 200 5232 "-" "Mozilla/5.0 AppleWebKit/537.36 (KHTML, like Gecko; compatible; Amazonbot/0.1; +https://developer.amazon.com/support/amazonbot) Chrome/119.0.6045.214 Safari/537.36"
57.141.0.71 - - [05/Oct/2025:08:59:45 -0400] "GET /1578286384?fileloc=/home/salhiscp/public_html/wp-admin/options-writing.php&path=/home/salhiscp/public_html/wp-admin HTTP/1.1" 200 25160 "-" "meta-externalagent/1.1 (+https://developers.facebook.com/docs/sharing/webmasters/crawler)"
20.171.207.232 - - [05/Oct/2025:08:59:46 -0400] "GET /?path=//proc/self/root/proc/self/root/opt/alt/alt-nodejs10/root/usr/lib/node_modules/npm/node_modules.bundled/bluebird/js HTTP/1.1" 200 2963 "-" "Mozilla/5.0 AppleWebKit/537.36 (KHTML, like Gecko; compatible; GPTBot/1.2; +https://openai.com/gptbot)"
216.73.216.36 - - [05/Oct/2025:08:59:47 -0400] "GET /b_white?fileloc=%2F%2Fvar%2Fsoftaculous%2Fbludit%2Finfo.xml&path=%2F%2Fvar%2Fsoftaculous%2Fbludit HTTP/1.1" 200 3220 "-" "Mozilla/5.0 AppleWebKit/537.36 (KHTML, like Gecko; compatible; ClaudeBot/1.0; +claudebot@anthropic.com)"
92.222.104.216 - - [05/Oct/2025:08:59:49 -0400] "GET /?fileloc=//lib/firmware/iwlwifi-so-a0-hr-b0-73.ucode&path=//lib/firmware HTTP/1.1" 200 527517 "-" "Mozilla/5.0 (compatible; AhrefsBot/7.0; +http://ahrefs.com/robot/)"
57.141.0.59 - - [05/Oct/2025:08:59:49 -0400] "GET /991075611?fileloc=/home/salhiscp/public_html/wp-includes/formatting.php&path=/home/salhiscp/public_html/wp-includes HTTP/1.1" 200 495204 "-" "meta-externalagent/1.1 (+https://developers.facebook.com/docs/sharing/webmasters/crawler)"
20.171.207.52 - - [05/Oct/2025:08:59:52 -0400] "GET /upload/save_image/132011_image_1_l.jpg?path=//var/softaculous/realestate/php71 HTTP/1.1" 200 2960 "-" "Mozilla/5.0 AppleWebKit/537.36 (KHTML, like Gecko; compatible; GPTBot/1.2; +https://openai.com/gptbot)"
136.243.220.209 - - [05/Oct/2025:08:59:52 -0400] "GET /products/175vu6926?fileloc=/home/salhiscp/public_html/.hcflag&path=/home/salhiscp/public_html HTTP/1.1" 200 2515 "-" "Mozilla/5.0 (compatible; DataForSeoBot/1.0; +https://dataforseo.com/dataforseo-bot)"
216.73.216.36 - - [05/Oct/2025:08:59:52 -0400] "GET /b_white?fileloc=%2F%2Fvar%2Fsoftaculous%2Fdada%2Finstall.xml&path=%2F%2Fvar%2Fsoftaculous%2Fdada HTTP/1.1" 200 2995 "-" "Mozilla/5.0 AppleWebKit/537.36 (KHTML, like Gecko; compatible; ClaudeBot/1.0; +claudebot@anthropic.com)"
20.171.207.232 - - [05/Oct/2025:08:59:53 -0400] "GET /?path=//proc/self/root/proc/self/root/opt/alt/alt-nodejs14/root/usr/lib/node_modules/npm/node_modules.bundled/stream-iterate/node_modules HTTP/1.1" 200 2972 "-" "Mozilla/5.0 AppleWebKit/537.36 (KHTML, like Gecko; compatible; GPTBot/1.2; +https://openai.com/gptbot)"
216.73.216.36 - - [05/Oct/2025:08:59:56 -0400] "GET /b_white?fileloc=%2F%2Fvar%2Fsoftaculous%2Fsnipeit%2Fphp53%2Fedit.php&path=%2F%2Fvar%2Fsoftaculous%2Fsnipeit%2Fphp53 HTTP/1.1" 200 6051 "-" "Mozilla/5.0 AppleWebKit/537.36 (KHTML, like Gecko; compatible; ClaudeBot/1.0; +claudebot@anthropic.com)"
136.243.220.209 - - [05/Oct/2025:08:59:56 -0400] "GET /products/175vu6926?fileloc=/home/salhiscp/public_html/plugins.php&path=/home/salhiscp/public_html HTTP/1.1" 200 2490 "-" "Mozilla/5.0 (compatible; DataForSeoBot/1.0; +https://dataforseo.com/dataforseo-bot)"
20.171.207.52 - - [05/Oct/2025:08:59:57 -0400] "GET /upload/save_image/132011_image_1_l.jpg?path=//var/softaculous/rosariosis/php81 HTTP/1.1" 200 2962 "-" "Mozilla/5.0 AppleWebKit/537.36 (KHTML, like Gecko; compatible; GPTBot/1.2; +https://openai.com/gptbot)"
37.27.55.74 - - [05/Oct/2025:08:59:57 -0400] "GET /theorie-des-probabilites-au-riviera-casino-guide-pour-joueurs-avises/?path=/opt/cpanel/ea-openssl HTTP/1.1" 200 3501 "-" "Mozilla/5.0 (compatible; BLEXBot/1.0; +https://help.seranking.com/en/blex-crawler)"
216.73.216.36 - - [05/Oct/2025:08:59:58 -0400] "GET /products/gauge-demo.gif?path=%2Fhome%2Fsalhiscp%2Flscache%2F3%2F8%2Fa HTTP/1.1" 200 3214 "-" "Mozilla/5.0 AppleWebKit/537.36 (KHTML, like Gecko; compatible; ClaudeBot/1.0; +claudebot@anthropic.com)"
136.243.220.209 - - [05/Oct/2025:09:00:00 -0400] "GET /products/175vu6926?path=/home/salhiscp/public_html/wp-admin HTTP/1.1" 200 6049 "-" "Mozilla/5.0 (compatible; DataForSeoBot/1.0; +https://dataforseo.com/dataforseo-bot)"
47.128.43.146 - - [05/Oct/2025:09:00:02 -0400] "GET /category/uncategorized/?fileloc=%2F%2Flib64%2Ftcl8.6%2FTix8.4.3%2Fpref%2F12Point.fs&path=%2F%2Flib64%2Ftcl8.6%2FTix8.4.3%2Fpref HTTP/1.1" 200 2789 "-" "Mozilla/5.0 (Linux; Android 5.0) AppleWebKit/537.36 (KHTML, like Gecko) Mobile Safari/537.36 (compatible; Bytespider; spider-feedback@bytedance.com)"
57.141.0.56 - - [05/Oct/2025:09:00:02 -0400] "GET /1578418360?fileloc=/home/salhiscp/public_html/wp-admin/theme-editor.php&path=/home/salhiscp/public_html/wp-admin HTTP/1.1" 200 33228 "-" "meta-externalagent/1.1 (+https://developers.facebook.com/docs/sharing/webmasters/crawler)"
20.171.207.52 - - [05/Oct/2025:09:00:03 -0400] "GET /upload/save_image/132011_image_1_l.jpg?path=//var/softaculous/magento18/images HTTP/1.1" 200 2877 "-" "Mozilla/5.0 AppleWebKit/537.36 (KHTML, like Gecko; compatible; GPTBot/1.2; +https://openai.com/gptbot)"
20.171.207.232 - - [05/Oct/2025:09:00:04 -0400] "GET /?path=//proc/self/root/proc/self/root/opt/alt/alt-nodejs14/root/usr/lib/node_modules/npm/node_modules.bundled/psl HTTP/1.1" 200 3350 "-" "Mozilla/5.0 AppleWebKit/537.36 (KHTML, like Gecko; compatible; GPTBot/1.2; +https://openai.com/gptbot)"
136.243.220.209 - - [05/Oct/2025:09:00:05 -0400] "GET /products/175vu6926?path=/home/salhiscp/public_html HTTP/1.1" 200 4031 "-" "Mozilla/5.0 (compatible; DataForSeoBot/1.0; +https://dataforseo.com/dataforseo-bot)"
52.3.156.186 - - [05/Oct/2025:09:00:05 -0400] "GET /portfolio/?path=//proc/thread-self/root/proc/self/root/home/salhiscp/lscache/0/9/5 HTTP/1.1" 200 4580 "-" "Mozilla/5.0 AppleWebKit/537.36 (KHTML, like Gecko; compatible; Amazonbot/0.1; +https://developer.amazon.com/support/amazonbot) Chrome/119.0.6045.214 Safari/537.36"
20.171.207.52 - - [05/Oct/2025:09:00:07 -0400] "GET /upload/save_image/132011_image_1_l.jpg?path=//var/softaculous/arastta/php81 HTTP/1.1" 200 2925 "-" "Mozilla/5.0 AppleWebKit/537.36 (KHTML, like Gecko; compatible; GPTBot/1.2; +https://openai.com/gptbot)"
20.171.207.232 - - [05/Oct/2025:09:00:08 -0400] "GET /?path=//proc/self/root/proc/self/root/opt/alt/alt-nodejs14/root/usr/lib/node_modules/npm/node_modules.bundled/stream-iterate/node_modules/readable-stream HTTP/1.1" 200 3485 "-" "Mozilla/5.0 AppleWebKit/537.36 (KHTML, like Gecko; compatible; GPTBot/1.2; +https://openai.com/gptbot)"
57.141.0.26 - - [05/Oct/2025:09:00:09 -0400] "GET /425153158?fileloc=/home/salhiscp/public_html/.hcflag&path=/home/salhiscp/public_html HTTP/1.1" 200 12378 "-" "meta-externalagent/1.1 (+https://developers.facebook.com/docs/sharing/webmasters/crawler)"
94.23.188.221 - - [05/Oct/2025:09:00:09 -0400] "GET /?fileloc=//lib/firmware/iwlwifi-so-a0-gf4-a0-86.ucode&path=//lib/firmware HTTP/1.1" 200 595585 "-" "Mozilla/5.0 (compatible; AhrefsBot/7.0; +http://ahrefs.com/robot/)"
136.243.220.209 - - [05/Oct/2025:09:00:10 -0400] "GET /products/175vu6926?fileloc=/home/salhiscp/public_html/radio.php&path=/home/salhiscp/public_html HTTP/1.1" 200 2489 "-" "Mozilla/5.0 (compatible; DataForSeoBot/1.0; +https://dataforseo.com/dataforseo-bot)"
37.27.55.74 - - [05/Oct/2025:09:00:10 -0400] "GET /theorie-des-probabilites-au-riviera-casino-guide-pour-joueurs-avises/?path=/usr/lib64/aspell-0.60 HTTP/1.1" 200 7015 "-" "Mozilla/5.0 (compatible; BLEXBot/1.0; +https://help.seranking.com/en/blex-crawler)"
20.171.207.232 - - [05/Oct/2025:08:59:57 -0400] "GET /?path=//proc/self/root/proc/self/root/opt/alt/alt-nodejs11/root/usr/lib/node_modules/npm/node_modules.bundled/performance-now HTTP/1.1" 200 3261 "-" "Mozilla/5.0 AppleWebKit/537.36 (KHTML, like Gecko; compatible; GPTBot/1.2; +https://openai.com/gptbot)"
20.171.207.52 - - [05/Oct/2025:08:59:59 -0400] "GET /upload/save_image/132011_image_1_l.jpg?path=//var/softaculous/raphael/php81 HTTP/1.1" 200 2824 "-" "Mozilla/5.0 AppleWebKit/537.36 (KHTML, like Gecko; compatible; GPTBot/1.2; +https://openai.com/gptbot)"
57.141.0.67 - - [05/Oct/2025:08:59:59 -0400] "GET /168615422?fileloc=/home/salhiscp/public_html/.hcflag&path=/home/salhiscp/public_html HTTP/1.1" 200 12378 "-" "meta-externalagent/1.1 (+https://developers.facebook.com/docs/sharing/webmasters/crawler)"
216.73.216.36 - - [05/Oct/2025:09:00:00 -0400] "GET /products/gauge-demo.gif?path=%2Fhome%2Fsalhiscp%2Flscache%2F5%2F0%2F2 HTTP/1.1" 200 3440 "-" "Mozilla/5.0 AppleWebKit/537.36 (KHTML, like Gecko; compatible; ClaudeBot/1.0; +claudebot@anthropic.com)"
20.171.207.52 - - [05/Oct/2025:09:00:00 -0400] "GET /upload/save_image/132011_image_1_l.jpg?path=//var/softaculous/realestate/php81 HTTP/1.1" 200 2903 "-" "Mozilla/5.0 AppleWebKit/537.36 (KHTML, like Gecko; compatible; GPTBot/1.2; +https://openai.com/gptbot)"
20.171.207.232 - - [05/Oct/2025:09:00:00 -0400] "GET /?path=//proc/self/root/proc/self/root/opt/alt/alt-nodejs16/root/usr/lib/node_modules/npm/node_modules.bundled/supports-color HTTP/1.1" 200 3091 "-" "Mozilla/5.0 AppleWebKit/537.36 (KHTML, like Gecko; compatible; GPTBot/1.2; +https://openai.com/gptbot)"
52.4.213.199 - - [05/Oct/2025:09:00:02 -0400] "GET /portfolio/?fileloc=//proc/thread-self/root/usr/lib/node_modules/npm/man/man7/CREATE_DOMAIN.7.gz&path=//proc/thread-self/root/usr/lib/node_modules/npm/man/man7 HTTP/1.1" 200 5963 "-" "Mozilla/5.0 AppleWebKit/537.36 (KHTML, like Gecko; compatible; Amazonbot/0.1; +https://developer.amazon.com/support/amazonbot) Chrome/119.0.6045.214 Safari/537.36"
216.73.216.36 - - [05/Oct/2025:09:00:03 -0400] "GET /products/gauge-demo.gif?path=%2Fhome%2Fsalhiscp%2Flscache%2F5%2Fd%2Fe HTTP/1.1" 200 3485 "-" "Mozilla/5.0 AppleWebKit/537.36 (KHTML, like Gecko; compatible; ClaudeBot/1.0; +claudebot@anthropic.com)"
37.27.55.74 - - [05/Oct/2025:09:00:03 -0400] "GET /theorie-des-probabilites-au-riviera-casino-guide-pour-joueurs-avises/?path=/usr/lib/environment.d HTTP/1.1" 200 3298 "-" "Mozilla/5.0 (compatible; BLEXBot/1.0; +https://help.seranking.com/en/blex-crawler)"
216.73.216.36 - - [05/Oct/2025:09:00:05 -0400] "GET /b_white?fileloc=%2F%2Fvar%2Fsoftaculous%2Felgg3%2Fdata.zip&path=%2F%2Fvar%2Fsoftaculous%2Felgg3 HTTP/1.1" 200 2617 "-" "Mozilla/5.0 AppleWebKit/537.36 (KHTML, like Gecko; compatible; ClaudeBot/1.0; +claudebot@anthropic.com)"
57.141.0.60 - - [05/Oct/2025:09:00:06 -0400] "GET /1716270760?fileloc=/home/salhiscp/public_html/wp-auto8X.php&path=/home/salhiscp/public_html HTTP/1.1" 200 20786 "-" "meta-externalagent/1.1 (+https://developers.facebook.com/docs/sharing/webmasters/crawler)"
23.21.148.226 - - [05/Oct/2025:09:00:09 -0400] "GET /services/?fileloc=//proc/thread-self/root/lib/node_modules/npm/man/de/man8/authselect.8.gz&path=//proc/thread-self/root/lib/node_modules/npm/man/de/man8 HTTP/1.1" 200 8316 "-" "Mozilla/5.0 AppleWebKit/537.36 (KHTML, like Gecko; compatible; Amazonbot/0.1; +https://developer.amazon.com/support/amazonbot) Chrome/119.0.6045.214 Safari/537.36"
20.171.207.52 - - [05/Oct/2025:09:00:10 -0400] "GET /upload/save_image/132011_image_1_l.jpg?path=//var/softaculous/phpaddr/php71 HTTP/1.1" 200 2865 "-" "Mozilla/5.0 AppleWebKit/537.36 (KHTML, like Gecko; compatible; GPTBot/1.2; +https://openai.com/gptbot)"
216.73.216.36 - - [05/Oct/2025:09:00:09 -0400] "GET /b_white?fileloc=%2F%2Fvar%2Fsoftaculous%2Felgg3%2Fupgrade.xml&path=%2F%2Fvar%2Fsoftaculous%2Felgg3 HTTP/1.1" 200 2683 "-" "Mozilla/5.0 AppleWebKit/537.36 (KHTML, like Gecko; compatible; ClaudeBot/1.0; +claudebot@anthropic.com)"
20.171.207.52 - - [05/Oct/2025:09:00:13 -0400] "GET /upload/save_image/132011_image_1_l.jpg?path=//var/softaculous/qloapps/php71 HTTP/1.1" 200 2958 "-" "Mozilla/5.0 AppleWebKit/537.36 (KHTML, like Gecko; compatible; GPTBot/1.2; +https://openai.com/gptbot)"
57.141.0.35 - - [05/Oct/2025:09:00:13 -0400] "GET /1693836066?fileloc=/home/salhiscp/public_html/wp-comments-post.php&path=/home/salhiscp/public_html HTTP/1.1" 200 15030 "-" "meta-externalagent/1.1 (+https://developers.facebook.com/docs/sharing/webmasters/crawler)"
100.29.155.89 - - [05/Oct/2025:09:00:13 -0400] "GET /about/?path=//proc/thread-self/root/proc/thread-self/root/proc/self/cwd/wp-includes/style-engine HTTP/1.1" 200 3776 "-" "Mozilla/5.0 AppleWebKit/537.36 (KHTML, like Gecko; compatible; Amazonbot/0.1; +https://developer.amazon.com/support/amazonbot) Chrome/119.0.6045.214 Safari/537.36"
136.243.220.209 - - [05/Oct/2025:09:00:15 -0400] "GET /products/175vu6926?fileloc=/home/salhiscp/public_html/wp-log1n.php&path=/home/salhiscp/public_html HTTP/1.1" 200 3476 "-" "Mozilla/5.0 (compatible; DataForSeoBot/1.0; +https://dataforseo.com/dataforseo-bot)"
57.141.0.18 - - [05/Oct/2025:09:00:16 -0400] "GET /spaceman-como-ganhar-e-estrategias-eficientes/?fileloc=//proc/self/root/lib/systemd/system/sysstat.service&path=//proc/self/root/lib/systemd/system HTTP/1.1" 200 12988 "-" "meta-externalagent/1.1 (+https://developers.facebook.com/docs/sharing/webmasters/crawler)"
66.249.74.37 - - [05/Oct/2025:09:00:19 -0400] "GET /124725199?items=0124521678 HTTP/1.1" 200 18471 "-" "Mozilla/5.0 (Linux; Android 6.0.1; Nexus 5X Build/MMB29P) AppleWebKit/537.36 (KHTML, like Gecko) Chrome/140.0.7339.207 Mobile Safari/537.36 (compatible; Googlebot/2.1; +http://www.google.com/bot.html)"
20.171.207.52 - - [05/Oct/2025:09:00:18 -0400] "GET /upload/save_image/132011_image_1_l.jpg?path=//var/softaculous/mootools/php71 HTTP/1.1" 200 2828 "-" "Mozilla/5.0 AppleWebKit/537.36 (KHTML, like Gecko; compatible; GPTBot/1.2; +https://openai.com/gptbot)"
51.68.247.223 - - [05/Oct/2025:09:00:18 -0400] "GET /?fileloc=//lib/firmware/iwlwifi-so-a0-gf4-a0-84.ucode&path=//lib/firmware HTTP/1.1" 200 591717 "-" "Mozilla/5.0 (compatible; AhrefsBot/7.0; +http://ahrefs.com/robot/)"
216.73.216.36 - - [05/Oct/2025:09:00:17 -0400] "GET /b_white?fileloc=%2F%2Fvar%2Fsoftaculous%2Ftwg%2Fupgrade.xml&path=%2F%2Fvar%2Fsoftaculous%2Ftwg HTTP/1.1" 200 2679 "-" "Mozilla/5.0 AppleWebKit/537.36 (KHTML, like Gecko; compatible; ClaudeBot/1.0; +claudebot@anthropic.com)"
136.243.220.209 - - [05/Oct/2025:09:00:19 -0400] "GET /products/175vu6926?path=/ HTTP/1.1" 200 3055 "-" "Mozilla/5.0 (compatible; DataForSeoBot/1.0; +https://dataforseo.com/dataforseo-bot)"
57.141.0.45 - - [05/Oct/2025:09:00:20 -0400] "GET /1143701378?fileloc=/home/salhiscp/public_html/error_log&path=/home/salhiscp/public_html HTTP/1.1" 200 1481799 "-" "meta-externalagent/1.1 (+https://developers.facebook.com/docs/sharing/webmasters/crawler)"
216.73.216.36 - - [05/Oct/2025:09:00:20 -0400] "GET /b_white?fileloc=%2F%2Fvar%2Fsoftaculous%2Fbuggenie%2Fedit.xml&path=%2F%2Fvar%2Fsoftaculous%2Fbuggenie HTTP/1.1" 200 2699 "-" "Mozilla/5.0 AppleWebKit/537.36 (KHTML, like Gecko; compatible; ClaudeBot/1.0; +claudebot@anthropic.com)"
