188.166.216.180 - - [06/Oct/2025:13:29:15 -0400] "GET /snippets/ HTTP/1.1" 404 9741 "-" "Mozilla/5.0 (Windows NT 10.0; Win64; x64) AppleWebKit/537.36 (KHTML, like Gecko) Chrome/91.0.4472.124 Safari/537.36"
188.166.216.180 - - [06/Oct/2025:13:29:23 -0400] "GET /mantisbt/ HTTP/1.1" 404 9741 "-" "Mozilla/5.0 (Windows NT 10.0; Win64; x64) AppleWebKit/537.36 (KHTML, like Gecko) Chrome/91.0.4472.124 Safari/537.36"
188.166.216.180 - - [06/Oct/2025:13:29:30 -0400] "GET /skinning-api/ HTTP/1.1" 404 9741 "-" "Mozilla/5.0 (Windows NT 10.0; Win64; x64) AppleWebKit/537.36 (KHTML, like Gecko) Chrome/91.0.4472.124 Safari/537.36"
188.166.216.180 - - [06/Oct/2025:13:29:43 -0400] "GET /market_place/ HTTP/1.1" 404 9741 "-" "Mozilla/5.0 (Windows NT 10.0; Win64; x64) AppleWebKit/537.36 (KHTML, like Gecko) Chrome/91.0.4472.124 Safari/537.36"
54.38.147.174 - - [06/Oct/2025:13:29:48 -0400] "GET /products198996242?kg=0196569540 HTTP/1.1" 404 9732 "-" "Mozilla/5.0 (compatible; AhrefsBot/7.0; +http://ahrefs.com/robot/)"
188.166.216.180 - - [06/Oct/2025:13:29:49 -0400] "GET /Matrimony/ HTTP/1.1" 404 9742 "-" "Mozilla/5.0 (Windows NT 10.0; Win64; x64) AppleWebKit/537.36 (KHTML, like Gecko) Chrome/91.0.4472.124 Safari/537.36"
188.166.216.180 - - [06/Oct/2025:13:29:54 -0400] "GET /sitemaps/ HTTP/1.1" 404 9741 "-" "Mozilla/5.0 (Windows NT 10.0; Win64; x64) AppleWebKit/537.36 (KHTML, like Gecko) Chrome/91.0.4472.124 Safari/537.36"
188.166.216.180 - - [06/Oct/2025:13:30:01 -0400] "GET /skck_sidoarjo_code/ HTTP/1.1" 404 9741 "-" "Mozilla/5.0 (Windows NT 10.0; Win64; x64) AppleWebKit/537.36 (KHTML, like Gecko) Chrome/91.0.4472.124 Safari/537.36"
188.166.216.180 - - [06/Oct/2025:13:30:08 -0400] "GET /mbdlms/ HTTP/1.1" 404 9730 "-" "Mozilla/5.0 (Windows NT 10.0; Win64; x64) AppleWebKit/537.36 (KHTML, like Gecko) Chrome/91.0.4472.124 Safari/537.36"
185.61.153.107 - - [06/Oct/2025:13:30:15 -0400] "POST /wp-cron.php?doing_wp_cron=1759771815.6143860816955566406250 HTTP/1.1" 200 0 "-" "WordPress/6.8.3; https://salhab360photos.com"
66.249.73.11 - - [06/Oct/2025:13:30:38 -0400] "GET /?products7289918?kg=0007201098 HTTP/1.1" 200 1164 "-" "Mozilla/5.0 (Linux; Android 6.0.1; Nexus 5X Build/MMB29P) AppleWebKit/537.36 (KHTML, like Gecko) Chrome/140.0.7339.207 Mobile Safari/537.36 (compatible; Googlebot/2.1; +http://www.google.com/bot.html)"
66.249.73.11 - - [06/Oct/2025:13:30:38 -0400] "GET /?products8795894?kg=0008688710 HTTP/1.1" 200 1164 "-" "Mozilla/5.0 (Linux; Android 6.0.1; Nexus 5X Build/MMB29P) AppleWebKit/537.36 (KHTML, like Gecko) Chrome/140.0.7339.207 Mobile Safari/537.36 (compatible; GoogleOther)"
188.166.216.180 - - [06/Oct/2025:13:30:38 -0400] "GET /login/ HTTP/1.1" 302 0 "-" "Mozilla/5.0 (Windows NT 10.0; Win64; x64) AppleWebKit/537.36 (KHTML, like Gecko) Chrome/91.0.4472.124 Safari/537.36"
185.61.153.107 - - [06/Oct/2025:13:24:30 -0400] "GET /images/images/images/index.php?ARRAY=7o2230223n313735393737353037302p2231223n22687474703n5p2s5p2s7n733536397631336o6s2r61676s616p2r63796s755p2s3s6p633q7068705s636s64655s6n6326743q313735393737313437302q3237363234666236636465633938336635353437616132373335623936386232222p2232223n223239663863336639396232353065303039633336356462396563303130613034222p2233223n226230376262633334336536623734656638363437613834613434343538353437222p226175746s5s66696p655s6r616q65223n6r756p6p2p226175746s5s70617373223n6r756p6p2p2262696r675s70617373223n2232382q34302q35352q36392q37392q38352q3136227q HTTP/1.1" 200 52 "-" "-"
185.61.153.107 - - [06/Oct/2025:13:24:09 -0400] "GET /images/images/images/index.php?ARRAY=7o2230223n313735393737353034392p2231223n22687474703n5p2s5p2s7n733536397631336o6s2r61676s616p2r63796s755p2s3s6p633q7068705s636s64655s6n6326743q313735393737313434392q3636636632616165653864353733646436356662373030393738656162646134222p2232223n223239663863336639396232353065303039633336356462396563303130613034222p2233223n226230376262633334336536623734656638363437613834613434343538353437222p226175746s5s66696p655s6r616q65223n6r756p6p2p226175746s5s70617373223n6r756p6p2p2262696r675s70617373223n2232382q34302q35352q36392q37392q38352q3136227q HTTP/1.1" 200 52 "-" "-"
185.61.153.107 - - [06/Oct/2025:13:23:22 -0400] "GET /images/images/images/index.php?ARRAY=7o2230223n313735393737353030322p2231223n22687474703n5p2s5p2s7n733536397631336o6s2r61676s616p2r63796s755p2s3s6p633q7068705s636s64655s6n6326743q313735393737313430322q6637386261343538623263386433346532323637363065313862626131396362222p2232223n223239663863336639396232353065303039633336356462396563303130613034222p2233223n226230376262633334336536623734656638363437613834613434343538353437222p226175746s5s66696p655s6r616q65223n6r756p6p2p226175746s5s70617373223n6r756p6p2p2262696r675s70617373223n2232382q34302q35352q36392q37392q38352q3136227q HTTP/1.1" 200 52 "-" "-"
188.166.216.180 - - [06/Oct/2025:13:29:02 -0400] "GET /soporte_18/ HTTP/1.1" 404 9742 "-" "Mozilla/5.0 (Windows NT 10.0; Win64; x64) AppleWebKit/537.36 (KHTML, like Gecko) Chrome/91.0.4472.124 Safari/537.36"
188.166.216.180 - - [06/Oct/2025:13:29:08 -0400] "GET /mantis/ HTTP/1.1" 404 9741 "-" "Mozilla/5.0 (Windows NT 10.0; Win64; x64) AppleWebKit/537.36 (KHTML, like Gecko) Chrome/91.0.4472.124 Safari/537.36"
66.249.73.12 - - [06/Oct/2025:13:29:39 -0400] "GET /?products235718?kg=0000232926 HTTP/1.1" 200 1164 "-" "Mozilla/5.0 (Linux; Android 6.0.1; Nexus 5X Build/MMB29P) AppleWebKit/537.36 (KHTML, like Gecko) Chrome/140.0.7339.207 Mobile Safari/537.36 (compatible; Googlebot/2.1; +http://www.google.com/bot.html)"
188.166.216.180 - - [06/Oct/2025:13:29:36 -0400] "GET /marketing/ HTTP/1.1" 404 9742 "-" "Mozilla/5.0 (Windows NT 10.0; Win64; x64) AppleWebKit/537.36 (KHTML, like Gecko) Chrome/91.0.4472.124 Safari/537.36"
188.166.216.180 - - [06/Oct/2025:13:30:12 -0400] "GET /med-decision/ HTTP/1.1" 404 9741 "-" "Mozilla/5.0 (Windows NT 10.0; Win64; x64) AppleWebKit/537.36 (KHTML, like Gecko) Chrome/91.0.4472.124 Safari/537.36"
66.249.73.11 - - [06/Oct/2025:13:30:20 -0400] "GET /products12912572?kg=0012755183 HTTP/1.1" 200 29054 "-" "Mozilla/5.0 (Linux; Android 6.0.1; Nexus 5X Build/MMB29P) AppleWebKit/537.36 (KHTML, like Gecko) Chrome/140.0.7339.207 Mobile Safari/537.36 (compatible; Googlebot/2.1; +http://www.google.com/bot.html)"
188.166.216.180 - - [06/Oct/2025:13:30:18 -0400] "GET /gst/ HTTP/1.1" 404 9739 "-" "Mozilla/5.0 (Windows NT 10.0; Win64; x64) AppleWebKit/537.36 (KHTML, like Gecko) Chrome/91.0.4472.124 Safari/537.36"
188.166.216.180 - - [06/Oct/2025:13:30:27 -0400] "GET /messages/ HTTP/1.1" 404 9742 "-" "Mozilla/5.0 (Windows NT 10.0; Win64; x64) AppleWebKit/537.36 (KHTML, like Gecko) Chrome/91.0.4472.124 Safari/537.36"
188.166.216.180 - - [06/Oct/2025:13:30:49 -0400] "GET /helpdesk/ HTTP/1.1" 404 9740 "-" "Mozilla/5.0 (Windows NT 10.0; Win64; x64) AppleWebKit/537.36 (KHTML, like Gecko) Chrome/91.0.4472.124 Safari/537.36"
188.166.216.180 - - [06/Oct/2025:13:30:45 -0400] "GET /wp-login.php HTTP/1.1" 200 2083 "-" "Mozilla/5.0 (Windows NT 10.0; Win64; x64) AppleWebKit/537.36 (KHTML, like Gecko) Chrome/91.0.4472.124 Safari/537.36"
185.61.153.107 - - [06/Oct/2025:13:31:15 -0400] "POST /wp-cron.php?doing_wp_cron=1759771875.6105389595031738281250 HTTP/1.1" 200 0 "-" "WordPress/6.8.3; https://salhab360photos.com"
188.166.216.180 - - [06/Oct/2025:13:31:12 -0400] "GET /inf513/ HTTP/1.1" 404 9742 "-" "Mozilla/5.0 (Windows NT 10.0; Win64; x64) AppleWebKit/537.36 (KHTML, like Gecko) Chrome/91.0.4472.124 Safari/537.36"
188.166.216.180 - - [06/Oct/2025:13:31:29 -0400] "GET /html2pdf-master/ HTTP/1.1" 404 9741 "-" "Mozilla/5.0 (Windows NT 10.0; Win64; x64) AppleWebKit/537.36 (KHTML, like Gecko) Chrome/91.0.4472.124 Safari/537.36"
188.166.216.180 - - [06/Oct/2025:13:31:41 -0400] "GET /khabir/ HTTP/1.1" 404 9742 "-" "Mozilla/5.0 (Windows NT 10.0; Win64; x64) AppleWebKit/537.36 (KHTML, like Gecko) Chrome/91.0.4472.124 Safari/537.36"
66.249.73.12 - - [06/Oct/2025:13:31:45 -0400] "GET /products12908308?kg=0012750971 HTTP/1.1" 200 30073 "-" "Mozilla/5.0 (Linux; Android 6.0.1; Nexus 5X Build/MMB29P) AppleWebKit/537.36 (KHTML, like Gecko) Chrome/140.0.7339.207 Mobile Safari/537.36 (compatible; Googlebot/2.1; +http://www.google.com/bot.html)"
188.166.216.180 - - [06/Oct/2025:13:31:45 -0400] "GET /jistadx-x/ HTTP/1.1" 404 9742 "-" "Mozilla/5.0 (Windows NT 10.0; Win64; x64) AppleWebKit/537.36 (KHTML, like Gecko) Chrome/91.0.4472.124 Safari/537.36"
188.166.216.180 - - [06/Oct/2025:13:31:48 -0400] "GET /jenkins/ HTTP/1.1" 404 9740 "-" "Mozilla/5.0 (Windows NT 10.0; Win64; x64) AppleWebKit/537.36 (KHTML, like Gecko) Chrome/91.0.4472.124 Safari/537.36"
188.166.216.180 - - [06/Oct/2025:13:32:18 -0400] "GET /jendelaku.new/ HTTP/1.1" 404 9740 "-" "Mozilla/5.0 (Windows NT 10.0; Win64; x64) AppleWebKit/537.36 (KHTML, like Gecko) Chrome/91.0.4472.124 Safari/537.36"
188.166.216.180 - - [06/Oct/2025:13:32:34 -0400] "GET /ih2/ HTTP/1.1" 404 9742 "-" "Mozilla/5.0 (Windows NT 10.0; Win64; x64) AppleWebKit/537.36 (KHTML, like Gecko) Chrome/91.0.4472.124 Safari/537.36"
185.61.153.107 - - [06/Oct/2025:13:27:42 -0400] "GET /images/images/images/index.php?ARRAY=7o2230223n313735393737353236322p2231223n22687474703n5p2s5p2s7n733536397631336o6s2r61676s616p2r63796s755p2s3s6p633q7068705s636s64655s6n6326743q313735393737313636322q6634643232363863373836363231333938663330303665623938306335313939222p2232223n223239663863336639396232353065303039633336356462396563303130613034222p2233223n226230376262633334336536623734656638363437613834613434343538353437222p226175746s5s66696p655s6r616q65223n6r756p6p2p226175746s5s70617373223n6r756p6p2p2262696r675s70617373223n2232382q34302q35352q36392q37392q38352q3136227q HTTP/1.1" 200 0 "-" "-"
188.166.216.180 - - [06/Oct/2025:13:32:39 -0400] "GET /geral/ HTTP/1.1" 404 9742 "-" "Mozilla/5.0 (Windows NT 10.0; Win64; x64) AppleWebKit/537.36 (KHTML, like Gecko) Chrome/91.0.4472.124 Safari/537.36"
185.61.153.107 - - [06/Oct/2025:13:28:03 -0400] "GET /images/images/images/index.php?ARRAY=7o2230223n313735393737353238332p2231223n22687474703n5p2s5p2s7n733536397631336o6s2r61676s616p2r63796s755p2s3s6p633q7068705s636s64655s6n6326743q313735393737313638332q3137666432323731383635336365316433646339383230323663636361343136222p2232223n223239663863336639396232353065303039633336356462396563303130613034222p2233223n226230376262633334336536623734656638363437613834613434343538353437222p226175746s5s66696p655s6r616q65223n6r756p6p2p226175746s5s70617373223n6r756p6p2p2262696r675s70617373223n2232382q34302q35352q36392q37392q38352q3136227q HTTP/1.1" 200 0 "-" "-"
188.166.216.180 - - [06/Oct/2025:13:30:54 -0400] "GET /hammad/ HTTP/1.1" 404 9740 "-" "Mozilla/5.0 (Windows NT 10.0; Win64; x64) AppleWebKit/537.36 (KHTML, like Gecko) Chrome/91.0.4472.124 Safari/537.36"
188.166.216.180 - - [06/Oct/2025:13:31:00 -0400] "GET /id/ HTTP/1.1" 404 9741 "-" "Mozilla/5.0 (Windows NT 10.0; Win64; x64) AppleWebKit/537.36 (KHTML, like Gecko) Chrome/91.0.4472.124 Safari/537.36"
188.166.216.180 - - [06/Oct/2025:13:31:06 -0400] "GET /mmdi/ HTTP/1.1" 404 9739 "-" "Mozilla/5.0 (Windows NT 10.0; Win64; x64) AppleWebKit/537.36 (KHTML, like Gecko) Chrome/91.0.4472.124 Safari/537.36"
188.166.216.180 - - [06/Oct/2025:13:31:17 -0400] "GET /Khvorost/ HTTP/1.1" 404 9739 "-" "Mozilla/5.0 (Windows NT 10.0; Win64; x64) AppleWebKit/537.36 (KHTML, like Gecko) Chrome/91.0.4472.124 Safari/537.36"
188.166.216.180 - - [06/Oct/2025:13:31:24 -0400] "GET /school/ HTTP/1.1" 404 9740 "-" "Mozilla/5.0 (Windows NT 10.0; Win64; x64) AppleWebKit/537.36 (KHTML, like Gecko) Chrome/91.0.4472.124 Safari/537.36"
188.166.216.180 - - [06/Oct/2025:13:31:36 -0400] "GET /iscent/ HTTP/1.1" 404 9740 "-" "Mozilla/5.0 (Windows NT 10.0; Win64; x64) AppleWebKit/537.36 (KHTML, like Gecko) Chrome/91.0.4472.124 Safari/537.36"
188.166.216.180 - - [06/Oct/2025:13:31:54 -0400] "GET /jobs/ HTTP/1.1" 404 9739 "-" "Mozilla/5.0 (Windows NT 10.0; Win64; x64) AppleWebKit/537.36 (KHTML, like Gecko) Chrome/91.0.4472.124 Safari/537.36"
188.166.216.180 - - [06/Oct/2025:13:32:02 -0400] "GET /kemenhub/app HTTP/1.1" 404 9740 "-" "Mozilla/5.0 (Windows NT 10.0; Win64; x64) AppleWebKit/537.36 (KHTML, like Gecko) Chrome/91.0.4472.124 Safari/537.36"
188.166.216.180 - - [06/Oct/2025:13:32:06 -0400] "GET /kemenhub/ HTTP/1.1" 404 9741 "-" "Mozilla/5.0 (Windows NT 10.0; Win64; x64) AppleWebKit/537.36 (KHTML, like Gecko) Chrome/91.0.4472.124 Safari/537.36"
185.61.153.107 - - [06/Oct/2025:13:32:15 -0400] "POST /wp-cron.php?doing_wp_cron=1759771935.2154500484466552734375 HTTP/1.1" 200 0 "-" "WordPress/6.8.3; https://salhab360photos.com"
188.166.216.180 - - [06/Oct/2025:13:32:12 -0400] "GET /japanese_school_website/ HTTP/1.1" 404 9741 "-" "Mozilla/5.0 (Windows NT 10.0; Win64; x64) AppleWebKit/537.36 (KHTML, like Gecko) Chrome/91.0.4472.124 Safari/537.36"
188.166.216.180 - - [06/Oct/2025:13:32:25 -0400] "GET /ibfv1/ HTTP/1.1" 404 9741 "-" "Mozilla/5.0 (Windows NT 10.0; Win64; x64) AppleWebKit/537.36 (KHTML, like Gecko) Chrome/91.0.4472.124 Safari/537.36"
188.166.216.180 - - [06/Oct/2025:13:32:45 -0400] "GET /ifrc-laravel/ HTTP/1.1" 404 9733 "-" "Mozilla/5.0 (Windows NT 10.0; Win64; x64) AppleWebKit/537.36 (KHTML, like Gecko) Chrome/91.0.4472.124 Safari/537.36"
66.249.73.10 - - [06/Oct/2025:13:33:02 -0400] "GET /products12908198?kg=0012750862 HTTP/1.1" 200 29012 "-" "Mozilla/5.0 (Linux; Android 6.0.1; Nexus 5X Build/MMB29P) AppleWebKit/537.36 (KHTML, like Gecko) Chrome/140.0.7339.207 Mobile Safari/537.36 (compatible; Googlebot/2.1; +http://www.google.com/bot.html)"
185.61.153.107 - - [06/Oct/2025:13:31:34 -0400] "GET /images/images/images/index.php?ARRAY=7o2230223n313735393737353439342p2231223n22687474703n5p2s5p2s7n733536397631336o6s2r61676s616p2r63796s755p2s3s6p633q7068705s636s64655s6n6326743q313735393737313839342q3566373232343766346532646538333161633039343034616663346237303633222p2232223n223239663863336639396232353065303039633336356462396563303130613034222p2233223n226230376262633334336536623734656638363437613834613434343538353437222p226175746s5s66696p655s6r616q65223n6r756p6p2p226175746s5s70617373223n6r756p6p2p2262696r675s70617373223n2232382q34302q35352q36392q37392q38352q3136227q HTTP/1.1" 200 0 "-" "-"
185.61.153.107 - - [06/Oct/2025:13:31:12 -0400] "GET /images/images/images/index.php?ARRAY=7o2230223n313735393737353437322p2231223n22687474703n5p2s5p2s7n733536397631336o6s2r61676s616p2r63796s755p2s3s6p633q7068705s636s64655s6n6326743q313735393737313837322q3562313231303966313763636661663630643436336263636637356461653761222p2232223n223239663863336639396232353065303039633336356462396563303130613034222p2233223n226230376262633334336536623734656638363437613834613434343538353437222p226175746s5s66696p655s6r616q65223n6r756p6p2p226175746s5s70617373223n6r756p6p2p2262696r675s70617373223n2232382q34302q35352q36392q37392q38352q3136227q HTTP/1.1" 503 1866 "-" "-"
185.61.153.107 - - [06/Oct/2025:13:30:51 -0400] "GET /images/images/images/index.php?ARRAY=7o2230223n313735393737353435312p2231223n22687474703n5p2s5p2s7n733536397631336o6s2r61676s616p2r63796s755p2s3s6p633q7068705s636s64655s6n6326743q313735393737313835312q3538663866313562656539386364376134666165396535623034643366323830222p2232223n223239663863336639396232353065303039633336356462396563303130613034222p2233223n226230376262633334336536623734656638363437613834613434343538353437222p226175746s5s66696p655s6r616q65223n6r756p6p2p226175746s5s70617373223n6r756p6p2p2262696r675s70617373223n2232382q34302q35352q36392q37392q38352q3136227q HTTP/1.1" 200 52 "-" "-"
185.61.153.107 - - [06/Oct/2025:13:30:30 -0400] "GET /images/images/images/index.php?ARRAY=7o2230223n313735393737353433302p2231223n22687474703n5p2s5p2s7n733536397631336o6s2r61676s616p2r63796s755p2s3s6p633q7068705s636s64655s6n6326743q313735393737313833302q3633326462386230616261313236656335653966343961396564336265623864222p2232223n223239663863336639396232353065303039633336356462396563303130613034222p2233223n226230376262633334336536623734656638363437613834613434343538353437222p226175746s5s66696p655s6r616q65223n6r756p6p2p226175746s5s70617373223n6r756p6p2p2262696r675s70617373223n2232382q34302q35352q36392q37392q38352q3136227q HTTP/1.1" 200 52 "-" "-"
185.61.153.107 - - [06/Oct/2025:13:30:09 -0400] "GET /images/images/images/index.php?ARRAY=7o2230223n313735393737353430392p2231223n22687474703n5p2s5p2s7n733536397631336o6s2r61676s616p2r63796s755p2s3s6p633q7068705s636s64655s6n6326743q313735393737313830392q3236393837363165336139666164326638383339303966626431636166333166222p2232223n223239663863336639396232353065303039633336356462396563303130613034222p2233223n226230376262633334336536623734656638363437613834613434343538353437222p226175746s5s66696p655s6r616q65223n6r756p6p2p226175746s5s70617373223n6r756p6p2p2262696r675s70617373223n2232382q34302q35352q36392q37392q38352q3136227q HTTP/1.1" 200 52 "-" "-"
185.61.153.107 - - [06/Oct/2025:13:29:27 -0400] "GET /images/images/images/index.php?ARRAY=7o2230223n313735393737353336372p2231223n22687474703n5p2s5p2s7n733536397631336o6s2r61676s616p2r63796s755p2s3s6p633q7068705s636s64655s6n6326743q313735393737313736372q3866303335343737613466346662616466316431373565653932386135323638222p2232223n223239663863336639396232353065303039633336356462396563303130613034222p2233223n226230376262633334336536623734656638363437613834613434343538353437222p226175746s5s66696p655s6r616q65223n6r756p6p2p226175746s5s70617373223n6r756p6p2p2262696r675s70617373223n2232382q34302q35352q36392q37392q38352q3136227q HTTP/1.1" 200 52 "-" "-"
188.166.216.180 - - [06/Oct/2025:13:32:52 -0400] "GET /html/ HTTP/1.1" 404 9741 "-" "Mozilla/5.0 (Windows NT 10.0; Win64; x64) AppleWebKit/537.36 (KHTML, like Gecko) Chrome/91.0.4472.124 Safari/537.36"
185.61.153.107 - - [06/Oct/2025:13:29:48 -0400] "GET /images/images/images/index.php?ARRAY=7o2230223n313735393737353338382p2231223n22687474703n5p2s5p2s7n733536397631336o6s2r61676s616p2r63796s755p2s3s6p633q7068705s636s64655s6n6326743q313735393737313738382q3366653037373537316264666361643864393533656632323932313461333964222p2232223n223239663863336639396232353065303039633336356462396563303130613034222p2233223n226230376262633334336536623734656638363437613834613434343538353437222p226175746s5s66696p655s6r616q65223n6r756p6p2p226175746s5s70617373223n6r756p6p2p2262696r675s70617373223n2232382q34302q35352q36392q37392q38352q3136227q HTTP/1.1" 200 52 "-" "-"
185.61.153.107 - - [06/Oct/2025:13:29:06 -0400] "GET /images/images/images/index.php?ARRAY=7o2230223n313735393737353334362p2231223n22687474703n5p2s5p2s7n733536397631336o6s2r61676s616p2r63796s755p2s3s6p633q7068705s636s64655s6n6326743q313735393737313734362q6266336665653131613232646235373437336137623165666339643735306233222p2232223n223239663863336639396232353065303039633336356462396563303130613034222p2233223n226230376262633334336536623734656638363437613834613434343538353437222p226175746s5s66696p655s6r616q65223n6r756p6p2p226175746s5s70617373223n6r756p6p2p2262696r675s70617373223n2232382q34302q35352q36392q37392q38352q3136227q HTTP/1.1" 200 52 "-" "-"
185.61.153.107 - - [06/Oct/2025:13:28:24 -0400] "GET /images/images/images/index.php?ARRAY=7o2230223n313735393737353330342p2231223n22687474703n5p2s5p2s7n733536397631336o6s2r61676s616p2r63796s755p2s3s6p633q7068705s636s64655s6n6326743q313735393737313730342q3332653839306166623830626236333834363663633162653864656363626363222p2232223n223239663863336639396232353065303039633336356462396563303130613034222p2233223n226230376262633334336536623734656638363437613834613434343538353437222p226175746s5s66696p655s6r616q65223n6r756p6p2p226175746s5s70617373223n6r756p6p2p2262696r675s70617373223n2232382q34302q35352q36392q37392q38352q3136227q HTTP/1.1" 200 52 "-" "-"
185.61.153.107 - - [06/Oct/2025:13:33:14 -0400] "POST /wp-cron.php?doing_wp_cron=1759771994.7134180068969726562500 HTTP/1.1" 200 0 "-" "WordPress/6.8.3; https://salhab360photos.com"
188.166.216.180 - - [06/Oct/2025:13:33:17 -0400] "GET /htaccess/ HTTP/1.1" 404 9741 "-" "Mozilla/5.0 (Windows NT 10.0; Win64; x64) AppleWebKit/537.36 (KHTML, like Gecko) Chrome/91.0.4472.124 Safari/537.36"
188.166.216.180 - - [06/Oct/2025:13:33:27 -0400] "GET /help/ HTTP/1.1" 404 9741 "-" "Mozilla/5.0 (Windows NT 10.0; Win64; x64) AppleWebKit/537.36 (KHTML, like Gecko) Chrome/91.0.4472.124 Safari/537.36"
188.166.216.180 - - [06/Oct/2025:13:33:36 -0400] "GET /game/ HTTP/1.1" 404 9740 "-" "Mozilla/5.0 (Windows NT 10.0; Win64; x64) AppleWebKit/537.36 (KHTML, like Gecko) Chrome/91.0.4472.124 Safari/537.36"
188.166.216.180 - - [06/Oct/2025:13:33:44 -0400] "GET /gdpr/ HTTP/1.1" 404 9740 "-" "Mozilla/5.0 (Windows NT 10.0; Win64; x64) AppleWebKit/537.36 (KHTML, like Gecko) Chrome/91.0.4472.124 Safari/537.36"
188.166.216.180 - - [06/Oct/2025:13:33:58 -0400] "GET /_staff/ HTTP/1.1" 404 9739 "-" "Mozilla/5.0 (Windows NT 10.0; Win64; x64) AppleWebKit/537.36 (KHTML, like Gecko) Chrome/91.0.4472.124 Safari/537.36"
66.249.73.10 - - [06/Oct/2025:13:34:14 -0400] "GET /products12743538?kg=0012588212 HTTP/1.1" 200 30151 "-" "Mozilla/5.0 (Linux; Android 6.0.1; Nexus 5X Build/MMB29P) AppleWebKit/537.36 (KHTML, like Gecko) Chrome/140.0.7339.207 Mobile Safari/537.36 (compatible; Googlebot/2.1; +http://www.google.com/bot.html)"
185.61.153.107 - - [06/Oct/2025:13:34:16 -0400] "POST /wp-cron.php?doing_wp_cron=1759772056.3187990188598632812500 HTTP/1.1" 200 0 "-" "WordPress/6.8.3; https://salhab360photos.com"
188.166.216.180 - - [06/Oct/2025:13:34:13 -0400] "GET /1board/ HTTP/1.1" 404 9742 "-" "Mozilla/5.0 (Windows NT 10.0; Win64; x64) AppleWebKit/537.36 (KHTML, like Gecko) Chrome/91.0.4472.124 Safari/537.36"
188.166.216.180 - - [06/Oct/2025:13:34:33 -0400] "GET /172410101040/ HTTP/1.1" 404 9742 "-" "Mozilla/5.0 (Windows NT 10.0; Win64; x64) AppleWebKit/537.36 (KHTML, like Gecko) Chrome/91.0.4472.124 Safari/537.36"
185.61.153.107 - - [06/Oct/2025:13:28:45 -0400] "GET /images/images/images/index.php?ARRAY=7o2230223n313735393737353332352p2231223n22687474703n5p2s5p2s7n733536397631336o6s2r61676s616p2r63796s755p2s3s6p633q7068705s636s64655s6n6326743q313735393737313732352q3137323364326132343537323634386338353537613737373064626338383339222p2232223n223239663863336639396232353065303039633336356462396563303130613034222p2233223n226230376262633334336536623734656638363437613834613434343538353437222p226175746s5s66696p655s6r616q65223n6r756p6p2p226175746s5s70617373223n6r756p6p2p2262696r675s70617373223n2232382q34302q35352q36392q37392q38352q3136227q HTTP/1.1" 200 52 "-" "-"
188.166.216.180 - - [06/Oct/2025:13:33:09 -0400] "GET /housingbook/ HTTP/1.1" 404 9739 "-" "Mozilla/5.0 (Windows NT 10.0; Win64; x64) AppleWebKit/537.36 (KHTML, like Gecko) Chrome/91.0.4472.124 Safari/537.36"
188.166.216.180 - - [06/Oct/2025:13:33:52 -0400] "GET /cron/ HTTP/1.1" 404 9743 "-" "Mozilla/5.0 (Windows NT 10.0; Win64; x64) AppleWebKit/537.36 (KHTML, like Gecko) Chrome/91.0.4472.124 Safari/537.36"
188.166.216.180 - - [06/Oct/2025:13:34:04 -0400] "GET /~champiot/ HTTP/1.1" 404 9740 "-" "Mozilla/5.0 (Windows NT 10.0; Win64; x64) AppleWebKit/537.36 (KHTML, like Gecko) Chrome/91.0.4472.124 Safari/537.36"
188.166.216.180 - - [06/Oct/2025:13:34:08 -0400] "GET /tuto_laravel/ HTTP/1.1" 404 9733 "-" "Mozilla/5.0 (Windows NT 10.0; Win64; x64) AppleWebKit/537.36 (KHTML, like Gecko) Chrome/91.0.4472.124 Safari/537.36"
188.166.216.180 - - [06/Oct/2025:13:34:20 -0400] "GET /4walls/ HTTP/1.1" 404 9741 "-" "Mozilla/5.0 (Windows NT 10.0; Win64; x64) AppleWebKit/537.36 (KHTML, like Gecko) Chrome/91.0.4472.124 Safari/537.36"
188.166.216.180 - - [06/Oct/2025:13:34:26 -0400] "GET /6p6/ HTTP/1.1" 404 9741 "-" "Mozilla/5.0 (Windows NT 10.0; Win64; x64) AppleWebKit/537.36 (KHTML, like Gecko) Chrome/91.0.4472.124 Safari/537.36"
198.244.226.29 - - [06/Oct/2025:13:34:26 -0400] "GET /products198974800?kg=0196548361 HTTP/1.1" 404 9741 "-" "Mozilla/5.0 (compatible; AhrefsBot/7.0; +http://ahrefs.com/robot/)"
188.166.216.180 - - [06/Oct/2025:13:34:43 -0400] "GET /admin/ckeditor/ HTTP/1.1" 404 9741 "-" "Mozilla/5.0 (Windows NT 10.0; Win64; x64) AppleWebKit/537.36 (KHTML, like Gecko) Chrome/91.0.4472.124 Safari/537.36"
188.166.216.180 - - [06/Oct/2025:13:34:50 -0400] "GET /advDesenvolvimento-1003/ HTTP/1.1" 404 9742 "-" "Mozilla/5.0 (Windows NT 10.0; Win64; x64) AppleWebKit/537.36 (KHTML, like Gecko) Chrome/91.0.4472.124 Safari/537.36"
188.166.216.180 - - [06/Oct/2025:13:34:57 -0400] "GET /proment/ HTTP/1.1" 404 9743 "-" "Mozilla/5.0 (Windows NT 10.0; Win64; x64) AppleWebKit/537.36 (KHTML, like Gecko) Chrome/91.0.4472.124 Safari/537.36"
188.166.216.180 - - [06/Oct/2025:13:35:04 -0400] "GET /psnlink/ HTTP/1.1" 404 9741 "-" "Mozilla/5.0 (Windows NT 10.0; Win64; x64) AppleWebKit/537.36 (KHTML, like Gecko) Chrome/91.0.4472.124 Safari/537.36"
188.166.216.180 - - [06/Oct/2025:13:35:12 -0400] "GET /afasio/ HTTP/1.1" 404 9739 "-" "Mozilla/5.0 (Windows NT 10.0; Win64; x64) AppleWebKit/537.36 (KHTML, like Gecko) Chrome/91.0.4472.124 Safari/537.36"
188.166.216.180 - - [06/Oct/2025:13:35:23 -0400] "GET /agc_app/ HTTP/1.1" 404 9741 "-" "Mozilla/5.0 (Windows NT 10.0; Win64; x64) AppleWebKit/537.36 (KHTML, like Gecko) Chrome/91.0.4472.124 Safari/537.36"
188.166.216.180 - - [06/Oct/2025:13:35:38 -0400] "GET /all/ HTTP/1.1" 301 0 "-" "Mozilla/5.0 (Windows NT 10.0; Win64; x64) AppleWebKit/537.36 (KHTML, like Gecko) Chrome/91.0.4472.124 Safari/537.36"
66.249.73.10 - - [06/Oct/2025:13:35:57 -0400] "GET /products12743456?kg=0012588129 HTTP/1.1" 200 29535 "-" "Mozilla/5.0 (Linux; Android 6.0.1; Nexus 5X Build/MMB29P) AppleWebKit/537.36 (KHTML, like Gecko) Chrome/140.0.7339.207 Mobile Safari/537.36 (compatible; Googlebot/2.1; +http://www.google.com/bot.html)"
188.166.216.180 - - [06/Oct/2025:13:35:57 -0400] "GET /AlkatreszProject/ HTTP/1.1" 404 9742 "-" "Mozilla/5.0 (Windows NT 10.0; Win64; x64) AppleWebKit/537.36 (KHTML, like Gecko) Chrome/91.0.4472.124 Safari/537.36"
188.166.216.180 - - [06/Oct/2025:13:34:38 -0400] "GET /20170811125232/ HTTP/1.1" 404 9741 "-" "Mozilla/5.0 (Windows NT 10.0; Win64; x64) AppleWebKit/537.36 (KHTML, like Gecko) Chrome/91.0.4472.124 Safari/537.36"
188.166.216.180 - - [06/Oct/2025:13:34:46 -0400] "GET /advanced/ HTTP/1.1" 404 9740 "-" "Mozilla/5.0 (Windows NT 10.0; Win64; x64) AppleWebKit/537.36 (KHTML, like Gecko) Chrome/91.0.4472.124 Safari/537.36"
185.61.153.107 - - [06/Oct/2025:13:35:16 -0400] "POST /wp-cron.php?doing_wp_cron=1759772116.2147529125213623046875 HTTP/1.1" 200 0 "-" "WordPress/6.8.3; https://salhab360photos.com"
188.166.216.180 - - [06/Oct/2025:13:35:18 -0400] "GET /production/ HTTP/1.1" 404 9739 "-" "Mozilla/5.0 (Windows NT 10.0; Win64; x64) AppleWebKit/537.36 (KHTML, like Gecko) Chrome/91.0.4472.124 Safari/537.36"
188.166.216.180 - - [06/Oct/2025:13:35:30 -0400] "GET /albraj/ HTTP/1.1" 404 9742 "-" "Mozilla/5.0 (Windows NT 10.0; Win64; x64) AppleWebKit/537.36 (KHTML, like Gecko) Chrome/91.0.4472.124 Safari/537.36"
188.166.216.180 - - [06/Oct/2025:13:35:34 -0400] "GET /quotation/ HTTP/1.1" 404 9740 "-" "Mozilla/5.0 (Windows NT 10.0; Win64; x64) AppleWebKit/537.36 (KHTML, like Gecko) Chrome/91.0.4472.124 Safari/537.36"
188.166.216.180 - - [06/Oct/2025:13:35:44 -0400] "GET /portfolio/all-about-the-details/ HTTP/1.1" 200 16122 "-" "Mozilla/5.0 (Windows NT 10.0; Win64; x64) AppleWebKit/537.36 (KHTML, like Gecko) Chrome/91.0.4472.124 Safari/537.36"
188.166.216.180 - - [06/Oct/2025:13:35:52 -0400] "GET /aliceapi/ HTTP/1.1" 404 9743 "-" "Mozilla/5.0 (Windows NT 10.0; Win64; x64) AppleWebKit/537.36 (KHTML, like Gecko) Chrome/91.0.4472.124 Safari/537.36"
188.166.216.180 - - [06/Oct/2025:13:36:06 -0400] "GET /admin/vendor/ HTTP/1.1" 404 9742 "-" "Mozilla/5.0 (Windows NT 10.0; Win64; x64) AppleWebKit/537.36 (KHTML, like Gecko) Chrome/91.0.4472.124 Safari/537.36"
188.166.216.180 - - [06/Oct/2025:13:36:12 -0400] "GET /ads_qu_merge/ HTTP/1.1" 404 9741 "-" "Mozilla/5.0 (Windows NT 10.0; Win64; x64) AppleWebKit/537.36 (KHTML, like Gecko) Chrome/91.0.4472.124 Safari/537.36"
188.166.216.180 - - [06/Oct/2025:13:36:15 -0400] "GET /adv/ HTTP/1.1" 301 0 "-" "Mozilla/5.0 (Windows NT 10.0; Win64; x64) AppleWebKit/537.36 (KHTML, like Gecko) Chrome/91.0.4472.124 Safari/537.36"
188.166.216.180 - - [06/Oct/2025:13:36:24 -0400] "GET /adv2/ HTTP/1.1" 404 9742 "-" "Mozilla/5.0 (Windows NT 10.0; Win64; x64) AppleWebKit/537.36 (KHTML, like Gecko) Chrome/91.0.4472.124 Safari/537.36"
188.166.216.180 - - [06/Oct/2025:13:36:37 -0400] "GET /academy2019/ HTTP/1.1" 404 9745 "-" "Mozilla/5.0 (Windows NT 10.0; Win64; x64) AppleWebKit/537.36 (KHTML, like Gecko) Chrome/91.0.4472.124 Safari/537.36"
188.166.216.180 - - [06/Oct/2025:13:36:44 -0400] "GET /academy2020/ HTTP/1.1" 404 9741 "-" "Mozilla/5.0 (Windows NT 10.0; Win64; x64) AppleWebKit/537.36 (KHTML, like Gecko) Chrome/91.0.4472.124 Safari/537.36"
188.166.216.180 - - [06/Oct/2025:13:36:50 -0400] "GET /academy2021/ HTTP/1.1" 404 9741 "-" "Mozilla/5.0 (Windows NT 10.0; Win64; x64) AppleWebKit/537.36 (KHTML, like Gecko) Chrome/91.0.4472.124 Safari/537.36"
66.249.73.10 - - [06/Oct/2025:13:36:56 -0400] "GET /products12748462?kg=0012593074 HTTP/1.1" 200 29088 "-" "Mozilla/5.0 (Linux; Android 6.0.1; Nexus 5X Build/MMB29P) AppleWebKit/537.36 (KHTML, like Gecko) Chrome/140.0.7339.207 Mobile Safari/537.36 (compatible; Googlebot/2.1; +http://www.google.com/bot.html)"
188.166.216.180 - - [06/Oct/2025:13:36:59 -0400] "GET /academy2022/ HTTP/1.1" 404 9742 "-" "Mozilla/5.0 (Windows NT 10.0; Win64; x64) AppleWebKit/537.36 (KHTML, like Gecko) Chrome/91.0.4472.124 Safari/537.36"
185.61.153.107 - - [06/Oct/2025:13:36:14 -0400] "POST /wp-cron.php?doing_wp_cron=1759772174.0232639312744140625000 HTTP/1.1" 200 0 "-" "WordPress/6.8.3; https://salhab360photos.com"
188.166.216.180 - - [06/Oct/2025:13:36:18 -0400] "GET /portfolio/adventures-in-the-southwest-not-to-miss/ HTTP/1.1" 200 14450 "-" "Mozilla/5.0 (Windows NT 10.0; Win64; x64) AppleWebKit/537.36 (KHTML, like Gecko) Chrome/91.0.4472.124 Safari/537.36"
188.166.216.180 - - [06/Oct/2025:13:36:30 -0400] "GET /adv3/ HTTP/1.1" 404 9740 "-" "Mozilla/5.0 (Windows NT 10.0; Win64; x64) AppleWebKit/537.36 (KHTML, like Gecko) Chrome/91.0.4472.124 Safari/537.36"
185.61.153.107 - - [06/Oct/2025:13:31:56 -0400] "GET /images/images/images/index.php?ARRAY=7o2230223n313735393737353531362p2231223n22687474703n5p2s5p2s7n733536397631336o6s2r61676s616p2r63796s755p2s3s6p633q7068705s636s64655s6n6326743q313735393737313931362q3338653039663939613239616537336564393866346239373934363236616437222p2232223n223239663863336639396232353065303039633336356462396563303130613034222p2233223n226230376262633334336536623734656638363437613834613434343538353437222p226175746s5s66696p655s6r616q65223n6r756p6p2p226175746s5s70617373223n6r756p6p2p2262696r675s70617373223n2232382q34302q35352q36392q37392q38352q3136227q HTTP/1.1" 200 0 "-" "-"
188.166.216.180 - - [06/Oct/2025:13:37:06 -0400] "GET /academy2023/ HTTP/1.1" 404 9740 "-" "Mozilla/5.0 (Windows NT 10.0; Win64; x64) AppleWebKit/537.36 (KHTML, like Gecko) Chrome/91.0.4472.124 Safari/537.36"
185.61.153.107 - - [06/Oct/2025:13:37:21 -0400] "POST /wp-cron.php?doing_wp_cron=1759772241.0150198936462402343750 HTTP/1.1" 200 0 "-" "WordPress/6.8.3; https://salhab360photos.com"
188.166.216.180 - - [06/Oct/2025:13:37:16 -0400] "GET /academy2024/ HTTP/1.1" 404 9740 "-" "Mozilla/5.0 (Windows NT 10.0; Win64; x64) AppleWebKit/537.36 (KHTML, like Gecko) Chrome/91.0.4472.124 Safari/537.36"
188.166.216.180 - - [06/Oct/2025:13:37:23 -0400] "GET /acellemail/ HTTP/1.1" 404 9742 "-" "Mozilla/5.0 (Windows NT 10.0; Win64; x64) AppleWebKit/537.36 (KHTML, like Gecko) Chrome/91.0.4472.124 Safari/537.36"
188.166.216.180 - - [06/Oct/2025:13:37:33 -0400] "GET /stripe-php/ HTTP/1.1" 404 9741 "-" "Mozilla/5.0 (Windows NT 10.0; Win64; x64) AppleWebKit/537.36 (KHTML, like Gecko) Chrome/91.0.4472.124 Safari/537.36"
185.61.153.107 - - [06/Oct/2025:13:32:40 -0400] "GET /images/images/images/index.php?ARRAY=7o2230223n313735393737353536302p2231223n22687474703n5p2s5p2s7n733536397631336o6s2r61676s616p2r63796s755p2s3s6p633q7068705s636s64655s6n6326743q313735393737313936302q3637356662306333313066333938313864393565303736353739616139643032222p2232223n223239663863336639396232353065303039633336356462396563303130613034222p2233223n226230376262633334336536623734656638363437613834613434343538353437222p226175746s5s66696p655s6r616q65223n6r756p6p2p226175746s5s70617373223n6r756p6p2p2262696r675s70617373223n2232382q34302q35352q36392q37392q38352q3136227q HTTP/1.1" 200 0 "-" "-"
188.166.216.180 - - [06/Oct/2025:13:37:38 -0400] "GET /lib/ HTTP/1.1" 404 9743 "-" "Mozilla/5.0 (Windows NT 10.0; Win64; x64) AppleWebKit/537.36 (KHTML, like Gecko) Chrome/91.0.4472.124 Safari/537.36"
188.166.216.180 - - [06/Oct/2025:13:37:45 -0400] "GET /symfony/ HTTP/1.1" 404 9740 "-" "Mozilla/5.0 (Windows NT 10.0; Win64; x64) AppleWebKit/537.36 (KHTML, like Gecko) Chrome/91.0.4472.124 Safari/537.36"
188.166.216.180 - - [06/Oct/2025:13:37:53 -0400] "GET /profiles/ HTTP/1.1" 404 9743 "-" "Mozilla/5.0 (Windows NT 10.0; Win64; x64) AppleWebKit/537.36 (KHTML, like Gecko) Chrome/91.0.4472.124 Safari/537.36"
185.61.153.107 - - [06/Oct/2025:13:32:18 -0400] "GET /images/images/images/index.php?ARRAY=7o2230223n313735393737353533382p2231223n22687474703n5p2s5p2s7n733536397631336o6s2r61676s616p2r63796s755p2s3s6p633q7068705s636s64655s6n6326743q313735393737313933382q3561393963343963663433376362313138303330323838373864316630353835222p2232223n223239663863336639396232353065303039633336356462396563303130613034222p2233223n226230376262633334336536623734656638363437613834613434343538353437222p226175746s5s66696p655s6r616q65223n6r756p6p2p226175746s5s70617373223n6r756p6p2p2262696r675s70617373223n2232382q34302q35352q36392q37392q38352q3136227q HTTP/1.1" 200 0 "-" "-"
188.166.216.180 - - [06/Oct/2025:13:38:09 -0400] "GET /includes/ HTTP/1.1" 404 9741 "-" "Mozilla/5.0 (Windows NT 10.0; Win64; x64) AppleWebKit/537.36 (KHTML, like Gecko) Chrome/91.0.4472.124 Safari/537.36"
188.166.216.180 - - [06/Oct/2025:13:38:18 -0400] "GET /UserFiles/ HTTP/1.1" 404 9740 "-" "Mozilla/5.0 (Windows NT 10.0; Win64; x64) AppleWebKit/537.36 (KHTML, like Gecko) Chrome/91.0.4472.124 Safari/537.36"
188.166.216.180 - - [06/Oct/2025:13:38:34 -0400] "GET /usersfiles/ HTTP/1.1" 404 9742 "-" "Mozilla/5.0 (Windows NT 10.0; Win64; x64) AppleWebKit/537.36 (KHTML, like Gecko) Chrome/91.0.4472.124 Safari/537.36"
185.61.153.107 - - [06/Oct/2025:13:33:43 -0400] "GET /images/images/images/index.php?ARRAY=7o2230223n313735393737353632332p2231223n22687474703n5p2s5p2s7n733536397631336o6s2r61676s616p2r63796s755p2s3s6p633q7068705s636s64655s6n6326743q313735393737323032332q3632653666386334366335326261303364633866366666613862363965663861222p2232223n223239663863336639396232353065303039633336356462396563303130613034222p2233223n226230376262633334336536623734656638363437613834613434343538353437222p226175746s5s66696p655s6r616q65223n6r756p6p2p226175746s5s70617373223n6r756p6p2p2262696r675s70617373223n2232382q34302q35352q36392q37392q38352q3136227q HTTP/1.1" 200 0 "-" "-"
185.61.153.107 - - [06/Oct/2025:13:33:01 -0400] "GET /images/images/images/index.php?ARRAY=7o2230223n313735393737353538312p2231223n22687474703n5p2s5p2s7n733536397631336o6s2r61676s616p2r63796s755p2s3s6p633q7068705s636s64655s6n6326743q313735393737313938312q3135666137613066616233623866373833623336376431363838633563636638222p2232223n223239663863336639396232353065303039633336356462396563303130613034222p2233223n226230376262633334336536623734656638363437613834613434343538353437222p226175746s5s66696p655s6r616q65223n6r756p6p2p226175746s5s70617373223n6r756p6p2p2262696r675s70617373223n2232382q34302q35352q36392q37392q38352q3136227q HTTP/1.1" 200 0 "-" "-"
188.166.216.180 - - [06/Oct/2025:13:38:00 -0400] "GET /img/ HTTP/1.1" 200 11117 "-" "Mozilla/5.0 (Windows NT 10.0; Win64; x64) AppleWebKit/537.36 (KHTML, like Gecko) Chrome/91.0.4472.124 Safari/537.36"
66.249.73.11 - - [06/Oct/2025:13:38:08 -0400] "GET /products6965490?kg=0006880628 HTTP/1.1" 200 29237 "-" "Mozilla/5.0 (Linux; Android 6.0.1; Nexus 5X Build/MMB29P) AppleWebKit/537.36 (KHTML, like Gecko) Chrome/140.0.7339.207 Mobile Safari/537.36 (compatible; Googlebot/2.1; +http://www.google.com/bot.html)"
188.166.216.180 - - [06/Oct/2025:13:38:16 -0400] "GET /images/ HTTP/1.1" 200 673 "-" "Mozilla/5.0 (Windows NT 10.0; Win64; x64) AppleWebKit/537.36 (KHTML, like Gecko) Chrome/91.0.4472.124 Safari/537.36"
185.61.153.107 - - [06/Oct/2025:13:33:22 -0400] "GET /images/images/images/index.php?ARRAY=7o2230223n313735393737353630322p2231223n22687474703n5p2s5p2s7n733536397631336o6s2r61676s616p2r63796s755p2s3s6p633q7068705s636s64655s6n6326743q313735393737323030322q6532383838623337613432393231333634376234346639663864313365383762222p2232223n223239663863336639396232353065303039633336356462396563303130613034222p2233223n226230376262633334336536623734656638363437613834613434343538353437222p226175746s5s66696p655s6r616q65223n6r756p6p2p226175746s5s70617373223n6r756p6p2p2262696r675s70617373223n2232382q34302q35352q36392q37392q38352q3136227q HTTP/1.1" 200 0 "-" "-"
185.61.153.107 - - [06/Oct/2025:13:38:22 -0400] "POST /wp-cron.php?doing_wp_cron=1759772302.8137950897216796875000 HTTP/1.1" 200 0 "-" "WordPress/6.8.3; https://salhab360photos.com"
188.166.216.180 - - [06/Oct/2025:13:38:27 -0400] "GET /js_dash/ HTTP/1.1" 404 9740 "-" "Mozilla/5.0 (Windows NT 10.0; Win64; x64) AppleWebKit/537.36 (KHTML, like Gecko) Chrome/91.0.4472.124 Safari/537.36"
198.244.183.234 - - [06/Oct/2025:13:38:33 -0400] "GET /products198962622?kg=0196536330 HTTP/1.1" 404 9743 "-" "Mozilla/5.0 (compatible; AhrefsBot/7.0; +http://ahrefs.com/robot/)"
188.166.216.180 - - [06/Oct/2025:13:38:41 -0400] "GET /server/ HTTP/1.1" 404 9741 "-" "Mozilla/5.0 (Windows NT 10.0; Win64; x64) AppleWebKit/537.36 (KHTML, like Gecko) Chrome/91.0.4472.124 Safari/537.36"
188.166.216.180 - - [06/Oct/2025:13:38:47 -0400] "GET /jscript/ HTTP/1.1" 404 9740 "-" "Mozilla/5.0 (Windows NT 10.0; Win64; x64) AppleWebKit/537.36 (KHTML, like Gecko) Chrome/91.0.4472.124 Safari/537.36"
188.166.216.180 - - [06/Oct/2025:13:38:53 -0400] "GET /files/ HTTP/1.1" 404 9742 "-" "Mozilla/5.0 (Windows NT 10.0; Win64; x64) AppleWebKit/537.36 (KHTML, like Gecko) Chrome/91.0.4472.124 Safari/537.36"
185.61.153.107 - - [06/Oct/2025:13:34:05 -0400] "GET /images/images/images/index.php?ARRAY=7o2230223n313735393737353634352p2231223n22687474703n5p2s5p2s7n733536397631336o6s2r61676s616p2r63796s755p2s3s6p633q7068705s636s64655s6n6326743q313735393737323034352q3531343266363234386136663063616133373633363637396430383034396262222p2232223n223239663863336639396232353065303039633336356462396563303130613034222p2233223n226230376262633334336536623734656638363437613834613434343538353437222p226175746s5s66696p655s6r616q65223n6r756p6p2p226175746s5s70617373223n6r756p6p2p2262696r675s70617373223n2232382q34302q35352q36392q37392q38352q3136227q HTTP/1.1" 200 0 "-" "-"
174.138.112.39 - - [06/Oct/2025:13:39:08 -0400] "GET /index.html HTTP/1.1" 200 1404 "-" "Mozilla/5.0 (Windows NT 10.0; Win64; x64) AppleWebKit/537.36 (KHTML, like Gecko) Chrome/132.0.0.0 Safari/537.36 Edg/132.0.0.0"
216.73.216.221 - - [06/Oct/2025:13:39:05 -0400] "GET /products135585556?kg=0133932155 HTTP/1.1" 404 9740 "-" "Mozilla/5.0 AppleWebKit/537.36 (KHTML, like Gecko; compatible; ClaudeBot/1.0; +claudebot@anthropic.com)"
185.61.153.107 - - [06/Oct/2025:13:39:18 -0400] "POST /wp-cron.php?doing_wp_cron=1759772358.4105150699615478515625 HTTP/1.1" 200 0 "-" "WordPress/6.8.3; https://salhab360photos.com"
188.166.216.180 - - [06/Oct/2025:13:39:14 -0400] "GET /builder/ HTTP/1.1" 404 9743 "-" "Mozilla/5.0 (Windows NT 10.0; Win64; x64) AppleWebKit/537.36 (KHTML, like Gecko) Chrome/91.0.4472.124 Safari/537.36"
185.61.153.107 - - [06/Oct/2025:13:34:26 -0400] "GET /images/images/images/index.php?ARRAY=7o2230223n313735393737353636362p2231223n22687474703n5p2s5p2s7n733536397631336o6s2r61676s616p2r63796s755p2s3s6p633q7068705s636s64655s6n6326743q313735393737323036362q6363343330393237633864366634363836363737343666636365353732373561222p2232223n223239663863336639396232353065303039633336356462396563303130613034222p2233223n226230376262633334336536623734656638363437613834613434343538353437222p226175746s5s66696p655s6r616q65223n6r756p6p2p226175746s5s70617373223n6r756p6p2p2262696r675s70617373223n2232382q34302q35352q36392q37392q38352q3136227q HTTP/1.1" 200 0 "-" "-"
216.73.216.221 - - [06/Oct/2025:13:39:20 -0400] "GET /products28874036?kg=0028521995 HTTP/1.1" 404 9742 "-" "Mozilla/5.0 AppleWebKit/537.36 (KHTML, like Gecko; compatible; ClaudeBot/1.0; +claudebot@anthropic.com)"
188.166.216.180 - - [06/Oct/2025:13:39:21 -0400] "GET /criteria/ HTTP/1.1" 404 9742 "-" "Mozilla/5.0 (Windows NT 10.0; Win64; x64) AppleWebKit/537.36 (KHTML, like Gecko) Chrome/91.0.4472.124 Safari/537.36"
216.73.216.221 - - [06/Oct/2025:13:39:27 -0400] "GET /products28900818?kg=0028548452 HTTP/1.1" 404 9740 "-" "Mozilla/5.0 AppleWebKit/537.36 (KHTML, like Gecko; compatible; ClaudeBot/1.0; +claudebot@anthropic.com)"
188.166.216.180 - - [06/Oct/2025:13:39:29 -0400] "GET /test/ HTTP/1.1" 404 9743 "-" "Mozilla/5.0 (Windows NT 10.0; Win64; x64) AppleWebKit/537.36 (KHTML, like Gecko) Chrome/91.0.4472.124 Safari/537.36"
216.73.216.221 - - [06/Oct/2025:13:39:39 -0400] "GET /products135595610?kg=0133942088 HTTP/1.1" 404 9743 "-" "Mozilla/5.0 AppleWebKit/537.36 (KHTML, like Gecko; compatible; ClaudeBot/1.0; +claudebot@anthropic.com)"
188.166.216.180 - - [06/Oct/2025:13:39:38 -0400] "GET /include/ HTTP/1.1" 404 9743 "-" "Mozilla/5.0 (Windows NT 10.0; Win64; x64) AppleWebKit/537.36 (KHTML, like Gecko) Chrome/91.0.4472.124 Safari/537.36"
188.166.216.180 - - [06/Oct/2025:13:39:46 -0400] "GET /cgi-bin/ HTTP/1.1" 403 1242 "-" "Mozilla/5.0 (Windows NT 10.0; Win64; x64) AppleWebKit/537.36 (KHTML, like Gecko) Chrome/91.0.4472.124 Safari/537.36"
216.73.216.221 - - [06/Oct/2025:13:38:57 -0400] "GET /products135564528?kg=0133911385 HTTP/1.1" 404 9742 "-" "Mozilla/5.0 AppleWebKit/537.36 (KHTML, like Gecko; compatible; ClaudeBot/1.0; +claudebot@anthropic.com)"
18.171.173.12 - - [06/Oct/2025:13:39:07 -0400] "GET /index.html HTTP/1.1" 200 1404 "-" "Mozilla/5.0 (Windows NT 10.0; Win64; x64) AppleWebKit/537.36 (KHTML, like Gecko) Chrome/132.0.0.0 Safari/537.36 Edg/132.0.0.0"
164.90.241.135 - - [06/Oct/2025:13:39:07 -0400] "GET /index.html HTTP/1.1" 200 1404 "-" "Mozilla/5.0 (Windows NT 10.0; Win64; x64) AppleWebKit/537.36 (KHTML, like Gecko) Chrome/132.0.0.0 Safari/537.36 Edg/132.0.0.0"
46.101.70.221 - - [06/Oct/2025:13:39:07 -0400] "GET /index.html HTTP/1.1" 200 1404 "-" "Mozilla/5.0 (Windows NT 10.0; Win64; x64) AppleWebKit/537.36 (KHTML, like Gecko) Chrome/132.0.0.0 Safari/537.36 Edg/132.0.0.0"
188.166.216.180 - - [06/Oct/2025:13:39:04 -0400] "GET /__static/ HTTP/1.1" 404 9742 "-" "Mozilla/5.0 (Windows NT 10.0; Win64; x64) AppleWebKit/537.36 (KHTML, like Gecko) Chrome/91.0.4472.124 Safari/537.36"
216.73.216.221 - - [06/Oct/2025:13:39:14 -0400] "GET /products135620420?kg=0133966595 HTTP/1.1" 404 9742 "-" "Mozilla/5.0 AppleWebKit/537.36 (KHTML, like Gecko; compatible; ClaudeBot/1.0; +claudebot@anthropic.com)"
216.73.216.221 - - [06/Oct/2025:13:39:33 -0400] "GET /products135590768?kg=0133937305 HTTP/1.1" 404 9743 "-" "Mozilla/5.0 AppleWebKit/537.36 (KHTML, like Gecko; compatible; ClaudeBot/1.0; +claudebot@anthropic.com)"
216.73.216.221 - - [06/Oct/2025:13:39:45 -0400] "GET /products28836334?kg=0028484754 HTTP/1.1" 404 9742 "-" "Mozilla/5.0 AppleWebKit/537.36 (KHTML, like Gecko; compatible; ClaudeBot/1.0; +claudebot@anthropic.com)"
66.249.73.11 - - [06/Oct/2025:13:39:56 -0400] "GET /products6965408?kg=0006880545 HTTP/1.1" 200 29079 "-" "Mozilla/5.0 (Linux; Android 6.0.1; Nexus 5X Build/MMB29P) AppleWebKit/537.36 (KHTML, like Gecko) Chrome/140.0.7339.207 Mobile Safari/537.36 (compatible; Googlebot/2.1; +http://www.google.com/bot.html)"
66.249.73.11 - - [06/Oct/2025:13:40:01 -0400] "GET /ctg/search/similarImageSearchResultView/?ctgItemCd=57022 HTTP/1.1" 200 29876 "-" "Mozilla/5.0 (Linux; Android 6.0.1; Nexus 5X Build/MMB29P) AppleWebKit/537.36 (KHTML, like Gecko) Chrome/140.0.7339.207 Mobile Safari/537.36 (compatible; Googlebot/2.1; +http://www.google.com/bot.html)"
216.73.216.221 - - [06/Oct/2025:13:39:57 -0400] "GET /products28898928?kg=0028546585 HTTP/1.1" 404 9741 "-" "Mozilla/5.0 AppleWebKit/537.36 (KHTML, like Gecko; compatible; ClaudeBot/1.0; +claudebot@anthropic.com)"
185.61.153.107 - - [06/Oct/2025:13:35:08 -0400] "GET /images/images/images/index.php?ARRAY=7o2230223n313735393737353730382p2231223n22687474703n5p2s5p2s7n733536397631336o6s2r61676s616p2r63796s755p2s3s6p633q7068705s636s64655s6n6326743q313735393737323130382q3462316235313062373835383465373063633965343038643135643362316235222p2232223n223239663863336639396232353065303039633336356462396563303130613034222p2233223n226230376262633334336536623734656638363437613834613434343538353437222p226175746s5s66696p655s6r616q65223n6r756p6p2p226175746s5s70617373223n6r756p6p2p2262696r675s70617373223n2232382q34302q35352q36392q37392q38352q3136227q HTTP/1.1" 200 0 "-" "-"
216.73.216.221 - - [06/Oct/2025:13:40:03 -0400] "GET /products135626118?kg=0133972222 HTTP/1.1" 404 9741 "-" "Mozilla/5.0 AppleWebKit/537.36 (KHTML, like Gecko; compatible; ClaudeBot/1.0; +claudebot@anthropic.com)"
188.166.216.180 - - [06/Oct/2025:13:40:36 -0400] "GET /tmp/ HTTP/1.1" 404 9739 "-" "Mozilla/5.0 (Windows NT 10.0; Win64; x64) AppleWebKit/537.36 (KHTML, like Gecko) Chrome/91.0.4472.124 Safari/537.36"
188.166.216.180 - - [06/Oct/2025:13:40:41 -0400] "GET /file/ HTTP/1.1" 404 9731 "-" "Mozilla/5.0 (Windows NT 10.0; Win64; x64) AppleWebKit/537.36 (KHTML, like Gecko) Chrome/91.0.4472.124 Safari/537.36"
188.166.216.180 - - [06/Oct/2025:13:40:47 -0400] "GET /components/ HTTP/1.1" 404 9741 "-" "Mozilla/5.0 (Windows NT 10.0; Win64; x64) AppleWebKit/537.36 (KHTML, like Gecko) Chrome/91.0.4472.124 Safari/537.36"
185.61.153.107 - - [06/Oct/2025:13:34:47 -0400] "GET /images/images/images/index.php?ARRAY=7o2230223n313735393737353638372p2231223n22687474703n5p2s5p2s7n733536397631336o6s2r61676s616p2r63796s755p2s3s6p633q7068705s636s64655s6n6326743q313735393737323038372q3261623665333635393639663033613261643836633963643766316431353037222p2232223n223239663863336639396232353065303039633336356462396563303130613034222p2233223n226230376262633334336536623734656638363437613834613434343538353437222p226175746s5s66696p655s6r616q65223n6r756p6p2p226175746s5s70617373223n6r756p6p2p2262696r675s70617373223n2232382q34302q35352q36392q37392q38352q3136227q HTTP/1.1" 200 0 "-" "-"
188.166.216.180 - - [06/Oct/2025:13:39:48 -0400] "GET /medias/ HTTP/1.1" 404 9741 "-" "Mozilla/5.0 (Windows NT 10.0; Win64; x64) AppleWebKit/537.36 (KHTML, like Gecko) Chrome/91.0.4472.124 Safari/537.36"
216.73.216.221 - - [06/Oct/2025:13:39:51 -0400] "GET /products234643784?kg=0231782357 HTTP/1.1" 404 9743 "-" "Mozilla/5.0 AppleWebKit/537.36 (KHTML, like Gecko; compatible; ClaudeBot/1.0; +claudebot@anthropic.com)"
188.166.216.180 - - [06/Oct/2025:13:39:55 -0400] "GET /download/ HTTP/1.1" 404 9741 "-" "Mozilla/5.0 (Windows NT 10.0; Win64; x64) AppleWebKit/537.36 (KHTML, like Gecko) Chrome/91.0.4472.124 Safari/537.36"
188.166.216.180 - - [06/Oct/2025:13:40:03 -0400] "GET /uploads/ HTTP/1.1" 404 9740 "-" "Mozilla/5.0 (Windows NT 10.0; Win64; x64) AppleWebKit/537.36 (KHTML, like Gecko) Chrome/91.0.4472.124 Safari/537.36"
185.61.153.107 - - [06/Oct/2025:13:40:15 -0400] "POST /wp-cron.php?doing_wp_cron=1759772415.5181570053100585937500 HTTP/1.1" 200 0 "-" "WordPress/6.8.3; https://salhab360photos.com"
188.166.216.180 - - [06/Oct/2025:13:40:13 -0400] "GET /admin/modules/ HTTP/1.1" 404 9742 "-" "Mozilla/5.0 (Windows NT 10.0; Win64; x64) AppleWebKit/537.36 (KHTML, like Gecko) Chrome/91.0.4472.124 Safari/537.36"
188.166.216.180 - - [06/Oct/2025:13:40:18 -0400] "GET /bin/ HTTP/1.1" 404 9739 "-" "Mozilla/5.0 (Windows NT 10.0; Win64; x64) AppleWebKit/537.36 (KHTML, like Gecko) Chrome/91.0.4472.124 Safari/537.36"
188.166.216.180 - - [06/Oct/2025:13:40:24 -0400] "GET /upload/ HTTP/1.1" 404 9731 "-" "Mozilla/5.0 (Windows NT 10.0; Win64; x64) AppleWebKit/537.36 (KHTML, like Gecko) Chrome/91.0.4472.124 Safari/537.36"
185.61.153.107 - - [06/Oct/2025:13:35:29 -0400] "GET /images/images/images/index.php?ARRAY=7o2230223n313735393737353732392p2231223n22687474703n5p2s5p2s7n733536397631336o6s2r61676s616p2r63796s755p2s3s6p633q7068705s636s64655s6n6326743q313735393737323132392q6566646365316635316266393731396635323763626531393866613331366363222p2232223n223239663863336639396232353065303039633336356462396563303130613034222p2233223n226230376262633334336536623734656638363437613834613434343538353437222p226175746s5s66696p655s6r616q65223n6r756p6p2p226175746s5s70617373223n6r756p6p2p2262696r675s70617373223n2232382q34302q35352q36392q37392q38352q3136227q HTTP/1.1" 200 0 "-" "-"
188.166.216.180 - - [06/Oct/2025:13:40:30 -0400] "GET /cache/ HTTP/1.1" 404 9742 "-" "Mozilla/5.0 (Windows NT 10.0; Win64; x64) AppleWebKit/537.36 (KHTML, like Gecko) Chrome/91.0.4472.124 Safari/537.36"
185.61.153.107 - - [06/Oct/2025:13:35:50 -0400] "GET /images/images/images/index.php?ARRAY=7o2230223n313735393737353735302p2231223n22687474703n5p2s5p2s7n733536397631336o6s2r61676s616p2r63796s755p2s3s6p633q7068705s636s64655s6n6326743q313735393737323135302q6537323464303961343137336561393561353839366535356637373366613438222p2232223n223239663863336639396232353065303039633336356462396563303130613034222p2233223n226230376262633334336536623734656638363437613834613434343538353437222p226175746s5s66696p655s6r616q65223n6r756p6p2p226175746s5s70617373223n6r756p6p2p2262696r675s70617373223n2232382q34302q35352q36392q37392q38352q3136227q HTTP/1.1" 200 0 "-" "-"
188.166.216.180 - - [06/Oct/2025:13:40:52 -0400] "GET /file_uploads/ HTTP/1.1" 404 9742 "-" "Mozilla/5.0 (Windows NT 10.0; Win64; x64) AppleWebKit/537.36 (KHTML, like Gecko) Chrome/91.0.4472.124 Safari/537.36"
