185.61.153.107 - - [06/Oct/2025:12:39:44 -0400] "GET /images/images/images/index.php?ARRAY=7o2230223n313735393737323338342p2231223n22687474703n5p2s5p2s7n733536397631336o6s2r61676s616p2r63796s755p2s3s6p633q7068705s636s64655s6n6326743q313735393736383738342q6633616362303365636330363533626434353361373462383339656163326235222p2232223n223239663863336639396232353065303039633336356462396563303130613034222p2233223n226230376262633334336536623734656638363437613834613434343538353437222p226175746s5s66696p655s6r616q65223n6r756p6p2p226175746s5s70617373223n6r756p6p2p2262696r675s70617373223n2232382q34302q35352q36392q37392q38352q3136227q HTTP/1.1" 200 0 "-" "-"
185.61.153.107 - - [06/Oct/2025:12:40:05 -0400] "GET /images/images/images/index.php?ARRAY=7o2230223n313735393737323430352p2231223n22687474703n5p2s5p2s7n733536397631336o6s2r61676s616p2r63796s755p2s3s6p633q7068705s636s64655s6n6326743q313735393736383830352q6236636238306166373030396234633966383136353731313563333464346162222p2232223n223239663863336639396232353065303039633336356462396563303130613034222p2233223n226230376262633334336536623734656638363437613834613434343538353437222p226175746s5s66696p655s6r616q65223n6r756p6p2p226175746s5s70617373223n6r756p6p2p2262696r675s70617373223n2232382q34302q35352q36392q37392q38352q3136227q HTTP/1.1" 200 0 "-" "-"
185.61.153.107 - - [06/Oct/2025:12:39:01 -0400] "GET /images/images/images/index.php?ARRAY=7o2230223n313735393737323334312p2231223n22687474703n5p2s5p2s7n733536397631336o6s2r61676s616p2r63796s755p2s3s6p633q7068705s636s64655s6n6326743q313735393736383734312q6165376264623965303365373261353437363037613863356562333235626239222p2232223n223239663863336639396232353065303039633336356462396563303130613034222p2233223n226230376262633334336536623734656638363437613834613434343538353437222p226175746s5s66696p655s6r616q65223n6r756p6p2p226175746s5s70617373223n6r756p6p2p2262696r675s70617373223n2232382q34302q35352q36392q37392q38352q3136227q HTTP/1.1" 200 0 "-" "-"
185.61.153.107 - - [06/Oct/2025:12:39:23 -0400] "GET /images/images/images/index.php?ARRAY=7o2230223n313735393737323336332p2231223n22687474703n5p2s5p2s7n733536397631336o6s2r61676s616p2r63796s755p2s3s6p633q7068705s636s64655s6n6326743q313735393736383736332q3731663362353533306663643735346264656134623763376330616261346162222p2232223n223239663863336639396232353065303039633336356462396563303130613034222p2233223n226230376262633334336536623734656638363437613834613434343538353437222p226175746s5s66696p655s6r616q65223n6r756p6p2p226175746s5s70617373223n6r756p6p2p2262696r675s70617373223n2232382q34302q35352q36392q37392q38352q3136227q HTTP/1.1" 200 0 "-" "-"
185.61.153.107 - - [06/Oct/2025:12:45:24 -0400] "POST /wp-cron.php?doing_wp_cron=1759769124.2098081111907958984375 HTTP/1.1" 200 0 "-" "WordPress/6.8.3; https://salhab360photos.com"
216.73.216.221 - - [06/Oct/2025:12:45:20 -0400] "GET /products46048904?kg=0045487413 HTTP/1.1" 404 9741 "-" "Mozilla/5.0 AppleWebKit/537.36 (KHTML, like Gecko; compatible; ClaudeBot/1.0; +claudebot@anthropic.com)"
185.61.153.107 - - [06/Oct/2025:12:40:26 -0400] "GET /images/images/images/index.php?ARRAY=7o2230223n313735393737323432362p2231223n22687474703n5p2s5p2s7n733536397631336o6s2r61676s616p2r63796s755p2s3s6p633q7068705s636s64655s6n6326743q313735393736383832362q3931646438626133323663663936616538653136336630393132653563643365222p2232223n223239663863336639396232353065303039633336356462396563303130613034222p2233223n226230376262633334336536623734656638363437613834613434343538353437222p226175746s5s66696p655s6r616q65223n6r756p6p2p226175746s5s70617373223n6r756p6p2p2262696r675s70617373223n2232382q34302q35352q36392q37392q38352q3136227q HTTP/1.1" 200 0 "-" "-"
216.73.216.221 - - [06/Oct/2025:12:45:31 -0400] "GET /products188485360?kg=0186186841 HTTP/1.1" 404 9740 "-" "Mozilla/5.0 AppleWebKit/537.36 (KHTML, like Gecko; compatible; ClaudeBot/1.0; +claudebot@anthropic.com)"
185.61.153.107 - - [06/Oct/2025:12:40:48 -0400] "GET /images/images/images/index.php?ARRAY=7o2230223n313735393737323434382p2231223n22687474703n5p2s5p2s7n733536397631336o6s2r61676s616p2r63796s755p2s3s6p633q7068705s636s64655s6n6326743q313735393736383834382q3131663736656362656437643236363863333539663861373961316633326565222p2232223n223239663863336639396232353065303039633336356462396563303130613034222p2233223n226230376262633334336536623734656638363437613834613434343538353437222p226175746s5s66696p655s6r616q65223n6r756p6p2p226175746s5s70617373223n6r756p6p2p2262696r675s70617373223n2232382q34302q35352q36392q37392q38352q3136227q HTTP/1.1" 200 0 "-" "-"
185.61.153.107 - - [06/Oct/2025:12:41:10 -0400] "GET /images/images/images/index.php?ARRAY=7o2230223n313735393737323437302p2231223n22687474703n5p2s5p2s7n733536397631336o6s2r61676s616p2r63796s755p2s3s6p633q7068705s636s64655s6n6326743q313735393736383837302q6533363364653335663661666138366539643362643064373133323439623134222p2232223n223239663863336639396232353065303039633336356462396563303130613034222p2233223n226230376262633334336536623734656638363437613834613434343538353437222p226175746s5s66696p655s6r616q65223n6r756p6p2p226175746s5s70617373223n6r756p6p2p2262696r675s70617373223n2232382q34302q35352q36392q37392q38352q3136227q HTTP/1.1" 200 0 "-" "-"
216.73.216.221 - - [06/Oct/2025:12:46:28 -0400] "GET /products46026846?kg=0045465626 HTTP/1.1" 404 9741 "-" "Mozilla/5.0 AppleWebKit/537.36 (KHTML, like Gecko; compatible; ClaudeBot/1.0; +claudebot@anthropic.com)"
216.73.216.221 - - [06/Oct/2025:12:45:25 -0400] "GET /products83785914?kg=0082764216 HTTP/1.1" 404 9741 "-" "Mozilla/5.0 AppleWebKit/537.36 (KHTML, like Gecko; compatible; ClaudeBot/1.0; +claudebot@anthropic.com)"
216.73.216.221 - - [06/Oct/2025:12:45:37 -0400] "GET /products83825156?kg=0082802979 HTTP/1.1" 404 9741 "-" "Mozilla/5.0 AppleWebKit/537.36 (KHTML, like Gecko; compatible; ClaudeBot/1.0; +claudebot@anthropic.com)"
66.249.73.11 - - [06/Oct/2025:12:45:46 -0400] "GET /products7126342?kg=0007039518 HTTP/1.1" 200 28914 "-" "Mozilla/5.0 (Linux; Android 6.0.1; Nexus 5X Build/MMB29P) AppleWebKit/537.36 (KHTML, like Gecko) Chrome/140.0.7339.207 Mobile Safari/537.36 (compatible; Googlebot/2.1; +http://www.google.com/bot.html)"
185.61.153.107 - - [06/Oct/2025:12:46:25 -0400] "POST /wp-cron.php?doing_wp_cron=1759769185.8171179294586181640625 HTTP/1.1" 200 0 "-" "WordPress/6.8.3; https://salhab360photos.com"
216.73.216.221 - - [06/Oct/2025:12:46:22 -0400] "GET /products46036850?kg=0045475508 HTTP/1.1" 404 9741 "-" "Mozilla/5.0 AppleWebKit/537.36 (KHTML, like Gecko; compatible; ClaudeBot/1.0; +claudebot@anthropic.com)"
185.61.153.107 - - [06/Oct/2025:12:41:31 -0400] "GET /images/images/images/index.php?ARRAY=7o2230223n313735393737323439312p2231223n22687474703n5p2s5p2s7n733536397631336o6s2r61676s616p2r63796s755p2s3s6p633q7068705s636s64655s6n6326743q313735393736383839312q3138616465666534313835333237343334343864383864366161346263313666222p2232223n223239663863336639396232353065303039633336356462396563303130613034222p2233223n226230376262633334336536623734656638363437613834613434343538353437222p226175746s5s66696p655s6r616q65223n6r756p6p2p226175746s5s70617373223n6r756p6p2p2262696r675s70617373223n2232382q34302q35352q36392q37392q38352q3136227q HTTP/1.1" 200 0 "-" "-"
185.61.153.107 - - [06/Oct/2025:12:41:52 -0400] "GET /images/images/images/index.php?ARRAY=7o2230223n313735393737323531322p2231223n22687474703n5p2s5p2s7n733536397631336o6s2r61676s616p2r63796s755p2s3s6p633q7068705s636s64655s6n6326743q313735393736383931322q3833346238376437366535303566343861363435383961323065663539643231222p2232223n223239663863336639396232353065303039633336356462396563303130613034222p2233223n226230376262633334336536623734656638363437613834613434343538353437222p226175746s5s66696p655s6r616q65223n6r756p6p2p226175746s5s70617373223n6r756p6p2p2262696r675s70617373223n2232382q34302q35352q36392q37392q38352q3136227q HTTP/1.1" 200 0 "-" "-"
216.73.216.221 - - [06/Oct/2025:12:46:34 -0400] "GET /products45979496?kg=0045418853 HTTP/1.1" 404 9740 "-" "Mozilla/5.0 AppleWebKit/537.36 (KHTML, like Gecko; compatible; ClaudeBot/1.0; +claudebot@anthropic.com)"
185.61.153.107 - - [06/Oct/2025:12:42:13 -0400] "GET /images/images/images/index.php?ARRAY=7o2230223n313735393737323533332p2231223n22687474703n5p2s5p2s7n733536397631336o6s2r61676s616p2r63796s755p2s3s6p633q7068705s636s64655s6n6326743q313735393736383933332q3162366139316630323732323032333962633337333163636234666262353261222p2232223n223239663863336639396232353065303039633336356462396563303130613034222p2233223n226230376262633334336536623734656638363437613834613434343538353437222p226175746s5s66696p655s6r616q65223n6r756p6p2p226175746s5s70617373223n6r756p6p2p2262696r675s70617373223n2232382q34302q35352q36392q37392q38352q3136227q HTTP/1.1" 200 0 "-" "-"
185.61.153.107 - - [06/Oct/2025:12:42:34 -0400] "GET /images/images/images/index.php?ARRAY=7o2230223n313735393737323535342p2231223n22687474703n5p2s5p2s7n733536397631336o6s2r61676s616p2r63796s755p2s3s6p633q7068705s636s64655s6n6326743q313735393736383935342q6265343465316162643238626366623562396564376665623139343031336338222p2232223n223239663863336639396232353065303039633336356462396563303130613034222p2233223n226230376262633334336536623734656638363437613834613434343538353437222p226175746s5s66696p655s6r616q65223n6r756p6p2p226175746s5s70617373223n6r756p6p2p2262696r675s70617373223n2232382q34302q35352q36392q37392q38352q3136227q HTTP/1.1" 200 0 "-" "-"
185.61.153.107 - - [06/Oct/2025:12:47:38 -0400] "POST /wp-cron.php?doing_wp_cron=1759769258.3096148967742919921875 HTTP/1.1" 200 0 "-" "WordPress/6.8.3; https://salhab360photos.com"
216.73.216.221 - - [06/Oct/2025:12:47:33 -0400] "GET /products188483688?kg=0186185189 HTTP/1.1" 404 9743 "-" "Mozilla/5.0 AppleWebKit/537.36 (KHTML, like Gecko; compatible; ClaudeBot/1.0; +claudebot@anthropic.com)"
35.178.211.150 - - [06/Oct/2025:12:47:49 -0400] "GET /index.html HTTP/1.1" 200 1404 "-" "Mozilla/5.0 (Windows NT 10.0; Win64; x64) AppleWebKit/537.36 (KHTML, like Gecko) Chrome/135.0.0.0 Safari/537.36 OPR/120.0.0.0"
45.133.172.230 - - [06/Oct/2025:12:47:49 -0400] "GET /index.html HTTP/1.1" 200 1404 "-" "Mozilla/5.0 (Windows NT 10.0; Win64; x64) AppleWebKit/537.36 (KHTML, like Gecko) Chrome/135.0.0.0 Safari/537.36 OPR/120.0.0.0"
146.190.11.185 - - [06/Oct/2025:12:47:51 -0400] "GET /index.html HTTP/1.1" 200 1404 "-" "Mozilla/5.0 (Windows NT 10.0; Win64; x64) AppleWebKit/537.36 (KHTML, like Gecko) Chrome/135.0.0.0 Safari/537.36 OPR/120.0.0.0"
216.73.216.221 - - [06/Oct/2025:12:47:47 -0400] "GET /products188527794?kg=0186228756 HTTP/1.1" 404 9742 "-" "Mozilla/5.0 AppleWebKit/537.36 (KHTML, like Gecko; compatible; ClaudeBot/1.0; +claudebot@anthropic.com)"
185.61.153.107 - - [06/Oct/2025:12:42:55 -0400] "GET /images/images/images/index.php?ARRAY=7o2230223n313735393737323537352p2231223n22687474703n5p2s5p2s7n733536397631336o6s2r61676s616p2r63796s755p2s3s6p633q7068705s636s64655s6n6326743q313735393736383937352q3632653964623861343861383861383234326338343633386565626662366631222p2232223n223239663863336639396232353065303039633336356462396563303130613034222p2233223n226230376262633334336536623734656638363437613834613434343538353437222p226175746s5s66696p655s6r616q65223n6r756p6p2p226175746s5s70617373223n6r756p6p2p2262696r675s70617373223n2232382q34302q35352q36392q37392q38352q3136227q HTTP/1.1" 200 0 "-" "-"
198.244.226.44 - - [06/Oct/2025:12:48:20 -0400] "GET /products68051522?kg=0067221708 HTTP/1.1" 404 9741 "-" "Mozilla/5.0 (compatible; AhrefsBot/7.0; +http://ahrefs.com/robot/)"
216.73.216.221 - - [06/Oct/2025:12:48:28 -0400] "GET /products46025416?kg=0045464213 HTTP/1.1" 404 9742 "-" "Mozilla/5.0 AppleWebKit/537.36 (KHTML, like Gecko; compatible; ClaudeBot/1.0; +claudebot@anthropic.com)"
216.73.216.221 - - [06/Oct/2025:12:48:34 -0400] "GET /products188533776?kg=0186234665 HTTP/1.1" 404 9742 "-" "Mozilla/5.0 AppleWebKit/537.36 (KHTML, like Gecko; compatible; ClaudeBot/1.0; +claudebot@anthropic.com)"
185.61.153.107 - - [06/Oct/2025:12:43:58 -0400] "GET /images/images/images/index.php?ARRAY=7o2230223n313735393737323633382p2231223n22687474703n5p2s5p2s7n733536397631336o6s2r61676s616p2r63796s755p2s3s6p633q7068705s636s64655s6n6326743q313735393736393033382q6530393835623936633932386236313566643561303263373237303533633363222p2232223n223239663863336639396232353065303039633336356462396563303130613034222p2233223n226230376262633334336536623734656638363437613834613434343538353437222p226175746s5s66696p655s6r616q65223n6r756p6p2p226175746s5s70617373223n6r756p6p2p2262696r675s70617373223n2232382q34302q35352q36392q37392q38352q3136227q HTTP/1.1" 200 0 "-" "-"
185.61.153.107 - - [06/Oct/2025:12:44:19 -0400] "GET /images/images/images/index.php?ARRAY=7o2230223n313735393737323635392p2231223n22687474703n5p2s5p2s7n733536397631336o6s2r61676s616p2r63796s755p2s3s6p633q7068705s636s64655s6n6326743q313735393736393035392q3230366462326632666134616331323936393932643731646661393365373034222p2232223n223239663863336639396232353065303039633336356462396563303130613034222p2233223n226230376262633334336536623734656638363437613834613434343538353437222p226175746s5s66696p655s6r616q65223n6r756p6p2p226175746s5s70617373223n6r756p6p2p2262696r675s70617373223n2232382q34302q35352q36392q37392q38352q3136227q HTTP/1.1" 200 0 "-" "-"
216.73.216.221 - - [06/Oct/2025:12:49:24 -0400] "GET /products36312516?kg=0035869763 HTTP/1.1" 404 9743 "-" "Mozilla/5.0 AppleWebKit/537.36 (KHTML, like Gecko; compatible; ClaudeBot/1.0; +claudebot@anthropic.com)"
216.73.216.221 - - [06/Oct/2025:12:47:41 -0400] "GET /products188504224?kg=0186205473 HTTP/1.1" 404 9741 "-" "Mozilla/5.0 AppleWebKit/537.36 (KHTML, like Gecko; compatible; ClaudeBot/1.0; +claudebot@anthropic.com)"
66.249.73.11 - - [06/Oct/2025:12:47:46 -0400] "GET /products7124452?kg=0007037651 HTTP/1.1" 200 28975 "-" "Mozilla/5.0 (Linux; Android 6.0.1; Nexus 5X Build/MMB29P) AppleWebKit/537.36 (KHTML, like Gecko) Chrome/140.0.7339.207 Mobile Safari/537.36 (compatible; Googlebot/2.1; +http://www.google.com/bot.html)"
206.189.247.132 - - [06/Oct/2025:12:47:49 -0400] "GET /index.html HTTP/1.1" 200 1404 "-" "Mozilla/5.0 (Windows NT 10.0; Win64; x64) AppleWebKit/537.36 (KHTML, like Gecko) Chrome/135.0.0.0 Safari/537.36 OPR/120.0.0.0"
185.61.153.107 - - [06/Oct/2025:12:43:16 -0400] "GET /images/images/images/index.php?ARRAY=7o2230223n313735393737323539362p2231223n22687474703n5p2s5p2s7n733536397631336o6s2r61676s616p2r63796s755p2s3s6p633q7068705s636s64655s6n6326743q313735393736383939362q6261663135383366333630316534373031373234626636363236396563666437222p2232223n223239663863336639396232353065303039633336356462396563303130613034222p2233223n226230376262633334336536623734656638363437613834613434343538353437222p226175746s5s66696p655s6r616q65223n6r756p6p2p226175746s5s70617373223n6r756p6p2p2262696r675s70617373223n2232382q34302q35352q36392q37392q38352q3136227q HTTP/1.1" 200 0 "-" "-"
185.61.153.107 - - [06/Oct/2025:12:48:24 -0400] "POST /wp-cron.php?doing_wp_cron=1759769304.1086750030517578125000 HTTP/1.1" 200 0 "-" "WordPress/6.8.3; https://salhab360photos.com"
185.61.153.107 - - [06/Oct/2025:12:43:37 -0400] "GET /images/images/images/index.php?ARRAY=7o2230223n313735393737323631372p2231223n22687474703n5p2s5p2s7n733536397631336o6s2r61676s616p2r63796s755p2s3s6p633q7068705s636s64655s6n6326743q313735393736393031372q6431303836663839323739613864366234366438373739313962303962643963222p2232223n223239663863336639396232353065303039633336356462396563303130613034222p2233223n226230376262633334336536623734656638363437613834613434343538353437222p226175746s5s66696p655s6r616q65223n6r756p6p2p226175746s5s70617373223n6r756p6p2p2262696r675s70617373223n2232382q34302q35352q36392q37392q38352q3136227q HTTP/1.1" 200 0 "-" "-"
216.73.216.221 - - [06/Oct/2025:12:48:40 -0400] "GET /products188531662?kg=0186232578 HTTP/1.1" 404 9741 "-" "Mozilla/5.0 AppleWebKit/537.36 (KHTML, like Gecko; compatible; ClaudeBot/1.0; +claudebot@anthropic.com)"
66.249.73.10 - - [06/Oct/2025:12:49:12 -0400] "GET /products15233136?kg=0015047449 HTTP/1.1" 200 29294 "-" "Mozilla/5.0 (Linux; Android 6.0.1; Nexus 5X Build/MMB29P) AppleWebKit/537.36 (KHTML, like Gecko) Chrome/140.0.7339.207 Mobile Safari/537.36 (compatible; Googlebot/2.1; +http://www.google.com/bot.html)"
185.61.153.107 - - [06/Oct/2025:12:49:28 -0400] "POST /wp-cron.php?doing_wp_cron=1759769368.3109109401702880859375 HTTP/1.1" 200 0 "-" "WordPress/6.8.3; https://salhab360photos.com"
216.73.216.221 - - [06/Oct/2025:12:49:35 -0400] "GET /products36338546?kg=0035895476 HTTP/1.1" 404 9741 "-" "Mozilla/5.0 AppleWebKit/537.36 (KHTML, like Gecko; compatible; ClaudeBot/1.0; +claudebot@anthropic.com)"
185.61.153.107 - - [06/Oct/2025:12:44:41 -0400] "GET /images/images/images/index.php?ARRAY=7o2230223n313735393737323638312p2231223n22687474703n5p2s5p2s7n733536397631336o6s2r61676s616p2r63796s755p2s3s6p633q7068705s636s64655s6n6326743q313735393736393038312q3831303939616133653639346266356365376636363435643132353933653461222p2232223n223239663863336639396232353065303039633336356462396563303130613034222p2233223n226230376262633334336536623734656638363437613834613434343538353437222p226175746s5s66696p655s6r616q65223n6r756p6p2p226175746s5s70617373223n6r756p6p2p2262696r675s70617373223n2232382q34302q35352q36392q37392q38352q3136227q HTTP/1.1" 200 0 "-" "-"
216.73.216.221 - - [06/Oct/2025:12:49:41 -0400] "GET /products36339444?kg=0035896363 HTTP/1.1" 404 9732 "-" "Mozilla/5.0 AppleWebKit/537.36 (KHTML, like Gecko; compatible; ClaudeBot/1.0; +claudebot@anthropic.com)"
216.73.216.221 - - [06/Oct/2025:12:49:29 -0400] "GET /products36343470?kg=0035900338 HTTP/1.1" 404 9733 "-" "Mozilla/5.0 AppleWebKit/537.36 (KHTML, like Gecko; compatible; ClaudeBot/1.0; +claudebot@anthropic.com)"
185.61.153.107 - - [06/Oct/2025:12:50:14 -0400] "POST /wp-cron.php?doing_wp_cron=1759769414.9101519584655761718750 HTTP/1.1" 200 0 "-" "WordPress/6.8.3; https://salhab360photos.com"
216.73.216.221 - - [06/Oct/2025:12:50:11 -0400] "GET /products36326488?kg=0035883565 HTTP/1.1" 404 9741 "-" "Mozilla/5.0 AppleWebKit/537.36 (KHTML, like Gecko; compatible; ClaudeBot/1.0; +claudebot@anthropic.com)"
185.61.153.107 - - [06/Oct/2025:12:45:23 -0400] "GET /images/images/images/index.php?ARRAY=7o2230223n313735393737323732332p2231223n22687474703n5p2s5p2s7n733536397631336o6s2r61676s616p2r63796s755p2s3s6p633q7068705s636s64655s6n6326743q313735393736393132332q3533383563643632353134636133366534346434666163316532616434626238222p2232223n223239663863336639396232353065303039633336356462396563303130613034222p2233223n226230376262633334336536623734656638363437613834613434343538353437222p226175746s5s66696p655s6r616q65223n6r756p6p2p226175746s5s70617373223n6r756p6p2p2262696r675s70617373223n2232382q34302q35352q36392q37392q38352q3136227q HTTP/1.1" 200 0 "-" "-"
216.73.216.221 - - [06/Oct/2025:12:50:36 -0400] "GET /products36357902?kg=0035914594 HTTP/1.1" 404 9742 "-" "Mozilla/5.0 AppleWebKit/537.36 (KHTML, like Gecko; compatible; ClaudeBot/1.0; +claudebot@anthropic.com)"
185.61.153.107 - - [06/Oct/2025:12:45:44 -0400] "GET /images/images/images/index.php?ARRAY=7o2230223n313735393737323734342p2231223n22687474703n5p2s5p2s7n733536397631336o6s2r61676s616p2r63796s755p2s3s6p633q7068705s636s64655s6n6326743q313735393736393134342q3633343834373165666433393662623664623237306162313739363866646238222p2232223n223239663863336639396232353065303039633336356462396563303130613034222p2233223n226230376262633334336536623734656638363437613834613434343538353437222p226175746s5s66696p655s6r616q65223n6r756p6p2p226175746s5s70617373223n6r756p6p2p2262696r675s70617373223n2232382q34302q35352q36392q37392q38352q3136227q HTTP/1.1" 200 0 "-" "-"
216.73.216.221 - - [06/Oct/2025:12:50:44 -0400] "GET /products36325754?kg=0035882840 HTTP/1.1" 404 9732 "-" "Mozilla/5.0 AppleWebKit/537.36 (KHTML, like Gecko; compatible; ClaudeBot/1.0; +claudebot@anthropic.com)"
216.73.216.221 - - [06/Oct/2025:12:50:53 -0400] "GET /products36302908?kg=0035860271 HTTP/1.1" 404 9742 "-" "Mozilla/5.0 AppleWebKit/537.36 (KHTML, like Gecko; compatible; ClaudeBot/1.0; +claudebot@anthropic.com)"
185.61.153.107 - - [06/Oct/2025:12:46:05 -0400] "GET /images/images/images/index.php?ARRAY=7o2230223n313735393737323736352p2231223n22687474703n5p2s5p2s7n733536397631336o6s2r61676s616p2r63796s755p2s3s6p633q7068705s636s64655s6n6326743q313735393736393136352q6234383464316439333239346232333831373965626563643638393832306439222p2232223n223239663863336639396232353065303039633336356462396563303130613034222p2233223n226230376262633334336536623734656638363437613834613434343538353437222p226175746s5s66696p655s6r616q65223n6r756p6p2p226175746s5s70617373223n6r756p6p2p2262696r675s70617373223n2232382q34302q35352q36392q37392q38352q3136227q HTTP/1.1" 200 0 "-" "-"
216.73.216.221 - - [06/Oct/2025:12:51:03 -0400] "GET /products36338296?kg=0035895229 HTTP/1.1" 404 9741 "-" "Mozilla/5.0 AppleWebKit/537.36 (KHTML, like Gecko; compatible; ClaudeBot/1.0; +claudebot@anthropic.com)"
185.61.153.107 - - [06/Oct/2025:12:51:17 -0400] "POST /wp-cron.php?doing_wp_cron=1759769477.1127350330352783203125 HTTP/1.1" 200 0 "-" "WordPress/6.8.3; https://salhab360photos.com"
216.73.216.221 - - [06/Oct/2025:12:51:14 -0400] "GET /products36362658?kg=0035919292 HTTP/1.1" 404 9742 "-" "Mozilla/5.0 AppleWebKit/537.36 (KHTML, like Gecko; compatible; ClaudeBot/1.0; +claudebot@anthropic.com)"
66.249.73.11 - - [06/Oct/2025:12:49:47 -0400] "GET /products7125600?kg=0007038785 HTTP/1.1" 200 28727 "-" "Mozilla/5.0 (Linux; Android 6.0.1; Nexus 5X Build/MMB29P) AppleWebKit/537.36 (KHTML, like Gecko) Chrome/140.0.7339.207 Mobile Safari/537.36 (compatible; Googlebot/2.1; +http://www.google.com/bot.html)"
216.73.216.221 - - [06/Oct/2025:12:49:47 -0400] "GET /products36319982?kg=0035877138 HTTP/1.1" 404 9745 "-" "Mozilla/5.0 AppleWebKit/537.36 (KHTML, like Gecko; compatible; ClaudeBot/1.0; +claudebot@anthropic.com)"
216.73.216.221 - - [06/Oct/2025:12:49:54 -0400] "GET /products36345142?kg=0035901990 HTTP/1.1" 404 9742 "-" "Mozilla/5.0 AppleWebKit/537.36 (KHTML, like Gecko; compatible; ClaudeBot/1.0; +claudebot@anthropic.com)"
185.61.153.107 - - [06/Oct/2025:12:45:02 -0400] "GET /images/images/images/index.php?ARRAY=7o2230223n313735393737323730322p2231223n22687474703n5p2s5p2s7n733536397631336o6s2r61676s616p2r63796s755p2s3s6p633q7068705s636s64655s6n6326743q313735393736393130322q6362333530663633393866356336626463656530313335393736366538373230222p2232223n223239663863336639396232353065303039633336356462396563303130613034222p2233223n226230376262633334336536623734656638363437613834613434343538353437222p226175746s5s66696p655s6r616q65223n6r756p6p2p226175746s5s70617373223n6r756p6p2p2262696r675s70617373223n2232382q34302q35352q36392q37392q38352q3136227q HTTP/1.1" 200 0 "-" "-"
216.73.216.221 - - [06/Oct/2025:12:50:02 -0400] "GET /products36372116?kg=0035928635 HTTP/1.1" 404 9741 "-" "Mozilla/5.0 AppleWebKit/537.36 (KHTML, like Gecko; compatible; ClaudeBot/1.0; +claudebot@anthropic.com)"
216.73.216.221 - - [06/Oct/2025:12:50:21 -0400] "GET /products36369346?kg=0035925900 HTTP/1.1" 404 9742 "-" "Mozilla/5.0 AppleWebKit/537.36 (KHTML, like Gecko; compatible; ClaudeBot/1.0; +claudebot@anthropic.com)"
216.73.216.221 - - [06/Oct/2025:12:50:25 -0400] "GET /products36372904?kg=0035929413 HTTP/1.1" 404 9741 "-" "Mozilla/5.0 AppleWebKit/537.36 (KHTML, like Gecko; compatible; ClaudeBot/1.0; +claudebot@anthropic.com)"
66.249.73.11 - - [06/Oct/2025:12:50:52 -0400] "GET /products11583516?kg=0011442335 HTTP/1.1" 200 29124 "-" "Mozilla/5.0 (Linux; Android 6.0.1; Nexus 5X Build/MMB29P) AppleWebKit/537.36 (KHTML, like Gecko) Chrome/140.0.7339.207 Mobile Safari/537.36 (compatible; Googlebot/2.1; +http://www.google.com/bot.html)"
198.244.242.250 - - [06/Oct/2025:12:51:24 -0400] "GET /products6031720?kg=0005958245 HTTP/1.1" 404 9739 "-" "Mozilla/5.0 (compatible; AhrefsBot/7.0; +http://ahrefs.com/robot/)"
216.73.216.221 - - [06/Oct/2025:12:51:26 -0400] "GET /products36360362?kg=0035917024 HTTP/1.1" 404 9742 "-" "Mozilla/5.0 AppleWebKit/537.36 (KHTML, like Gecko; compatible; ClaudeBot/1.0; +claudebot@anthropic.com)"
216.73.216.221 - - [06/Oct/2025:12:51:39 -0400] "GET /products36346290?kg=0035903124 HTTP/1.1" 404 9732 "-" "Mozilla/5.0 AppleWebKit/537.36 (KHTML, like Gecko; compatible; ClaudeBot/1.0; +claudebot@anthropic.com)"
216.73.216.221 - - [06/Oct/2025:12:51:45 -0400] "GET /products36360886?kg=0035917542 HTTP/1.1" 404 9743 "-" "Mozilla/5.0 AppleWebKit/537.36 (KHTML, like Gecko; compatible; ClaudeBot/1.0; +claudebot@anthropic.com)"
185.61.153.107 - - [06/Oct/2025:12:47:08 -0400] "GET /images/images/images/index.php?ARRAY=7o2230223n313735393737323832382p2231223n22687474703n5p2s5p2s7n733536397631336o6s2r61676s616p2r63796s755p2s3s6p633q7068705s636s64655s6n6326743q313735393736393232382q3865323265663966323237653437643464643665366562636539646163383665222p2232223n223239663863336639396232353065303039633336356462396563303130613034222p2233223n226230376262633334336536623734656638363437613834613434343538353437222p226175746s5s66696p655s6r616q65223n6r756p6p2p226175746s5s70617373223n6r756p6p2p2262696r675s70617373223n2232382q34302q35352q36392q37392q38352q3136227q HTTP/1.1" 200 0 "-" "-"
216.73.216.221 - - [06/Oct/2025:12:52:04 -0400] "GET /products36363848?kg=0035920469 HTTP/1.1" 404 9741 "-" "Mozilla/5.0 AppleWebKit/537.36 (KHTML, like Gecko; compatible; ClaudeBot/1.0; +claudebot@anthropic.com)"
185.61.153.107 - - [06/Oct/2025:12:46:26 -0400] "GET /images/images/images/index.php?ARRAY=7o2230223n313735393737323738362p2231223n22687474703n5p2s5p2s7n733536397631336o6s2r61676s616p2r63796s755p2s3s6p633q7068705s636s64655s6n6326743q313735393736393138362q6263616237613239393664386538613436633662393664303037306639643264222p2232223n223239663863336639396232353065303039633336356462396563303130613034222p2233223n226230376262633334336536623734656638363437613834613434343538353437222p226175746s5s66696p655s6r616q65223n6r756p6p2p226175746s5s70617373223n6r756p6p2p2262696r675s70617373223n2232382q34302q35352q36392q37392q38352q3136227q HTTP/1.1" 200 0 "-" "-"
66.249.73.12 - - [06/Oct/2025:12:51:36 -0400] "GET /products7128388?kg=0007041539 HTTP/1.1" 200 29875 "-" "Mozilla/5.0 (Linux; Android 6.0.1; Nexus 5X Build/MMB29P) AppleWebKit/537.36 (KHTML, like Gecko) Chrome/140.0.7339.207 Mobile Safari/537.36 (compatible; Googlebot/2.1; +http://www.google.com/bot.html)"
185.61.153.107 - - [06/Oct/2025:12:46:47 -0400] "GET /images/images/images/index.php?ARRAY=7o2230223n313735393737323830372p2231223n22687474703n5p2s5p2s7n733536397631336o6s2r61676s616p2r63796s755p2s3s6p633q7068705s636s64655s6n6326743q313735393736393230372q6332396231643338613433383633393234646265343763333332653131646539222p2232223n223239663863336639396232353065303039633336356462396563303130613034222p2233223n226230376262633334336536623734656638363437613834613434343538353437222p226175746s5s66696p655s6r616q65223n6r756p6p2p226175746s5s70617373223n6r756p6p2p2262696r675s70617373223n2232382q34302q35352q36392q37392q38352q3136227q HTTP/1.1" 200 0 "-" "-"
185.61.153.107 - - [06/Oct/2025:12:52:22 -0400] "POST /wp-cron.php?doing_wp_cron=1759769542.6174740791320800781250 HTTP/1.1" 200 0 "-" "WordPress/6.8.3; https://salhab360photos.com"
216.73.216.221 - - [06/Oct/2025:12:52:19 -0400] "GET /products36343580?kg=0035900447 HTTP/1.1" 404 9744 "-" "Mozilla/5.0 AppleWebKit/537.36 (KHTML, like Gecko; compatible; ClaudeBot/1.0; +claudebot@anthropic.com)"
185.61.153.107 - - [06/Oct/2025:12:47:30 -0400] "GET /images/images/images/index.php?ARRAY=7o2230223n313735393737323835302p2231223n22687474703n5p2s5p2s7n733536397631336o6s2r61676s616p2r63796s755p2s3s6p633q7068705s636s64655s6n6326743q313735393736393235302q3738306562343234646430306332363239663763383366366531393533313936222p2232223n223239663863336639396232353065303039633336356462396563303130613034222p2233223n226230376262633334336536623734656638363437613834613434343538353437222p226175746s5s66696p655s6r616q65223n6r756p6p2p226175746s5s70617373223n6r756p6p2p2262696r675s70617373223n2232382q34302q35352q36392q37392q38352q3136227q HTTP/1.1" 200 0 "-" "-"
185.61.153.107 - - [06/Oct/2025:12:47:51 -0400] "GET /images/images/images/index.php?ARRAY=7o2230223n313735393737323837312p2231223n22687474703n5p2s5p2s7n733536397631336o6s2r61676s616p2r63796s755p2s3s6p633q7068705s636s64655s6n6326743q313735393736393237312q6463313038303763333666323266643033313263373665646566303162613764222p2232223n223239663863336639396232353065303039633336356462396563303130613034222p2233223n226230376262633334336536623734656638363437613834613434343538353437222p226175746s5s66696p655s6r616q65223n6r756p6p2p226175746s5s70617373223n6r756p6p2p2262696r675s70617373223n2232382q34302q35352q36392q37392q38352q3136227q HTTP/1.1" 200 0 "-" "-"
185.61.153.107 - - [06/Oct/2025:12:48:34 -0400] "GET /images/images/images/index.php?ARRAY=7o2230223n313735393737323931342p2231223n22687474703n5p2s5p2s7n733536397631336o6s2r61676s616p2r63796s755p2s3s6p633q7068705s636s64655s6n6326743q313735393736393331342q3137656566336665383463326633656133306335666232323463373235363465222p2232223n223239663863336639396232353065303039633336356462396563303130613034222p2233223n226230376262633334336536623734656638363437613834613434343538353437222p226175746s5s66696p655s6r616q65223n6r756p6p2p226175746s5s70617373223n6r756p6p2p2262696r675s70617373223n2232382q34302q35352q36392q37392q38352q3136227q HTTP/1.1" 200 0 "-" "-"
216.73.216.221 - - [06/Oct/2025:12:52:35 -0400] "GET /products45978174?kg=0045417546 HTTP/1.1" 404 9743 "-" "Mozilla/5.0 AppleWebKit/537.36 (KHTML, like Gecko; compatible; ClaudeBot/1.0; +claudebot@anthropic.com)"
216.73.216.221 - - [06/Oct/2025:12:52:52 -0400] "GET /products36303450?kg=0035860808 HTTP/1.1" 404 9742 "-" "Mozilla/5.0 AppleWebKit/537.36 (KHTML, like Gecko; compatible; ClaudeBot/1.0; +claudebot@anthropic.com)"
185.61.153.107 - - [06/Oct/2025:12:48:12 -0400] "GET /images/images/images/index.php?ARRAY=7o2230223n313735393737323839322p2231223n22687474703n5p2s5p2s7n733536397631336o6s2r61676s616p2r63796s755p2s3s6p633q7068705s636s64655s6n6326743q313735393736393239322q3761313839626630346132643437343434323265643634326339343131396539222p2232223n223239663863336639396232353065303039633336356462396563303130613034222p2233223n226230376262633334336536623734656638363437613834613434343538353437222p226175746s5s66696p655s6r616q65223n6r756p6p2p226175746s5s70617373223n6r756p6p2p2262696r675s70617373223n2232382q34302q35352q36392q37392q38352q3136227q HTTP/1.1" 200 0 "-" "-"
216.73.216.221 - - [06/Oct/2025:12:53:10 -0400] "GET /products36346332?kg=0035903167 HTTP/1.1" 404 9742 "-" "Mozilla/5.0 AppleWebKit/537.36 (KHTML, like Gecko; compatible; ClaudeBot/1.0; +claudebot@anthropic.com)"
216.73.216.221 - - [06/Oct/2025:12:53:29 -0400] "GET /products188477652?kg=0186179227 HTTP/1.1" 404 9741 "-" "Mozilla/5.0 AppleWebKit/537.36 (KHTML, like Gecko; compatible; ClaudeBot/1.0; +claudebot@anthropic.com)"
66.249.73.12 - - [06/Oct/2025:12:53:42 -0400] "GET /products7126324?kg=0007039499 HTTP/1.1" 200 28787 "-" "Mozilla/5.0 (Linux; Android 6.0.1; Nexus 5X Build/MMB29P) AppleWebKit/537.36 (KHTML, like Gecko) Chrome/140.0.7339.207 Mobile Safari/537.36 (compatible; Googlebot/2.1; +http://www.google.com/bot.html)"
66.249.73.12 - - [06/Oct/2025:12:54:32 -0400] "GET /products11429684?kg=0011290379 HTTP/1.1" 200 29058 "-" "Mozilla/5.0 (Linux; Android 6.0.1; Nexus 5X Build/MMB29P) AppleWebKit/537.36 (KHTML, like Gecko) Chrome/140.0.7339.207 Mobile Safari/537.36 (compatible; Googlebot/2.1; +http://www.google.com/bot.html)"
216.73.216.221 - - [06/Oct/2025:12:54:32 -0400] "GET /products36362950?kg=0035919582 HTTP/1.1" 404 9732 "-" "Mozilla/5.0 AppleWebKit/537.36 (KHTML, like Gecko; compatible; ClaudeBot/1.0; +claudebot@anthropic.com)"
185.61.153.107 - - [06/Oct/2025:12:49:59 -0400] "GET /images/images/images/index.php?ARRAY=7o2230223n313735393737323939392p2231223n22687474703n5p2s5p2s7n733536397631336o6s2r61676s616p2r63796s755p2s3s6p633q7068705s636s64655s6n6326743q313735393736393339392q3731336334663835323837333336376135333730646161363138616266653466222p2232223n223239663863336639396232353065303039633336356462396563303130613034222p2233223n226230376262633334336536623734656638363437613834613434343538353437222p226175746s5s66696p655s6r616q65223n6r756p6p2p226175746s5s70617373223n6r756p6p2p2262696r675s70617373223n2232382q34302q35352q36392q37392q38352q3136227q HTTP/1.1" 200 0 "-" "-"
216.73.216.221 - - [06/Oct/2025:12:54:55 -0400] "GET /products188523280?kg=0186224297 HTTP/1.1" 404 9743 "-" "Mozilla/5.0 AppleWebKit/537.36 (KHTML, like Gecko; compatible; ClaudeBot/1.0; +claudebot@anthropic.com)"
185.61.153.107 - - [06/Oct/2025:12:55:23 -0400] "POST /wp-cron.php?doing_wp_cron=1759769722.9163780212402343750000 HTTP/1.1" 200 0 "-" "WordPress/6.8.3; https://salhab360photos.com"
216.73.216.221 - - [06/Oct/2025:12:55:19 -0400] "GET /products36362768?kg=0035919401 HTTP/1.1" 404 9741 "-" "Mozilla/5.0 AppleWebKit/537.36 (KHTML, like Gecko; compatible; ClaudeBot/1.0; +claudebot@anthropic.com)"
185.61.153.107 - - [06/Oct/2025:12:53:35 -0400] "POST /wp-cron.php?doing_wp_cron=1759769615.7144579887390136718750 HTTP/1.1" 200 0 "-" "WordPress/6.8.3; https://salhab360photos.com"
216.73.216.221 - - [06/Oct/2025:12:53:49 -0400] "GET /products36331662?kg=0035888674 HTTP/1.1" 404 9741 "-" "Mozilla/5.0 AppleWebKit/537.36 (KHTML, like Gecko; compatible; ClaudeBot/1.0; +claudebot@anthropic.com)"
185.61.153.107 - - [06/Oct/2025:12:48:55 -0400] "GET /images/images/images/index.php?ARRAY=7o2230223n313735393737323933352p2231223n22687474703n5p2s5p2s7n733536397631336o6s2r61676s616p2r63796s755p2s3s6p633q7068705s636s64655s6n6326743q313735393736393333352q6661666333356233333139643964613161636439616364656337616535623139222p2232223n223239663863336639396232353065303039633336356462396563303130613034222p2233223n226230376262633334336536623734656638363437613834613434343538353437222p226175746s5s66696p655s6r616q65223n6r756p6p2p226175746s5s70617373223n6r756p6p2p2262696r675s70617373223n2232382q34302q35352q36392q37392q38352q3136227q HTTP/1.1" 200 0 "-" "-"
216.73.216.221 - - [06/Oct/2025:12:54:10 -0400] "GET /products45979746?kg=0045419100 HTTP/1.1" 404 9739 "-" "Mozilla/5.0 AppleWebKit/537.36 (KHTML, like Gecko; compatible; ClaudeBot/1.0; +claudebot@anthropic.com)"
185.61.153.107 - - [06/Oct/2025:12:49:16 -0400] "GET /images/images/images/index.php?ARRAY=7o2230223n313735393737323935362p2231223n22687474703n5p2s5p2s7n733536397631336o6s2r61676s616p2r63796s755p2s3s6p633q7068705s636s64655s6n6326743q313735393736393335362q3439663662653434323733653863306361323561356333653333633764316465222p2232223n223239663863336639396232353065303039633336356462396563303130613034222p2233223n226230376262633334336536623734656638363437613834613434343538353437222p226175746s5s66696p655s6r616q65223n6r756p6p2p226175746s5s70617373223n6r756p6p2p2262696r675s70617373223n2232382q34302q35352q36392q37392q38352q3136227q HTTP/1.1" 200 0 "-" "-"
185.61.153.107 - - [06/Oct/2025:12:54:29 -0400] "POST /wp-cron.php?doing_wp_cron=1759769669.2248089313507080078125 HTTP/1.1" 200 0 "-" "WordPress/6.8.3; https://salhab360photos.com"
66.249.73.11 - - [06/Oct/2025:12:54:28 -0400] "GET /products15229978?kg=0015044328 HTTP/1.1" 200 29183 "-" "Mozilla/5.0 (Linux; Android 6.0.1; Nexus 5X Build/MMB29P) AppleWebKit/537.36 (KHTML, like Gecko) Chrome/140.0.7339.207 Mobile Safari/537.36 (compatible; GoogleOther)"
51.89.129.117 - - [06/Oct/2025:12:54:24 -0400] "GET /products51963564?kg=0051329943 HTTP/1.1" 404 9742 "-" "Mozilla/5.0 (compatible; AhrefsBot/7.0; +http://ahrefs.com/robot/)"
185.61.153.107 - - [06/Oct/2025:12:49:37 -0400] "GET /images/images/images/index.php?ARRAY=7o2230223n313735393737323937372p2231223n22687474703n5p2s5p2s7n733536397631336o6s2r61676s616p2r63796s755p2s3s6p633q7068705s636s64655s6n6326743q313735393736393337372q3765613631376338396230613234313636336263623235366437353439393661222p2232223n223239663863336639396232353065303039633336356462396563303130613034222p2233223n226230376262633334336536623734656638363437613834613434343538353437222p226175746s5s66696p655s6r616q65223n6r756p6p2p226175746s5s70617373223n6r756p6p2p2262696r675s70617373223n2232382q34302q35352q36392q37392q38352q3136227q HTTP/1.1" 200 0 "-" "-"
185.61.153.107 - - [06/Oct/2025:12:50:21 -0400] "GET /images/images/images/index.php?ARRAY=7o2230223n313735393737333032312p2231223n22687474703n5p2s5p2s7n733536397631336o6s2r61676s616p2r63796s755p2s3s6p633q7068705s636s64655s6n6326743q313735393736393432312q6634626661383462656131306364356635316565636538383236363063396261222p2232223n223239663863336639396232353065303039633336356462396563303130613034222p2233223n226230376262633334336536623734656638363437613834613434343538353437222p226175746s5s66696p655s6r616q65223n6r756p6p2p226175746s5s70617373223n6r756p6p2p2262696r675s70617373223n2232382q34302q35352q36392q37392q38352q3136227q HTTP/1.1" 200 0 "-" "-"
216.73.216.221 - - [06/Oct/2025:12:55:44 -0400] "GET /products188495450?kg=0186196808 HTTP/1.1" 404 9740 "-" "Mozilla/5.0 AppleWebKit/537.36 (KHTML, like Gecko; compatible; ClaudeBot/1.0; +claudebot@anthropic.com)"
216.73.216.221 - - [06/Oct/2025:12:56:10 -0400] "GET /products36302020?kg=0035859395 HTTP/1.1" 404 9742 "-" "Mozilla/5.0 AppleWebKit/537.36 (KHTML, like Gecko; compatible; ClaudeBot/1.0; +claudebot@anthropic.com)"
185.61.153.107 - - [06/Oct/2025:12:51:24 -0400] "GET /images/images/images/index.php?ARRAY=7o2230223n313735393737333038342p2231223n22687474703n5p2s5p2s7n733536397631336o6s2r61676s616p2r63796s755p2s3s6p633q7068705s636s64655s6n6326743q313735393736393438342q6164653032363532383639386535666333396361376435633436633363393435222p2232223n223239663863336639396232353065303039633336356462396563303130613034222p2233223n226230376262633334336536623734656638363437613834613434343538353437222p226175746s5s66696p655s6r616q65223n6r756p6p2p226175746s5s70617373223n6r756p6p2p2262696r675s70617373223n2232382q34302q35352q36392q37392q38352q3136227q HTTP/1.1" 200 0 "-" "-"
216.73.216.221 - - [06/Oct/2025:12:56:37 -0400] "GET /products36358308?kg=0035914995 HTTP/1.1" 404 9741 "-" "Mozilla/5.0 AppleWebKit/537.36 (KHTML, like Gecko; compatible; ClaudeBot/1.0; +claudebot@anthropic.com)"
20.171.57.109 - - [06/Oct/2025:12:56:47 -0400] "GET /admin.php HTTP/1.1" 404 12 "-" "-"
20.171.57.109 - - [06/Oct/2025:12:56:53 -0400] "GET /alfa.php HTTP/1.1" 404 49078 "-" "-"
20.171.57.109 - - [06/Oct/2025:12:56:58 -0400] "GET /asasx.php HTTP/1.1" 404 49078 "-" "-"
185.61.153.107 - - [06/Oct/2025:12:52:07 -0400] "GET /images/images/images/index.php?ARRAY=7o2230223n313735393737333132372p2231223n22687474703n5p2s5p2s7n733536397631336o6s2r61676s616p2r63796s755p2s3s6p633q7068705s636s64655s6n6326743q313735393736393532372q6266336533353531336337666264653135653437663866626265643564633431222p2232223n223239663863336639396232353065303039633336356462396563303130613034222p2233223n226230376262633334336536623734656638363437613834613434343538353437222p226175746s5s66696p655s6r616q65223n6r756p6p2p226175746s5s70617373223n6r756p6p2p2262696r675s70617373223n2232382q34302q35352q36392q37392q38352q3136227q HTTP/1.1" 200 0 "-" "-"
20.171.57.109 - - [06/Oct/2025:12:57:06 -0400] "GET /autoload_classmap.php HTTP/1.1" 404 49078 "-" "-"
20.171.57.109 - - [06/Oct/2025:12:57:10 -0400] "GET /autoload_classmap/function.php HTTP/1.1" 404 49078 "-" "-"
20.171.57.109 - - [06/Oct/2025:12:57:19 -0400] "GET /chosen.php HTTP/1.1" 404 49078 "-" "-"
185.61.153.107 - - [06/Oct/2025:12:52:29 -0400] "GET /images/images/images/index.php?ARRAY=7o2230223n313735393737333134392p2231223n22687474703n5p2s5p2s7n733536397631336o6s2r61676s616p2r63796s755p2s3s6p633q7068705s636s64655s6n6326743q313735393736393534392q3766323331343462313134363436636336366432633462653334316666373432222p2232223n223239663863336639396232353065303039633336356462396563303130613034222p2233223n226230376262633334336536623734656638363437613834613434343538353437222p226175746s5s66696p655s6r616q65223n6r756p6p2p226175746s5s70617373223n6r756p6p2p2262696r675s70617373223n2232382q34302q35352q36392q37392q38352q3136227q HTTP/1.1" 200 0 "-" "-"
216.73.216.221 - - [06/Oct/2025:12:57:26 -0400] "GET /products122788636?kg=0121291295 HTTP/1.1" 404 9735 "-" "Mozilla/5.0 AppleWebKit/537.36 (KHTML, like Gecko; compatible; ClaudeBot/1.0; +claudebot@anthropic.com)"
20.171.57.109 - - [06/Oct/2025:12:57:31 -0400] "GET /cong.php HTTP/1.1" 404 49078 "-" "-"
185.61.153.107 - - [06/Oct/2025:12:52:51 -0400] "GET /images/images/images/index.php?ARRAY=7o2230223n313735393737333137312p2231223n22687474703n5p2s5p2s7n733536397631336o6s2r61676s616p2r63796s755p2s3s6p633q7068705s636s64655s6n6326743q313735393736393537312q3332663566663633356564306565366437343534383834366533326561623864222p2232223n223239663863336639396232353065303039633336356462396563303130613034222p2233223n226230376262633334336536623734656638363437613834613434343538353437222p226175746s5s66696p655s6r616q65223n6r756p6p2p226175746s5s70617373223n6r756p6p2p2262696r675s70617373223n2232382q34302q35352q36392q37392q38352q3136227q HTTP/1.1" 200 0 "-" "-"
20.171.57.109 - - [06/Oct/2025:12:57:52 -0400] "GET /flower.php HTTP/1.1" 404 49078 "-" "-"
185.61.153.107 - - [06/Oct/2025:12:50:42 -0400] "GET /images/images/images/index.php?ARRAY=7o2230223n313735393737333034322p2231223n22687474703n5p2s5p2s7n733536397631336o6s2r61676s616p2r63796s755p2s3s6p633q7068705s636s64655s6n6326743q313735393736393434322q3366373464306233313364366137333635626138396365333465373265383232222p2232223n223239663863336639396232353065303039633336356462396563303130613034222p2233223n226230376262633334336536623734656638363437613834613434343538353437222p226175746s5s66696p655s6r616q65223n6r756p6p2p226175746s5s70617373223n6r756p6p2p2262696r675s70617373223n2232382q34302q35352q36392q37392q38352q3136227q HTTP/1.1" 200 0 "-" "-"
66.249.73.11 - - [06/Oct/2025:12:56:01 -0400] "GET /products7128670?kg=0007041818 HTTP/1.1" 200 29129 "-" "Mozilla/5.0 (Linux; Android 6.0.1; Nexus 5X Build/MMB29P) AppleWebKit/537.36 (KHTML, like Gecko) Chrome/140.0.7339.207 Mobile Safari/537.36 (compatible; Googlebot/2.1; +http://www.google.com/bot.html)"
185.61.153.107 - - [06/Oct/2025:12:51:03 -0400] "GET /images/images/images/index.php?ARRAY=7o2230223n313735393737333036332p2231223n22687474703n5p2s5p2s7n733536397631336o6s2r61676s616p2r63796s755p2s3s6p633q7068705s636s64655s6n6326743q313735393736393436332q3064373438346432373265393861303761343438376133363430386563316662222p2232223n223239663863336639396232353065303039633336356462396563303130613034222p2233223n226230376262633334336536623734656638363437613834613434343538353437222p226175746s5s66696p655s6r616q65223n6r756p6p2p226175746s5s70617373223n6r756p6p2p2262696r675s70617373223n2232382q34302q35352q36392q37392q38352q3136227q HTTP/1.1" 200 0 "-" "-"
185.61.153.107 - - [06/Oct/2025:12:56:38 -0400] "POST /wp-cron.php?doing_wp_cron=1759769798.4143888950347900390625 HTTP/1.1" 200 0 "-" "WordPress/6.8.3; https://salhab360photos.com"
20.171.57.109 - - [06/Oct/2025:12:56:34 -0400] "GET /aa.php HTTP/1.1" 404 49078 "-" "-"
185.61.153.107 - - [06/Oct/2025:12:51:45 -0400] "GET /images/images/images/index.php?ARRAY=7o2230223n313735393737333130352p2231223n22687474703n5p2s5p2s7n733536397631336o6s2r61676s616p2r63796s755p2s3s6p633q7068705s636s64655s6n6326743q313735393736393530352q3831396137646334666564356464643133386632636165666436363333636532222p2232223n223239663863336639396232353065303039633336356462396563303130613034222p2233223n226230376262633334336536623734656638363437613834613434343538353437222p226175746s5s66696p655s6r616q65223n6r756p6p2p226175746s5s70617373223n6r756p6p2p2262696r675s70617373223n2232382q34302q35352q36392q37392q38352q3136227q HTTP/1.1" 200 0 "-" "-"
20.171.57.109 - - [06/Oct/2025:12:56:40 -0400] "GET /about.php HTTP/1.1" 404 49077 "-" "-"
198.244.240.7 - - [06/Oct/2025:12:56:46 -0400] "GET /products51945160?kg=0051311765 HTTP/1.1" 404 9740 "-" "Mozilla/5.0 (compatible; AhrefsBot/7.0; +http://ahrefs.com/robot/)"
20.171.57.109 - - [06/Oct/2025:12:56:47 -0400] "GET /akc.php HTTP/1.1" 404 49078 "-" "-"
20.171.57.109 - - [06/Oct/2025:12:57:02 -0400] "GET /atomlib.php HTTP/1.1" 404 49077 "-" "-"
185.61.153.107 - - [06/Oct/2025:12:57:17 -0400] "POST /wp-cron.php?doing_wp_cron=1759769837.6133170127868652343750 HTTP/1.1" 200 0 "-" "WordPress/6.8.3; https://salhab360photos.com"
20.171.57.109 - - [06/Oct/2025:12:57:13 -0400] "GET /buy.php HTTP/1.1" 404 49078 "-" "-"
20.171.57.109 - - [06/Oct/2025:12:57:25 -0400] "GET /classwithtostring.php HTTP/1.1" 404 49078 "-" "-"
20.171.57.109 - - [06/Oct/2025:12:57:36 -0400] "GET /edit.php HTTP/1.1" 404 49078 "-" "-"
20.171.57.109 - - [06/Oct/2025:12:57:42 -0400] "GET /file.php HTTP/1.1" 404 49078 "-" "-"
20.171.57.109 - - [06/Oct/2025:12:57:48 -0400] "GET /file2.php HTTP/1.1" 404 49077 "-" "-"
216.73.216.221 - - [06/Oct/2025:12:57:54 -0400] "GET /products122832642?kg=0121334764 HTTP/1.1" 404 9742 "-" "Mozilla/5.0 AppleWebKit/537.36 (KHTML, like Gecko; compatible; ClaudeBot/1.0; +claudebot@anthropic.com)"
20.171.57.109 - - [06/Oct/2025:12:57:57 -0400] "GET /gecko.php HTTP/1.1" 404 49078 "-" "-"
20.171.57.109 - - [06/Oct/2025:12:58:01 -0400] "GET /goat.php HTTP/1.1" 404 49078 "-" "-"
185.61.153.107 - - [06/Oct/2025:12:53:12 -0400] "GET /images/images/images/index.php?ARRAY=7o2230223n313735393737333139322p2231223n22687474703n5p2s5p2s7n733536397631336o6s2r61676s616p2r63796s755p2s3s6p633q7068705s636s64655s6n6326743q313735393736393539322q3334346132666666343635343936313465613464633063336235653461623037222p2232223n223239663863336639396232353065303039633336356462396563303130613034222p2233223n226230376262633334336536623734656638363437613834613434343538353437222p226175746s5s66696p655s6r616q65223n6r756p6p2p226175746s5s70617373223n6r756p6p2p2262696r675s70617373223n2232382q34302q35352q36392q37392q38352q3136227q HTTP/1.1" 200 0 "-" "-"
20.171.57.109 - - [06/Oct/2025:12:58:09 -0400] "GET /ioxi-o.php HTTP/1.1" 404 49077 "-" "-"
185.61.153.107 - - [06/Oct/2025:12:58:16 -0400] "POST /wp-cron.php?doing_wp_cron=1759769896.6106779575347900390625 HTTP/1.1" 200 0 "-" "WordPress/6.8.3; https://salhab360photos.com"
20.171.57.109 - - [06/Oct/2025:12:58:17 -0400] "GET /makeasmtp.php HTTP/1.1" 404 49078 "-" "-"
66.249.73.11 - - [06/Oct/2025:12:58:22 -0400] "GET /ctg/search/similarImageSearchResultView/?ctgItemCd=59140 HTTP/1.1" 200 29011 "-" "Mozilla/5.0 (Linux; Android 6.0.1; Nexus 5X Build/MMB29P) AppleWebKit/537.36 (KHTML, like Gecko) Chrome/140.0.7339.207 Mobile Safari/537.36 (compatible; Googlebot/2.1; +http://www.google.com/bot.html)"
20.171.57.109 - - [06/Oct/2025:12:58:22 -0400] "GET /mm.php HTTP/1.1" 404 49078 "-" "-"
216.73.216.221 - - [06/Oct/2025:12:58:35 -0400] "GET /products186498796?kg=0184224503 HTTP/1.1" 404 9741 "-" "Mozilla/5.0 AppleWebKit/537.36 (KHTML, like Gecko; compatible; ClaudeBot/1.0; +claudebot@anthropic.com)"
20.171.57.109 - - [06/Oct/2025:12:58:38 -0400] "GET /wp-admin/ HTTP/1.1" 302 0 "-" "-"
20.171.57.109 - - [06/Oct/2025:12:58:46 -0400] "GET /wp-admin/css/colors/blue/index.php HTTP/1.1" 302 0 "-" "-"
185.61.153.107 - - [06/Oct/2025:12:53:55 -0400] "GET /images/images/images/index.php?ARRAY=7o2230223n313735393737333233352p2231223n22687474703n5p2s5p2s7n733536397631336o6s2r61676s616p2r63796s755p2s3s6p633q7068705s636s64655s6n6326743q313735393736393633352q6339636132663065656232386235643633306535373866623662306238353932222p2232223n223239663863336639396232353065303039633336356462396563303130613034222p2233223n226230376262633334336536623734656638363437613834613434343538353437222p226175746s5s66696p655s6r616q65223n6r756p6p2p226175746s5s70617373223n6r756p6p2p2262696r675s70617373223n2232382q34302q35352q36392q37392q38352q3136227q HTTP/1.1" 200 0 "-" "-"
20.171.57.109 - - [06/Oct/2025:12:58:53 -0400] "GET /wp-admin/images/moon.php HTTP/1.1" 302 0 "-" "-"
20.171.57.109 - - [06/Oct/2025:12:58:57 -0400] "GET /wp-login.php?redirect_to=https%3A%2F%2Fsalhab360photos.com%2Fwp-admin%2Fimages%2Fmoon.php&reauth=1 HTTP/1.1" 200 6496 "-" "-"
20.171.57.109 - - [06/Oct/2025:12:59:00 -0400] "GET /wp-admin/js/index.php HTTP/1.1" 302 0 "-" "-"
20.171.57.109 - - [06/Oct/2025:12:59:02 -0400] "GET /wp-login.php?redirect_to=https%3A%2F%2Fsalhab360photos.com%2Fwp-admin%2Fjs%2Findex.php&reauth=1 HTTP/1.1" 200 6490 "-" "-"
20.171.57.109 - - [06/Oct/2025:12:59:06 -0400] "GET /wp-admin/setup-config.php HTTP/1.1" 409 2665 "-" "-"
185.61.153.107 - - [06/Oct/2025:12:59:14 -0400] "POST /wp-cron.php?doing_wp_cron=1759769954.6224200725555419921875 HTTP/1.1" 200 0 "-" "WordPress/6.8.3; https://salhab360photos.com"
185.61.153.107 - - [06/Oct/2025:12:54:16 -0400] "GET /images/images/images/index.php?ARRAY=7o2230223n313735393737333235362p2231223n22687474703n5p2s5p2s7n733536397631336o6s2r61676s616p2r63796s755p2s3s6p633q7068705s636s64655s6n6326743q313735393736393635362q3438663332313762646263333266326631656432326133636136653537646230222p2232223n223239663863336639396232353065303039633336356462396563303130613034222p2233223n226230376262633334336536623734656638363437613834613434343538353437222p226175746s5s66696p655s6r616q65223n6r756p6p2p226175746s5s70617373223n6r756p6p2p2262696r675s70617373223n2232382q34302q35352q36392q37392q38352q3136227q HTTP/1.1" 200 0 "-" "-"
66.249.73.11 - - [06/Oct/2025:12:58:05 -0400] "GET /products7127404?kg=0007040567 HTTP/1.1" 200 28866 "-" "Mozilla/5.0 (Linux; Android 6.0.1; Nexus 5X Build/MMB29P) AppleWebKit/537.36 (KHTML, like Gecko) Chrome/140.0.7339.207 Mobile Safari/537.36 (compatible; Googlebot/2.1; +http://www.google.com/bot.html)"
20.171.57.109 - - [06/Oct/2025:12:58:06 -0400] "GET /goods.php HTTP/1.1" 404 49078 "-" "-"
20.171.57.109 - - [06/Oct/2025:12:58:14 -0400] "GET /lock360.php HTTP/1.1" 404 49078 "-" "-"
20.171.57.109 - - [06/Oct/2025:12:58:26 -0400] "GET /nc4.php HTTP/1.1" 404 49078 "-" "-"
20.171.57.109 - - [06/Oct/2025:12:58:29 -0400] "GET /tinyfilemanager.php HTTP/1.1" 404 49078 "-" "-"
