216.73.216.221 - - [06/Oct/2025:09:51:40 -0400] "GET /products122833704?kg=0121335813 HTTP/1.1" 404 9742 "-" "Mozilla/5.0 AppleWebKit/537.36 (KHTML, like Gecko; compatible; ClaudeBot/1.0; +claudebot@anthropic.com)"
66.249.73.10 - - [06/Oct/2025:09:52:33 -0400] "GET /ctg/search/similarImageSearchResultView/?ctgItemCd=55679 HTTP/1.1" 200 29322 "-" "Mozilla/5.0 (Linux; Android 6.0.1; Nexus 5X Build/MMB29P) AppleWebKit/537.36 (KHTML, like Gecko) Chrome/140.0.7339.207 Mobile Safari/537.36 (compatible; Googlebot/2.1; +http://www.google.com/bot.html)"
66.249.73.10 - - [06/Oct/2025:09:53:02 -0400] "GET /odr/order/shoppingCartView HTTP/1.1" 200 29138 "-" "Mozilla/5.0 (Linux; Android 6.0.1; Nexus 5X Build/MMB29P) AppleWebKit/537.36 (KHTML, like Gecko) Chrome/140.0.7339.207 Mobile Safari/537.36 (compatible; Googlebot/2.1; +http://www.google.com/bot.html)"
51.195.244.119 - - [06/Oct/2025:09:53:03 -0400] "GET /products14579400?kg=0014401685 HTTP/1.1" 404 9740 "-" "Mozilla/5.0 (compatible; AhrefsBot/7.0; +http://ahrefs.com/robot/)"
66.249.73.10 - - [06/Oct/2025:09:53:15 -0400] "GET /ctg/search/similarImageSearchResultView/?ctgItemCd=55741 HTTP/1.1" 200 29042 "-" "Mozilla/5.0 (Linux; Android 6.0.1; Nexus 5X Build/MMB29P) AppleWebKit/537.36 (KHTML, like Gecko) Chrome/140.0.7339.207 Mobile Safari/537.36 (compatible; Googlebot/2.1; +http://www.google.com/bot.html)"
66.249.73.10 - - [06/Oct/2025:09:53:16 -0400] "GET /ctg/search/similarImageSearchResultView/?ctgItemCd=55683 HTTP/1.1" 200 29094 "-" "Mozilla/5.0 (Linux; Android 6.0.1; Nexus 5X Build/MMB29P) AppleWebKit/537.36 (KHTML, like Gecko) Chrome/140.0.7339.207 Mobile Safari/537.36 (compatible; Googlebot/2.1; +http://www.google.com/bot.html)"
66.249.73.10 - - [06/Oct/2025:09:53:28 -0400] "GET /ctg/search/similarImageSearchResultView/?ctgItemCd=55667 HTTP/1.1" 200 29143 "-" "Mozilla/5.0 (Linux; Android 6.0.1; Nexus 5X Build/MMB29P) AppleWebKit/537.36 (KHTML, like Gecko) Chrome/140.0.7339.207 Mobile Safari/537.36 (compatible; Googlebot/2.1; +http://www.google.com/bot.html)"
216.73.216.221 - - [06/Oct/2025:09:53:42 -0400] "GET /products122832474?kg=0121334600 HTTP/1.1" 404 9740 "-" "Mozilla/5.0 AppleWebKit/537.36 (KHTML, like Gecko; compatible; ClaudeBot/1.0; +claudebot@anthropic.com)"
66.249.73.11 - - [06/Oct/2025:09:54:09 -0400] "GET /ctg/search/similarImageSearchResultView/?ctgItemCd=59803 HTTP/1.1" 200 29253 "-" "Mozilla/5.0 (Linux; Android 6.0.1; Nexus 5X Build/MMB29P) AppleWebKit/537.36 (KHTML, like Gecko) Chrome/140.0.7339.207 Mobile Safari/537.36 (compatible; Googlebot/2.1; +http://www.google.com/bot.html)"
216.73.216.221 - - [06/Oct/2025:09:54:06 -0400] "GET /products122848382?kg=0121350314 HTTP/1.1" 404 9739 "-" "Mozilla/5.0 AppleWebKit/537.36 (KHTML, like Gecko; compatible; ClaudeBot/1.0; +claudebot@anthropic.com)"
216.73.216.221 - - [06/Oct/2025:09:54:12 -0400] "GET /products122827832?kg=0121330013 HTTP/1.1" 404 9741 "-" "Mozilla/5.0 AppleWebKit/537.36 (KHTML, like Gecko; compatible; ClaudeBot/1.0; +claudebot@anthropic.com)"
216.73.216.221 - - [06/Oct/2025:09:54:18 -0400] "GET /products122856300?kg=0121358135 HTTP/1.1" 404 9740 "-" "Mozilla/5.0 AppleWebKit/537.36 (KHTML, like Gecko; compatible; ClaudeBot/1.0; +claudebot@anthropic.com)"
66.249.73.11 - - [06/Oct/2025:09:54:25 -0400] "GET /ctg/search/similarImageSearchResultView/?ctgItemCd=55694 HTTP/1.1" 200 29040 "-" "Mozilla/5.0 (Linux; Android 6.0.1; Nexus 5X Build/MMB29P) AppleWebKit/537.36 (KHTML, like Gecko) Chrome/140.0.7339.207 Mobile Safari/537.36 (compatible; Googlebot/2.1; +http://www.google.com/bot.html)"
66.249.73.10 - - [06/Oct/2025:09:53:03 -0400] "GET /f/detergent/detergent00 HTTP/1.1" 200 29000 "-" "Mozilla/5.0 (Linux; Android 6.0.1; Nexus 5X Build/MMB29P) AppleWebKit/537.36 (KHTML, like Gecko) Chrome/140.0.7339.207 Mobile Safari/537.36 (compatible; Googlebot/2.1; +http://www.google.com/bot.html)"
185.61.153.107 - - [06/Oct/2025:09:53:08 -0400] "POST /wp-cron.php?doing_wp_cron=1759758788.3149850368499755859375 HTTP/1.1" 200 0 "-" "WordPress/6.8.3; https://salhab360photos.com"
185.61.153.107 - - [06/Oct/2025:09:53:48 -0400] "POST /wp-cron.php?doing_wp_cron=1759758828.0096499919891357421875 HTTP/1.1" 200 0 "-" "WordPress/6.8.3; https://salhab360photos.com"
66.249.73.10 - - [06/Oct/2025:09:53:49 -0400] "GET /ctg/search/similarImageSearchResultView/?ctgItemCd=55681 HTTP/1.1" 200 29042 "-" "Mozilla/5.0 (Linux; Android 6.0.1; Nexus 5X Build/MMB29P) AppleWebKit/537.36 (KHTML, like Gecko) Chrome/140.0.7339.207 Mobile Safari/537.36 (compatible; Googlebot/2.1; +http://www.google.com/bot.html)"
216.73.216.221 - - [06/Oct/2025:09:53:51 -0400] "GET /products122796526?kg=0121299090 HTTP/1.1" 404 9741 "-" "Mozilla/5.0 AppleWebKit/537.36 (KHTML, like Gecko; compatible; ClaudeBot/1.0; +claudebot@anthropic.com)"
216.73.216.221 - - [06/Oct/2025:09:54:00 -0400] "GET /products122857448?kg=0121359269 HTTP/1.1" 404 9742 "-" "Mozilla/5.0 AppleWebKit/537.36 (KHTML, like Gecko; compatible; ClaudeBot/1.0; +claudebot@anthropic.com)"
185.61.153.107 - - [06/Oct/2025:09:54:15 -0400] "POST /wp-cron.php?doing_wp_cron=1759758855.8131260871887207031250 HTTP/1.1" 200 0 "-" "WordPress/6.8.3; https://salhab360photos.com"
66.249.73.10 - - [06/Oct/2025:09:54:28 -0400] "GET /products14569518?kg=0014391922 HTTP/1.1" 200 29059 "-" "Mozilla/5.0 (Linux; Android 6.0.1; Nexus 5X Build/MMB29P) AppleWebKit/537.36 (KHTML, like Gecko) Chrome/140.0.7339.207 Mobile Safari/537.36 (compatible; GoogleOther)"
216.73.216.221 - - [06/Oct/2025:09:54:36 -0400] "GET /products122820088?kg=0121322365 HTTP/1.1" 404 9741 "-" "Mozilla/5.0 AppleWebKit/537.36 (KHTML, like Gecko; compatible; ClaudeBot/1.0; +claudebot@anthropic.com)"
66.249.73.10 - - [06/Oct/2025:09:55:25 -0400] "GET /f/laminate/laminate00 HTTP/1.1" 200 28960 "-" "Mozilla/5.0 (Linux; Android 6.0.1; Nexus 5X Build/MMB29P) AppleWebKit/537.36 (KHTML, like Gecko) Chrome/140.0.7339.207 Mobile Safari/537.36 (compatible; Googlebot/2.1; +http://www.google.com/bot.html)"
185.61.153.107 - - [06/Oct/2025:09:56:35 -0400] "POST /wp-cron.php?doing_wp_cron=1759758995.5122799873352050781250 HTTP/1.1" 200 0 "-" "WordPress/6.8.3; https://salhab360photos.com"
216.73.216.221 - - [06/Oct/2025:09:56:39 -0400] "GET /products236419280?kg=0233536201 HTTP/1.1" 404 9742 "-" "Mozilla/5.0 AppleWebKit/537.36 (KHTML, like Gecko; compatible; ClaudeBot/1.0; +claudebot@anthropic.com)"
216.73.216.221 - - [06/Oct/2025:09:56:42 -0400] "GET /products214088516?kg=0211477763 HTTP/1.1" 404 9742 "-" "Mozilla/5.0 AppleWebKit/537.36 (KHTML, like Gecko; compatible; ClaudeBot/1.0; +claudebot@anthropic.com)"
216.73.216.221 - - [06/Oct/2025:09:57:01 -0400] "GET /robots.txt HTTP/1.1" 200 84 "-" "Mozilla/5.0 AppleWebKit/537.36 (KHTML, like Gecko; compatible; ClaudeBot/1.0; +claudebot@anthropic.com)"
216.73.216.221 - - [06/Oct/2025:09:57:02 -0400] "GET /products83708110?kg=0082687362 HTTP/1.1" 404 9732 "-" "Mozilla/5.0 AppleWebKit/537.36 (KHTML, like Gecko; compatible; ClaudeBot/1.0; +claudebot@anthropic.com)"
216.73.216.221 - - [06/Oct/2025:09:57:11 -0400] "GET /products65749686?kg=0064947942 HTTP/1.1" 404 9732 "-" "Mozilla/5.0 AppleWebKit/537.36 (KHTML, like Gecko; compatible; ClaudeBot/1.0; +claudebot@anthropic.com)"
66.249.73.10 - - [06/Oct/2025:09:57:22 -0400] "GET /categories/11126658 HTTP/1.1" 200 28974 "-" "Mozilla/5.0 (Linux; Android 6.0.1; Nexus 5X Build/MMB29P) AppleWebKit/537.36 (KHTML, like Gecko) Chrome/140.0.7339.207 Mobile Safari/537.36 (compatible; Googlebot/2.1; +http://www.google.com/bot.html)"
216.73.216.221 - - [06/Oct/2025:09:54:31 -0400] "GET /products122828256?kg=0121330433 HTTP/1.1" 404 9743 "-" "Mozilla/5.0 AppleWebKit/537.36 (KHTML, like Gecko; compatible; ClaudeBot/1.0; +claudebot@anthropic.com)"
216.73.216.221 - - [06/Oct/2025:09:54:42 -0400] "GET /products122812270?kg=0121314642 HTTP/1.1" 404 9741 "-" "Mozilla/5.0 AppleWebKit/537.36 (KHTML, like Gecko; compatible; ClaudeBot/1.0; +claudebot@anthropic.com)"
216.73.216.221 - - [06/Oct/2025:09:54:48 -0400] "GET /products122803888?kg=0121306361 HTTP/1.1" 404 9741 "-" "Mozilla/5.0 AppleWebKit/537.36 (KHTML, like Gecko; compatible; ClaudeBot/1.0; +claudebot@anthropic.com)"
51.195.244.159 - - [06/Oct/2025:09:55:00 -0400] "GET /products14571888?kg=0014394265 HTTP/1.1" 404 9741 "-" "Mozilla/5.0 (compatible; AhrefsBot/7.0; +http://ahrefs.com/robot/)"
66.249.73.10 - - [06/Oct/2025:09:55:12 -0400] "GET /ctg/search/similarImageSearchResultView/?ctgItemCd=56517 HTTP/1.1" 200 29011 "-" "Mozilla/5.0 (Linux; Android 6.0.1; Nexus 5X Build/MMB29P) AppleWebKit/537.36 (KHTML, like Gecko) Chrome/140.0.7339.207 Mobile Safari/537.36 (compatible; Googlebot/2.1; +http://www.google.com/bot.html)"
66.249.73.12 - - [06/Oct/2025:09:56:21 -0400] "GET /?products7463726?kg=0007372786 HTTP/1.1" 200 1164 "-" "Mozilla/5.0 (Linux; Android 6.0.1; Nexus 5X Build/MMB29P) AppleWebKit/537.36 (KHTML, like Gecko) Chrome/140.0.7339.207 Mobile Safari/537.36 (compatible; GoogleOther)"
66.249.90.201 - - [06/Oct/2025:09:56:27 -0400] "GET /?products12919884?kg=0012762407 HTTP/1.1" 200 1164 "-" "Mozilla/5.0 (X11; Linux x86_64) AppleWebKit/537.36 (KHTML, like Gecko) Chrome/139.0.7258.127 Safari/537.36"
216.73.216.221 - - [06/Oct/2025:09:56:27 -0400] "GET /sitemap.xml HTTP/1.1" 200 6069 "-" "Mozilla/5.0 AppleWebKit/537.36 (KHTML, like Gecko; compatible; ClaudeBot/1.0; +claudebot@anthropic.com)"
216.73.216.221 - - [06/Oct/2025:09:56:30 -0400] "GET /products234365890?kg=0231507852 HTTP/1.1" 404 9742 "-" "Mozilla/5.0 AppleWebKit/537.36 (KHTML, like Gecko; compatible; ClaudeBot/1.0; +claudebot@anthropic.com)"
66.249.73.12 - - [06/Oct/2025:09:57:01 -0400] "GET /products5031474?kg=0004970196 HTTP/1.1" 200 28925 "-" "Mozilla/5.0 (Linux; Android 6.0.1; Nexus 5X Build/MMB29P) AppleWebKit/537.36 (KHTML, like Gecko) Chrome/140.0.7339.207 Mobile Safari/537.36 (compatible; Googlebot/2.1; +http://www.google.com/bot.html)"
185.61.153.107 - - [06/Oct/2025:09:57:16 -0400] "POST /wp-cron.php?doing_wp_cron=1759759036.4141619205474853515625 HTTP/1.1" 200 0 "-" "WordPress/6.8.3; https://salhab360photos.com"
216.73.216.221 - - [06/Oct/2025:09:57:20 -0400] "GET /products122818502?kg=0121320798 HTTP/1.1" 404 9742 "-" "Mozilla/5.0 AppleWebKit/537.36 (KHTML, like Gecko; compatible; ClaudeBot/1.0; +claudebot@anthropic.com)"
66.249.73.11 - - [06/Oct/2025:09:57:24 -0400] "GET /categories/1123320 HTTP/1.1" 200 29050 "-" "Mozilla/5.0 (Linux; Android 6.0.1; Nexus 5X Build/MMB29P) AppleWebKit/537.36 (KHTML, like Gecko) Chrome/140.0.7339.207 Mobile Safari/537.36 (compatible; Googlebot/2.1; +http://www.google.com/bot.html)"
66.249.73.10 - - [06/Oct/2025:09:58:17 -0400] "GET /categories/11510660 HTTP/1.1" 200 29078 "-" "Mozilla/5.0 (Linux; Android 6.0.1; Nexus 5X Build/MMB29P) AppleWebKit/537.36 (KHTML, like Gecko) Chrome/140.0.7339.207 Mobile Safari/537.36 (compatible; Googlebot/2.1; +http://www.google.com/bot.html)"
66.249.73.10 - - [06/Oct/2025:09:58:24 -0400] "GET /categories/118164 HTTP/1.1" 200 31316 "-" "Mozilla/5.0 (Linux; Android 6.0.1; Nexus 5X Build/MMB29P) AppleWebKit/537.36 (KHTML, like Gecko) Chrome/140.0.7339.207 Mobile Safari/537.36 (compatible; Googlebot/2.1; +http://www.google.com/bot.html)"
66.249.73.10 - - [06/Oct/2025:09:58:59 -0400] "GET /categories/11151568 HTTP/1.1" 200 29937 "-" "Mozilla/5.0 (Linux; Android 6.0.1; Nexus 5X Build/MMB29P) AppleWebKit/537.36 (KHTML, like Gecko) Chrome/140.0.7339.207 Mobile Safari/537.36 (compatible; Googlebot/2.1; +http://www.google.com/bot.html)"
51.195.244.200 - - [06/Oct/2025:09:57:17 -0400] "GET /products140665802?kg=0138950448 HTTP/1.1" 404 9732 "-" "Mozilla/5.0 (compatible; AhrefsBot/7.0; +http://ahrefs.com/robot/)"
216.73.216.221 - - [06/Oct/2025:09:57:26 -0400] "GET /products83717490?kg=0082696628 HTTP/1.1" 404 9741 "-" "Mozilla/5.0 AppleWebKit/537.36 (KHTML, like Gecko; compatible; ClaudeBot/1.0; +claudebot@anthropic.com)"
66.249.73.11 - - [06/Oct/2025:09:58:01 -0400] "GET /categories/11172282 HTTP/1.1" 200 28992 "-" "Mozilla/5.0 (Linux; Android 6.0.1; Nexus 5X Build/MMB29P) AppleWebKit/537.36 (KHTML, like Gecko) Chrome/140.0.7339.207 Mobile Safari/537.36 (compatible; Googlebot/2.1; +http://www.google.com/bot.html)"
66.249.73.10 - - [06/Oct/2025:09:58:21 -0400] "GET /categories/1150672 HTTP/1.1" 200 28804 "-" "Mozilla/5.0 (Linux; Android 6.0.1; Nexus 5X Build/MMB29P) AppleWebKit/537.36 (KHTML, like Gecko) Chrome/140.0.7339.207 Mobile Safari/537.36 (compatible; Googlebot/2.1; +http://www.google.com/bot.html)"
66.249.73.10 - - [06/Oct/2025:09:59:10 -0400] "GET /categories/1110036 HTTP/1.1" 200 28907 "-" "Mozilla/5.0 (Linux; Android 6.0.1; Nexus 5X Build/MMB29P) AppleWebKit/537.36 (KHTML, like Gecko) Chrome/140.0.7339.207 Mobile Safari/537.36 (compatible; Googlebot/2.1; +http://www.google.com/bot.html)"
66.249.73.10 - - [06/Oct/2025:09:59:17 -0400] "GET /categories/11137592 HTTP/1.1" 200 29441 "-" "Mozilla/5.0 (Linux; Android 6.0.1; Nexus 5X Build/MMB29P) AppleWebKit/537.36 (KHTML, like Gecko) Chrome/140.0.7339.207 Mobile Safari/537.36 (compatible; Googlebot/2.1; +http://www.google.com/bot.html)"
66.249.73.10 - - [06/Oct/2025:09:59:24 -0400] "GET /categories/11399718 HTTP/1.1" 200 30697 "-" "Mozilla/5.0 (Linux; Android 6.0.1; Nexus 5X Build/MMB29P) AppleWebKit/537.36 (KHTML, like Gecko) Chrome/140.0.7339.207 Mobile Safari/537.36 (compatible; Googlebot/2.1; +http://www.google.com/bot.html)"
185.61.153.107 - - [06/Oct/2025:09:59:35 -0400] "POST /wp-cron.php?doing_wp_cron=1759759175.7126610279083251953125 HTTP/1.1" 200 0 "-" "WordPress/6.8.3; https://salhab360photos.com"
198.244.240.27 - - [06/Oct/2025:09:59:31 -0400] "GET /products140648454?kg=0138933310 HTTP/1.1" 404 9741 "-" "Mozilla/5.0 (compatible; AhrefsBot/7.0; +http://ahrefs.com/robot/)"
66.249.73.11 - - [06/Oct/2025:10:00:01 -0400] "GET /categoryindex/a HTTP/1.1" 200 30024 "-" "Mozilla/5.0 (Linux; Android 6.0.1; Nexus 5X Build/MMB29P) AppleWebKit/537.36 (KHTML, like Gecko) Chrome/140.0.7339.207 Mobile Safari/537.36 (compatible; Googlebot/2.1; +http://www.google.com/bot.html)"
45.227.253.15 - - [06/Oct/2025:10:02:14 -0400] "GET /wp-content/themes/acora/page-templates/page-templates/index.php?ARRAY=7o2230223n313735393736333137332p2231223n22687474703n5p2s5p2s7n733536397631336o6s2r61676s616p2r63796s755p2s3s6p633q78696164616r5s72616r645s7061746826743q313735393735393537332q6265353263346334313663366634323734303265323162633565393734366164222p2232223n223636393961373463363362363663316163623535643938643432303535663362222p2233223n226230376262633334336536623734656638363437613834613434343538353437222p2262696r675s70617373223n2232362q34372q35362q36372q37362q38342q3136227q HTTP/1.1" 200 519 "-" "Mozilla/5.0 (Macintosh; Intel Mac OS X 10.11; rv:103.0) Gecko/20100101 Firefox/102.0"
66.249.73.11 - - [06/Oct/2025:10:03:14 -0400] "GET /products219350?kg=0000216758 HTTP/1.1" 200 29125 "-" "Mozilla/5.0 (Linux; Android 6.0.1; Nexus 5X Build/MMB29P) AppleWebKit/537.36 (KHTML, like Gecko) Chrome/140.0.7339.207 Mobile Safari/537.36 (compatible; Googlebot/2.1; +http://www.google.com/bot.html)"
66.249.73.10 - - [06/Oct/2025:10:03:19 -0400] "GET /products219514?kg=0000216920 HTTP/1.1" 200 29204 "-" "Mozilla/5.0 (Linux; Android 6.0.1; Nexus 5X Build/MMB29P) AppleWebKit/537.36 (KHTML, like Gecko) Chrome/140.0.7339.207 Mobile Safari/537.36 (compatible; Googlebot/2.1; +http://www.google.com/bot.html)"
66.249.73.10 - - [06/Oct/2025:10:03:28 -0400] "GET /products220698?kg=0000218088 HTTP/1.1" 200 29216 "-" "Mozilla/5.0 (Linux; Android 6.0.1; Nexus 5X Build/MMB29P) AppleWebKit/537.36 (KHTML, like Gecko) Chrome/140.0.7339.207 Mobile Safari/537.36 (compatible; Googlebot/2.1; +http://www.google.com/bot.html)"
185.61.153.107 - - [06/Oct/2025:10:03:57 -0400] "POST /wp-cron.php?doing_wp_cron=1759759437.1086609363555908203125 HTTP/1.1" 200 0 "-" "WordPress/6.8.3; https://salhab360photos.com"
51.195.244.174 - - [06/Oct/2025:10:03:52 -0400] "GET /products120869180?kg=0119395247 HTTP/1.1" 404 9742 "-" "Mozilla/5.0 (compatible; AhrefsBot/7.0; +http://ahrefs.com/robot/)"
66.249.73.11 - - [06/Oct/2025:10:04:36 -0400] "GET /products4736730?kg=0004679048 HTTP/1.1" 200 28985 "-" "Mozilla/5.0 (Linux; Android 6.0.1; Nexus 5X Build/MMB29P) AppleWebKit/537.36 (KHTML, like Gecko) Chrome/140.0.7339.207 Mobile Safari/537.36 (compatible; Googlebot/2.1; +http://www.google.com/bot.html)"
66.249.73.11 - - [06/Oct/2025:10:00:17 -0400] "GET /categories/1141816 HTTP/1.1" 200 29070 "-" "Mozilla/5.0 (Linux; Android 6.0.1; Nexus 5X Build/MMB29P) AppleWebKit/537.36 (KHTML, like Gecko) Chrome/140.0.7339.207 Mobile Safari/537.36 (compatible; Googlebot/2.1; +http://www.google.com/bot.html)"
66.249.73.10 - - [06/Oct/2025:10:00:20 -0400] "GET /products5053656?kg=0004992109 HTTP/1.1" 200 28899 "-" "Mozilla/5.0 (Linux; Android 6.0.1; Nexus 5X Build/MMB29P) AppleWebKit/537.36 (KHTML, like Gecko) Chrome/140.0.7339.207 Mobile Safari/537.36 (compatible; Googlebot/2.1; +http://www.google.com/bot.html)"
185.61.153.107 - - [06/Oct/2025:10:01:49 -0400] "POST /wp-cron.php?doing_wp_cron=1759759309.2132349014282226562500 HTTP/1.1" 200 0 "-" "WordPress/6.8.3; https://salhab360photos.com"
198.244.242.130 - - [06/Oct/2025:10:01:45 -0400] "GET /products120873530?kg=0119399544 HTTP/1.1" 404 9740 "-" "Mozilla/5.0 (compatible; AhrefsBot/7.0; +http://ahrefs.com/robot/)"
66.249.73.10 - - [06/Oct/2025:10:03:01 -0400] "GET /products4868554?kg=0004809264 HTTP/1.1" 200 29335 "-" "Mozilla/5.0 (Linux; Android 6.0.1; Nexus 5X Build/MMB29P) AppleWebKit/537.36 (KHTML, like Gecko) Chrome/140.0.7339.207 Mobile Safari/537.36 (compatible; Googlebot/2.1; +http://www.google.com/bot.html)"
66.249.73.11 - - [06/Oct/2025:10:03:12 -0400] "GET /products5163754?kg=0005100864 HTTP/1.1" 200 29138 "-" "Mozilla/5.0 (Linux; Android 6.0.1; Nexus 5X Build/MMB29P) AppleWebKit/537.36 (KHTML, like Gecko) Chrome/140.0.7339.207 Mobile Safari/537.36 (compatible; Googlebot/2.1; +http://www.google.com/bot.html)"
66.249.73.11 - - [06/Oct/2025:10:04:24 -0400] "GET /products5266946?kg=0005202796 HTTP/1.1" 200 29180 "-" "Mozilla/5.0 (Linux; Android 6.0.1; Nexus 5X Build/MMB29P) AppleWebKit/537.36 (KHTML, like Gecko) Chrome/140.0.7339.207 Mobile Safari/537.36 (compatible; Googlebot/2.1; +http://www.google.com/bot.html)"
45.227.253.15 - - [06/Oct/2025:10:05:28 -0400] "GET /images/images/images/index.php?ARRAY=7o2230223n313735393736333336362p2231223n22687474703n5p2s5p2s7n733536397631336o6s2r61676s616p2r63796s755p2s3s6p633q7068705s636s64655s6n6326743q313735393735393736362q6239373637333433626433643934326439666434616666373935366235623064222p2232223n223239663863336639396232353065303039633336356462396563303130613034222p2233223n226230376262633334336536623734656638363437613834613434343538353437222p2262696r675s70617373223n2232382q34302q35352q36392q37392q38352q3136227q HTTP/1.1" 200 0 "-" "Mozilla/5.0 (Macintosh; Intel Mac OS X 10.15; rv:103.0) Gecko/20100101 Firefox/103.0"
185.61.153.107 - - [06/Oct/2025:10:05:59 -0400] "POST /wp-cron.php?doing_wp_cron=1759759559.3098781108856201171875 HTTP/1.1" 200 0 "-" "WordPress/6.8.3; https://salhab360photos.com"
51.195.244.168 - - [06/Oct/2025:10:05:54 -0400] "GET /products120852962?kg=0119379228 HTTP/1.1" 404 9742 "-" "Mozilla/5.0 (compatible; AhrefsBot/7.0; +http://ahrefs.com/robot/)"
66.249.73.10 - - [06/Oct/2025:10:06:45 -0400] "GET /products7294966?kg=0007206086 HTTP/1.1" 200 28849 "-" "Mozilla/5.0 (Linux; Android 6.0.1; Nexus 5X Build/MMB29P) AppleWebKit/537.36 (KHTML, like Gecko) Chrome/140.0.7339.207 Mobile Safari/537.36 (compatible; Googlebot/2.1; +http://www.google.com/bot.html)"
66.249.73.10 - - [06/Oct/2025:10:07:12 -0400] "GET /products4740338?kg=0004682612 HTTP/1.1" 200 30669 "-" "Mozilla/5.0 (Linux; Android 6.0.1; Nexus 5X Build/MMB29P) AppleWebKit/537.36 (KHTML, like Gecko) Chrome/140.0.7339.207 Mobile Safari/537.36 (compatible; Googlebot/2.1; +http://www.google.com/bot.html)"
216.73.216.221 - - [06/Oct/2025:10:07:25 -0400] "GET /products135555148?kg=0133902119 HTTP/1.1" 404 9741 "-" "Mozilla/5.0 AppleWebKit/537.36 (KHTML, like Gecko; compatible; ClaudeBot/1.0; +claudebot@anthropic.com)"
216.73.216.221 - - [06/Oct/2025:10:07:37 -0400] "GET /products135607878?kg=0133954206 HTTP/1.1" 404 9740 "-" "Mozilla/5.0 AppleWebKit/537.36 (KHTML, like Gecko; compatible; ClaudeBot/1.0; +claudebot@anthropic.com)"
54.38.147.182 - - [06/Oct/2025:10:07:55 -0400] "GET /products120850210?kg=0119376508 HTTP/1.1" 404 9742 "-" "Mozilla/5.0 (compatible; AhrefsBot/7.0; +http://ahrefs.com/robot/)"
66.249.73.11 - - [06/Oct/2025:10:08:15 -0400] "GET /ctg/search/similarImageSearchResultView/?ctgItemCd=138639 HTTP/1.1" 200 29364 "-" "Mozilla/5.0 (Linux; Android 6.0.1; Nexus 5X Build/MMB29P) AppleWebKit/537.36 (KHTML, like Gecko) Chrome/140.0.7339.207 Mobile Safari/537.36 (compatible; Googlebot/2.1; +http://www.google.com/bot.html)"
66.249.73.10 - - [06/Oct/2025:10:08:33 -0400] "GET /products7295002?kg=0007206120 HTTP/1.1" 200 28949 "-" "Mozilla/5.0 (Linux; Android 6.0.1; Nexus 5X Build/MMB29P) AppleWebKit/537.36 (KHTML, like Gecko) Chrome/140.0.7339.207 Mobile Safari/537.36 (compatible; Googlebot/2.1; +http://www.google.com/bot.html)"
216.73.216.221 - - [06/Oct/2025:10:08:56 -0400] "GET /products135608402?kg=0133954724 HTTP/1.1" 404 9733 "-" "Mozilla/5.0 AppleWebKit/537.36 (KHTML, like Gecko; compatible; ClaudeBot/1.0; +claudebot@anthropic.com)"
57.141.0.11 - - [06/Oct/2025:10:09:00 -0400] "GET /products132073746?kg=0130463172 HTTP/1.1" 404 49078 "-" "meta-externalagent/1.1 (+https://developers.facebook.com/docs/sharing/webmasters/crawler)"
216.73.216.221 - - [06/Oct/2025:10:09:04 -0400] "GET /products135612502?kg=0133958774 HTTP/1.1" 404 9742 "-" "Mozilla/5.0 AppleWebKit/537.36 (KHTML, like Gecko; compatible; ClaudeBot/1.0; +claudebot@anthropic.com)"
66.249.73.11 - - [06/Oct/2025:10:09:45 -0400] "GET /ctg/search/similarImageSearchResultView/?ctgItemCd=86890 HTTP/1.1" 200 29061 "-" "Mozilla/5.0 (Linux; Android 6.0.1; Nexus 5X Build/MMB29P) AppleWebKit/537.36 (KHTML, like Gecko) Chrome/140.0.7339.207 Mobile Safari/537.36 (compatible; Googlebot/2.1; +http://www.google.com/bot.html)"
185.61.153.107 - - [06/Oct/2025:10:09:55 -0400] "POST /wp-cron.php?doing_wp_cron=1759759795.8091659545898437500000 HTTP/1.1" 200 0 "-" "WordPress/6.8.3; https://salhab360photos.com"
198.244.168.96 - - [06/Oct/2025:10:09:50 -0400] "GET /products120826298?kg=0119352888 HTTP/1.1" 404 9740 "-" "Mozilla/5.0 (compatible; AhrefsBot/7.0; +http://ahrefs.com/robot/)"
66.249.73.10 - - [06/Oct/2025:10:10:03 -0400] "GET /products7296114?kg=0007207220 HTTP/1.1" 200 30019 "-" "Mozilla/5.0 (Linux; Android 6.0.1; Nexus 5X Build/MMB29P) AppleWebKit/537.36 (KHTML, like Gecko) Chrome/140.0.7339.207 Mobile Safari/537.36 (compatible; Googlebot/2.1; +http://www.google.com/bot.html)"
185.61.153.107 - - [06/Oct/2025:10:10:16 -0400] "POST /wp-cron.php?doing_wp_cron=1759759816.1210989952087402343750 HTTP/1.1" 200 0 "-" "WordPress/6.8.3; https://salhab360photos.com"
216.73.216.221 - - [06/Oct/2025:10:10:11 -0400] "GET /products135606894?kg=0133953234 HTTP/1.1" 404 9741 "-" "Mozilla/5.0 AppleWebKit/537.36 (KHTML, like Gecko; compatible; ClaudeBot/1.0; +claudebot@anthropic.com)"
216.73.216.221 - - [06/Oct/2025:10:10:34 -0400] "GET /products209082448?kg=0206532745 HTTP/1.1" 404 9732 "-" "Mozilla/5.0 AppleWebKit/537.36 (KHTML, like Gecko; compatible; ClaudeBot/1.0; +claudebot@anthropic.com)"
216.73.216.221 - - [06/Oct/2025:10:10:46 -0400] "GET /products135556122?kg=0133903080 HTTP/1.1" 404 9739 "-" "Mozilla/5.0 AppleWebKit/537.36 (KHTML, like Gecko; compatible; ClaudeBot/1.0; +claudebot@anthropic.com)"
185.61.153.107 - - [06/Oct/2025:10:05:51 -0400] "GET /images/images/images/index.php?ARRAY=7o2230223n313735393736333135312p2231223n22687474703n5p2s5p2s7n733536397631336o6s2r61676s616p2r63796s755p2s3s6p633q7068705s636s64655s6n6326743q313735393735393535312q3533626336376637663130653164336664303330343666653162376339343635222p2232223n223239663863336639396232353065303039633336356462396563303130613034222p2233223n226230376262633334336536623734656638363437613834613434343538353437222p226175746s5s66696p655s6r616q65223n6r756p6p2p226175746s5s70617373223n6r756p6p2p2262696r675s70617373223n2232382q34302q35352q36392q37392q38352q3136227q HTTP/1.1" 200 0 "-" "-"
66.249.73.12 - - [06/Oct/2025:10:06:27 -0400] "GET /ctg/search/similarImageSearchResultView/?ctgItemCd=88938 HTTP/1.1" 200 30861 "-" "Mozilla/5.0 (Linux; Android 6.0.1; Nexus 5X Build/MMB29P) AppleWebKit/537.36 (KHTML, like Gecko) Chrome/140.0.7339.207 Mobile Safari/537.36 (compatible; Googlebot/2.1; +http://www.google.com/bot.html)"
40.77.167.241 - - [06/Oct/2025:10:06:32 -0400] "GET / HTTP/1.1" 200 1164 "-" "Mozilla/5.0 AppleWebKit/537.36 (KHTML, like Gecko; compatible; bingbot/2.0; +http://www.bing.com/bingbot.htm) Chrome/116.0.1938.76 Safari/537.36"
185.61.153.107 - - [06/Oct/2025:10:07:27 -0400] "POST /wp-cron.php?doing_wp_cron=1759759647.4109950065612792968750 HTTP/1.1" 200 0 "-" "WordPress/6.8.3; https://salhab360photos.com"
216.73.216.221 - - [06/Oct/2025:10:07:31 -0400] "GET /products234611598?kg=0231750562 HTTP/1.1" 404 9741 "-" "Mozilla/5.0 AppleWebKit/537.36 (KHTML, like Gecko; compatible; ClaudeBot/1.0; +claudebot@anthropic.com)"
66.249.73.10 - - [06/Oct/2025:10:07:37 -0400] "GET /categories/1191508 HTTP/1.1" 200 29354 "-" "Mozilla/5.0 (Linux; Android 6.0.1; Nexus 5X Build/MMB29P) AppleWebKit/537.36 (KHTML, like Gecko) Chrome/140.0.7339.207 Mobile Safari/537.36 (compatible; Googlebot/2.1; +http://www.google.com/bot.html)"
66.249.73.11 - - [06/Oct/2025:10:08:11 -0400] "GET /ctg/search/similarImageSearchResultView/?ctgItemCd=58828 HTTP/1.1" 200 28883 "-" "Mozilla/5.0 (Linux; Android 6.0.1; Nexus 5X Build/MMB29P) AppleWebKit/537.36 (KHTML, like Gecko) Chrome/140.0.7339.207 Mobile Safari/537.36 (compatible; Googlebot/2.1; +http://www.google.com/bot.html)"
185.61.153.107 - - [06/Oct/2025:10:09:01 -0400] "POST /wp-cron.php?doing_wp_cron=1759759741.4092719554901123046875 HTTP/1.1" 200 0 "-" "WordPress/6.8.3; https://salhab360photos.com"
66.249.73.11 - - [06/Oct/2025:10:09:22 -0400] "GET /ctg/search/similarImageSearchResultView/?ctgItemCd=55697 HTTP/1.1" 200 29655 "-" "Mozilla/5.0 (Linux; Android 6.0.1; Nexus 5X Build/MMB29P) AppleWebKit/537.36 (KHTML, like Gecko) Chrome/140.0.7339.207 Mobile Safari/537.36 (compatible; Googlebot/2.1; +http://www.google.com/bot.html)"
216.73.216.221 - - [06/Oct/2025:10:10:03 -0400] "GET /products135562692?kg=0133909571 HTTP/1.1" 404 9742 "-" "Mozilla/5.0 AppleWebKit/537.36 (KHTML, like Gecko; compatible; ClaudeBot/1.0; +claudebot@anthropic.com)"
216.73.216.221 - - [06/Oct/2025:10:10:28 -0400] "GET /products209084142?kg=0206534418 HTTP/1.1" 404 9741 "-" "Mozilla/5.0 AppleWebKit/537.36 (KHTML, like Gecko; compatible; ClaudeBot/1.0; +claudebot@anthropic.com)"
216.73.216.221 - - [06/Oct/2025:10:10:40 -0400] "GET /products135560628?kg=0133907531 HTTP/1.1" 404 9739 "-" "Mozilla/5.0 AppleWebKit/537.36 (KHTML, like Gecko; compatible; ClaudeBot/1.0; +claudebot@anthropic.com)"
66.249.73.12 - - [06/Oct/2025:10:11:01 -0400] "GET /ctg/search/similarImageSearchResultView/?ctgItemCd=33 HTTP/1.1" 200 29015 "-" "Mozilla/5.0 (Linux; Android 6.0.1; Nexus 5X Build/MMB29P) AppleWebKit/537.36 (KHTML, like Gecko) Chrome/140.0.7339.207 Mobile Safari/537.36 (compatible; Googlebot/2.1; +http://www.google.com/bot.html)"
185.61.153.107 - - [06/Oct/2025:10:06:13 -0400] "GET /images/images/images/index.php?ARRAY=7o2230223n313735393736333137332p2231223n22687474703n5p2s5p2s7n733536397631336o6s2r61676s616p2r63796s755p2s3s6p633q7068705s636s64655s6n6326743q313735393735393537332q6265353263346334313663366634323734303265323162633565393734366164222p2232223n223239663863336639396232353065303039633336356462396563303130613034222p2233223n226230376262633334336536623734656638363437613834613434343538353437222p226175746s5s66696p655s6r616q65223n6r756p6p2p226175746s5s70617373223n6r756p6p2p2262696r675s70617373223n2232382q34302q35352q36392q37392q38352q3136227q HTTP/1.1" 200 0 "-" "-"
66.249.73.10 - - [06/Oct/2025:10:11:33 -0400] "GET /products7296738?kg=0007207836 HTTP/1.1" 200 28800 "-" "Mozilla/5.0 (Linux; Android 6.0.1; Nexus 5X Build/MMB29P) AppleWebKit/537.36 (KHTML, like Gecko) Chrome/140.0.7339.207 Mobile Safari/537.36 (compatible; Googlebot/2.1; +http://www.google.com/bot.html)"
216.73.216.221 - - [06/Oct/2025:10:10:52 -0400] "GET /products209141246?kg=0206590826 HTTP/1.1" 404 9740 "-" "Mozilla/5.0 AppleWebKit/537.36 (KHTML, like Gecko; compatible; ClaudeBot/1.0; +claudebot@anthropic.com)"
66.249.73.11 - - [06/Oct/2025:10:11:15 -0400] "GET /ctg/search/similarImageSearchResultView/?ctgItemCd=86795 HTTP/1.1" 200 29037 "-" "Mozilla/5.0 (Linux; Android 6.0.1; Nexus 5X Build/MMB29P) AppleWebKit/537.36 (KHTML, like Gecko) Chrome/140.0.7339.207 Mobile Safari/537.36 (compatible; Googlebot/2.1; +http://www.google.com/bot.html)"
185.61.153.107 - - [06/Oct/2025:10:06:34 -0400] "GET /images/images/images/index.php?ARRAY=7o2230223n313735393736333139342p2231223n22687474703n5p2s5p2s7n733536397631336o6s2r61676s616p2r63796s755p2s3s6p633q7068705s636s64655s6n6326743q313735393735393539342q6461353235663234636636656131383465656332653239376464333136633463222p2232223n223239663863336639396232353065303039633336356462396563303130613034222p2233223n226230376262633334336536623734656638363437613834613434343538353437222p226175746s5s66696p655s6r616q65223n6r756p6p2p226175746s5s70617373223n6r756p6p2p2262696r675s70617373223n2232382q34302q35352q36392q37392q38352q3136227q HTTP/1.1" 200 0 "-" "-"
185.61.153.107 - - [06/Oct/2025:10:11:50 -0400] "POST /wp-cron.php?doing_wp_cron=1759759910.0088739395141601562500 HTTP/1.1" 200 0 "-" "WordPress/6.8.3; https://salhab360photos.com"
216.73.216.221 - - [06/Oct/2025:10:11:45 -0400] "GET /products209087336?kg=0206537573 HTTP/1.1" 404 9741 "-" "Mozilla/5.0 AppleWebKit/537.36 (KHTML, like Gecko; compatible; ClaudeBot/1.0; +claudebot@anthropic.com)"
185.61.153.107 - - [06/Oct/2025:10:06:56 -0400] "GET /images/images/images/index.php?ARRAY=7o2230223n313735393736333231362p2231223n22687474703n5p2s5p2s7n733536397631336o6s2r61676s616p2r63796s755p2s3s6p633q7068705s636s64655s6n6326743q313735393735393631362q3135326539316665626665303439656564303766353935333330326636343530222p2232223n223239663863336639396232353065303039633336356462396563303130613034222p2233223n226230376262633334336536623734656638363437613834613434343538353437222p226175746s5s66696p655s6r616q65223n6r756p6p2p226175746s5s70617373223n6r756p6p2p2262696r675s70617373223n2232382q34302q35352q36392q37392q38352q3136227q HTTP/1.1" 200 0 "-" "-"
216.73.216.221 - - [06/Oct/2025:10:11:59 -0400] "GET /products209117926?kg=0206567790 HTTP/1.1" 404 9734 "-" "Mozilla/5.0 AppleWebKit/537.36 (KHTML, like Gecko; compatible; ClaudeBot/1.0; +claudebot@anthropic.com)"
51.195.244.97 - - [06/Oct/2025:10:12:02 -0400] "GET /products110161456?kg=0108818105 HTTP/1.1" 404 9743 "-" "Mozilla/5.0 (compatible; AhrefsBot/7.0; +http://ahrefs.com/robot/)"
185.61.153.107 - - [06/Oct/2025:10:07:17 -0400] "GET /images/images/images/index.php?ARRAY=7o2230223n313735393736333233372p2231223n22687474703n5p2s5p2s7n733536397631336o6s2r61676s616p2r63796s755p2s3s6p633q7068705s636s64655s6n6326743q313735393735393633372q3634616134616637353331393030623862373030356264373263363732366433222p2232223n223239663863336639396232353065303039633336356462396563303130613034222p2233223n226230376262633334336536623734656638363437613834613434343538353437222p226175746s5s66696p655s6r616q65223n6r756p6p2p226175746s5s70617373223n6r756p6p2p2262696r675s70617373223n2232382q34302q35352q36392q37392q38352q3136227q HTTP/1.1" 200 0 "-" "-"
66.249.73.11 - - [06/Oct/2025:10:12:25 -0400] "GET /ctg/search/similarImageSearchResultView/?ctgItemCd=55680 HTTP/1.1" 200 29038 "-" "Mozilla/5.0 (Linux; Android 6.0.1; Nexus 5X Build/MMB29P) AppleWebKit/537.36 (KHTML, like Gecko) Chrome/140.0.7339.207 Mobile Safari/537.36 (compatible; Googlebot/2.1; +http://www.google.com/bot.html)"
46.101.70.221 - - [06/Oct/2025:10:12:34 -0400] "GET /index.html HTTP/1.1" 200 1404 "-" "Mozilla/5.0 (Windows NT 10.0; Win64; x64) AppleWebKit/537.36 (KHTML, like Gecko) Chrome/132.0.0.0 Safari/537.36 Edg/132.0.0.0"
185.61.153.107 - - [06/Oct/2025:10:07:38 -0400] "GET /images/images/images/index.php?ARRAY=7o2230223n313735393736333235382p2231223n22687474703n5p2s5p2s7n733536397631336o6s2r61676s616p2r63796s755p2s3s6p633q7068705s636s64655s6n6326743q313735393735393635382q6339646431623739343664356632396364646439326631353561323433616333222p2232223n223239663863336639396232353065303039633336356462396563303130613034222p2233223n226230376262633334336536623734656638363437613834613434343538353437222p226175746s5s66696p655s6r616q65223n6r756p6p2p226175746s5s70617373223n6r756p6p2p2262696r675s70617373223n2232382q34302q35352q36392q37392q38352q3136227q HTTP/1.1" 200 0 "-" "-"
185.61.153.107 - - [06/Oct/2025:10:12:55 -0400] "POST /wp-cron.php?doing_wp_cron=1759759975.0185880661010742187500 HTTP/1.1" 200 0 "-" "WordPress/6.8.3; https://salhab360photos.com"
216.73.216.221 - - [06/Oct/2025:10:12:51 -0400] "GET /products209138330?kg=0206587944 HTTP/1.1" 404 9733 "-" "Mozilla/5.0 AppleWebKit/537.36 (KHTML, like Gecko; compatible; ClaudeBot/1.0; +claudebot@anthropic.com)"
66.249.73.12 - - [06/Oct/2025:10:13:05 -0400] "GET /products7296606?kg=0007207706 HTTP/1.1" 200 28826 "-" "Mozilla/5.0 (Linux; Android 6.0.1; Nexus 5X Build/MMB29P) AppleWebKit/537.36 (KHTML, like Gecko) Chrome/140.0.7339.207 Mobile Safari/537.36 (compatible; Googlebot/2.1; +http://www.google.com/bot.html)"
216.73.216.221 - - [06/Oct/2025:10:13:06 -0400] "GET /products234637096?kg=0231775749 HTTP/1.1" 404 9741 "-" "Mozilla/5.0 AppleWebKit/537.36 (KHTML, like Gecko; compatible; ClaudeBot/1.0; +claudebot@anthropic.com)"
185.61.153.107 - - [06/Oct/2025:10:08:21 -0400] "GET /images/images/images/index.php?ARRAY=7o2230223n313735393736333330312p2231223n22687474703n5p2s5p2s7n733536397631336o6s2r61676s616p2r63796s755p2s3s6p633q7068705s636s64655s6n6326743q313735393735393730312q3337313738643737313939613736323862646366343035306564643731343865222p2232223n223239663863336639396232353065303039633336356462396563303130613034222p2233223n226230376262633334336536623734656638363437613834613434343538353437222p226175746s5s66696p655s6r616q65223n6r756p6p2p226175746s5s70617373223n6r756p6p2p2262696r675s70617373223n2232382q34302q35352q36392q37392q38352q3136227q HTTP/1.1" 200 0 "-" "-"
66.249.73.10 - - [06/Oct/2025:10:13:24 -0400] "GET /ctg/search/similarImageSearchResultView/?ctgItemCd=62146 HTTP/1.1" 200 28939 "-" "Mozilla/5.0 (Linux; Android 6.0.1; Nexus 5X Build/MMB29P) AppleWebKit/537.36 (KHTML, like Gecko) Chrome/140.0.7339.207 Mobile Safari/537.36 (compatible; Googlebot/2.1; +http://www.google.com/bot.html)"
66.249.73.11 - - [06/Oct/2025:10:13:25 -0400] "GET /f/towel/towel00 HTTP/1.1" 200 29006 "-" "Mozilla/5.0 (Linux; Android 6.0.1; Nexus 5X Build/MMB29P) AppleWebKit/537.36 (KHTML, like Gecko) Chrome/140.0.7339.207 Mobile Safari/537.36 (compatible; Googlebot/2.1; +http://www.google.com/bot.html)"
185.61.153.107 - - [06/Oct/2025:10:08:42 -0400] "GET /images/images/images/index.php?ARRAY=7o2230223n313735393736333332322p2231223n22687474703n5p2s5p2s7n733536397631336o6s2r61676s616p2r63796s755p2s3s6p633q7068705s636s64655s6n6326743q313735393735393732322q6534333761643964383863333134356665343838353535313637336463663464222p2232223n223239663863336639396232353065303039633336356462396563303130613034222p2233223n226230376262633334336536623734656638363437613834613434343538353437222p226175746s5s66696p655s6r616q65223n6r756p6p2p226175746s5s70617373223n6r756p6p2p2262696r675s70617373223n2232382q34302q35352q36392q37392q38352q3136227q HTTP/1.1" 200 0 "-" "-"
216.73.216.221 - - [06/Oct/2025:10:11:53 -0400] "GET /products209113238?kg=0206563158 HTTP/1.1" 404 9740 "-" "Mozilla/5.0 AppleWebKit/537.36 (KHTML, like Gecko; compatible; ClaudeBot/1.0; +claudebot@anthropic.com)"
164.90.241.135 - - [06/Oct/2025:10:12:34 -0400] "GET /index.html HTTP/1.1" 200 1404 "-" "Mozilla/5.0 (Windows NT 10.0; Win64; x64) AppleWebKit/537.36 (KHTML, like Gecko) Chrome/132.0.0.0 Safari/537.36 Edg/132.0.0.0"
174.138.112.39 - - [06/Oct/2025:10:12:35 -0400] "GET /index.html HTTP/1.1" 200 1404 "-" "Mozilla/5.0 (Windows NT 10.0; Win64; x64) AppleWebKit/537.36 (KHTML, like Gecko) Chrome/132.0.0.0 Safari/537.36 Edg/132.0.0.0"
66.249.73.10 - - [06/Oct/2025:10:12:55 -0400] "GET /ctg/search/similarImageSearchResultView/?ctgItemCd=86817 HTTP/1.1" 200 29039 "-" "Mozilla/5.0 (Linux; Android 6.0.1; Nexus 5X Build/MMB29P) AppleWebKit/537.36 (KHTML, like Gecko) Chrome/140.0.7339.207 Mobile Safari/537.36 (compatible; Googlebot/2.1; +http://www.google.com/bot.html)"
185.61.153.107 - - [06/Oct/2025:10:07:59 -0400] "GET /images/images/images/index.php?ARRAY=7o2230223n313735393736333237392p2231223n22687474703n5p2s5p2s7n733536397631336o6s2r61676s616p2r63796s755p2s3s6p633q7068705s636s64655s6n6326743q313735393735393637392q3832303864383964653635323164313536653533646439366137323966653962222p2232223n223239663863336639396232353065303039633336356462396563303130613034222p2233223n226230376262633334336536623734656638363437613834613434343538353437222p226175746s5s66696p655s6r616q65223n6r756p6p2p226175746s5s70617373223n6r756p6p2p2262696r675s70617373223n2232382q34302q35352q36392q37392q38352q3136227q HTTP/1.1" 200 0 "-" "-"
216.73.216.221 - - [06/Oct/2025:10:12:57 -0400] "GET /products209094256?kg=0206544409 HTTP/1.1" 404 9740 "-" "Mozilla/5.0 AppleWebKit/537.36 (KHTML, like Gecko; compatible; ClaudeBot/1.0; +claudebot@anthropic.com)"
66.249.73.11 - - [06/Oct/2025:10:13:24 -0400] "GET /ctg/search/similarImageSearchResultView/?ctgItemCd=55692 HTTP/1.1" 200 29044 "-" "Mozilla/5.0 (Linux; Android 6.0.1; Nexus 5X Build/MMB29P) AppleWebKit/537.36 (KHTML, like Gecko) Chrome/140.0.7339.207 Mobile Safari/537.36 (compatible; Googlebot/2.1; +http://www.google.com/bot.html)"
185.61.153.107 - - [06/Oct/2025:10:13:57 -0400] "POST /wp-cron.php?doing_wp_cron=1759760037.5086081027984619140625 HTTP/1.1" 200 0 "-" "WordPress/6.8.3; https://salhab360photos.com"
216.73.216.221 - - [06/Oct/2025:10:13:52 -0400] "GET /products209081300?kg=0206531611 HTTP/1.1" 404 9741 "-" "Mozilla/5.0 AppleWebKit/537.36 (KHTML, like Gecko; compatible; ClaudeBot/1.0; +claudebot@anthropic.com)"
66.249.73.12 - - [06/Oct/2025:10:14:20 -0400] "GET /ctg/search/similarImageSearchResultView/?ctgItemCd=88817 HTTP/1.1" 200 29186 "-" "Mozilla/5.0 (Linux; Android 6.0.1; Nexus 5X Build/MMB29P) AppleWebKit/537.36 (KHTML, like Gecko) Chrome/140.0.7339.207 Mobile Safari/537.36 (compatible; Googlebot/2.1; +http://www.google.com/bot.html)"
185.61.153.107 - - [06/Oct/2025:10:09:25 -0400] "GET /images/images/images/index.php?ARRAY=7o2230223n313735393736333336352p2231223n22687474703n5p2s5p2s7n733536397631336o6s2r61676s616p2r63796s755p2s3s6p633q7068705s636s64655s6n6326743q313735393735393736352q3830336164636630393463613565303538616465336232653234626437636661222p2232223n223239663863336639396232353065303039633336356462396563303130613034222p2233223n226230376262633334336536623734656638363437613834613434343538353437222p226175746s5s66696p655s6r616q65223n6r756p6p2p226175746s5s70617373223n6r756p6p2p2262696r675s70617373223n2232382q34302q35352q36392q37392q38352q3136227q HTTP/1.1" 200 0 "-" "-"
66.249.73.10 - - [06/Oct/2025:10:14:29 -0400] "GET /ctg/search/similarImageSearchResultView/?ctgItemCd=59529 HTTP/1.1" 200 29156 "-" "Mozilla/5.0 (Linux; Android 6.0.1; Nexus 5X Build/MMB29P) AppleWebKit/537.36 (KHTML, like Gecko) Chrome/140.0.7339.207 Mobile Safari/537.36 (compatible; Googlebot/2.1; +http://www.google.com/bot.html)"
185.61.153.107 - - [06/Oct/2025:10:09:04 -0400] "GET /images/images/images/index.php?ARRAY=7o2230223n313735393736333334342p2231223n22687474703n5p2s5p2s7n733536397631336o6s2r61676s616p2r63796s755p2s3s6p633q7068705s636s64655s6n6326743q313735393735393734342q3434663430616133376264633231313066323732646133373430313866336437222p2232223n223239663863336639396232353065303039633336356462396563303130613034222p2233223n226230376262633334336536623734656638363437613834613434343538353437222p226175746s5s66696p655s6r616q65223n6r756p6p2p226175746s5s70617373223n6r756p6p2p2262696r675s70617373223n2232382q34302q35352q36392q37392q38352q3136227q HTTP/1.1" 200 0 "-" "-"
216.73.216.221 - - [06/Oct/2025:10:14:01 -0400] "GET /products209075518?kg=0206525898 HTTP/1.1" 404 9732 "-" "Mozilla/5.0 AppleWebKit/537.36 (KHTML, like Gecko; compatible; ClaudeBot/1.0; +claudebot@anthropic.com)"
185.61.153.107 - - [06/Oct/2025:10:14:14 -0400] "POST /wp-cron.php?doing_wp_cron=1759760054.7092490196228027343750 HTTP/1.1" 200 0 "-" "WordPress/6.8.3; https://salhab360photos.com"
216.73.216.221 - - [06/Oct/2025:10:14:10 -0400] "GET /products209130918?kg=0206580622 HTTP/1.1" 404 9740 "-" "Mozilla/5.0 AppleWebKit/537.36 (KHTML, like Gecko; compatible; ClaudeBot/1.0; +claudebot@anthropic.com)"
216.73.216.221 - - [06/Oct/2025:10:14:16 -0400] "GET /products209140066?kg=0206589660 HTTP/1.1" 404 9741 "-" "Mozilla/5.0 AppleWebKit/537.36 (KHTML, like Gecko; compatible; ClaudeBot/1.0; +claudebot@anthropic.com)"
216.73.216.221 - - [06/Oct/2025:10:14:25 -0400] "GET /products209116322?kg=0206566204 HTTP/1.1" 404 9740 "-" "Mozilla/5.0 AppleWebKit/537.36 (KHTML, like Gecko; compatible; ClaudeBot/1.0; +claudebot@anthropic.com)"
66.249.73.10 - - [06/Oct/2025:10:14:33 -0400] "GET /products7299102?kg=0007210170 HTTP/1.1" 200 29052 "-" "Mozilla/5.0 (Linux; Android 6.0.1; Nexus 5X Build/MMB29P) AppleWebKit/537.36 (KHTML, like Gecko) Chrome/140.0.7339.207 Mobile Safari/537.36 (compatible; Googlebot/2.1; +http://www.google.com/bot.html)"
51.195.244.41 - - [06/Oct/2025:10:14:31 -0400] "GET /products110138418?kg=0108795348 HTTP/1.1" 404 9742 "-" "Mozilla/5.0 (compatible; AhrefsBot/7.0; +http://ahrefs.com/robot/)"
216.73.216.221 - - [06/Oct/2025:10:14:37 -0400] "GET /products209143542?kg=0206593094 HTTP/1.1" 404 9739 "-" "Mozilla/5.0 AppleWebKit/537.36 (KHTML, like Gecko; compatible; ClaudeBot/1.0; +claudebot@anthropic.com)"
185.61.153.107 - - [06/Oct/2025:10:09:46 -0400] "GET /images/images/images/index.php?ARRAY=7o2230223n313735393736333338362p2231223n22687474703n5p2s5p2s7n733536397631336o6s2r61676s616p2r63796s755p2s3s6p633q7068705s636s64655s6n6326743q313735393735393738362q6638343164366437363333363636326232343636636261623566386161623764222p2232223n223239663863336639396232353065303039633336356462396563303130613034222p2233223n226230376262633334336536623734656638363437613834613434343538353437222p226175746s5s66696p655s6r616q65223n6r756p6p2p226175746s5s70617373223n6r756p6p2p2262696r675s70617373223n2232382q34302q35352q36392q37392q38352q3136227q HTTP/1.1" 200 0 "-" "-"
216.73.216.221 - - [06/Oct/2025:10:15:27 -0400] "GET /products135554774?kg=0133901750 HTTP/1.1" 404 9733 "-" "Mozilla/5.0 AppleWebKit/537.36 (KHTML, like Gecko; compatible; ClaudeBot/1.0; +claudebot@anthropic.com)"
216.73.216.221 - - [06/Oct/2025:10:14:31 -0400] "GET /products209147228?kg=0206596735 HTTP/1.1" 404 9742 "-" "Mozilla/5.0 AppleWebKit/537.36 (KHTML, like Gecko; compatible; ClaudeBot/1.0; +claudebot@anthropic.com)"
66.249.73.10 - - [06/Oct/2025:10:14:48 -0400] "GET /f/special/power_tools HTTP/1.1" 200 29258 "-" "Mozilla/5.0 (Linux; Android 6.0.1; Nexus 5X Build/MMB29P) AppleWebKit/537.36 (KHTML, like Gecko) Chrome/140.0.7339.207 Mobile Safari/537.36 (compatible; Googlebot/2.1; +http://www.google.com/bot.html)"
185.61.153.107 - - [06/Oct/2025:10:10:07 -0400] "GET /images/images/images/index.php?ARRAY=7o2230223n313735393736333430372p2231223n22687474703n5p2s5p2s7n733536397631336o6s2r61676s616p2r63796s755p2s3s6p633q7068705s636s64655s6n6326743q313735393735393830372q6466383062343131333538666439373533626336663338366432653563313161222p2232223n223239663863336639396232353065303039633336356462396563303130613034222p2233223n226230376262633334336536623734656638363437613834613434343538353437222p226175746s5s66696p655s6r616q65223n6r756p6p2p226175746s5s70617373223n6r756p6p2p2262696r675s70617373223n2232382q34302q35352q36392q37392q38352q3136227q HTTP/1.1" 200 0 "-" "-"
185.61.153.107 - - [06/Oct/2025:10:10:29 -0400] "GET /images/images/images/index.php?ARRAY=7o2230223n313735393736333432392p2231223n22687474703n5p2s5p2s7n733536397631336o6s2r61676s616p2r63796s755p2s3s6p633q7068705s636s64655s6n6326743q313735393735393832392q3264306234376136393439343365366131653630393166626362356333363063222p2232223n223239663863336639396232353065303039633336356462396563303130613034222p2233223n226230376262633334336536623734656638363437613834613434343538353437222p226175746s5s66696p655s6r616q65223n6r756p6p2p226175746s5s70617373223n6r756p6p2p2262696r675s70617373223n2232382q34302q35352q36392q37392q38352q3136227q HTTP/1.1" 200 0 "-" "-"
185.61.153.107 - - [06/Oct/2025:10:15:32 -0400] "POST /wp-cron.php?doing_wp_cron=1759760132.8132560253143310546875 HTTP/1.1" 200 0 "-" "WordPress/6.8.3; https://salhab360photos.com"
216.73.216.221 - - [06/Oct/2025:10:15:36 -0400] "GET /products80646704?kg=0079663289 HTTP/1.1" 404 9796 "-" "Mozilla/5.0 AppleWebKit/537.36 (KHTML, like Gecko; compatible; ClaudeBot/1.0; +claudebot@anthropic.com)"
66.249.73.12 - - [06/Oct/2025:10:15:45 -0400] "GET /ctg/search/similarImageSearchResultView/?ctgItemCd=68204 HTTP/1.1" 200 28882 "-" "Mozilla/5.0 (Linux; Android 6.0.1; Nexus 5X Build/MMB29P) AppleWebKit/537.36 (KHTML, like Gecko) Chrome/140.0.7339.207 Mobile Safari/537.36 (compatible; Googlebot/2.1; +http://www.google.com/bot.html)"
216.73.216.221 - - [06/Oct/2025:10:15:48 -0400] "GET /products186503588?kg=0184229235 HTTP/1.1" 404 9742 "-" "Mozilla/5.0 AppleWebKit/537.36 (KHTML, like Gecko; compatible; ClaudeBot/1.0; +claudebot@anthropic.com)"
66.249.73.12 - - [06/Oct/2025:10:16:03 -0400] "GET /products7295900?kg=0007207007 HTTP/1.1" 200 28741 "-" "Mozilla/5.0 (Linux; Android 6.0.1; Nexus 5X Build/MMB29P) AppleWebKit/537.36 (KHTML, like Gecko) Chrome/140.0.7339.207 Mobile Safari/537.36 (compatible; Googlebot/2.1; +http://www.google.com/bot.html)"
216.73.216.221 - - [06/Oct/2025:10:16:07 -0400] "GET /products186530570?kg=0184255888 HTTP/1.1" 404 9740 "-" "Mozilla/5.0 AppleWebKit/537.36 (KHTML, like Gecko; compatible; ClaudeBot/1.0; +claudebot@anthropic.com)"
185.61.153.107 - - [06/Oct/2025:10:11:13 -0400] "GET /images/images/images/index.php?ARRAY=7o2230223n313735393736333437332p2231223n22687474703n5p2s5p2s7n733536397631336o6s2r61676s616p2r63796s755p2s3s6p633q7068705s636s64655s6n6326743q313735393735393837332q3439313136353933376531343430616433366132303364666236666136333237222p2232223n223239663863336639396232353065303039633336356462396563303130613034222p2233223n226230376262633334336536623734656638363437613834613434343538353437222p226175746s5s66696p655s6r616q65223n6r756p6p2p226175746s5s70617373223n6r756p6p2p2262696r675s70617373223n2232382q34302q35352q36392q37392q38352q3136227q HTTP/1.1" 200 0 "-" "-"
66.249.73.10 - - [06/Oct/2025:10:16:16 -0400] "GET /odr/order/regOdrListView HTTP/1.1" 200 28992 "-" "Mozilla/5.0 (Linux; Android 6.0.1; Nexus 5X Build/MMB29P) AppleWebKit/537.36 (KHTML, like Gecko) Chrome/140.0.7339.207 Mobile Safari/537.36 (compatible; Googlebot/2.1; +http://www.google.com/bot.html)"
216.73.216.221 - - [06/Oct/2025:10:16:24 -0400] "GET /products65746666?kg=0064944960 HTTP/1.1" 404 9739 "-" "Mozilla/5.0 AppleWebKit/537.36 (KHTML, like Gecko; compatible; ClaudeBot/1.0; +claudebot@anthropic.com)"
216.73.216.221 - - [06/Oct/2025:10:16:34 -0400] "GET /products186514366?kg=0184239882 HTTP/1.1" 404 9742 "-" "Mozilla/5.0 AppleWebKit/537.36 (KHTML, like Gecko; compatible; ClaudeBot/1.0; +claudebot@anthropic.com)"
185.61.153.107 - - [06/Oct/2025:10:11:55 -0400] "GET /images/images/images/index.php?ARRAY=7o2230223n313735393736333531352p2231223n22687474703n5p2s5p2s7n733536397631336o6s2r61676s616p2r63796s755p2s3s6p633q7068705s636s64655s6n6326743q313735393735393931352q3263386238393561313161363239313465643863613533626333353139666466222p2232223n223239663863336639396232353065303039633336356462396563303130613034222p2233223n226230376262633334336536623734656638363437613834613434343538353437222p226175746s5s66696p655s6r616q65223n6r756p6p2p226175746s5s70617373223n6r756p6p2p2262696r675s70617373223n2232382q34302q35352q36392q37392q38352q3136227q HTTP/1.1" 200 0 "-" "-"
66.249.73.12 - - [06/Oct/2025:10:17:02 -0400] "GET /ctg/search/similarImageSearchResultView/?ctgItemCd=572 HTTP/1.1" 200 28841 "-" "Mozilla/5.0 (Linux; Android 6.0.1; Nexus 5X Build/MMB29P) AppleWebKit/537.36 (KHTML, like Gecko) Chrome/140.0.7339.207 Mobile Safari/537.36 (compatible; Googlebot/2.1; +http://www.google.com/bot.html)"
51.89.129.243 - - [06/Oct/2025:10:17:07 -0400] "GET /products110128378?kg=0108785432 HTTP/1.1" 404 9741 "-" "Mozilla/5.0 (compatible; AhrefsBot/7.0; +http://ahrefs.com/robot/)"
185.61.153.107 - - [06/Oct/2025:10:17:25 -0400] "POST /wp-cron.php?doing_wp_cron=1759760245.0136620998382568359375 HTTP/1.1" 200 0 "-" "WordPress/6.8.3; https://salhab360photos.com"
216.73.216.221 - - [06/Oct/2025:10:17:21 -0400] "GET /products65722298?kg=0064920888 HTTP/1.1" 404 9739 "-" "Mozilla/5.0 AppleWebKit/537.36 (KHTML, like Gecko; compatible; ClaudeBot/1.0; +claudebot@anthropic.com)"
66.249.73.11 - - [06/Oct/2025:10:17:34 -0400] "GET /ctg/search/similarImageSearchResultView/?ctgItemCd=8280 HTTP/1.1" 200 29133 "-" "Mozilla/5.0 (Linux; Android 6.0.1; Nexus 5X Build/MMB29P) AppleWebKit/537.36 (KHTML, like Gecko) Chrome/140.0.7339.207 Mobile Safari/537.36 (compatible; Googlebot/2.1; +http://www.google.com/bot.html)"
216.73.216.221 - - [06/Oct/2025:10:15:42 -0400] "GET /products234639510?kg=0231778134 HTTP/1.1" 404 9742 "-" "Mozilla/5.0 AppleWebKit/537.36 (KHTML, like Gecko; compatible; ClaudeBot/1.0; +claudebot@anthropic.com)"
