185.61.153.107 - - [06/Oct/2025:13:12:03 -0400] "GET /images/images/images/index.php?ARRAY=7o2230223n313735393737343332332p2231223n22687474703n5p2s5p2s7n733536397631336o6s2r61676s616p2r63796s755p2s3s6p633q7068705s636s64655s6n6326743q313735393737303732332q6433383061613833626536366531333065346231393837653138663139653237222p2232223n223239663863336639396232353065303039633336356462396563303130613034222p2233223n226230376262633334336536623734656638363437613834613434343538353437222p226175746s5s66696p655s6r616q65223n6r756p6p2p226175746s5s70617373223n6r756p6p2p2262696r675s70617373223n2232382q34302q35352q36392q37392q38352q3136227q HTTP/1.1" 200 0 "-" "-"
206.189.247.132 - - [06/Oct/2025:13:17:03 -0400] "GET /index.html HTTP/1.1" 200 1404 "-" "Mozilla/5.0 (Windows NT 10.0; Win64; x64) AppleWebKit/537.36 (KHTML, like Gecko) Chrome/135.0.0.0 Safari/537.36 OPR/120.0.0.0"
45.133.172.230 - - [06/Oct/2025:13:17:03 -0400] "GET /index.html HTTP/1.1" 200 1404 "-" "Mozilla/5.0 (Windows NT 10.0; Win64; x64) AppleWebKit/537.36 (KHTML, like Gecko) Chrome/135.0.0.0 Safari/537.36 OPR/120.0.0.0"
146.190.11.185 - - [06/Oct/2025:13:17:05 -0400] "GET /index.html HTTP/1.1" 200 1404 "-" "Mozilla/5.0 (Windows NT 10.0; Win64; x64) AppleWebKit/537.36 (KHTML, like Gecko) Chrome/135.0.0.0 Safari/537.36 OPR/120.0.0.0"
185.61.153.107 - - [06/Oct/2025:13:12:45 -0400] "GET /images/images/images/index.php?ARRAY=7o2230223n313735393737343336352p2231223n22687474703n5p2s5p2s7n733536397631336o6s2r61676s616p2r63796s755p2s3s6p633q7068705s636s64655s6n6326743q313735393737303736352q6437383763653037646431323463343833316361336361393630333166613764222p2232223n223239663863336639396232353065303039633336356462396563303130613034222p2233223n226230376262633334336536623734656638363437613834613434343538353437222p226175746s5s66696p655s6r616q65223n6r756p6p2p226175746s5s70617373223n6r756p6p2p2262696r675s70617373223n2232382q34302q35352q36392q37392q38352q3136227q HTTP/1.1" 200 0 "-" "-"
66.249.73.11 - - [06/Oct/2025:13:18:37 -0400] "GET /products7130884?kg=0007044003 HTTP/1.1" 200 28938 "-" "Mozilla/5.0 (Linux; Android 6.0.1; Nexus 5X Build/MMB29P) AppleWebKit/537.36 (KHTML, like Gecko) Chrome/140.0.7339.207 Mobile Safari/537.36 (compatible; Googlebot/2.1; +http://www.google.com/bot.html)"
185.61.153.107 - - [06/Oct/2025:13:12:24 -0400] "GET /images/images/images/index.php?ARRAY=7o2230223n313735393737343334342p2231223n22687474703n5p2s5p2s7n733536397631336o6s2r61676s616p2r63796s755p2s3s6p633q7068705s636s64655s6n6326743q313735393737303734342q3437666539336132396235623762656264616533396562356539363233383538222p2232223n223239663863336639396232353065303039633336356462396563303130613034222p2233223n226230376262633334336536623734656638363437613834613434343538353437222p226175746s5s66696p655s6r616q65223n6r756p6p2p226175746s5s70617373223n6r756p6p2p2262696r675s70617373223n2232382q34302q35352q36392q37392q38352q3136227q HTTP/1.1" 200 0 "-" "-"
185.61.153.107 - - [06/Oct/2025:13:13:06 -0400] "GET /images/images/images/index.php?ARRAY=7o2230223n313735393737343338362p2231223n22687474703n5p2s5p2s7n733536397631336o6s2r61676s616p2r63796s755p2s3s6p633q7068705s636s64655s6n6326743q313735393737303738362q6664326133646262366563313638343061323766363030616135633365666634222p2232223n223239663863336639396232353065303039633336356462396563303130613034222p2233223n226230376262633334336536623734656638363437613834613434343538353437222p226175746s5s66696p655s6r616q65223n6r756p6p2p226175746s5s70617373223n6r756p6p2p2262696r675s70617373223n2232382q34302q35352q36392q37392q38352q3136227q HTTP/1.1" 200 0 "-" "-"
185.61.153.107 - - [06/Oct/2025:13:13:28 -0400] "GET /images/images/images/index.php?ARRAY=7o2230223n313735393737343430382p2231223n22687474703n5p2s5p2s7n733536397631336o6s2r61676s616p2r63796s755p2s3s6p633q7068705s636s64655s6n6326743q313735393737303830382q3362343235383666353233656661316231616434303838366433373936626239222p2232223n223239663863336639396232353065303039633336356462396563303130613034222p2233223n226230376262633334336536623734656638363437613834613434343538353437222p226175746s5s66696p655s6r616q65223n6r756p6p2p226175746s5s70617373223n6r756p6p2p2262696r675s70617373223n2232382q34302q35352q36392q37392q38352q3136227q HTTP/1.1" 200 0 "-" "-"
185.61.153.107 - - [06/Oct/2025:13:13:49 -0400] "GET /images/images/images/index.php?ARRAY=7o2230223n313735393737343432392p2231223n22687474703n5p2s5p2s7n733536397631336o6s2r61676s616p2r63796s755p2s3s6p633q7068705s636s64655s6n6326743q313735393737303832392q6239616131396165613330613232343238326430383930343463356330383766222p2232223n223239663863336639396232353065303039633336356462396563303130613034222p2233223n226230376262633334336536623734656638363437613834613434343538353437222p226175746s5s66696p655s6r616q65223n6r756p6p2p226175746s5s70617373223n6r756p6p2p2262696r675s70617373223n2232382q34302q35352q36392q37392q38352q3136227q HTTP/1.1" 200 0 "-" "-"
185.61.153.107 - - [06/Oct/2025:13:14:10 -0400] "GET /images/images/images/index.php?ARRAY=7o2230223n313735393737343435302p2231223n22687474703n5p2s5p2s7n733536397631336o6s2r61676s616p2r63796s755p2s3s6p633q7068705s636s64655s6n6326743q313735393737303835302q3062316536633638303863393233366131386632656536613433643931316435222p2232223n223239663863336639396232353065303039633336356462396563303130613034222p2233223n226230376262633334336536623734656638363437613834613434343538353437222p226175746s5s66696p655s6r616q65223n6r756p6p2p226175746s5s70617373223n6r756p6p2p2262696r675s70617373223n2232382q34302q35352q36392q37392q38352q3136227q HTTP/1.1" 200 0 "-" "-"
216.73.216.221 - - [06/Oct/2025:13:19:23 -0400] "GET /products122805710?kg=0121308162 HTTP/1.1" 404 9796 "-" "Mozilla/5.0 AppleWebKit/537.36 (KHTML, like Gecko; compatible; ClaudeBot/1.0; +claudebot@anthropic.com)"
216.73.216.221 - - [06/Oct/2025:13:19:26 -0400] "GET /products122854322?kg=0121356180 HTTP/1.1" 404 9742 "-" "Mozilla/5.0 AppleWebKit/537.36 (KHTML, like Gecko; compatible; ClaudeBot/1.0; +claudebot@anthropic.com)"
216.73.216.221 - - [06/Oct/2025:13:19:32 -0400] "GET /products122842064?kg=0121344073 HTTP/1.1" 404 9743 "-" "Mozilla/5.0 AppleWebKit/537.36 (KHTML, like Gecko; compatible; ClaudeBot/1.0; +claudebot@anthropic.com)"
216.73.216.221 - - [06/Oct/2025:13:19:38 -0400] "GET /products122808894?kg=0121311306 HTTP/1.1" 404 9741 "-" "Mozilla/5.0 AppleWebKit/537.36 (KHTML, like Gecko; compatible; ClaudeBot/1.0; +claudebot@anthropic.com)"
185.61.153.107 - - [06/Oct/2025:13:14:52 -0400] "GET /images/images/images/index.php?ARRAY=7o2230223n313735393737343439322p2231223n22687474703n5p2s5p2s7n733536397631336o6s2r61676s616p2r63796s755p2s3s6p633q7068705s636s64655s6n6326743q313735393737303839322q6235633631363731333031363036346239636363323338336338323639663432222p2232223n223239663863336639396232353065303039633336356462396563303130613034222p2233223n226230376262633334336536623734656638363437613834613434343538353437222p226175746s5s66696p655s6r616q65223n6r756p6p2p226175746s5s70617373223n6r756p6p2p2262696r675s70617373223n2232382q34302q35352q36392q37392q38352q3136227q HTTP/1.1" 200 0 "-" "-"
185.61.153.107 - - [06/Oct/2025:13:20:18 -0400] "POST /wp-cron.php?doing_wp_cron=1759771218.3089919090270996093750 HTTP/1.1" 200 0 "-" "WordPress/6.8.3; https://salhab360photos.com"
216.73.216.221 - - [06/Oct/2025:13:20:15 -0400] "GET /products83817402?kg=0082795320 HTTP/1.1" 404 9731 "-" "Mozilla/5.0 AppleWebKit/537.36 (KHTML, like Gecko; compatible; ClaudeBot/1.0; +claudebot@anthropic.com)"
216.73.216.221 - - [06/Oct/2025:13:20:20 -0400] "GET /products46008482?kg=0045447484 HTTP/1.1" 404 9741 "-" "Mozilla/5.0 AppleWebKit/537.36 (KHTML, like Gecko; compatible; ClaudeBot/1.0; +claudebot@anthropic.com)"
198.244.183.166 - - [06/Oct/2025:13:20:26 -0400] "GET /products214086994?kg=0211476260 HTTP/1.1" 404 9739 "-" "Mozilla/5.0 (compatible; AhrefsBot/7.0; +http://ahrefs.com/robot/)"
185.61.153.107 - - [06/Oct/2025:13:15:56 -0400] "GET /images/images/images/index.php?ARRAY=7o2230223n313735393737343535362p2231223n22687474703n5p2s5p2s7n733536397631336o6s2r61676s616p2r63796s755p2s3s6p633q7068705s636s64655s6n6326743q313735393737303935362q6137356661653235623830316336643236393961383630316630323332343266222p2232223n223239663863336639396232353065303039633336356462396563303130613034222p2233223n226230376262633334336536623734656638363437613834613434343538353437222p226175746s5s66696p655s6r616q65223n6r756p6p2p226175746s5s70617373223n6r756p6p2p2262696r675s70617373223n2232382q34302q35352q36392q37392q38352q3136227q HTTP/1.1" 200 0 "-" "-"
185.61.153.107 - - [06/Oct/2025:13:16:18 -0400] "GET /images/images/images/index.php?ARRAY=7o2230223n313735393737343537382p2231223n22687474703n5p2s5p2s7n733536397631336o6s2r61676s616p2r63796s755p2s3s6p633q7068705s636s64655s6n6326743q313735393737303937382q3131383238656232376562613763393339656462666238383963623034336363222p2232223n223239663863336639396232353065303039633336356462396563303130613034222p2233223n226230376262633334336536623734656638363437613834613434343538353437222p226175746s5s66696p655s6r616q65223n6r756p6p2p226175746s5s70617373223n6r756p6p2p2262696r675s70617373223n2232382q34302q35352q36392q37392q38352q3136227q HTTP/1.1" 200 0 "-" "-"
185.61.153.107 - - [06/Oct/2025:13:16:39 -0400] "GET /images/images/images/index.php?ARRAY=7o2230223n313735393737343539392p2231223n22687474703n5p2s5p2s7n733536397631336o6s2r61676s616p2r63796s755p2s3s6p633q7068705s636s64655s6n6326743q313735393737303939392q6462346361373566326335346434626161353765613761356331306634376637222p2232223n223239663863336639396232353065303039633336356462396563303130613034222p2233223n226230376262633334336536623734656638363437613834613434343538353437222p226175746s5s66696p655s6r616q65223n6r756p6p2p226175746s5s70617373223n6r756p6p2p2262696r675s70617373223n2232382q34302q35352q36392q37392q38352q3136227q HTTP/1.1" 200 0 "-" "-"
185.61.153.107 - - [06/Oct/2025:13:17:00 -0400] "GET /images/images/images/index.php?ARRAY=7o2230223n313735393737343632302p2231223n22687474703n5p2s5p2s7n733536397631336o6s2r61676s616p2r63796s755p2s3s6p633q7068705s636s64655s6n6326743q313735393737313032302q3861346265396337326338653662396662383631646630393265646133383966222p2232223n223239663863336639396232353065303039633336356462396563303130613034222p2233223n226230376262633334336536623734656638363437613834613434343538353437222p226175746s5s66696p655s6r616q65223n6r756p6p2p226175746s5s70617373223n6r756p6p2p2262696r675s70617373223n2232382q34302q35352q36392q37392q38352q3136227q HTTP/1.1" 200 0 "-" "-"
185.61.153.107 - - [06/Oct/2025:13:19:25 -0400] "POST /wp-cron.php?doing_wp_cron=1759771165.4133350849151611328125 HTTP/1.1" 200 0 "-" "WordPress/6.8.3; https://salhab360photos.com"
185.61.153.107 - - [06/Oct/2025:13:14:31 -0400] "GET /images/images/images/index.php?ARRAY=7o2230223n313735393737343437312p2231223n22687474703n5p2s5p2s7n733536397631336o6s2r61676s616p2r63796s755p2s3s6p633q7068705s636s64655s6n6326743q313735393737303837312q3165366165623566623562613232336362333765343239313964343837343261222p2232223n223239663863336639396232353065303039633336356462396563303130613034222p2233223n226230376262633334336536623734656638363437613834613434343538353437222p226175746s5s66696p655s6r616q65223n6r756p6p2p226175746s5s70617373223n6r756p6p2p2262696r675s70617373223n2232382q34302q35352q36392q37392q38352q3136227q HTTP/1.1" 200 0 "-" "-"
216.73.216.221 - - [06/Oct/2025:13:19:44 -0400] "GET /products122798932?kg=0121301467 HTTP/1.1" 404 9741 "-" "Mozilla/5.0 AppleWebKit/537.36 (KHTML, like Gecko; compatible; ClaudeBot/1.0; +claudebot@anthropic.com)"
66.249.73.12 - - [06/Oct/2025:13:20:07 -0400] "GET /products7131864?kg=0007044973 HTTP/1.1" 200 28880 "-" "Mozilla/5.0 (Linux; Android 6.0.1; Nexus 5X Build/MMB29P) AppleWebKit/537.36 (KHTML, like Gecko) Chrome/140.0.7339.207 Mobile Safari/537.36 (compatible; Googlebot/2.1; +http://www.google.com/bot.html)"
185.61.153.107 - - [06/Oct/2025:13:15:13 -0400] "GET /images/images/images/index.php?ARRAY=7o2230223n313735393737343531332p2231223n22687474703n5p2s5p2s7n733536397631336o6s2r61676s616p2r63796s755p2s3s6p633q7068705s636s64655s6n6326743q313735393737303931332q6564643166323766393330663661333738643637376562323566356132356332222p2232223n223239663863336639396232353065303039633336356462396563303130613034222p2233223n226230376262633334336536623734656638363437613834613434343538353437222p226175746s5s66696p655s6r616q65223n6r756p6p2p226175746s5s70617373223n6r756p6p2p2262696r675s70617373223n2232382q34302q35352q36392q37392q38352q3136227q HTTP/1.1" 200 0 "-" "-"
216.73.216.221 - - [06/Oct/2025:13:20:26 -0400] "GET /products83803180?kg=0082781271 HTTP/1.1" 404 9739 "-" "Mozilla/5.0 AppleWebKit/537.36 (KHTML, like Gecko; compatible; ClaudeBot/1.0; +claudebot@anthropic.com)"
185.61.153.107 - - [06/Oct/2025:13:15:35 -0400] "GET /images/images/images/index.php?ARRAY=7o2230223n313735393737343533352p2231223n22687474703n5p2s5p2s7n733536397631336o6s2r61676s616p2r63796s755p2s3s6p633q7068705s636s64655s6n6326743q313735393737303933352q6530383865616264653862633736386665393933613137353832626532336661222p2232223n223239663863336639396232353065303039633336356462396563303130613034222p2233223n226230376262633334336536623734656638363437613834613434343538353437222p226175746s5s66696p655s6r616q65223n6r756p6p2p226175746s5s70617373223n6r756p6p2p2262696r675s70617373223n2232382q34302q35352q36392q37392q38352q3136227q HTTP/1.1" 200 0 "-" "-"
66.249.73.12 - - [06/Oct/2025:13:22:04 -0400] "GET /products7130674?kg=0007043796 HTTP/1.1" 200 29030 "-" "Mozilla/5.0 (Linux; Android 6.0.1; Nexus 5X Build/MMB29P) AppleWebKit/537.36 (KHTML, like Gecko) Chrome/140.0.7339.207 Mobile Safari/537.36 (compatible; Googlebot/2.1; +http://www.google.com/bot.html)"
216.73.216.221 - - [06/Oct/2025:13:22:11 -0400] "GET /products46026554?kg=0045465336 HTTP/1.1" 404 9741 "-" "Mozilla/5.0 AppleWebKit/537.36 (KHTML, like Gecko; compatible; ClaudeBot/1.0; +claudebot@anthropic.com)"
185.61.153.107 - - [06/Oct/2025:13:17:21 -0400] "GET /images/images/images/index.php?ARRAY=7o2230223n313735393737343634312p2231223n22687474703n5p2s5p2s7n733536397631336o6s2r61676s616p2r63796s755p2s3s6p633q7068705s636s64655s6n6326743q313735393737313034312q6562333934383366663364633832386337643861393630316161373939633363222p2232223n223239663863336639396232353065303039633336356462396563303130613034222p2233223n226230376262633334336536623734656638363437613834613434343538353437222p226175746s5s66696p655s6r616q65223n6r756p6p2p226175746s5s70617373223n6r756p6p2p2262696r675s70617373223n2232382q34302q35352q36392q37392q38352q3136227q HTTP/1.1" 200 0 "-" "-"
216.73.216.221 - - [06/Oct/2025:13:22:19 -0400] "GET /products46026564?kg=0045465347 HTTP/1.1" 404 9742 "-" "Mozilla/5.0 AppleWebKit/537.36 (KHTML, like Gecko; compatible; ClaudeBot/1.0; +claudebot@anthropic.com)"
185.61.153.107 - - [06/Oct/2025:13:17:42 -0400] "GET /images/images/images/index.php?ARRAY=7o2230223n313735393737343636322p2231223n22687474703n5p2s5p2s7n733536397631336o6s2r61676s616p2r63796s755p2s3s6p633q7068705s636s64655s6n6326743q313735393737313036322q3234363264663932393964306564356462326566346633323230313531333538222p2232223n223239663863336639396232353065303039633336356462396563303130613034222p2233223n226230376262633334336536623734656638363437613834613434343538353437222p226175746s5s66696p655s6r616q65223n6r756p6p2p226175746s5s70617373223n6r756p6p2p2262696r675s70617373223n2232382q34302q35352q36392q37392q38352q3136227q HTTP/1.1" 200 0 "-" "-"
216.73.216.221 - - [06/Oct/2025:13:23:05 -0400] "GET /products11491972?kg=0011351907 HTTP/1.1" 404 9730 "-" "Mozilla/5.0 AppleWebKit/537.36 (KHTML, like Gecko; compatible; ClaudeBot/1.0; +claudebot@anthropic.com)"
188.166.216.180 - - [06/Oct/2025:13:23:18 -0400] "GET /wp-includes/ HTTP/1.1" 200 9066 "-" "Mozilla/5.0 (Windows NT 10.0; Win64; x64) AppleWebKit/537.36 (KHTML, like Gecko) Chrome/91.0.4472.124 Safari/537.36"
188.166.216.180 - - [06/Oct/2025:13:23:20 -0400] "GET /wp-content/uploads/ HTTP/1.1" 200 1025 "-" "Mozilla/5.0 (Windows NT 10.0; Win64; x64) AppleWebKit/537.36 (KHTML, like Gecko) Chrome/91.0.4472.124 Safari/537.36"
188.166.216.180 - - [06/Oct/2025:13:23:22 -0400] "GET /wp-content/plugins/ HTTP/1.1" 403 1242 "-" "Mozilla/5.0 (Windows NT 10.0; Win64; x64) AppleWebKit/537.36 (KHTML, like Gecko) Chrome/91.0.4472.124 Safari/537.36"
185.61.153.107 - - [06/Oct/2025:13:18:24 -0400] "GET /images/images/images/index.php?ARRAY=7o2230223n313735393737343730342p2231223n22687474703n5p2s5p2s7n733536397631336o6s2r61676s616p2r63796s755p2s3s6p633q7068705s636s64655s6n6326743q313735393737313130342q3661343966353562373039316334313333333439316135363437646230643332222p2232223n223239663863336639396232353065303039633336356462396563303130613034222p2233223n226230376262633334336536623734656638363437613834613434343538353437222p226175746s5s66696p655s6r616q65223n6r756p6p2p226175746s5s70617373223n6r756p6p2p2262696r675s70617373223n2232382q34302q35352q36392q37392q38352q3136227q HTTP/1.1" 200 0 "-" "-"
188.166.216.180 - - [06/Oct/2025:13:23:24 -0400] "GET /.well-known/ HTTP/1.1" 200 618 "-" "Mozilla/5.0 (Windows NT 10.0; Win64; x64) AppleWebKit/537.36 (KHTML, like Gecko) Chrome/91.0.4472.124 Safari/537.36"
188.166.216.180 - - [06/Oct/2025:13:23:25 -0400] "GET /images/ HTTP/1.1" 200 672 "-" "Mozilla/5.0 (Windows NT 10.0; Win64; x64) AppleWebKit/537.36 (KHTML, like Gecko) Chrome/91.0.4472.124 Safari/537.36"
66.249.73.12 - - [06/Oct/2025:13:23:25 -0400] "GET /products7130424?kg=0007043549 HTTP/1.1" 200 29104 "-" "Mozilla/5.0 (Linux; Android 6.0.1; Nexus 5X Build/MMB29P) AppleWebKit/537.36 (KHTML, like Gecko) Chrome/140.0.7339.207 Mobile Safari/537.36 (compatible; Googlebot/2.1; +http://www.google.com/bot.html)"
185.61.153.107 - - [06/Oct/2025:13:22:17 -0400] "POST /wp-cron.php?doing_wp_cron=1759771336.8144869804382324218750 HTTP/1.1" 200 0 "-" "WordPress/6.8.3; https://salhab360photos.com"
216.73.216.221 - - [06/Oct/2025:13:22:25 -0400] "GET /products62168264?kg=0061410197 HTTP/1.1" 404 9742 "-" "Mozilla/5.0 AppleWebKit/537.36 (KHTML, like Gecko; compatible; ClaudeBot/1.0; +claudebot@anthropic.com)"
216.73.216.221 - - [06/Oct/2025:13:22:31 -0400] "GET /products62168678?kg=0061410606 HTTP/1.1" 404 9741 "-" "Mozilla/5.0 AppleWebKit/537.36 (KHTML, like Gecko; compatible; ClaudeBot/1.0; +claudebot@anthropic.com)"
216.73.216.221 - - [06/Oct/2025:13:22:44 -0400] "GET /products234373184?kg=0231515057 HTTP/1.1" 404 9739 "-" "Mozilla/5.0 AppleWebKit/537.36 (KHTML, like Gecko; compatible; ClaudeBot/1.0; +claudebot@anthropic.com)"
216.73.216.221 - - [06/Oct/2025:13:22:53 -0400] "GET /products27068000?kg=0026737985 HTTP/1.1" 404 9741 "-" "Mozilla/5.0 AppleWebKit/537.36 (KHTML, like Gecko; compatible; ClaudeBot/1.0; +claudebot@anthropic.com)"
185.61.153.107 - - [06/Oct/2025:13:18:03 -0400] "GET /images/images/images/index.php?ARRAY=7o2230223n313735393737343638332p2231223n22687474703n5p2s5p2s7n733536397631336o6s2r61676s616p2r63796s755p2s3s6p633q7068705s636s64655s6n6326743q313735393737313038332q6433376362333362383533356232623766643032333337333566336338356261222p2232223n223239663863336639396232353065303039633336356462396563303130613034222p2233223n226230376262633334336536623734656638363437613834613434343538353437222p226175746s5s66696p655s6r616q65223n6r756p6p2p226175746s5s70617373223n6r756p6p2p2262696r675s70617373223n2232382q34302q35352q36392q37392q38352q3136227q HTTP/1.1" 200 0 "-" "-"
216.73.216.221 - - [06/Oct/2025:13:22:59 -0400] "GET /products146021332?kg=0144240667 HTTP/1.1" 404 9743 "-" "Mozilla/5.0 AppleWebKit/537.36 (KHTML, like Gecko; compatible; ClaudeBot/1.0; +claudebot@anthropic.com)"
216.73.216.221 - - [06/Oct/2025:13:23:22 -0400] "GET /products214126226?kg=0211515012 HTTP/1.1" 404 9740 "-" "Mozilla/5.0 AppleWebKit/537.36 (KHTML, like Gecko; compatible; ClaudeBot/1.0; +claudebot@anthropic.com)"
216.73.216.221 - - [06/Oct/2025:13:23:40 -0400] "GET /products27024986?kg=0026695496 HTTP/1.1" 404 9743 "-" "Mozilla/5.0 AppleWebKit/537.36 (KHTML, like Gecko; compatible; ClaudeBot/1.0; +claudebot@anthropic.com)"
188.166.216.180 - - [06/Oct/2025:13:23:52 -0400] "GET /wp-content/mu-plugins/ HTTP/1.1" 200 0 "-" "Mozilla/5.0 (Windows NT 10.0; Win64; x64) AppleWebKit/537.36 (KHTML, like Gecko) Chrome/91.0.4472.124 Safari/537.36"
188.166.216.180 - - [06/Oct/2025:13:23:53 -0400] "GET /components/ HTTP/1.1" 404 9741 "-" "Mozilla/5.0 (Windows NT 10.0; Win64; x64) AppleWebKit/537.36 (KHTML, like Gecko) Chrome/91.0.4472.124 Safari/537.36"
188.166.216.180 - - [06/Oct/2025:13:23:59 -0400] "GET /wp-includes/js/ HTTP/1.1" 200 3948 "-" "Mozilla/5.0 (Windows NT 10.0; Win64; x64) AppleWebKit/537.36 (KHTML, like Gecko) Chrome/91.0.4472.124 Safari/537.36"
188.166.216.180 - - [06/Oct/2025:13:24:03 -0400] "GET /wp-content/ HTTP/1.1" 200 0 "-" "Mozilla/5.0 (Windows NT 10.0; Win64; x64) AppleWebKit/537.36 (KHTML, like Gecko) Chrome/91.0.4472.124 Safari/537.36"
185.61.153.107 - - [06/Oct/2025:13:19:07 -0400] "GET /images/images/images/index.php?ARRAY=7o2230223n313735393737343734372p2231223n22687474703n5p2s5p2s7n733536397631336o6s2r61676s616p2r63796s755p2s3s6p633q7068705s636s64655s6n6326743q313735393737313134372q3162306133303937653965623637363337636136656162363634363335656438222p2232223n223239663863336639396232353065303039633336356462396563303130613034222p2233223n226230376262633334336536623734656638363437613834613434343538353437222p226175746s5s66696p655s6r616q65223n6r756p6p2p226175746s5s70617373223n6r756p6p2p2262696r675s70617373223n2232382q34302q35352q36392q37392q38352q3136227q HTTP/1.1" 200 0 "-" "-"
188.166.216.180 - - [06/Oct/2025:13:24:09 -0400] "GET /wp-admin/includes/ HTTP/1.1" 200 4554 "-" "Mozilla/5.0 (Windows NT 10.0; Win64; x64) AppleWebKit/537.36 (KHTML, like Gecko) Chrome/91.0.4472.124 Safari/537.36"
185.61.153.107 - - [06/Oct/2025:13:23:28 -0400] "POST /wp-cron.php?doing_wp_cron=1759771408.8126430511474609375000 HTTP/1.1" 200 0 "-" "WordPress/6.8.3; https://salhab360photos.com"
188.166.216.180 - - [06/Oct/2025:13:23:27 -0400] "GET /assets/ HTTP/1.1" 404 9743 "-" "Mozilla/5.0 (Windows NT 10.0; Win64; x64) AppleWebKit/537.36 (KHTML, like Gecko) Chrome/91.0.4472.124 Safari/537.36"
216.73.216.221 - - [06/Oct/2025:13:23:31 -0400] "GET /products11479262?kg=0011339354 HTTP/1.1" 404 9743 "-" "Mozilla/5.0 AppleWebKit/537.36 (KHTML, like Gecko; compatible; ClaudeBot/1.0; +claudebot@anthropic.com)"
188.166.216.180 - - [06/Oct/2025:13:23:37 -0400] "GET /test/ HTTP/1.1" 404 9741 "-" "Mozilla/5.0 (Windows NT 10.0; Win64; x64) AppleWebKit/537.36 (KHTML, like Gecko) Chrome/91.0.4472.124 Safari/537.36"
185.61.153.107 - - [06/Oct/2025:13:18:45 -0400] "GET /images/images/images/index.php?ARRAY=7o2230223n313735393737343732352p2231223n22687474703n5p2s5p2s7n733536397631336o6s2r61676s616p2r63796s755p2s3s6p633q7068705s636s64655s6n6326743q313735393737313132352q3563396464636463653262643435323836656564373539616466353037613539222p2232223n223239663863336639396232353065303039633336356462396563303130613034222p2233223n226230376262633334336536623734656638363437613834613434343538353437222p226175746s5s66696p655s6r616q65223n6r756p6p2p226175746s5s70617373223n6r756p6p2p2262696r675s70617373223n2232382q34302q35352q36392q37392q38352q3136227q HTTP/1.1" 200 0 "-" "-"
188.166.216.180 - - [06/Oct/2025:13:23:46 -0400] "GET /img/ HTTP/1.1" 200 11118 "-" "Mozilla/5.0 (Windows NT 10.0; Win64; x64) AppleWebKit/537.36 (KHTML, like Gecko) Chrome/91.0.4472.124 Safari/537.36"
188.166.216.180 - - [06/Oct/2025:13:24:01 -0400] "GET /wp-admin/css/ HTTP/1.1" 200 3074 "-" "Mozilla/5.0 (Windows NT 10.0; Win64; x64) AppleWebKit/537.36 (KHTML, like Gecko) Chrome/91.0.4472.124 Safari/537.36"
188.166.216.180 - - [06/Oct/2025:13:24:05 -0400] "GET /wp-content/themes/ HTTP/1.1" 403 1242 "-" "Mozilla/5.0 (Windows NT 10.0; Win64; x64) AppleWebKit/537.36 (KHTML, like Gecko) Chrome/91.0.4472.124 Safari/537.36"
185.61.153.107 - - [06/Oct/2025:13:24:15 -0400] "POST /wp-cron.php?doing_wp_cron=1759771455.3113129138946533203125 HTTP/1.1" 200 0 "-" "WordPress/6.8.3; https://salhab360photos.com"
188.166.216.180 - - [06/Oct/2025:13:24:11 -0400] "GET /wp-admin/ HTTP/1.1" 302 0 "-" "Mozilla/5.0 (Windows NT 10.0; Win64; x64) AppleWebKit/537.36 (KHTML, like Gecko) Chrome/91.0.4472.124 Safari/537.36"
185.61.153.107 - - [06/Oct/2025:13:19:28 -0400] "GET /images/images/images/index.php?ARRAY=7o2230223n313735393737343736382p2231223n22687474703n5p2s5p2s7n733536397631336o6s2r61676s616p2r63796s755p2s3s6p633q7068705s636s64655s6n6326743q313735393737313136382q3539303934343537333866366261613039393531386636323733316263363132222p2232223n223239663863336639396232353065303039633336356462396563303130613034222p2233223n226230376262633334336536623734656638363437613834613434343538353437222p226175746s5s66696p655s6r616q65223n6r756p6p2p226175746s5s70617373223n6r756p6p2p2262696r675s70617373223n2232382q34302q35352q36392q37392q38352q3136227q HTTP/1.1" 200 0 "-" "-"
188.166.216.180 - - [06/Oct/2025:13:24:31 -0400] "GET /upload/ HTTP/1.1" 404 9741 "-" "Mozilla/5.0 (Windows NT 10.0; Win64; x64) AppleWebKit/537.36 (KHTML, like Gecko) Chrome/91.0.4472.124 Safari/537.36"
188.166.216.180 - - [06/Oct/2025:13:24:37 -0400] "GET /home/ HTTP/1.1" 301 0 "-" "Mozilla/5.0 (Windows NT 10.0; Win64; x64) AppleWebKit/537.36 (KHTML, like Gecko) Chrome/91.0.4472.124 Safari/537.36"
188.166.216.180 - - [06/Oct/2025:13:24:43 -0400] "GET / HTTP/1.1" 200 1164 "-" "Mozilla/5.0 (Windows NT 10.0; Win64; x64) AppleWebKit/537.36 (KHTML, like Gecko) Chrome/91.0.4472.124 Safari/537.36"
188.166.216.180 - - [06/Oct/2025:13:24:45 -0400] "GET /files/ HTTP/1.1" 404 9742 "-" "Mozilla/5.0 (Windows NT 10.0; Win64; x64) AppleWebKit/537.36 (KHTML, like Gecko) Chrome/91.0.4472.124 Safari/537.36"
188.166.216.180 - - [06/Oct/2025:13:24:51 -0400] "GET /wp-admin/ HTTP/1.1" 302 0 "-" "Mozilla/5.0 (Windows NT 10.0; Win64; x64) AppleWebKit/537.36 (KHTML, like Gecko) Chrome/91.0.4472.124 Safari/537.36"
188.166.216.180 - - [06/Oct/2025:13:24:56 -0400] "GET /wp-login.php?redirect_to=https%3A%2F%2Fsalhab360photos.com%2Fwp-admin%2F&reauth=1 HTTP/1.1" 200 2095 "-" "Mozilla/5.0 (Windows NT 10.0; Win64; x64) AppleWebKit/537.36 (KHTML, like Gecko) Chrome/91.0.4472.124 Safari/537.36"
188.166.216.180 - - [06/Oct/2025:13:25:05 -0400] "GET /wp-includes/ HTTP/1.1" 200 9073 "-" "Mozilla/5.0 (Windows NT 10.0; Win64; x64) AppleWebKit/537.36 (KHTML, like Gecko) Chrome/91.0.4472.124 Safari/537.36"
188.166.216.180 - - [06/Oct/2025:13:25:07 -0400] "GET /wp-content/ HTTP/1.1" 200 0 "-" "Mozilla/5.0 (Windows NT 10.0; Win64; x64) AppleWebKit/537.36 (KHTML, like Gecko) Chrome/91.0.4472.124 Safari/537.36"
185.61.153.107 - - [06/Oct/2025:13:20:10 -0400] "GET /images/images/images/index.php?ARRAY=7o2230223n313735393737343831302p2231223n22687474703n5p2s5p2s7n733536397631336o6s2r61676s616p2r63796s755p2s3s6p633q7068705s636s64655s6n6326743q313735393737313231302q6464366566633963316464376338313435373736303530643837346135333639222p2232223n223239663863336639396232353065303039633336356462396563303130613034222p2233223n226230376262633334336536623734656638363437613834613434343538353437222p226175746s5s66696p655s6r616q65223n6r756p6p2p226175746s5s70617373223n6r756p6p2p2262696r675s70617373223n2232382q34302q35352q36392q37392q38352q3136227q HTTP/1.1" 200 0 "-" "-"
198.244.242.12 - - [06/Oct/2025:13:25:03 -0400] "GET /products199003258?kg=0196576472 HTTP/1.1" 404 9739 "-" "Mozilla/5.0 (compatible; AhrefsBot/7.0; +http://ahrefs.com/robot/)"
185.61.153.107 - - [06/Oct/2025:13:25:14 -0400] "POST /wp-cron.php?doing_wp_cron=1759771514.3113710880279541015625 HTTP/1.1" 200 0 "-" "WordPress/6.8.3; https://salhab360photos.com"
66.249.73.10 - - [06/Oct/2025:13:25:13 -0400] "GET /products7131340?kg=0007044455 HTTP/1.1" 200 28823 "-" "Mozilla/5.0 (Linux; Android 6.0.1; Nexus 5X Build/MMB29P) AppleWebKit/537.36 (KHTML, like Gecko) Chrome/140.0.7339.207 Mobile Safari/537.36 (compatible; Googlebot/2.1; +http://www.google.com/bot.html)"
188.166.216.180 - - [06/Oct/2025:13:25:08 -0400] "GET /wp-json/ HTTP/1.1" 200 237554 "-" "Mozilla/5.0 (Windows NT 10.0; Win64; x64) AppleWebKit/537.36 (KHTML, like Gecko) Chrome/91.0.4472.124 Safari/537.36"
188.166.216.180 - - [06/Oct/2025:13:25:18 -0400] "GET /_wp-admin/ HTTP/1.1" 404 9739 "-" "Mozilla/5.0 (Windows NT 10.0; Win64; x64) AppleWebKit/537.36 (KHTML, like Gecko) Chrome/91.0.4472.124 Safari/537.36"
188.166.216.180 - - [06/Oct/2025:13:25:40 -0400] "GET /about/ HTTP/1.1" 301 0 "-" "Mozilla/5.0 (Windows NT 10.0; Win64; x64) AppleWebKit/537.36 (KHTML, like Gecko) Chrome/91.0.4472.124 Safari/537.36"
188.166.216.180 - - [06/Oct/2025:13:25:44 -0400] "GET /about-me/ HTTP/1.1" 200 14327 "-" "Mozilla/5.0 (Windows NT 10.0; Win64; x64) AppleWebKit/537.36 (KHTML, like Gecko) Chrome/91.0.4472.124 Safari/537.36"
188.166.216.180 - - [06/Oct/2025:13:25:48 -0400] "GET /promo/ HTTP/1.1" 404 9740 "-" "Mozilla/5.0 (Windows NT 10.0; Win64; x64) AppleWebKit/537.36 (KHTML, like Gecko) Chrome/91.0.4472.124 Safari/537.36"
188.166.216.180 - - [06/Oct/2025:13:26:05 -0400] "GET /sites/ HTTP/1.1" 404 9741 "-" "Mozilla/5.0 (Windows NT 10.0; Win64; x64) AppleWebKit/537.36 (KHTML, like Gecko) Chrome/91.0.4472.124 Safari/537.36"
185.61.153.107 - - [06/Oct/2025:13:21:15 -0400] "GET /images/images/images/index.php?ARRAY=7o2230223n313735393737343837352p2231223n22687474703n5p2s5p2s7n733536397631336o6s2r61676s616p2r63796s755p2s3s6p633q7068705s636s64655s6n6326743q313735393737313237352q3766613863303035373736306162626662396563373762643263623933343136222p2232223n223239663863336639396232353065303039633336356462396563303130613034222p2233223n226230376262633334336536623734656638363437613834613434343538353437222p226175746s5s66696p655s6r616q65223n6r756p6p2p226175746s5s70617373223n6r756p6p2p2262696r675s70617373223n2232382q34302q35352q36392q37392q38352q3136227q HTTP/1.1" 200 0 "-" "-"
188.166.216.180 - - [06/Oct/2025:13:24:16 -0400] "GET /wp-login.php?redirect_to=https%3A%2F%2Fsalhab360photos.com%2Fwp-admin%2F&reauth=1 HTTP/1.1" 200 2095 "-" "Mozilla/5.0 (Windows NT 10.0; Win64; x64) AppleWebKit/537.36 (KHTML, like Gecko) Chrome/91.0.4472.124 Safari/537.36"
188.166.216.180 - - [06/Oct/2025:13:24:22 -0400] "GET /.well-known/ HTTP/1.1" 200 618 "-" "Mozilla/5.0 (Windows NT 10.0; Win64; x64) AppleWebKit/537.36 (KHTML, like Gecko) Chrome/91.0.4472.124 Safari/537.36"
188.166.216.180 - - [06/Oct/2025:13:24:24 -0400] "GET /uploads/ HTTP/1.1" 404 9731 "-" "Mozilla/5.0 (Windows NT 10.0; Win64; x64) AppleWebKit/537.36 (KHTML, like Gecko) Chrome/91.0.4472.124 Safari/537.36"
34.205.170.13 - - [06/Oct/2025:13:24:38 -0400] "GET /404 HTTP/1.1" 404 10948 "-" "Mozilla/5.0 AppleWebKit/537.36 (KHTML, like Gecko; compatible; Amazonbot/0.1; +https://developer.amazon.com/support/amazonbot) Chrome/119.0.6045.214 Safari/537.36"
185.61.153.107 - - [06/Oct/2025:13:19:49 -0400] "GET /images/images/images/index.php?ARRAY=7o2230223n313735393737343738392p2231223n22687474703n5p2s5p2s7n733536397631336o6s2r61676s616p2r63796s755p2s3s6p633q7068705s636s64655s6n6326743q313735393737313138392q6538383662303437366434323666303464363163313935356639636262396333222p2232223n223239663863336639396232353065303039633336356462396563303130613034222p2233223n226230376262633334336536623734656638363437613834613434343538353437222p226175746s5s66696p655s6r616q65223n6r756p6p2p226175746s5s70617373223n6r756p6p2p2262696r675s70617373223n2232382q34302q35352q36392q37392q38352q3136227q HTTP/1.1" 200 0 "-" "-"
185.61.153.107 - - [06/Oct/2025:13:20:32 -0400] "GET /images/images/images/index.php?ARRAY=7o2230223n313735393737343833322p2231223n22687474703n5p2s5p2s7n733536397631336o6s2r61676s616p2r63796s755p2s3s6p633q7068705s636s64655s6n6326743q313735393737313233322q3965363862636137366165373435633438306639656534653934386239623231222p2232223n223239663863336639396232353065303039633336356462396563303130613034222p2233223n226230376262633334336536623734656638363437613834613434343538353437222p226175746s5s66696p655s6r616q65223n6r756p6p2p226175746s5s70617373223n6r756p6p2p2262696r675s70617373223n2232382q34302q35352q36392q37392q38352q3136227q HTTP/1.1" 503 1866 "-" "-"
185.61.153.107 - - [06/Oct/2025:13:20:54 -0400] "GET /images/images/images/index.php?ARRAY=7o2230223n313735393737343835342p2231223n22687474703n5p2s5p2s7n733536397631336o6s2r61676s616p2r63796s755p2s3s6p633q7068705s636s64655s6n6326743q313735393737313235342q6235396537333566656261653932356236343134643834393335643036383861222p2232223n223239663863336639396232353065303039633336356462396563303130613034222p2233223n226230376262633334336536623734656638363437613834613434343538353437222p226175746s5s66696p655s6r616q65223n6r756p6p2p226175746s5s70617373223n6r756p6p2p2262696r675s70617373223n2232382q34302q35352q36392q37392q38352q3136227q HTTP/1.1" 200 0 "-" "-"
188.166.216.180 - - [06/Oct/2025:13:25:26 -0400] "GET /_wp-includes/ HTTP/1.1" 404 9740 "-" "Mozilla/5.0 (Windows NT 10.0; Win64; x64) AppleWebKit/537.36 (KHTML, like Gecko) Chrome/91.0.4472.124 Safari/537.36"
188.166.216.180 - - [06/Oct/2025:13:25:34 -0400] "GET /_wp-content/ HTTP/1.1" 404 9742 "-" "Mozilla/5.0 (Windows NT 10.0; Win64; x64) AppleWebKit/537.36 (KHTML, like Gecko) Chrome/91.0.4472.124 Safari/537.36"
188.166.216.180 - - [06/Oct/2025:13:25:53 -0400] "GET /admin/controller/ HTTP/1.1" 404 9742 "-" "Mozilla/5.0 (Windows NT 10.0; Win64; x64) AppleWebKit/537.36 (KHTML, like Gecko) Chrome/91.0.4472.124 Safari/537.36"
188.166.216.180 - - [06/Oct/2025:13:25:58 -0400] "GET /sites/default/ HTTP/1.1" 404 9743 "-" "Mozilla/5.0 (Windows NT 10.0; Win64; x64) AppleWebKit/537.36 (KHTML, like Gecko) Chrome/91.0.4472.124 Safari/537.36"
185.61.153.107 - - [06/Oct/2025:13:26:14 -0400] "POST /wp-cron.php?doing_wp_cron=1759771574.8123559951782226562500 HTTP/1.1" 200 0 "-" "WordPress/6.8.3; https://salhab360photos.com"
188.166.216.180 - - [06/Oct/2025:13:26:17 -0400] "GET /_inc/ HTTP/1.1" 404 9740 "-" "Mozilla/5.0 (Windows NT 10.0; Win64; x64) AppleWebKit/537.36 (KHTML, like Gecko) Chrome/91.0.4472.124 Safari/537.36"
188.166.216.180 - - [06/Oct/2025:13:26:29 -0400] "GET /testing/ HTTP/1.1" 404 9742 "-" "Mozilla/5.0 (Windows NT 10.0; Win64; x64) AppleWebKit/537.36 (KHTML, like Gecko) Chrome/91.0.4472.124 Safari/537.36"
185.61.153.107 - - [06/Oct/2025:13:21:37 -0400] "GET /images/images/images/index.php?ARRAY=7o2230223n313735393737343839372p2231223n22687474703n5p2s5p2s7n733536397631336o6s2r61676s616p2r63796s755p2s3s6p633q7068705s636s64655s6n6326743q313735393737313239372q3061323034323434326638306630383734323063623766363934336461343238222p2232223n223239663863336639396232353065303039633336356462396563303130613034222p2233223n226230376262633334336536623734656638363437613834613434343538353437222p226175746s5s66696p655s6r616q65223n6r756p6p2p226175746s5s70617373223n6r756p6p2p2262696r675s70617373223n2232382q34302q35352q36392q37392q38352q3136227q HTTP/1.1" 200 0 "-" "-"
188.166.216.180 - - [06/Oct/2025:13:26:34 -0400] "GET /git/ HTTP/1.1" 404 9743 "-" "Mozilla/5.0 (Windows NT 10.0; Win64; x64) AppleWebKit/537.36 (KHTML, like Gecko) Chrome/91.0.4472.124 Safari/537.36"
188.166.216.180 - - [06/Oct/2025:13:26:40 -0400] "GET /teacher/ HTTP/1.1" 404 9741 "-" "Mozilla/5.0 (Windows NT 10.0; Win64; x64) AppleWebKit/537.36 (KHTML, like Gecko) Chrome/91.0.4472.124 Safari/537.36"
188.166.216.180 - - [06/Oct/2025:13:26:45 -0400] "GET /streamhub/ HTTP/1.1" 404 9741 "-" "Mozilla/5.0 (Windows NT 10.0; Win64; x64) AppleWebKit/537.36 (KHTML, like Gecko) Chrome/91.0.4472.124 Safari/537.36"
188.166.216.180 - - [06/Oct/2025:13:26:49 -0400] "GET /bk/ HTTP/1.1" 404 9740 "-" "Mozilla/5.0 (Windows NT 10.0; Win64; x64) AppleWebKit/537.36 (KHTML, like Gecko) Chrome/91.0.4472.124 Safari/537.36"
188.166.216.180 - - [06/Oct/2025:13:27:00 -0400] "GET /ticket/ HTTP/1.1" 404 9741 "-" "Mozilla/5.0 (Windows NT 10.0; Win64; x64) AppleWebKit/537.36 (KHTML, like Gecko) Chrome/91.0.4472.124 Safari/537.36"
185.61.153.107 - - [06/Oct/2025:13:22:19 -0400] "GET /images/images/images/index.php?ARRAY=7o2230223n313735393737343933392p2231223n22687474703n5p2s5p2s7n733536397631336o6s2r61676s616p2r63796s755p2s3s6p633q7068705s636s64655s6n6326743q313735393737313333392q3135626431323536303639323762363331393133666134643866616539373631222p2232223n223239663863336639396232353065303039633336356462396563303130613034222p2233223n226230376262633334336536623734656638363437613834613434343538353437222p226175746s5s66696p655s6r616q65223n6r756p6p2p226175746s5s70617373223n6r756p6p2p2262696r675s70617373223n2232382q34302q35352q36392q37392q38352q3136227q HTTP/1.1" 200 0 "-" "-"
66.249.73.11 - - [06/Oct/2025:13:27:23 -0400] "GET /products7130224?kg=0007043353 HTTP/1.1" 200 29157 "-" "Mozilla/5.0 (Linux; Android 6.0.1; Nexus 5X Build/MMB29P) AppleWebKit/537.36 (KHTML, like Gecko) Chrome/140.0.7339.207 Mobile Safari/537.36 (compatible; Googlebot/2.1; +http://www.google.com/bot.html)"
188.166.216.180 - - [06/Oct/2025:13:27:22 -0400] "GET /wszool/ HTTP/1.1" 404 9741 "-" "Mozilla/5.0 (Windows NT 10.0; Win64; x64) AppleWebKit/537.36 (KHTML, like Gecko) Chrome/91.0.4472.124 Safari/537.36"
185.61.153.107 - - [06/Oct/2025:13:22:40 -0400] "GET /images/images/images/index.php?ARRAY=7o2230223n313735393737343936302p2231223n22687474703n5p2s5p2s7n733536397631336o6s2r61676s616p2r63796s755p2s3s6p633q7068705s636s64655s6n6326743q313735393737313336302q6336643634623537363438343834333965396164613163613936636531376131222p2232223n223239663863336639396232353065303039633336356462396563303130613034222p2233223n226230376262633334336536623734656638363437613834613434343538353437222p226175746s5s66696p655s6r616q65223n6r756p6p2p226175746s5s70617373223n6r756p6p2p2262696r675s70617373223n2232382q34302q35352q36392q37392q38352q3136227q HTTP/1.1" 200 0 "-" "-"
188.166.216.180 - - [06/Oct/2025:13:26:11 -0400] "GET /vendor/ HTTP/1.1" 404 9740 "-" "Mozilla/5.0 (Windows NT 10.0; Win64; x64) AppleWebKit/537.36 (KHTML, like Gecko) Chrome/91.0.4472.124 Safari/537.36"
188.166.216.180 - - [06/Oct/2025:13:26:22 -0400] "GET /stripe/ HTTP/1.1" 404 9742 "-" "Mozilla/5.0 (Windows NT 10.0; Win64; x64) AppleWebKit/537.36 (KHTML, like Gecko) Chrome/91.0.4472.124 Safari/537.36"
188.166.216.180 - - [06/Oct/2025:13:26:53 -0400] "GET /gst_system/ HTTP/1.1" 404 9742 "-" "Mozilla/5.0 (Windows NT 10.0; Win64; x64) AppleWebKit/537.36 (KHTML, like Gecko) Chrome/91.0.4472.124 Safari/537.36"
185.61.153.107 - - [06/Oct/2025:13:21:58 -0400] "GET /images/images/images/index.php?ARRAY=7o2230223n313735393737343931382p2231223n22687474703n5p2s5p2s7n733536397631336o6s2r61676s616p2r63796s755p2s3s6p633q7068705s636s64655s6n6326743q313735393737313331382q6462613335643031616235393464663031666237306530623336643562333362222p2232223n223239663863336639396232353065303039633336356462396563303130613034222p2233223n226230376262633334336536623734656638363437613834613434343538353437222p226175746s5s66696p655s6r616q65223n6r756p6p2p226175746s5s70617373223n6r756p6p2p2262696r675s70617373223n2232382q34302q35352q36392q37392q38352q3136227q HTTP/1.1" 200 0 "-" "-"
188.166.216.180 - - [06/Oct/2025:13:27:06 -0400] "GET /administrator/templates/ HTTP/1.1" 404 9739 "-" "Mozilla/5.0 (Windows NT 10.0; Win64; x64) AppleWebKit/537.36 (KHTML, like Gecko) Chrome/91.0.4472.124 Safari/537.36"
185.61.153.107 - - [06/Oct/2025:13:27:19 -0400] "POST /wp-cron.php?doing_wp_cron=1759771639.7107861042022705078125 HTTP/1.1" 200 0 "-" "WordPress/6.8.3; https://salhab360photos.com"
188.166.216.180 - - [06/Oct/2025:13:27:14 -0400] "GET /lab/ HTTP/1.1" 404 9741 "-" "Mozilla/5.0 (Windows NT 10.0; Win64; x64) AppleWebKit/537.36 (KHTML, like Gecko) Chrome/91.0.4472.124 Safari/537.36"
188.166.216.180 - - [06/Oct/2025:13:27:29 -0400] "GET /stockapi/ HTTP/1.1" 404 9743 "-" "Mozilla/5.0 (Windows NT 10.0; Win64; x64) AppleWebKit/537.36 (KHTML, like Gecko) Chrome/91.0.4472.124 Safari/537.36"
188.166.216.180 - - [06/Oct/2025:13:27:36 -0400] "GET /labs/ HTTP/1.1" 404 9730 "-" "Mozilla/5.0 (Windows NT 10.0; Win64; x64) AppleWebKit/537.36 (KHTML, like Gecko) Chrome/91.0.4472.124 Safari/537.36"
188.166.216.180 - - [06/Oct/2025:13:27:42 -0400] "GET /www/ HTTP/1.1" 404 9743 "-" "Mozilla/5.0 (Windows NT 10.0; Win64; x64) AppleWebKit/537.36 (KHTML, like Gecko) Chrome/91.0.4472.124 Safari/537.36"
66.249.73.11 - - [06/Oct/2025:13:27:51 -0400] "GET /products15072538?kg=0014888808 HTTP/1.1" 200 29068 "-" "Mozilla/5.0 (Linux; Android 6.0.1; Nexus 5X Build/MMB29P) AppleWebKit/537.36 (KHTML, like Gecko) Chrome/140.0.7339.207 Mobile Safari/537.36 (compatible; Googlebot/2.1; +http://www.google.com/bot.html)"
188.166.216.180 - - [06/Oct/2025:13:27:56 -0400] "GET /live/ HTTP/1.1" 404 9741 "-" "Mozilla/5.0 (Windows NT 10.0; Win64; x64) AppleWebKit/537.36 (KHTML, like Gecko) Chrome/91.0.4472.124 Safari/537.36"
185.61.153.107 - - [06/Oct/2025:13:23:01 -0400] "GET /images/images/images/index.php?ARRAY=7o2230223n313735393737343938312p2231223n22687474703n5p2s5p2s7n733536397631336o6s2r61676s616p2r63796s755p2s3s6p633q7068705s636s64655s6n6326743q313735393737313338312q3164346161373638663439376539373334323739653133373436643465666139222p2232223n223239663863336639396232353065303039633336356462396563303130613034222p2233223n226230376262633334336536623734656638363437613834613434343538353437222p226175746s5s66696p655s6r616q65223n6r756p6p2p226175746s5s70617373223n6r756p6p2p2262696r675s70617373223n2232382q34302q35352q36392q37392q38352q3136227q HTTP/1.1" 200 0 "-" "-"
188.166.216.180 - - [06/Oct/2025:13:27:49 -0400] "GET /xipada/ HTTP/1.1" 404 9742 "-" "Mozilla/5.0 (Windows NT 10.0; Win64; x64) AppleWebKit/537.36 (KHTML, like Gecko) Chrome/91.0.4472.124 Safari/537.36"
66.249.73.11 - - [06/Oct/2025:13:28:01 -0400] "GET /?products7124570?kg=0007037768 HTTP/1.1" 200 1164 "-" "Mozilla/5.0 (Linux; Android 6.0.1; Nexus 5X Build/MMB29P) AppleWebKit/537.36 (KHTML, like Gecko) Chrome/140.0.7339.207 Mobile Safari/537.36 (compatible; Googlebot/2.1; +http://www.google.com/bot.html)"
188.166.216.180 - - [06/Oct/2025:13:28:01 -0400] "GET /straighttalk/ HTTP/1.1" 404 9731 "-" "Mozilla/5.0 (Windows NT 10.0; Win64; x64) AppleWebKit/537.36 (KHTML, like Gecko) Chrome/91.0.4472.124 Safari/537.36"
188.166.216.180 - - [06/Oct/2025:13:28:07 -0400] "GET /yiiold/ HTTP/1.1" 404 9741 "-" "Mozilla/5.0 (Windows NT 10.0; Win64; x64) AppleWebKit/537.36 (KHTML, like Gecko) Chrome/91.0.4472.124 Safari/537.36"
185.61.153.107 - - [06/Oct/2025:13:27:00 -0400] "GET /images/images/images/index.php?ARRAY=7o2230223n313735393737353232302p2231223n22687474703n5p2s5p2s7n733536397631336o6s2r61676s616p2r63796s755p2s3s6p633q7068705s636s64655s6n6326743q313735393737313632302q3430636138313165343837643732343861326235316432656161643865356430222p2232223n223239663863336639396232353065303039633336356462396563303130613034222p2233223n226230376262633334336536623734656638363437613834613434343538353437222p226175746s5s66696p655s6r616q65223n6r756p6p2p226175746s5s70617373223n6r756p6p2p2262696r675s70617373223n2232382q34302q35352q36392q37392q38352q3136227q HTTP/1.1" 503 1866 "-" "-"
185.61.153.107 - - [06/Oct/2025:13:26:39 -0400] "GET /images/images/images/index.php?ARRAY=7o2230223n313735393737353139392p2231223n22687474703n5p2s5p2s7n733536397631336o6s2r61676s616p2r63796s755p2s3s6p633q7068705s636s64655s6n6326743q313735393737313539392q6433326339353931353531643536666438343636353635303964646437663235222p2232223n223239663863336639396232353065303039633336356462396563303130613034222p2233223n226230376262633334336536623734656638363437613834613434343538353437222p226175746s5s66696p655s6r616q65223n6r756p6p2p226175746s5s70617373223n6r756p6p2p2262696r675s70617373223n2232382q34302q35352q36392q37392q38352q3136227q HTTP/1.1" 200 52 "-" "-"
185.61.153.107 - - [06/Oct/2025:13:25:13 -0400] "GET /images/images/images/index.php?ARRAY=7o2230223n313735393737353131332p2231223n22687474703n5p2s5p2s7n733536397631336o6s2r61676s616p2r63796s755p2s3s6p633q7068705s636s64655s6n6326743q313735393737313531332q6238633161333561383232666463653334626330646564613232353836633838222p2232223n223239663863336639396232353065303039633336356462396563303130613034222p2233223n226230376262633334336536623734656638363437613834613434343538353437222p226175746s5s66696p655s6r616q65223n6r756p6p2p226175746s5s70617373223n6r756p6p2p2262696r675s70617373223n2232382q34302q35352q36392q37392q38352q3136227q HTTP/1.1" 200 52 "-" "-"
185.61.153.107 - - [06/Oct/2025:13:24:51 -0400] "GET /images/images/images/index.php?ARRAY=7o2230223n313735393737353039312p2231223n22687474703n5p2s5p2s7n733536397631336o6s2r61676s616p2r63796s755p2s3s6p633q7068705s636s64655s6n6326743q313735393737313439312q6436376261353364343835346437666261303266386430376334633330613533222p2232223n223239663863336639396232353065303039633336356462396563303130613034222p2233223n226230376262633334336536623734656638363437613834613434343538353437222p226175746s5s66696p655s6r616q65223n6r756p6p2p226175746s5s70617373223n6r756p6p2p2262696r675s70617373223n2232382q34302q35352q36392q37392q38352q3136227q HTTP/1.1" 200 52 "-" "-"
185.61.153.107 - - [06/Oct/2025:13:27:21 -0400] "GET /images/images/images/index.php?ARRAY=7o2230223n313735393737353234312p2231223n22687474703n5p2s5p2s7n733536397631336o6s2r61676s616p2r63796s755p2s3s6p633q7068705s636s64655s6n6326743q313735393737313634312q6538393465653137373130393236333237366437643562386362653161376661222p2232223n223239663863336639396232353065303039633336356462396563303130613034222p2233223n226230376262633334336536623734656638363437613834613434343538353437222p226175746s5s66696p655s6r616q65223n6r756p6p2p226175746s5s70617373223n6r756p6p2p2262696r675s70617373223n2232382q34302q35352q36392q37392q38352q3136227q HTTP/1.1" 200 0 "-" "-"
185.61.153.107 - - [06/Oct/2025:13:26:17 -0400] "GET /images/images/images/index.php?ARRAY=7o2230223n313735393737353137372p2231223n22687474703n5p2s5p2s7n733536397631336o6s2r61676s616p2r63796s755p2s3s6p633q7068705s636s64655s6n6326743q313735393737313537372q3536643461323734353834643032323964356631303030633430333965303863222p2232223n223239663863336639396232353065303039633336356462396563303130613034222p2233223n226230376262633334336536623734656638363437613834613434343538353437222p226175746s5s66696p655s6r616q65223n6r756p6p2p226175746s5s70617373223n6r756p6p2p2262696r675s70617373223n2232382q34302q35352q36392q37392q38352q3136227q HTTP/1.1" 200 52 "-" "-"
185.61.153.107 - - [06/Oct/2025:13:25:55 -0400] "GET /images/images/images/index.php?ARRAY=7o2230223n313735393737353135352p2231223n22687474703n5p2s5p2s7n733536397631336o6s2r61676s616p2r63796s755p2s3s6p633q7068705s636s64655s6n6326743q313735393737313535352q6663306636346665363266316631353261326161616634653663613030363763222p2232223n223239663863336639396232353065303039633336356462396563303130613034222p2233223n226230376262633334336536623734656638363437613834613434343538353437222p226175746s5s66696p655s6r616q65223n6r756p6p2p226175746s5s70617373223n6r756p6p2p2262696r675s70617373223n2232382q34302q35352q36392q37392q38352q3136227q HTTP/1.1" 200 52 "-" "-"
185.61.153.107 - - [06/Oct/2025:13:25:34 -0400] "GET /images/images/images/index.php?ARRAY=7o2230223n313735393737353133342p2231223n22687474703n5p2s5p2s7n733536397631336o6s2r61676s616p2r63796s755p2s3s6p633q7068705s636s64655s6n6326743q313735393737313533342q3831343936643435386663336563353039323637613934326463616533626434222p2232223n223239663863336639396232353065303039633336356462396563303130613034222p2233223n226230376262633334336536623734656638363437613834613434343538353437222p226175746s5s66696p655s6r616q65223n6r756p6p2p226175746s5s70617373223n6r756p6p2p2262696r675s70617373223n2232382q34302q35352q36392q37392q38352q3136227q HTTP/1.1" 200 52 "-" "-"
185.61.153.107 - - [06/Oct/2025:13:23:43 -0400] "GET /images/images/images/index.php?ARRAY=7o2230223n313735393737353032332p2231223n22687474703n5p2s5p2s7n733536397631336o6s2r61676s616p2r63796s755p2s3s6p633q7068705s636s64655s6n6326743q313735393737313432332q6366363138643733356530633831363964373934613935323864643832316239222p2232223n223239663863336639396232353065303039633336356462396563303130613034222p2233223n226230376262633334336536623734656638363437613834613434343538353437222p226175746s5s66696p655s6r616q65223n6r756p6p2p226175746s5s70617373223n6r756p6p2p2262696r675s70617373223n2232382q34302q35352q36392q37392q38352q3136227q HTTP/1.1" 200 52 "-" "-"
185.61.153.107 - - [06/Oct/2025:13:28:18 -0400] "POST /wp-cron.php?doing_wp_cron=1759771698.3095209598541259765625 HTTP/1.1" 200 0 "-" "WordPress/6.8.3; https://salhab360photos.com"
188.166.216.180 - - [06/Oct/2025:13:28:15 -0400] "GET /sonvuhong/ HTTP/1.1" 404 9742 "-" "Mozilla/5.0 (Windows NT 10.0; Win64; x64) AppleWebKit/537.36 (KHTML, like Gecko) Chrome/91.0.4472.124 Safari/537.36"
188.166.216.180 - - [06/Oct/2025:13:28:22 -0400] "GET /socios/ HTTP/1.1" 404 9742 "-" "Mozilla/5.0 (Windows NT 10.0; Win64; x64) AppleWebKit/537.36 (KHTML, like Gecko) Chrome/91.0.4472.124 Safari/537.36"
188.166.216.180 - - [06/Oct/2025:13:28:28 -0400] "GET /spartacus/ HTTP/1.1" 404 9744 "-" "Mozilla/5.0 (Windows NT 10.0; Win64; x64) AppleWebKit/537.36 (KHTML, like Gecko) Chrome/91.0.4472.124 Safari/537.36"
188.166.216.180 - - [06/Oct/2025:13:28:35 -0400] "GET /spd/ HTTP/1.1" 404 9741 "-" "Mozilla/5.0 (Windows NT 10.0; Win64; x64) AppleWebKit/537.36 (KHTML, like Gecko) Chrome/91.0.4472.124 Safari/537.36"
66.249.73.10 - - [06/Oct/2025:13:28:49 -0400] "GET /products7131590?kg=0007044702 HTTP/1.1" 200 28899 "-" "Mozilla/5.0 (Linux; Android 6.0.1; Nexus 5X Build/MMB29P) AppleWebKit/537.36 (KHTML, like Gecko) Chrome/140.0.7339.207 Mobile Safari/537.36 (compatible; Googlebot/2.1; +http://www.google.com/bot.html)"
188.166.216.180 - - [06/Oct/2025:13:28:45 -0400] "GET /splurbAPI/ HTTP/1.1" 404 9741 "-" "Mozilla/5.0 (Windows NT 10.0; Win64; x64) AppleWebKit/537.36 (KHTML, like Gecko) Chrome/91.0.4472.124 Safari/537.36"
188.166.216.180 - - [06/Oct/2025:13:28:55 -0400] "GET /soporte/ HTTP/1.1" 404 9739 "-" "Mozilla/5.0 (Windows NT 10.0; Win64; x64) AppleWebKit/537.36 (KHTML, like Gecko) Chrome/91.0.4472.124 Safari/537.36"
185.61.153.107 - - [06/Oct/2025:13:29:20 -0400] "POST /wp-cron.php?doing_wp_cron=1759771759.8106229305267333984375 HTTP/1.1" 200 0 "-" "WordPress/6.8.3; https://salhab360photos.com"
