HEX
Server: LiteSpeed
System: Linux server257.web-hosting.com 4.18.0-553.54.1.lve.el8.x86_64 #1 SMP Wed Jun 4 13:01:13 UTC 2025 x86_64
User: salhiscp (12590)
PHP: 8.4.12
Disabled: NONE
Upload Files
File: /home/salhiscp/access-logs/salhab360photos.com.salhab360booth.com-ssl_log
216.73.216.221 - - [06/Oct/2025:08:16:10 -0400] "GET /products80648034?kg=0079664604 HTTP/1.1" 404 9741 "-" "Mozilla/5.0 AppleWebKit/537.36 (KHTML, like Gecko; compatible; ClaudeBot/1.0; +claudebot@anthropic.com)"
185.61.153.107 - - [06/Oct/2025:08:16:22 -0400] "GET / HTTP/1.1" 200 4189 "-" "Mozilla/5.0 (Windows NT 10.0; Win64; x64; rv:122.0) Gecko/20100101 Firefox/122.0"
185.61.153.107 - - [06/Oct/2025:08:16:55 -0400] "POST /wp-cron.php?doing_wp_cron=1759753014.9118809700012207031250 HTTP/1.1" 200 0 "-" "WordPress/6.8.3; https://salhab360photos.com"
216.73.216.221 - - [06/Oct/2025:08:16:51 -0400] "GET /products122851502?kg=0121353394 HTTP/1.1" 404 9740 "-" "Mozilla/5.0 AppleWebKit/537.36 (KHTML, like Gecko; compatible; ClaudeBot/1.0; +claudebot@anthropic.com)"
216.73.216.221 - - [06/Oct/2025:08:17:25 -0400] "GET /products80635242?kg=0079651968 HTTP/1.1" 404 9741 "-" "Mozilla/5.0 AppleWebKit/537.36 (KHTML, like Gecko; compatible; ClaudeBot/1.0; +claudebot@anthropic.com)"
54.38.147.150 - - [06/Oct/2025:08:17:37 -0400] "GET /portfolio/horizontal-fluid-width-fit-images/ HTTP/1.1" 200 16271 "-" "Mozilla/5.0 (compatible; AhrefsBot/7.0; +http://ahrefs.com/robot/)"
216.73.216.221 - - [06/Oct/2025:08:18:08 -0400] "GET /products186523682?kg=0184249084 HTTP/1.1" 404 9739 "-" "Mozilla/5.0 AppleWebKit/537.36 (KHTML, like Gecko; compatible; ClaudeBot/1.0; +claudebot@anthropic.com)"
66.249.73.12 - - [06/Oct/2025:08:19:21 -0400] "GET /products5032832?kg=0004971537 HTTP/1.1" 200 28735 "-" "Mozilla/5.0 (Linux; Android 6.0.1; Nexus 5X Build/MMB29P) AppleWebKit/537.36 (KHTML, like Gecko) Chrome/140.0.7339.207 Mobile Safari/537.36 (compatible; Googlebot/2.1; +http://www.google.com/bot.html)"
66.249.73.11 - - [06/Oct/2025:08:19:34 -0400] "GET /products1183716?kg=0001169363 HTTP/1.1" 200 29379 "-" "Mozilla/5.0 (Linux; Android 6.0.1; Nexus 5X Build/MMB29P) AppleWebKit/537.36 (KHTML, like Gecko) Chrome/140.0.7339.207 Mobile Safari/537.36 (compatible; Googlebot/2.1; +http://www.google.com/bot.html)"
185.61.153.107 - - [06/Oct/2025:08:19:39 -0400] "POST /wp-cron.php?doing_wp_cron=1759753179.1124958992004394531250 HTTP/1.1" 200 0 "-" "WordPress/6.8.3; https://salhab360photos.com"
51.195.215.208 - - [06/Oct/2025:08:19:57 -0400] "GET /portfolio/horizontal-fullscreen-fit-images/ HTTP/1.1" 200 14467 "-" "Mozilla/5.0 (compatible; AhrefsBot/7.0; +http://ahrefs.com/robot/)"
66.249.73.12 - - [06/Oct/2025:08:20:32 -0400] "GET /products5030076?kg=0004968815 HTTP/1.1" 200 28869 "-" "Mozilla/5.0 (Linux; Android 6.0.1; Nexus 5X Build/MMB29P) AppleWebKit/537.36 (KHTML, like Gecko) Chrome/140.0.7339.207 Mobile Safari/537.36 (compatible; Googlebot/2.1; +http://www.google.com/bot.html)"
66.249.73.10 - - [06/Oct/2025:08:22:09 -0400] "GET /products5031242?kg=0004969968 HTTP/1.1" 200 28943 "-" "Mozilla/5.0 (Linux; Android 6.0.1; Nexus 5X Build/MMB29P) AppleWebKit/537.36 (KHTML, like Gecko) Chrome/140.0.7339.207 Mobile Safari/537.36 (compatible; Googlebot/2.1; +http://www.google.com/bot.html)"
66.249.73.11 - - [06/Oct/2025:08:22:11 -0400] "GET /products5032590?kg=0004971298 HTTP/1.1" 200 29018 "-" "Mozilla/5.0 (Linux; Android 6.0.1; Nexus 5X Build/MMB29P) AppleWebKit/537.36 (KHTML, like Gecko) Chrome/140.0.7339.207 Mobile Safari/537.36 (compatible; Googlebot/2.1; +http://www.google.com/bot.html)"
18.175.116.134 - - [06/Oct/2025:08:22:23 -0400] "GET /index.html HTTP/1.1" 200 1404 "-" "Mozilla/5.0 (Windows NT 10.0; Win64; x64) AppleWebKit/537.36 (KHTML, like Gecko) Chrome/135.0.0.0 Safari/537.36 OPR/120.0.0.0"
51.89.129.223 - - [06/Oct/2025:08:22:29 -0400] "GET /portfolio/our-amazing-honeymoons/ HTTP/1.1" 200 14366 "-" "Mozilla/5.0 (compatible; AhrefsBot/7.0; +http://ahrefs.com/robot/)"
66.249.73.10 - - [06/Oct/2025:08:23:23 -0400] "GET /products5033278?kg=0004971978 HTTP/1.1" 200 28988 "-" "Mozilla/5.0 (Linux; Android 6.0.1; Nexus 5X Build/MMB29P) AppleWebKit/537.36 (KHTML, like Gecko) Chrome/140.0.7339.207 Mobile Safari/537.36 (compatible; Googlebot/2.1; +http://www.google.com/bot.html)"
66.249.73.12 - - [06/Oct/2025:08:23:24 -0400] "GET /products5030536?kg=0004969269 HTTP/1.1" 200 28755 "-" "Mozilla/5.0 (Linux; Android 6.0.1; Nexus 5X Build/MMB29P) AppleWebKit/537.36 (KHTML, like Gecko) Chrome/140.0.7339.207 Mobile Safari/537.36 (compatible; Googlebot/2.1; +http://www.google.com/bot.html)"
66.249.73.10 - - [06/Oct/2025:08:23:57 -0400] "GET /products5032372?kg=0004971083 HTTP/1.1" 200 29080 "-" "Mozilla/5.0 (Linux; Android 6.0.1; Nexus 5X Build/MMB29P) AppleWebKit/537.36 (KHTML, like Gecko) Chrome/140.0.7339.207 Mobile Safari/537.36 (compatible; Googlebot/2.1; +http://www.google.com/bot.html)"
185.61.153.107 - - [06/Oct/2025:08:17:29 -0400] "POST /wp-cron.php?doing_wp_cron=1759753049.6135239601135253906250 HTTP/1.1" 200 0 "-" "WordPress/6.8.3; https://salhab360photos.com"
216.73.216.221 - - [06/Oct/2025:08:19:34 -0400] "GET /products122821896?kg=0121324149 HTTP/1.1" 404 9742 "-" "Mozilla/5.0 AppleWebKit/537.36 (KHTML, like Gecko; compatible; ClaudeBot/1.0; +claudebot@anthropic.com)"
66.249.73.11 - - [06/Oct/2025:08:20:46 -0400] "GET /ctg/search/similarImageSearchResultView/?ctgItemCd=145668 HTTP/1.1" 200 29128 "-" "Mozilla/5.0 (Linux; Android 6.0.1; Nexus 5X Build/MMB29P) AppleWebKit/537.36 (KHTML, like Gecko) Chrome/140.0.7339.207 Mobile Safari/537.36 (compatible; Googlebot/2.1; +http://www.google.com/bot.html)"
66.249.73.10 - - [06/Oct/2025:08:21:07 -0400] "GET /products5032098?kg=0004970812 HTTP/1.1" 200 29894 "-" "Mozilla/5.0 (Linux; Android 6.0.1; Nexus 5X Build/MMB29P) AppleWebKit/537.36 (KHTML, like Gecko) Chrome/140.0.7339.207 Mobile Safari/537.36 (compatible; Googlebot/2.1; +http://www.google.com/bot.html)"
206.189.247.132 - - [06/Oct/2025:08:22:23 -0400] "GET /index.html HTTP/1.1" 200 1404 "-" "Mozilla/5.0 (Windows NT 10.0; Win64; x64) AppleWebKit/537.36 (KHTML, like Gecko) Chrome/135.0.0.0 Safari/537.36 OPR/120.0.0.0"
45.133.172.43 - - [06/Oct/2025:08:22:26 -0400] "GET /index.html HTTP/1.1" 200 1404 "-" "Mozilla/5.0 (Windows NT 10.0; Win64; x64) AppleWebKit/537.36 (KHTML, like Gecko) Chrome/135.0.0.0 Safari/537.36 OPR/120.0.0.0"
185.61.153.107 - - [06/Oct/2025:08:22:35 -0400] "POST /wp-cron.php?doing_wp_cron=1759753354.9149310588836669921875 HTTP/1.1" 200 0 "-" "WordPress/6.8.3; https://salhab360photos.com"
66.249.73.11 - - [06/Oct/2025:08:24:28 -0400] "GET /products12222150?kg=0012073182 HTTP/1.1" 200 29103 "-" "Mozilla/5.0 (Linux; Android 6.0.1; Nexus 5X Build/MMB29P) AppleWebKit/537.36 (KHTML, like Gecko) Chrome/140.0.7339.207 Mobile Safari/537.36 (compatible; GoogleOther)"
185.61.153.107 - - [06/Oct/2025:08:24:46 -0400] "POST /wp-cron.php?doing_wp_cron=1759753486.8096270561218261718750 HTTP/1.1" 200 0 "-" "WordPress/6.8.3; https://salhab360photos.com"
216.73.216.221 - - [06/Oct/2025:08:24:41 -0400] "GET /products234636654?kg=0231775314 HTTP/1.1" 404 9740 "-" "Mozilla/5.0 AppleWebKit/537.36 (KHTML, like Gecko; compatible; ClaudeBot/1.0; +claudebot@anthropic.com)"
66.249.73.11 - - [06/Oct/2025:08:24:58 -0400] "GET /products4645168?kg=0004588601 HTTP/1.1" 200 29891 "-" "Mozilla/5.0 (Linux; Android 6.0.1; Nexus 5X Build/MMB29P) AppleWebKit/537.36 (KHTML, like Gecko) Chrome/140.0.7339.207 Mobile Safari/537.36 (compatible; Googlebot/2.1; +http://www.google.com/bot.html)"
185.61.153.107 - - [06/Oct/2025:08:25:30 -0400] "POST /wp-cron.php?doing_wp_cron=1759753529.9105730056762695312500 HTTP/1.1" 200 0 "-" "WordPress/6.8.3; https://salhab360photos.com"
198.244.168.27 - - [06/Oct/2025:08:25:24 -0400] "GET /portfolio/why-you-should-take-a-photo-every-day-this-year/ HTTP/1.1" 200 16179 "-" "Mozilla/5.0 (compatible; AhrefsBot/7.0; +http://ahrefs.com/robot/)"
216.73.216.221 - - [06/Oct/2025:08:27:45 -0400] "GET /products234626518?kg=0231765302 HTTP/1.1" 404 9740 "-" "Mozilla/5.0 AppleWebKit/537.36 (KHTML, like Gecko; compatible; ClaudeBot/1.0; +claudebot@anthropic.com)"
51.195.244.126 - - [06/Oct/2025:08:27:51 -0400] "GET /portfolio/this-is-how-you-spend-the-perfect-weekend-2/ HTTP/1.1" 200 14414 "-" "Mozilla/5.0 (compatible; AhrefsBot/7.0; +http://ahrefs.com/robot/)"
66.249.73.12 - - [06/Oct/2025:08:28:14 -0400] "GET /products5031224?kg=0004969949 HTTP/1.1" 200 28757 "-" "Mozilla/5.0 (Linux; Android 6.0.1; Nexus 5X Build/MMB29P) AppleWebKit/537.36 (KHTML, like Gecko) Chrome/140.0.7339.207 Mobile Safari/537.36 (compatible; Googlebot/2.1; +http://www.google.com/bot.html)"
62.60.130.228 - - [06/Oct/2025:08:28:11 -0400] "GET /wp-login.php HTTP/1.1" 200 2083 "https://www.facebook.com/" "Mozilla/5.0 (X11; Linux x86_64) AppleWebKit/537.36 (KHTML, like Gecko) Chrome/120.0.6099.130 Safari/537.36"
66.249.73.12 - - [06/Oct/2025:08:25:52 -0400] "GET /ctg/search/similarImageSearchResultView/?ctgItemCd=80770 HTTP/1.1" 200 29133 "-" "Mozilla/5.0 (Linux; Android 6.0.1; Nexus 5X Build/MMB29P) AppleWebKit/537.36 (KHTML, like Gecko) Chrome/140.0.7339.207 Mobile Safari/537.36 (compatible; Googlebot/2.1; +http://www.google.com/bot.html)"
216.73.216.221 - - [06/Oct/2025:08:26:02 -0400] "GET /products135577114?kg=0133923816 HTTP/1.1" 404 9742 "-" "Mozilla/5.0 AppleWebKit/537.36 (KHTML, like Gecko; compatible; ClaudeBot/1.0; +claudebot@anthropic.com)"
185.61.153.107 - - [06/Oct/2025:08:27:50 -0400] "POST /wp-cron.php?doing_wp_cron=1759753670.0132908821105957031250 HTTP/1.1" 200 0 "-" "WordPress/6.8.3; https://salhab360photos.com"
62.60.130.228 - - [06/Oct/2025:08:28:05 -0400] "GET /wp-login.php HTTP/1.1" 200 2083 "https://www.facebook.com/" "Mozilla/5.0 (Macintosh; Intel Mac OS X 12_6_2) AppleWebKit/605.1.15 (KHTML, like Gecko) Version/16.6.1 Safari/605.1.15"
66.249.73.11 - - [06/Oct/2025:08:28:11 -0400] "GET /products5030094?kg=0004968834 HTTP/1.1" 200 29177 "-" "Mozilla/5.0 (Linux; Android 6.0.1; Nexus 5X Build/MMB29P) AppleWebKit/537.36 (KHTML, like Gecko) Chrome/140.0.7339.207 Mobile Safari/537.36 (compatible; Googlebot/2.1; +http://www.google.com/bot.html)"
185.61.153.107 - - [06/Oct/2025:08:28:15 -0400] "POST /wp-cron.php?doing_wp_cron=1759753695.8104639053344726562500 HTTP/1.1" 200 0 "-" "WordPress/6.8.3; https://salhab360photos.com"
66.249.73.11 - - [06/Oct/2025:08:28:19 -0400] "GET /products5030162?kg=0004968900 HTTP/1.1" 200 28838 "-" "Mozilla/5.0 (Linux; Android 6.0.1; Nexus 5X Build/MMB29P) AppleWebKit/537.36 (KHTML, like Gecko) Chrome/140.0.7339.207 Mobile Safari/537.36 (compatible; Googlebot/2.1; +http://www.google.com/bot.html)"
216.73.216.221 - - [06/Oct/2025:08:28:20 -0400] "GET /products234663860?kg=0231802187 HTTP/1.1" 404 9741 "-" "Mozilla/5.0 AppleWebKit/537.36 (KHTML, like Gecko; compatible; ClaudeBot/1.0; +claudebot@anthropic.com)"
66.249.73.11 - - [06/Oct/2025:08:29:25 -0400] "GET /products5032996?kg=0004971699 HTTP/1.1" 200 28976 "-" "Mozilla/5.0 (Linux; Android 6.0.1; Nexus 5X Build/MMB29P) AppleWebKit/537.36 (KHTML, like Gecko) Chrome/140.0.7339.207 Mobile Safari/537.36 (compatible; Googlebot/2.1; +http://www.google.com/bot.html)"
185.61.153.107 - - [06/Oct/2025:08:29:51 -0400] "POST /wp-cron.php?doing_wp_cron=1759753791.1230399608612060546875 HTTP/1.1" 200 0 "-" "WordPress/6.8.3; https://salhab360photos.com"
66.249.73.10 - - [06/Oct/2025:08:30:01 -0400] "GET /products5031648?kg=0004970369 HTTP/1.1" 200 29055 "-" "Mozilla/5.0 (Linux; Android 6.0.1; Nexus 5X Build/MMB29P) AppleWebKit/537.36 (KHTML, like Gecko) Chrome/140.0.7339.207 Mobile Safari/537.36 (compatible; Googlebot/2.1; +http://www.google.com/bot.html)"
216.73.216.221 - - [06/Oct/2025:08:30:06 -0400] "GET /products234616920?kg=0231755821 HTTP/1.1" 404 9731 "-" "Mozilla/5.0 AppleWebKit/537.36 (KHTML, like Gecko; compatible; ClaudeBot/1.0; +claudebot@anthropic.com)"
185.61.153.107 - - [06/Oct/2025:08:30:17 -0400] "POST /wp-cron.php?doing_wp_cron=1759753817.1158339977264404296875 HTTP/1.1" 200 0 "-" "WordPress/6.8.3; https://salhab360photos.com"
216.73.216.221 - - [06/Oct/2025:08:30:12 -0400] "GET /products135585902?kg=0133932498 HTTP/1.1" 404 9733 "-" "Mozilla/5.0 AppleWebKit/537.36 (KHTML, like Gecko; compatible; ClaudeBot/1.0; +claudebot@anthropic.com)"
66.249.73.11 - - [06/Oct/2025:08:30:24 -0400] "GET /products5217492?kg=0005153947 HTTP/1.1" 200 28709 "-" "Mozilla/5.0 (Linux; Android 6.0.1; Nexus 5X Build/MMB29P) AppleWebKit/537.36 (KHTML, like Gecko) Chrome/140.0.7339.207 Mobile Safari/537.36 (compatible; Googlebot/2.1; +http://www.google.com/bot.html)"
216.73.216.221 - - [06/Oct/2025:08:30:21 -0400] "GET /products135556004?kg=0133902963 HTTP/1.1" 404 9739 "-" "Mozilla/5.0 AppleWebKit/537.36 (KHTML, like Gecko; compatible; ClaudeBot/1.0; +claudebot@anthropic.com)"
62.60.130.228 - - [06/Oct/2025:08:28:16 -0400] "GET /wp-admin/ HTTP/1.1" 302 0 "-" "Mozilla/5.0 (Windows NT 10.0; Win64; x64) AppleWebKit/537.36 (KHTML, like Gecko) Chrome/121.0.0.0 Safari/537.36 Edg/121.0.2277.83"
62.60.130.228 - - [06/Oct/2025:08:28:24 -0400] "GET /wp-login.php?redirect_to=https%3A%2F%2Fsalhab360photos.com%2Fwp-admin%2F&reauth=1 HTTP/1.1" 200 2095 "-" "Mozilla/5.0 (Windows NT 10.0; Win64; x64) AppleWebKit/537.36 (KHTML, like Gecko) Chrome/121.0.0.0 Safari/537.36 Edg/121.0.2277.83"
216.73.216.221 - - [06/Oct/2025:08:28:42 -0400] "GET /products113514072?kg=0112129837 HTTP/1.1" 404 9739 "-" "Mozilla/5.0 AppleWebKit/537.36 (KHTML, like Gecko; compatible; ClaudeBot/1.0; +claudebot@anthropic.com)"
66.249.73.11 - - [06/Oct/2025:08:29:36 -0400] "GET /products5031684?kg=0004970403 HTTP/1.1" 200 28920 "-" "Mozilla/5.0 (Linux; Android 6.0.1; Nexus 5X Build/MMB29P) AppleWebKit/537.36 (KHTML, like Gecko) Chrome/140.0.7339.207 Mobile Safari/537.36 (compatible; Googlebot/2.1; +http://www.google.com/bot.html)"
51.195.244.95 - - [06/Oct/2025:08:29:48 -0400] "GET /portfolio/panoramic-pictures-2/ HTTP/1.1" 200 16166 "-" "Mozilla/5.0 (compatible; AhrefsBot/7.0; +http://ahrefs.com/robot/)"
66.249.73.10 - - [06/Oct/2025:08:30:01 -0400] "GET /products5032914?kg=0004971620 HTTP/1.1" 200 28775 "-" "Mozilla/5.0 (Linux; Android 6.0.1; Nexus 5X Build/MMB29P) AppleWebKit/537.36 (KHTML, like Gecko) Chrome/140.0.7339.207 Mobile Safari/537.36 (compatible; Googlebot/2.1; +http://www.google.com/bot.html)"
216.73.216.221 - - [06/Oct/2025:08:30:39 -0400] "GET /sitemap.xml HTTP/1.1" 200 5953 "-" "Mozilla/5.0 AppleWebKit/537.36 (KHTML, like Gecko; compatible; ClaudeBot/1.0; +claudebot@anthropic.com)"
66.249.73.10 - - [06/Oct/2025:08:30:40 -0400] "GET /products12303366?kg=0012153406 HTTP/1.1" 200 30837 "-" "Mozilla/5.0 (Linux; Android 6.0.1; Nexus 5X Build/MMB29P) AppleWebKit/537.36 (KHTML, like Gecko) Chrome/140.0.7339.207 Mobile Safari/537.36 (compatible; Googlebot/2.1; +http://www.google.com/bot.html)"
216.73.216.221 - - [06/Oct/2025:08:30:42 -0400] "GET /products236423106?kg=0233539980 HTTP/1.1" 404 9740 "-" "Mozilla/5.0 AppleWebKit/537.36 (KHTML, like Gecko; compatible; ClaudeBot/1.0; +claudebot@anthropic.com)"
216.73.216.221 - - [06/Oct/2025:08:30:48 -0400] "GET /products113505348?kg=0112121219 HTTP/1.1" 404 9739 "-" "Mozilla/5.0 AppleWebKit/537.36 (KHTML, like Gecko; compatible; ClaudeBot/1.0; +claudebot@anthropic.com)"
66.249.73.10 - - [06/Oct/2025:08:31:01 -0400] "GET /products5215364?kg=0005151843 HTTP/1.1" 200 29242 "-" "Mozilla/5.0 (Linux; Android 6.0.1; Nexus 5X Build/MMB29P) AppleWebKit/537.36 (KHTML, like Gecko) Chrome/140.0.7339.207 Mobile Safari/537.36 (compatible; Googlebot/2.1; +http://www.google.com/bot.html)"
66.249.90.201 - - [06/Oct/2025:08:31:04 -0400] "GET /wp-includes/css/dist/block-library/style.min.css?ver=6.8.3 HTTP/1.1" 200 14360 "https://salhab360photos.com/products13595960?kg=0013430237" "Mozilla/5.0 (X11; Linux x86_64) AppleWebKit/537.36 (KHTML, like Gecko) Chrome/139.0.7258.127 Safari/537.36"
66.249.90.201 - - [06/Oct/2025:08:31:04 -0400] "GET /wp-includes/js/jquery/jquery.min.js?ver=3.7.1 HTTP/1.1" 200 29744 "https://salhab360photos.com/products13595960?kg=0013430237" "Mozilla/5.0 (X11; Linux x86_64) AppleWebKit/537.36 (KHTML, like Gecko) Chrome/139.0.7258.127 Safari/537.36"
66.249.90.201 - - [06/Oct/2025:08:31:05 -0400] "GET /wp-includes/js/underscore.min.js?ver=6.8.3 HTTP/1.1" 200 7185 "https://salhab360photos.com/products13595960?kg=0013430237" "Mozilla/5.0 (X11; Linux x86_64) AppleWebKit/537.36 (KHTML, like Gecko) Chrome/139.0.7258.127 Safari/537.36"
66.249.90.201 - - [06/Oct/2025:08:31:05 -0400] "GET /wp-content/themes/acora/js/fwd/FWDScrollbar.js?ver=3.0 HTTP/1.1" 200 2240 "https://salhab360photos.com/products13595960?kg=0013430237" "Mozilla/5.0 (X11; Linux x86_64) AppleWebKit/537.36 (KHTML, like Gecko) Chrome/139.0.7258.127 Safari/537.36"
216.73.216.221 - - [06/Oct/2025:08:30:57 -0400] "GET /products176249902?kg=0174100594 HTTP/1.1" 404 9731 "-" "Mozilla/5.0 AppleWebKit/537.36 (KHTML, like Gecko; compatible; ClaudeBot/1.0; +claudebot@anthropic.com)"
66.249.90.201 - - [06/Oct/2025:08:30:58 -0400] "GET /products13595960?kg=0013430237 HTTP/1.1" 404 9741 "-" "Mozilla/5.0 (X11; Linux x86_64) AppleWebKit/537.36 (KHTML, like Gecko) Chrome/139.0.7258.127 Safari/537.36"
66.249.90.201 - - [06/Oct/2025:08:31:04 -0400] "GET /wp-content/themes/acora/style.css?ver=3.0 HTTP/1.1" 200 333 "https://salhab360photos.com/products13595960?kg=0013430237" "Mozilla/5.0 (X11; Linux x86_64) AppleWebKit/537.36 (KHTML, like Gecko) Chrome/139.0.7258.127 Safari/537.36"
66.249.90.201 - - [06/Oct/2025:08:31:07 -0400] "GET /wp-content/themes/acora/js/front.js?ver=3.0 HTTP/1.1" 200 8391 "https://salhab360photos.com/products13595960?kg=0013430237" "Mozilla/5.0 (X11; Linux x86_64) AppleWebKit/537.36 (KHTML, like Gecko) Chrome/139.0.7258.127 Safari/537.36"
66.249.90.201 - - [06/Oct/2025:08:31:07 -0400] "GET /wp-content/themes/acora/js/vertical_menu.js?ver=3.0 HTTP/1.1" 200 2465 "https://salhab360photos.com/products13595960?kg=0013430237" "Mozilla/5.0 (X11; Linux x86_64) AppleWebKit/537.36 (KHTML, like Gecko) Chrome/139.0.7258.127 Safari/537.36"
66.249.90.201 - - [06/Oct/2025:08:31:08 -0400] "GET /wp-content/themes/acora/js/fwd/FWDUtils.js?ver=3.0 HTTP/1.1" 200 2140 "https://salhab360photos.com/products13595960?kg=0013430237" "Mozilla/5.0 (X11; Linux x86_64) AppleWebKit/537.36 (KHTML, like Gecko) Chrome/139.0.7258.127 Safari/537.36"
66.249.90.201 - - [06/Oct/2025:08:31:10 -0400] "GET /wp-content/themes/acora/js/fwd/FWDAnimation.js?ver=3.0 HTTP/1.1" 200 35832 "https://salhab360photos.com/products13595960?kg=0013430237" "Mozilla/5.0 (X11; Linux x86_64) AppleWebKit/537.36 (KHTML, like Gecko) Chrome/139.0.7258.127 Safari/537.36"
66.249.90.201 - - [06/Oct/2025:08:31:11 -0400] "GET /wp-includes/js/jquery/jquery-migrate.min.js?ver=3.4.1 HTTP/1.1" 200 4678 "https://salhab360photos.com/products13595960?kg=0013430237" "Mozilla/5.0 (X11; Linux x86_64) AppleWebKit/537.36 (KHTML, like Gecko) Chrome/139.0.7258.127 Safari/537.36"
66.249.90.201 - - [06/Oct/2025:08:31:13 -0400] "GET /wp-content/themes/acora/js/fwd/FWDShare.js?ver=3.0 HTTP/1.1" 200 6623 "https://salhab360photos.com/products13595960?kg=0013430237" "Mozilla/5.0 (X11; Linux x86_64) AppleWebKit/537.36 (KHTML, like Gecko) Chrome/139.0.7258.127 Safari/537.36"
66.249.90.201 - - [06/Oct/2025:08:31:14 -0400] "GET /wp-content/themes/acora/js/menu.js?ver=3.0 HTTP/1.1" 200 4091 "https://salhab360photos.com/products13595960?kg=0013430237" "Mozilla/5.0 (X11; Linux x86_64) AppleWebKit/537.36 (KHTML, like Gecko) Chrome/139.0.7258.127 Safari/537.36"
66.249.90.201 - - [06/Oct/2025:08:31:16 -0400] "GET /wp-content/themes/acora/css/style.css?ver=3.0 HTTP/1.1" 200 42248 "https://salhab360photos.com/products13595960?kg=0013430237" "Mozilla/5.0 (X11; Linux x86_64) AppleWebKit/537.36 (KHTML, like Gecko) Chrome/139.0.7258.127 Safari/537.36"
66.249.90.201 - - [06/Oct/2025:08:31:17 -0400] "GET /wp-content/themes/acora/js/fwd/fwdigp/FWDIGP.js?ver=3.0 HTTP/1.1" 200 65444 "https://salhab360photos.com/products13595960?kg=0013430237" "Mozilla/5.0 (X11; Linux x86_64) AppleWebKit/537.36 (KHTML, like Gecko) Chrome/139.0.7258.127 Safari/537.36"
66.249.90.201 - - [06/Oct/2025:08:31:18 -0400] "GET /wp-content/themes/acora/js/fwd/fwdsisc/FWDSISC.js?ver=3.0 HTTP/1.1" 200 68111 "https://salhab360photos.com/products13595960?kg=0013430237" "Mozilla/5.0 (X11; Linux x86_64) AppleWebKit/537.36 (KHTML, like Gecko) Chrome/139.0.7258.127 Safari/537.36"
66.249.90.201 - - [06/Oct/2025:08:31:19 -0400] "GET /wp-content/themes/acora/js/fwd/fwdevp/FWDEVPlayer.js?ver=3.0 HTTP/1.1" 200 119748 "https://salhab360photos.com/products13595960?kg=0013430237" "Mozilla/5.0 (X11; Linux x86_64) AppleWebKit/537.36 (KHTML, like Gecko) Chrome/139.0.7258.127 Safari/537.36"
66.249.90.201 - - [06/Oct/2025:08:31:09 -0400] "GET /wp-content/themes/acora/css/fwdicon.css?ver=3.0 HTTP/1.1" 200 1143 "https://salhab360photos.com/products13595960?kg=0013430237" "Mozilla/5.0 (X11; Linux x86_64) AppleWebKit/537.36 (KHTML, like Gecko) Chrome/139.0.7258.127 Safari/537.36"
66.249.90.201 - - [06/Oct/2025:08:31:10 -0400] "GET /wp-content/themes/acora/js/libs/jquery_easing.js?ver=1.3 HTTP/1.1" 200 732 "https://salhab360photos.com/products13595960?kg=0013430237" "Mozilla/5.0 (X11; Linux x86_64) AppleWebKit/537.36 (KHTML, like Gecko) Chrome/139.0.7258.127 Safari/537.36"
66.249.90.201 - - [06/Oct/2025:08:31:12 -0400] "GET /wp-content/uploads/2022/12/logo-1.png HTTP/1.1" 200 4058 "https://salhab360photos.com/products13595960?kg=0013430237" "Mozilla/5.0 (X11; Linux x86_64) AppleWebKit/537.36 (KHTML, like Gecko) Chrome/139.0.7258.127 Safari/537.36"
66.249.90.201 - - [06/Oct/2025:08:31:14 -0400] "GET /wp-content/themes/acora/css/global.css?ver=3.0 HTTP/1.1" 200 3091 "https://salhab360photos.com/products13595960?kg=0013430237" "Mozilla/5.0 (X11; Linux x86_64) AppleWebKit/537.36 (KHTML, like Gecko) Chrome/139.0.7258.127 Safari/537.36"
66.249.90.201 - - [06/Oct/2025:08:31:15 -0400] "GET /wp-content/themes/acora/js/fwd/fwdgg/FWDGG.js?ver=3.0 HTTP/1.1" 200 27195 "https://salhab360photos.com/products13595960?kg=0013430237" "Mozilla/5.0 (X11; Linux x86_64) AppleWebKit/537.36 (KHTML, like Gecko) Chrome/139.0.7258.127 Safari/537.36"
66.249.90.201 - - [06/Oct/2025:08:31:16 -0400] "GET /wp-content/themes/acora/js/fwd/fwdvs/FWDVS.js?ver=3.0 HTTP/1.1" 200 32338 "https://salhab360photos.com/products13595960?kg=0013430237" "Mozilla/5.0 (X11; Linux x86_64) AppleWebKit/537.36 (KHTML, like Gecko) Chrome/139.0.7258.127 Safari/537.36"
66.249.90.201 - - [06/Oct/2025:08:31:17 -0400] "GET /wp-content/themes/acora/js/fwd/fwdhs/FWDHS.js?ver=3.0 HTTP/1.1" 200 22453 "https://salhab360photos.com/products13595960?kg=0013430237" "Mozilla/5.0 (X11; Linux x86_64) AppleWebKit/537.36 (KHTML, like Gecko) Chrome/139.0.7258.127 Safari/537.36"
66.249.90.201 - - [06/Oct/2025:08:31:19 -0400] "GET /wp-content/plugins/acora-settings//js/front.js?ver=3.0 HTTP/1.1" 200 1440 "https://salhab360photos.com/products13595960?kg=0013430237" "Mozilla/5.0 (X11; Linux x86_64) AppleWebKit/537.36 (KHTML, like Gecko) Chrome/139.0.7258.127 Safari/537.36"
66.249.90.201 - - [06/Oct/2025:08:31:20 -0400] "GET /wp-content/themes/acora/js/fwd/fwdsi/FWDSI.js?ver=3.0 HTTP/1.1" 200 11195 "https://salhab360photos.com/products13595960?kg=0013430237" "Mozilla/5.0 (X11; Linux x86_64) AppleWebKit/537.36 (KHTML, like Gecko) Chrome/139.0.7258.127 Safari/537.36"
66.249.90.201 - - [06/Oct/2025:08:31:21 -0400] "GET /wp-includes/js/wp-emoji-release.min.js?ver=6.8.3 HTTP/1.1" 200 4769 "https://salhab360photos.com/products13595960?kg=0013430237" "Mozilla/5.0 (X11; Linux x86_64) AppleWebKit/537.36 (KHTML, like Gecko) Chrome/139.0.7258.127 Safari/537.36"
66.249.73.11 - - [06/Oct/2025:08:32:13 -0400] "GET /products4623246?kg=0004566946 HTTP/1.1" 200 28769 "-" "Mozilla/5.0 (Linux; Android 6.0.1; Nexus 5X Build/MMB29P) AppleWebKit/537.36 (KHTML, like Gecko) Chrome/140.0.7339.207 Mobile Safari/537.36 (compatible; Googlebot/2.1; +http://www.google.com/bot.html)"
216.73.216.221 - - [06/Oct/2025:08:32:07 -0400] "GET /products234654512?kg=0231792953 HTTP/1.1" 404 9740 "-" "Mozilla/5.0 AppleWebKit/537.36 (KHTML, like Gecko; compatible; ClaudeBot/1.0; +claudebot@anthropic.com)"
185.61.153.107 - - [06/Oct/2025:08:32:17 -0400] "POST /wp-cron.php?doing_wp_cron=1759753937.5269279479980468750000 HTTP/1.1" 200 0 "-" "WordPress/6.8.3; https://salhab360photos.com"
216.73.216.221 - - [06/Oct/2025:08:32:15 -0400] "GET /products234627584?kg=0231766353 HTTP/1.1" 404 9740 "-" "Mozilla/5.0 AppleWebKit/537.36 (KHTML, like Gecko; compatible; ClaudeBot/1.0; +claudebot@anthropic.com)"
216.73.216.221 - - [06/Oct/2025:08:32:35 -0400] "GET /products46048080?kg=0045486601 HTTP/1.1" 404 9739 "-" "Mozilla/5.0 AppleWebKit/537.36 (KHTML, like Gecko; compatible; ClaudeBot/1.0; +claudebot@anthropic.com)"
66.249.90.201 - - [06/Oct/2025:08:31:21 -0400] "GET /wp-content/themes/acora/fonts/fwdicon.ttf?hojdd7 HTTP/1.1" 200 39272 "https://salhab360photos.com/wp-content/themes/acora/css/fwdicon.css?ver=3.0" "Mozilla/5.0 (X11; Linux x86_64) AppleWebKit/537.36 (KHTML, like Gecko) Chrome/139.0.7258.127 Safari/537.36"
185.61.153.107 - - [06/Oct/2025:08:31:24 -0400] "POST /wp-cron.php?doing_wp_cron=1759753883.8183240890502929687500 HTTP/1.1" 200 0 "-" "WordPress/6.8.3; https://salhab360photos.com"
66.249.90.201 - - [06/Oct/2025:08:31:22 -0400] "POST /wp-admin/admin-ajax.php HTTP/1.1" 200 1967 "https://salhab360photos.com/products13595960?kg=0013430237" "Mozilla/5.0 (X11; Linux x86_64) AppleWebKit/537.36 (KHTML, like Gecko) Chrome/139.0.7258.127 Safari/537.36"
216.73.216.221 - - [06/Oct/2025:08:31:33 -0400] "GET /products234378596?kg=0231520403 HTTP/1.1" 404 9743 "-" "Mozilla/5.0 AppleWebKit/537.36 (KHTML, like Gecko; compatible; ClaudeBot/1.0; +claudebot@anthropic.com)"
66.249.73.10 - - [06/Oct/2025:08:31:39 -0400] "GET /ctg/search/similarImageSearchResultView/?ctgItemCd=151298 HTTP/1.1" 200 29332 "-" "Mozilla/5.0 (Linux; Android 6.0.1; Nexus 5X Build/MMB29P) AppleWebKit/537.36 (KHTML, like Gecko) Chrome/140.0.7339.207 Mobile Safari/537.36 (compatible; Googlebot/2.1; +http://www.google.com/bot.html)"
198.244.240.246 - - [06/Oct/2025:08:32:05 -0400] "GET /portfolio/horizontal-fluid-width-full-images/ HTTP/1.1" 200 14386 "-" "Mozilla/5.0 (compatible; AhrefsBot/7.0; +http://ahrefs.com/robot/)"
66.249.73.10 - - [06/Oct/2025:08:32:15 -0400] "GET /products4624358?kg=0004568046 HTTP/1.1" 200 29047 "-" "Mozilla/5.0 (Linux; Android 6.0.1; Nexus 5X Build/MMB29P) AppleWebKit/537.36 (KHTML, like Gecko) Chrome/140.0.7339.207 Mobile Safari/537.36 (compatible; Googlebot/2.1; +http://www.google.com/bot.html)"
216.73.216.221 - - [06/Oct/2025:08:32:18 -0400] "GET /products135590804?kg=0133937339 HTTP/1.1" 404 9742 "-" "Mozilla/5.0 AppleWebKit/537.36 (KHTML, like Gecko; compatible; ClaudeBot/1.0; +claudebot@anthropic.com)"
66.249.73.11 - - [06/Oct/2025:08:32:29 -0400] "GET /products4625292?kg=0004568967 HTTP/1.1" 200 30171 "-" "Mozilla/5.0 (Linux; Android 6.0.1; Nexus 5X Build/MMB29P) AppleWebKit/537.36 (KHTML, like Gecko) Chrome/140.0.7339.207 Mobile Safari/537.36 (compatible; Googlebot/2.1; +http://www.google.com/bot.html)"
216.73.216.221 - - [06/Oct/2025:08:32:43 -0400] "GET /products188525498?kg=0186226488 HTTP/1.1" 404 9740 "-" "Mozilla/5.0 AppleWebKit/537.36 (KHTML, like Gecko; compatible; ClaudeBot/1.0; +claudebot@anthropic.com)"
216.73.216.221 - - [06/Oct/2025:08:32:58 -0400] "GET /products188506802?kg=0186208020 HTTP/1.1" 404 9739 "-" "Mozilla/5.0 AppleWebKit/537.36 (KHTML, like Gecko; compatible; ClaudeBot/1.0; +claudebot@anthropic.com)"
185.61.153.107 - - [06/Oct/2025:08:33:14 -0400] "POST /wp-cron.php?doing_wp_cron=1759753994.5145280361175537109375 HTTP/1.1" 200 0 "-" "WordPress/6.8.3; https://salhab360photos.com"
216.73.216.221 - - [06/Oct/2025:08:33:10 -0400] "GET /products83743242?kg=0082722064 HTTP/1.1" 404 9740 "-" "Mozilla/5.0 AppleWebKit/537.36 (KHTML, like Gecko; compatible; ClaudeBot/1.0; +claudebot@anthropic.com)"
216.73.216.221 - - [06/Oct/2025:08:33:16 -0400] "GET /products46048530?kg=0045487044 HTTP/1.1" 404 9742 "-" "Mozilla/5.0 AppleWebKit/537.36 (KHTML, like Gecko; compatible; ClaudeBot/1.0; +claudebot@anthropic.com)"
216.73.216.221 - - [06/Oct/2025:08:33:42 -0400] "GET /products173426114?kg=0171311244 HTTP/1.1" 404 9742 "-" "Mozilla/5.0 AppleWebKit/537.36 (KHTML, like Gecko; compatible; ClaudeBot/1.0; +claudebot@anthropic.com)"
66.249.73.10 - - [06/Oct/2025:08:33:58 -0400] "GET /products5055428?kg=0004993859 HTTP/1.1" 200 28909 "-" "Mozilla/5.0 (Linux; Android 6.0.1; Nexus 5X Build/MMB29P) AppleWebKit/537.36 (KHTML, like Gecko) Chrome/140.0.7339.207 Mobile Safari/537.36 (compatible; Googlebot/2.1; +http://www.google.com/bot.html)"
216.73.216.221 - - [06/Oct/2025:08:32:46 -0400] "GET /products62134438?kg=0061376782 HTTP/1.1" 404 9740 "-" "Mozilla/5.0 AppleWebKit/537.36 (KHTML, like Gecko; compatible; ClaudeBot/1.0; +claudebot@anthropic.com)"
66.249.73.10 - - [06/Oct/2025:08:32:54 -0400] "GET /products4622304?kg=0004566017 HTTP/1.1" 200 29128 "-" "Mozilla/5.0 (Linux; Android 6.0.1; Nexus 5X Build/MMB29P) AppleWebKit/537.36 (KHTML, like Gecko) Chrome/140.0.7339.207 Mobile Safari/537.36 (compatible; Googlebot/2.1; +http://www.google.com/bot.html)"
216.73.216.221 - - [06/Oct/2025:08:32:52 -0400] "GET /products188479424?kg=0186180977 HTTP/1.1" 404 9741 "-" "Mozilla/5.0 AppleWebKit/537.36 (KHTML, like Gecko; compatible; ClaudeBot/1.0; +claudebot@anthropic.com)"
216.73.216.221 - - [06/Oct/2025:08:33:04 -0400] "GET /products83693496?kg=0082672925 HTTP/1.1" 404 9740 "-" "Mozilla/5.0 AppleWebKit/537.36 (KHTML, like Gecko; compatible; ClaudeBot/1.0; +claudebot@anthropic.com)"
216.73.216.221 - - [06/Oct/2025:08:33:21 -0400] "GET /products188527562?kg=0186228528 HTTP/1.1" 404 9741 "-" "Mozilla/5.0 AppleWebKit/537.36 (KHTML, like Gecko; compatible; ClaudeBot/1.0; +claudebot@anthropic.com)"
66.249.73.11 - - [06/Oct/2025:08:33:28 -0400] "GET /products5052466?kg=0004990932 HTTP/1.1" 200 29092 "-" "Mozilla/5.0 (Linux; Android 6.0.1; Nexus 5X Build/MMB29P) AppleWebKit/537.36 (KHTML, like Gecko) Chrome/140.0.7339.207 Mobile Safari/537.36 (compatible; Googlebot/2.1; +http://www.google.com/bot.html)"
66.249.73.12 - - [06/Oct/2025:08:33:30 -0400] "GET /products5055628?kg=0004994055 HTTP/1.1" 200 28953 "-" "Mozilla/5.0 (Linux; Android 6.0.1; Nexus 5X Build/MMB29P) AppleWebKit/537.36 (KHTML, like Gecko) Chrome/140.0.7339.207 Mobile Safari/537.36 (compatible; Googlebot/2.1; +http://www.google.com/bot.html)"
216.73.216.221 - - [06/Oct/2025:08:33:27 -0400] "GET /products62173762?kg=0061415628 HTTP/1.1" 404 9734 "-" "Mozilla/5.0 AppleWebKit/537.36 (KHTML, like Gecko; compatible; ClaudeBot/1.0; +claudebot@anthropic.com)"
66.249.73.11 - - [06/Oct/2025:08:33:31 -0400] "GET /products5053132?kg=0004991591 HTTP/1.1" 200 30001 "-" "Mozilla/5.0 (Linux; Android 6.0.1; Nexus 5X Build/MMB29P) AppleWebKit/537.36 (KHTML, like Gecko) Chrome/140.0.7339.207 Mobile Safari/537.36 (compatible; Googlebot/2.1; +http://www.google.com/bot.html)"
216.73.216.221 - - [06/Oct/2025:08:33:34 -0400] "GET /products62186044?kg=0061427759 HTTP/1.1" 404 9740 "-" "Mozilla/5.0 AppleWebKit/537.36 (KHTML, like Gecko; compatible; ClaudeBot/1.0; +claudebot@anthropic.com)"
66.249.73.10 - - [06/Oct/2025:08:33:50 -0400] "GET /products5054694?kg=0004993134 HTTP/1.1" 200 29227 "-" "Mozilla/5.0 (Linux; Android 6.0.1; Nexus 5X Build/MMB29P) AppleWebKit/537.36 (KHTML, like Gecko) Chrome/140.0.7339.207 Mobile Safari/537.36 (compatible; Googlebot/2.1; +http://www.google.com/bot.html)"
216.73.216.221 - - [06/Oct/2025:08:33:52 -0400] "GET /products62176696?kg=0061418525 HTTP/1.1" 404 9742 "-" "Mozilla/5.0 AppleWebKit/537.36 (KHTML, like Gecko; compatible; ClaudeBot/1.0; +claudebot@anthropic.com)"
66.249.73.10 - - [06/Oct/2025:08:33:59 -0400] "GET /products4228298?kg=0004176816 HTTP/1.1" 200 29064 "-" "Mozilla/5.0 (Linux; Android 6.0.1; Nexus 5X Build/MMB29P) AppleWebKit/537.36 (KHTML, like Gecko) Chrome/140.0.7339.207 Mobile Safari/537.36 (compatible; Googlebot/2.1; +http://www.google.com/bot.html)"
54.38.147.8 - - [06/Oct/2025:08:33:59 -0400] "GET /portfolio/horizontal-fullscreen-full-images/ HTTP/1.1" 200 14385 "-" "Mozilla/5.0 (compatible; AhrefsBot/7.0; +http://ahrefs.com/robot/)"
66.249.73.10 - - [06/Oct/2025:08:34:10 -0400] "GET /products4229646?kg=0004178146 HTTP/1.1" 200 29432 "-" "Mozilla/5.0 (Linux; Android 6.0.1; Nexus 5X Build/MMB29P) AppleWebKit/537.36 (KHTML, like Gecko) Chrome/140.0.7339.207 Mobile Safari/537.36 (compatible; Googlebot/2.1; +http://www.google.com/bot.html)"
216.73.216.221 - - [06/Oct/2025:08:34:09 -0400] "GET /products83693514?kg=0082672944 HTTP/1.1" 404 9730 "-" "Mozilla/5.0 AppleWebKit/537.36 (KHTML, like Gecko; compatible; ClaudeBot/1.0; +claudebot@anthropic.com)"
185.61.153.107 - - [06/Oct/2025:08:34:23 -0400] "POST /wp-cron.php?doing_wp_cron=1759754063.3201670646667480468750 HTTP/1.1" 200 0 "-" "WordPress/6.8.3; https://salhab360photos.com"
216.73.216.221 - - [06/Oct/2025:08:34:19 -0400] "GET /products83686002?kg=0082665524 HTTP/1.1" 404 9744 "-" "Mozilla/5.0 AppleWebKit/537.36 (KHTML, like Gecko; compatible; ClaudeBot/1.0; +claudebot@anthropic.com)"
66.249.73.10 - - [06/Oct/2025:08:34:27 -0400] "GET /products4226968?kg=0004175501 HTTP/1.1" 200 29141 "-" "Mozilla/5.0 (Linux; Android 6.0.1; Nexus 5X Build/MMB29P) AppleWebKit/537.36 (KHTML, like Gecko) Chrome/140.0.7339.207 Mobile Safari/537.36 (compatible; Googlebot/2.1; +http://www.google.com/bot.html)"
216.73.216.221 - - [06/Oct/2025:08:34:29 -0400] "GET /products83734058?kg=0082712992 HTTP/1.1" 404 9741 "-" "Mozilla/5.0 AppleWebKit/537.36 (KHTML, like Gecko; compatible; ClaudeBot/1.0; +claudebot@anthropic.com)"
66.249.73.10 - - [06/Oct/2025:08:34:47 -0400] "GET /products5217692?kg=0005154143 HTTP/1.1" 200 28808 "-" "Mozilla/5.0 (Linux; Android 6.0.1; Nexus 5X Build/MMB29P) AppleWebKit/537.36 (KHTML, like Gecko) Chrome/140.0.7339.207 Mobile Safari/537.36 (compatible; Googlebot/2.1; +http://www.google.com/bot.html)"
216.73.216.221 - - [06/Oct/2025:08:34:57 -0400] "GET /products62157932?kg=0061399991 HTTP/1.1" 404 9739 "-" "Mozilla/5.0 AppleWebKit/537.36 (KHTML, like Gecko; compatible; ClaudeBot/1.0; +claudebot@anthropic.com)"
66.249.73.11 - - [06/Oct/2025:08:35:06 -0400] "GET /products4448988?kg=0004394815 HTTP/1.1" 200 29006 "-" "Mozilla/5.0 (Linux; Android 6.0.1; Nexus 5X Build/MMB29P) AppleWebKit/537.36 (KHTML, like Gecko) Chrome/140.0.7339.207 Mobile Safari/537.36 (compatible; Googlebot/2.1; +http://www.google.com/bot.html)"
185.61.153.107 - - [06/Oct/2025:08:35:14 -0400] "POST /wp-cron.php?doing_wp_cron=1759754114.2229468822479248046875 HTTP/1.1" 200 0 "-" "WordPress/6.8.3; https://salhab360photos.com"
216.73.216.221 - - [06/Oct/2025:08:35:09 -0400] "GET /products45992780?kg=0045431975 HTTP/1.1" 404 9742 "-" "Mozilla/5.0 AppleWebKit/537.36 (KHTML, like Gecko; compatible; ClaudeBot/1.0; +claudebot@anthropic.com)"
66.249.73.10 - - [06/Oct/2025:08:35:24 -0400] "GET /products5029912?kg=0004968653 HTTP/1.1" 200 31126 "-" "Mozilla/5.0 (Linux; Android 6.0.1; Nexus 5X Build/MMB29P) AppleWebKit/537.36 (KHTML, like Gecko) Chrome/140.0.7339.207 Mobile Safari/537.36 (compatible; Googlebot/2.1; +http://www.google.com/bot.html)"
66.249.73.10 - - [06/Oct/2025:08:35:29 -0400] "GET /products11604472?kg=0011463037 HTTP/1.1" 200 28604 "-" "Mozilla/5.0 (Linux; Android 6.0.1; Nexus 5X Build/MMB29P) AppleWebKit/537.36 (KHTML, like Gecko) Chrome/140.0.7339.207 Mobile Safari/537.36 (compatible; Googlebot/2.1; +http://www.google.com/bot.html)"
216.73.216.221 - - [06/Oct/2025:08:35:36 -0400] "GET /products62170842?kg=0061412744 HTTP/1.1" 404 9741 "-" "Mozilla/5.0 AppleWebKit/537.36 (KHTML, like Gecko; compatible; ClaudeBot/1.0; +claudebot@anthropic.com)"
66.249.73.10 - - [06/Oct/2025:08:35:58 -0400] "GET /products5626102?kg=0005557574 HTTP/1.1" 200 29438 "-" "Mozilla/5.0 (Linux; Android 6.0.1; Nexus 5X Build/MMB29P) AppleWebKit/537.36 (KHTML, like Gecko) Chrome/140.0.7339.207 Mobile Safari/537.36 (compatible; Googlebot/2.1; +http://www.google.com/bot.html)"
216.73.216.221 - - [06/Oct/2025:08:36:07 -0400] "GET /products188504966?kg=0186206206 HTTP/1.1" 404 9743 "-" "Mozilla/5.0 AppleWebKit/537.36 (KHTML, like Gecko; compatible; ClaudeBot/1.0; +claudebot@anthropic.com)"
3.8.152.165 - - [06/Oct/2025:08:36:42 -0400] "GET /index.html HTTP/1.1" 200 1404 "-" "Mozilla/5.0 (Windows NT 10.0; Win64; x64) AppleWebKit/537.36 (KHTML, like Gecko) Chrome/132.0.0.0 Safari/537.36 Edg/132.0.0.0"
46.101.70.221 - - [06/Oct/2025:08:36:42 -0400] "GET /index.html HTTP/1.1" 200 1404 "-" "Mozilla/5.0 (Windows NT 10.0; Win64; x64) AppleWebKit/537.36 (KHTML, like Gecko) Chrome/132.0.0.0 Safari/537.36 Edg/132.0.0.0"
216.73.216.221 - - [06/Oct/2025:08:34:02 -0400] "GET /products62127628?kg=0061370055 HTTP/1.1" 404 9744 "-" "Mozilla/5.0 AppleWebKit/537.36 (KHTML, like Gecko; compatible; ClaudeBot/1.0; +claudebot@anthropic.com)"
216.73.216.221 - - [06/Oct/2025:08:34:39 -0400] "GET /products188527344?kg=0186228313 HTTP/1.1" 404 9741 "-" "Mozilla/5.0 AppleWebKit/537.36 (KHTML, like Gecko; compatible; ClaudeBot/1.0; +claudebot@anthropic.com)"
66.249.73.10 - - [06/Oct/2025:08:34:48 -0400] "GET /products4448878?kg=0004394706 HTTP/1.1" 200 28973 "-" "Mozilla/5.0 (Linux; Android 6.0.1; Nexus 5X Build/MMB29P) AppleWebKit/537.36 (KHTML, like Gecko) Chrome/140.0.7339.207 Mobile Safari/537.36 (compatible; Googlebot/2.1; +http://www.google.com/bot.html)"
66.249.73.12 - - [06/Oct/2025:08:35:02 -0400] "GET /products4445676?kg=0004391543 HTTP/1.1" 200 28797 "-" "Mozilla/5.0 (Linux; Android 6.0.1; Nexus 5X Build/MMB29P) AppleWebKit/537.36 (KHTML, like Gecko) Chrome/140.0.7339.207 Mobile Safari/537.36 (compatible; Googlebot/2.1; +http://www.google.com/bot.html)"
216.73.216.221 - - [06/Oct/2025:08:35:22 -0400] "GET /products62176090?kg=0061417928 HTTP/1.1" 404 9740 "-" "Mozilla/5.0 AppleWebKit/537.36 (KHTML, like Gecko; compatible; ClaudeBot/1.0; +claudebot@anthropic.com)"
216.73.216.221 - - [06/Oct/2025:08:35:51 -0400] "GET /products188515986?kg=0186217092 HTTP/1.1" 404 9741 "-" "Mozilla/5.0 AppleWebKit/537.36 (KHTML, like Gecko; compatible; ClaudeBot/1.0; +claudebot@anthropic.com)"
66.249.73.11 - - [06/Oct/2025:08:36:04 -0400] "GET /ctg/search/similarImageSearchResultView/?ctgItemCd=3847 HTTP/1.1" 200 28917 "-" "Mozilla/5.0 (Linux; Android 6.0.1; Nexus 5X Build/MMB29P) AppleWebKit/537.36 (KHTML, like Gecko) Chrome/140.0.7339.207 Mobile Safari/537.36 (compatible; Googlebot/2.1; +http://www.google.com/bot.html)"
185.61.153.107 - - [06/Oct/2025:08:36:28 -0400] "POST /wp-cron.php?doing_wp_cron=1759754187.9134080410003662109375 HTTP/1.1" 200 0 "-" "WordPress/6.8.3; https://salhab360photos.com"
216.73.216.221 - - [06/Oct/2025:08:36:24 -0400] "GET /products83731840?kg=0082710801 HTTP/1.1" 404 9743 "-" "Mozilla/5.0 AppleWebKit/537.36 (KHTML, like Gecko; compatible; ClaudeBot/1.0; +claudebot@anthropic.com)"
164.90.241.135 - - [06/Oct/2025:08:36:42 -0400] "GET /index.html HTTP/1.1" 200 1404 "-" "Mozilla/5.0 (Windows NT 10.0; Win64; x64) AppleWebKit/537.36 (KHTML, like Gecko) Chrome/132.0.0.0 Safari/537.36 Edg/132.0.0.0"
174.138.112.39 - - [06/Oct/2025:08:36:43 -0400] "GET /index.html HTTP/1.1" 200 1404 "-" "Mozilla/5.0 (Windows NT 10.0; Win64; x64) AppleWebKit/537.36 (KHTML, like Gecko) Chrome/132.0.0.0 Safari/537.36 Edg/132.0.0.0"
216.73.216.221 - - [06/Oct/2025:08:36:39 -0400] "GET /products83743206?kg=0082722030 HTTP/1.1" 404 9742 "-" "Mozilla/5.0 AppleWebKit/537.36 (KHTML, like Gecko; compatible; ClaudeBot/1.0; +claudebot@anthropic.com)"
66.249.73.11 - - [06/Oct/2025:08:37:12 -0400] "GET /products5163166?kg=0005100282 HTTP/1.1" 200 28970 "-" "Mozilla/5.0 (Linux; Android 6.0.1; Nexus 5X Build/MMB29P) AppleWebKit/537.36 (KHTML, like Gecko) Chrome/140.0.7339.207 Mobile Safari/537.36 (compatible; Googlebot/2.1; +http://www.google.com/bot.html)"
198.244.242.233 - - [06/Oct/2025:08:37:08 -0400] "GET /products98868666?kg=0097663032 HTTP/1.1" 404 9740 "-" "Mozilla/5.0 (compatible; AhrefsBot/7.0; +http://ahrefs.com/robot/)"
185.61.153.107 - - [06/Oct/2025:08:37:16 -0400] "POST /wp-cron.php?doing_wp_cron=1759754236.3151431083679199218750 HTTP/1.1" 200 0 "-" "WordPress/6.8.3; https://salhab360photos.com"
216.73.216.221 - - [06/Oct/2025:08:37:09 -0400] "GET /products188475356?kg=0186176959 HTTP/1.1" 404 9740 "-" "Mozilla/5.0 AppleWebKit/537.36 (KHTML, like Gecko; compatible; ClaudeBot/1.0; +claudebot@anthropic.com)"
216.73.216.221 - - [06/Oct/2025:08:37:27 -0400] "GET /products46042922?kg=0045481504 HTTP/1.1" 404 9741 "-" "Mozilla/5.0 AppleWebKit/537.36 (KHTML, like Gecko; compatible; ClaudeBot/1.0; +claudebot@anthropic.com)"
66.249.73.10 - - [06/Oct/2025:08:36:46 -0400] "GET /products14742252?kg=0014562551 HTTP/1.1" 200 29317 "-" "Mozilla/5.0 (Linux; Android 6.0.1; Nexus 5X Build/MMB29P) AppleWebKit/537.36 (KHTML, like Gecko) Chrome/140.0.7339.207 Mobile Safari/537.36 (compatible; Googlebot/2.1; +http://www.google.com/bot.html)"
216.73.216.221 - - [06/Oct/2025:08:36:57 -0400] "GET /products83704616?kg=0082683909 HTTP/1.1" 404 9741 "-" "Mozilla/5.0 AppleWebKit/537.36 (KHTML, like Gecko; compatible; ClaudeBot/1.0; +claudebot@anthropic.com)"
66.249.73.10 - - [06/Oct/2025:08:37:29 -0400] "GET /products4996342?kg=0004935494 HTTP/1.1" 200 29038 "-" "Mozilla/5.0 (Linux; Android 6.0.1; Nexus 5X Build/MMB29P) AppleWebKit/537.36 (KHTML, like Gecko) Chrome/140.0.7339.207 Mobile Safari/537.36 (compatible; Googlebot/2.1; +http://www.google.com/bot.html)"
66.249.73.10 - - [06/Oct/2025:08:37:36 -0400] "GET /categories/11162684 HTTP/1.1" 200 29082 "-" "Mozilla/5.0 (Linux; Android 6.0.1; Nexus 5X Build/MMB29P) AppleWebKit/537.36 (KHTML, like Gecko) Chrome/140.0.7339.207 Mobile Safari/537.36 (compatible; Googlebot/2.1; +http://www.google.com/bot.html)"
216.73.216.221 - - [06/Oct/2025:08:38:04 -0400] "GET /products188503782?kg=0186205038 HTTP/1.1" 404 9739 "-" "Mozilla/5.0 AppleWebKit/537.36 (KHTML, like Gecko; compatible; ClaudeBot/1.0; +claudebot@anthropic.com)"
185.61.153.107 - - [06/Oct/2025:08:38:25 -0400] "POST /wp-cron.php?doing_wp_cron=1759754305.6101489067077636718750 HTTP/1.1" 200 0 "-" "WordPress/6.8.3; https://salhab360photos.com"
216.73.216.221 - - [06/Oct/2025:08:38:21 -0400] "GET /products188502452?kg=0186203723 HTTP/1.1" 404 9744 "-" "Mozilla/5.0 AppleWebKit/537.36 (KHTML, like Gecko; compatible; ClaudeBot/1.0; +claudebot@anthropic.com)"
66.249.73.11 - - [06/Oct/2025:08:38:27 -0400] "GET /categories/11100582 HTTP/1.1" 200 29240 "-" "Mozilla/5.0 (Linux; Android 6.0.1; Nexus 5X Build/MMB29P) AppleWebKit/537.36 (KHTML, like Gecko) Chrome/140.0.7339.207 Mobile Safari/537.36 (compatible; Googlebot/2.1; +http://www.google.com/bot.html)"
66.249.73.10 - - [06/Oct/2025:08:39:11 -0400] "GET /e/22 HTTP/1.1" 200 28930 "-" "Mozilla/5.0 (Linux; Android 6.0.1; Nexus 5X Build/MMB29P) AppleWebKit/537.36 (KHTML, like Gecko) Chrome/140.0.7339.207 Mobile Safari/537.36 (compatible; Googlebot/2.1; +http://www.google.com/bot.html)"
216.73.216.221 - - [06/Oct/2025:08:39:21 -0400] "GET /products188470800?kg=0186172457 HTTP/1.1" 404 9743 "-" "Mozilla/5.0 AppleWebKit/537.36 (KHTML, like Gecko; compatible; ClaudeBot/1.0; +claudebot@anthropic.com)"
216.73.216.221 - - [06/Oct/2025:08:39:39 -0400] "GET /products62142962?kg=0061385204 HTTP/1.1" 404 9741 "-" "Mozilla/5.0 AppleWebKit/537.36 (KHTML, like Gecko; compatible; ClaudeBot/1.0; +claudebot@anthropic.com)"
66.249.73.10 - - [06/Oct/2025:08:39:59 -0400] "GET /ctg/search/similarImageSearchResultView/?ctgItemCd=61573 HTTP/1.1" 200 28881 "-" "Mozilla/5.0 (Linux; Android 6.0.1; Nexus 5X Build/MMB29P) AppleWebKit/537.36 (KHTML, like Gecko) Chrome/140.0.7339.207 Mobile Safari/537.36 (compatible; Googlebot/2.1; +http://www.google.com/bot.html)"
216.73.216.221 - - [06/Oct/2025:08:40:01 -0400] "GET /products225122390?kg=0222377078 HTTP/1.1" 404 9741 "-" "Mozilla/5.0 AppleWebKit/537.36 (KHTML, like Gecko; compatible; ClaudeBot/1.0; +claudebot@anthropic.com)"
185.61.153.107 - - [06/Oct/2025:08:40:16 -0400] "POST /wp-cron.php?doing_wp_cron=1759754416.1127870082855224609375 HTTP/1.1" 200 0 "-" "WordPress/6.8.3; https://salhab360photos.com"
66.249.73.10 - - [06/Oct/2025:08:40:15 -0400] "GET /brand/3101 HTTP/1.1" 200 28866 "-" "Mozilla/5.0 (Linux; Android 6.0.1; Nexus 5X Build/MMB29P) AppleWebKit/537.36 (KHTML, like Gecko) Chrome/140.0.7339.207 Mobile Safari/537.36 (compatible; Googlebot/2.1; +http://www.google.com/bot.html)"
66.249.73.10 - - [06/Oct/2025:08:40:17 -0400] "GET /categories/1118696 HTTP/1.1" 200 29378 "-" "Mozilla/5.0 (Linux; Android 6.0.1; Nexus 5X Build/MMB29P) AppleWebKit/537.36 (KHTML, like Gecko) Chrome/140.0.7339.207 Mobile Safari/537.36 (compatible; Googlebot/2.1; +http://www.google.com/bot.html)"
216.73.216.221 - - [06/Oct/2025:08:37:45 -0400] "GET /products59454674?kg=0058729700 HTTP/1.1" 404 9731 "-" "Mozilla/5.0 AppleWebKit/537.36 (KHTML, like Gecko; compatible; ClaudeBot/1.0; +claudebot@anthropic.com)"
66.249.73.12 - - [06/Oct/2025:08:38:24 -0400] "GET /categories/11100692 HTTP/1.1" 200 29271 "-" "Mozilla/5.0 (Linux; Android 6.0.1; Nexus 5X Build/MMB29P) AppleWebKit/537.36 (KHTML, like Gecko) Chrome/140.0.7339.207 Mobile Safari/537.36 (compatible; Googlebot/2.1; +http://www.google.com/bot.html)"
216.73.216.221 - - [06/Oct/2025:08:38:40 -0400] "GET /products188471870?kg=0186173514 HTTP/1.1" 404 9740 "-" "Mozilla/5.0 AppleWebKit/537.36 (KHTML, like Gecko; compatible; ClaudeBot/1.0; +claudebot@anthropic.com)"
216.73.216.221 - - [06/Oct/2025:08:39:00 -0400] "GET /products59460086?kg=0058735046 HTTP/1.1" 404 9741 "-" "Mozilla/5.0 AppleWebKit/537.36 (KHTML, like Gecko; compatible; ClaudeBot/1.0; +claudebot@anthropic.com)"
66.249.73.11 - - [06/Oct/2025:08:39:19 -0400] "GET /e/10 HTTP/1.1" 200 28978 "-" "Mozilla/5.0 (Linux; Android 6.0.1; Nexus 5X Build/MMB29P) AppleWebKit/537.36 (KHTML, like Gecko) Chrome/140.0.7339.207 Mobile Safari/537.36 (compatible; Googlebot/2.1; +http://www.google.com/bot.html)"
185.61.153.107 - - [06/Oct/2025:08:39:26 -0400] "POST /wp-cron.php?doing_wp_cron=1759754366.1089949607849121093750 HTTP/1.1" 200 0 "-" "WordPress/6.8.3; https://salhab360photos.com"
66.249.73.10 - - [06/Oct/2025:08:39:27 -0400] "GET /e/15 HTTP/1.1" 200 29018 "-" "Mozilla/5.0 (Linux; Android 6.0.1; Nexus 5X Build/MMB29P) AppleWebKit/537.36 (KHTML, like Gecko) Chrome/140.0.7339.207 Mobile Safari/537.36 (compatible; Googlebot/2.1; +http://www.google.com/bot.html)"
66.249.73.10 - - [06/Oct/2025:08:39:36 -0400] "GET /products5099006?kg=0005036906 HTTP/1.1" 200 31674 "-" "Mozilla/5.0 (Linux; Android 6.0.1; Nexus 5X Build/MMB29P) AppleWebKit/537.36 (KHTML, like Gecko) Chrome/140.0.7339.207 Mobile Safari/537.36 (compatible; Googlebot/2.1; +http://www.google.com/bot.html)"
216.73.216.221 - - [06/Oct/2025:08:40:12 -0400] "GET /products83686376?kg=0082665893 HTTP/1.1" 404 9738 "-" "Mozilla/5.0 AppleWebKit/537.36 (KHTML, like Gecko; compatible; ClaudeBot/1.0; +claudebot@anthropic.com)"
216.73.216.221 - - [06/Oct/2025:08:40:34 -0400] "GET /products83677028?kg=0082656659 HTTP/1.1" 404 9741 "-" "Mozilla/5.0 AppleWebKit/537.36 (KHTML, like Gecko; compatible; ClaudeBot/1.0; +claudebot@anthropic.com)"
51.195.183.90 - - [06/Oct/2025:08:40:44 -0400] "GET /products98861656?kg=0097656109 HTTP/1.1" 404 9740 "-" "Mozilla/5.0 (compatible; AhrefsBot/7.0; +http://ahrefs.com/robot/)"
216.73.216.221 - - [06/Oct/2025:08:40:45 -0400] "GET /products83706046?kg=0082685322 HTTP/1.1" 404 9742 "-" "Mozilla/5.0 AppleWebKit/537.36 (KHTML, like Gecko; compatible; ClaudeBot/1.0; +claudebot@anthropic.com)"
216.73.216.221 - - [06/Oct/2025:08:41:07 -0400] "GET /products83702862?kg=0082682178 HTTP/1.1" 404 9741 "-" "Mozilla/5.0 AppleWebKit/537.36 (KHTML, like Gecko; compatible; ClaudeBot/1.0; +claudebot@anthropic.com)"
185.61.153.107 - - [06/Oct/2025:08:41:22 -0400] "POST /wp-cron.php?doing_wp_cron=1759754482.1107809543609619140625 HTTP/1.1" 200 0 "-" "WordPress/6.8.3; https://salhab360photos.com"
44.205.192.249 - - [06/Oct/2025:08:41:27 -0400] "GET /wp-content/uploads/2019/08/architect-05-h.jpg?168829 HTTP/1.1" 200 329785 "-" "Mozilla/5.0 AppleWebKit/537.36 (KHTML, like Gecko; compatible; Amazonbot/0.1; +https://developer.amazon.com/support/amazonbot) Chrome/119.0.6045.214 Safari/537.36"
216.73.216.221 - - [06/Oct/2025:08:42:02 -0400] "GET /products59406668?kg=0058682279 HTTP/1.1" 404 9741 "-" "Mozilla/5.0 AppleWebKit/537.36 (KHTML, like Gecko; compatible; ClaudeBot/1.0; +claudebot@anthropic.com)"
66.249.73.10 - - [06/Oct/2025:08:42:24 -0400] "GET /categories/11395194 HTTP/1.1" 200 30124 "-" "Mozilla/5.0 (Linux; Android 6.0.1; Nexus 5X Build/MMB29P) AppleWebKit/537.36 (KHTML, like Gecko) Chrome/140.0.7339.207 Mobile Safari/537.36 (compatible; Googlebot/2.1; +http://www.google.com/bot.html)"
216.73.216.221 - - [06/Oct/2025:08:41:18 -0400] "GET /products83696284?kg=0082675679 HTTP/1.1" 404 9732 "-" "Mozilla/5.0 AppleWebKit/537.36 (KHTML, like Gecko; compatible; ClaudeBot/1.0; +claudebot@anthropic.com)"
23.23.99.55 - - [06/Oct/2025:08:41:18 -0400] "GET /portfolio/faces-in-things/ HTTP/1.1" 200 16556 "-" "Mozilla/5.0 AppleWebKit/537.36 (KHTML, like Gecko; compatible; Amazonbot/0.1; +https://developer.amazon.com/support/amazonbot) Chrome/119.0.6045.214 Safari/537.36"
216.73.216.221 - - [06/Oct/2025:08:41:40 -0400] "GET /products83676130?kg=0082655772 HTTP/1.1" 404 9731 "-" "Mozilla/5.0 AppleWebKit/537.36 (KHTML, like Gecko; compatible; ClaudeBot/1.0; +claudebot@anthropic.com)"
66.249.73.12 - - [06/Oct/2025:08:41:59 -0400] "GET /categories/11831070 HTTP/1.1" 200 29155 "-" "Mozilla/5.0 (Linux; Android 6.0.1; Nexus 5X Build/MMB29P) AppleWebKit/537.36 (KHTML, like Gecko) Chrome/140.0.7339.207 Mobile Safari/537.36 (compatible; Googlebot/2.1; +http://www.google.com/bot.html)"
