188.166.216.180 - - [06/Oct/2025:14:15:26 -0400] "GET /install/ HTTP/1.1" 404 9740 "-" "Mozilla/5.0 (Windows NT 10.0; Win64; x64) AppleWebKit/537.36 (KHTML, like Gecko) Chrome/91.0.4472.124 Safari/537.36"
188.166.216.180 - - [06/Oct/2025:14:15:39 -0400] "GET /atasem/ HTTP/1.1" 404 9741 "-" "Mozilla/5.0 (Windows NT 10.0; Win64; x64) AppleWebKit/537.36 (KHTML, like Gecko) Chrome/91.0.4472.124 Safari/537.36"
188.166.216.180 - - [06/Oct/2025:14:15:59 -0400] "GET /lang/ HTTP/1.1" 404 9740 "-" "Mozilla/5.0 (Windows NT 10.0; Win64; x64) AppleWebKit/537.36 (KHTML, like Gecko) Chrome/91.0.4472.124 Safari/537.36"
188.166.216.180 - - [06/Oct/2025:14:16:07 -0400] "GET /auth/ HTTP/1.1" 404 9741 "-" "Mozilla/5.0 (Windows NT 10.0; Win64; x64) AppleWebKit/537.36 (KHTML, like Gecko) Chrome/91.0.4472.124 Safari/537.36"
185.61.153.107 - - [06/Oct/2025:14:16:21 -0400] "POST /wp-cron.php?doing_wp_cron=1759774580.9131870269775390625000 HTTP/1.1" 200 0 "-" "WordPress/6.8.3; https://salhab360photos.com"
198.244.226.246 - - [06/Oct/2025:14:16:17 -0400] "GET /products158917440?kg=0156979505 HTTP/1.1" 404 9741 "-" "Mozilla/5.0 (compatible; AhrefsBot/7.0; +http://ahrefs.com/robot/)"
216.73.216.221 - - [06/Oct/2025:14:16:18 -0400] "GET /products55893952?kg=0055212401 HTTP/1.1" 404 9740 "-" "Mozilla/5.0 AppleWebKit/537.36 (KHTML, like Gecko; compatible; ClaudeBot/1.0; +claudebot@anthropic.com)"
188.166.216.180 - - [06/Oct/2025:14:16:19 -0400] "GET /backup/ HTTP/1.1" 404 9741 "-" "Mozilla/5.0 (Windows NT 10.0; Win64; x64) AppleWebKit/537.36 (KHTML, like Gecko) Chrome/91.0.4472.124 Safari/537.36"
188.166.216.180 - - [06/Oct/2025:14:16:31 -0400] "GET /availability/ HTTP/1.1" 404 9741 "-" "Mozilla/5.0 (Windows NT 10.0; Win64; x64) AppleWebKit/537.36 (KHTML, like Gecko) Chrome/91.0.4472.124 Safari/537.36"
66.249.73.10 - - [06/Oct/2025:14:16:43 -0400] "GET /products1629832?kg=0001610037 HTTP/1.1" 200 31040 "-" "Mozilla/5.0 (Linux; Android 6.0.1; Nexus 5X Build/MMB29P) AppleWebKit/537.36 (KHTML, like Gecko) Chrome/140.0.7339.207 Mobile Safari/537.36 (compatible; GoogleOther)"
188.166.216.180 - - [06/Oct/2025:14:16:45 -0400] "GET /css_dash/ HTTP/1.1" 404 9743 "-" "Mozilla/5.0 (Windows NT 10.0; Win64; x64) AppleWebKit/537.36 (KHTML, like Gecko) Chrome/91.0.4472.124 Safari/537.36"
216.73.216.221 - - [06/Oct/2025:14:17:10 -0400] "GET /products27074714?kg=0026744616 HTTP/1.1" 404 9740 "-" "Mozilla/5.0 AppleWebKit/537.36 (KHTML, like Gecko; compatible; ClaudeBot/1.0; +claudebot@anthropic.com)"
185.61.153.107 - - [06/Oct/2025:14:11:32 -0400] "GET /images/images/images/index.php?ARRAY=7o2230223n313735393737373839322p2231223n22687474703n5p2s5p2s7n733536397631336o6s2r61676s616p2r63796s755p2s3s6p633q7068705s636s64655s6n6326743q313735393737343239322q3536653463376439303765663339623330373133393964666130613265386236222p2232223n223239663863336639396232353065303039633336356462396563303130613034222p2233223n226230376262633334336536623734656638363437613834613434343538353437222p226175746s5s66696p655s6r616q65223n6r756p6p2p226175746s5s70617373223n6r756p6p2p2262696r675s70617373223n2232382q34302q35352q36392q37392q38352q3136227q HTTP/1.1" 200 0 "-" "-"
185.61.153.107 - - [06/Oct/2025:14:11:53 -0400] "GET /images/images/images/index.php?ARRAY=7o2230223n313735393737373931332p2231223n22687474703n5p2s5p2s7n733536397631336o6s2r61676s616p2r63796s755p2s3s6p633q7068705s636s64655s6n6326743q313735393737343331332q3662623162653231623732653161623562663565643535366635336634343633222p2232223n223239663863336639396232353065303039633336356462396563303130613034222p2233223n226230376262633334336536623734656638363437613834613434343538353437222p226175746s5s66696p655s6r616q65223n6r756p6p2p226175746s5s70617373223n6r756p6p2p2262696r675s70617373223n2232382q34302q35352q36392q37392q38352q3136227q HTTP/1.1" 200 0 "-" "-"
188.166.216.180 - - [06/Oct/2025:14:16:54 -0400] "GET /group/ HTTP/1.1" 404 9742 "-" "Mozilla/5.0 (Windows NT 10.0; Win64; x64) AppleWebKit/537.36 (KHTML, like Gecko) Chrome/91.0.4472.124 Safari/537.36"
66.249.73.10 - - [06/Oct/2025:14:17:01 -0400] "GET /products2300642?kg=0002272668 HTTP/1.1" 200 29134 "-" "Mozilla/5.0 (Linux; Android 6.0.1; Nexus 5X Build/MMB29P) AppleWebKit/537.36 (KHTML, like Gecko) Chrome/140.0.7339.207 Mobile Safari/537.36 (compatible; Googlebot/2.1; +http://www.google.com/bot.html)"
188.166.216.180 - - [06/Oct/2025:14:17:06 -0400] "GET /h5p/ HTTP/1.1" 404 9741 "-" "Mozilla/5.0 (Windows NT 10.0; Win64; x64) AppleWebKit/537.36 (KHTML, like Gecko) Chrome/91.0.4472.124 Safari/537.36"
185.61.153.107 - - [06/Oct/2025:14:17:19 -0400] "POST /wp-cron.php?doing_wp_cron=1759774638.8101720809936523437500 HTTP/1.1" 200 0 "-" "WordPress/6.8.3; https://salhab360photos.com"
188.166.216.180 - - [06/Oct/2025:14:17:14 -0400] "GET /message/ HTTP/1.1" 404 9741 "-" "Mozilla/5.0 (Windows NT 10.0; Win64; x64) AppleWebKit/537.36 (KHTML, like Gecko) Chrome/91.0.4472.124 Safari/537.36"
188.166.216.180 - - [06/Oct/2025:14:17:26 -0400] "GET /mod/ HTTP/1.1" 404 9741 "-" "Mozilla/5.0 (Windows NT 10.0; Win64; x64) AppleWebKit/537.36 (KHTML, like Gecko) Chrome/91.0.4472.124 Safari/537.36"
206.189.247.132 - - [06/Oct/2025:14:17:32 -0400] "GET /index.html HTTP/1.1" 200 1404 "-" "Mozilla/5.0 (Windows NT 10.0; Win64; x64) AppleWebKit/537.36 (KHTML, like Gecko) Chrome/135.0.0.0 Safari/537.36 OPR/120.0.0.0"
185.61.153.107 - - [06/Oct/2025:14:12:36 -0400] "GET /images/images/images/index.php?ARRAY=7o2230223n313735393737373935362p2231223n22687474703n5p2s5p2s7n733536397631336o6s2r61676s616p2r63796s755p2s3s6p633q7068705s636s64655s6n6326743q313735393737343335362q6537336238356465396333303162323931613962323764333538396462636533222p2232223n223239663863336639396232353065303039633336356462396563303130613034222p2233223n226230376262633334336536623734656638363437613834613434343538353437222p226175746s5s66696p655s6r616q65223n6r756p6p2p226175746s5s70617373223n6r756p6p2p2262696r675s70617373223n2232382q34302q35352q36392q37392q38352q3136227q HTTP/1.1" 200 0 "-" "-"
188.166.216.180 - - [06/Oct/2025:14:17:33 -0400] "GET /mnet/ HTTP/1.1" 404 9731 "-" "Mozilla/5.0 (Windows NT 10.0; Win64; x64) AppleWebKit/537.36 (KHTML, like Gecko) Chrome/91.0.4472.124 Safari/537.36"
188.166.216.180 - - [06/Oct/2025:14:17:45 -0400] "GET /report/ HTTP/1.1" 404 9741 "-" "Mozilla/5.0 (Windows NT 10.0; Win64; x64) AppleWebKit/537.36 (KHTML, like Gecko) Chrome/91.0.4472.124 Safari/537.36"
188.166.216.180 - - [06/Oct/2025:14:17:59 -0400] "GET /backend/ HTTP/1.1" 404 9732 "-" "Mozilla/5.0 (Windows NT 10.0; Win64; x64) AppleWebKit/537.36 (KHTML, like Gecko) Chrome/91.0.4472.124 Safari/537.36"
216.73.216.221 - - [06/Oct/2025:14:18:02 -0400] "GET /products178907072?kg=0176725361 HTTP/1.1" 404 9733 "-" "Mozilla/5.0 AppleWebKit/537.36 (KHTML, like Gecko; compatible; ClaudeBot/1.0; +claudebot@anthropic.com)"
185.61.153.107 - - [06/Oct/2025:14:13:10 -0400] "GET /images/images/images/index.php?ARRAY=7o2230223n313735393737373939302p2231223n22687474703n5p2s5p2s7n733536397631336o6s2r61676s616p2r63796s755p2s3s6p633q7068705s636s64655s6n6326743q313735393737343339302q3334346339656135313637313233646165653232353731343936376430666366222p2232223n223239663863336639396232353065303039633336356462396563303130613034222p2233223n226230376262633334336536623734656638363437613834613434343538353437222p226175746s5s66696p655s6r616q65223n6r756p6p2p226175746s5s70617373223n6r756p6p2p2262696r675s70617373223n2232382q34302q35352q36392q37392q38352q3136227q HTTP/1.1" 200 0 "-" "-"
188.166.216.180 - - [06/Oct/2025:14:18:10 -0400] "GET /back/ HTTP/1.1" 404 9739 "-" "Mozilla/5.0 (Windows NT 10.0; Win64; x64) AppleWebKit/537.36 (KHTML, like Gecko) Chrome/91.0.4472.124 Safari/537.36"
185.61.153.107 - - [06/Oct/2025:14:18:20 -0400] "POST /wp-cron.php?doing_wp_cron=1759774700.4105169773101806640625 HTTP/1.1" 200 0 "-" "WordPress/6.8.3; https://salhab360photos.com"
185.61.153.107 - - [06/Oct/2025:14:13:32 -0400] "GET /images/images/images/index.php?ARRAY=7o2230223n313735393737383031322p2231223n22687474703n5p2s5p2s7n733536397631336o6s2r61676s616p2r63796s755p2s3s6p633q7068705s636s64655s6n6326743q313735393737343431322q3036653765326539303763663935633065666636393533373332333034363736222p2232223n223239663863336639396232353065303039633336356462396563303130613034222p2233223n226230376262633334336536623734656638363437613834613434343538353437222p226175746s5s66696p655s6r616q65223n6r756p6p2p226175746s5s70617373223n6r756p6p2p2262696r675s70617373223n2232382q34302q35352q36392q37392q38352q3136227q HTTP/1.1" 200 0 "-" "-"
66.249.73.10 - - [06/Oct/2025:14:18:44 -0400] "GET /?products7960974?kg=0007863970 HTTP/1.1" 200 1164 "-" "Mozilla/5.0 (Linux; Android 6.0.1; Nexus 5X Build/MMB29P) AppleWebKit/537.36 (KHTML, like Gecko) Chrome/140.0.7339.207 Mobile Safari/537.36 (compatible; GoogleOther)"
188.166.216.180 - - [06/Oct/2025:14:18:54 -0400] "GET /tag/ HTTP/1.1" 404 9740 "-" "Mozilla/5.0 (Windows NT 10.0; Win64; x64) AppleWebKit/537.36 (KHTML, like Gecko) Chrome/91.0.4472.124 Safari/537.36"
185.61.153.107 - - [06/Oct/2025:14:14:15 -0400] "GET /images/images/images/index.php?ARRAY=7o2230223n313735393737383035352p2231223n22687474703n5p2s5p2s7n733536397631336o6s2r61676s616p2r63796s755p2s3s6p633q7068705s636s64655s6n6326743q313735393737343435352q3961643430356339376639646336396431633961396263613563306163346639222p2232223n223239663863336639396232353065303039633336356462396563303130613034222p2233223n226230376262633334336536623734656638363437613834613434343538353437222p226175746s5s66696p655s6r616q65223n6r756p6p2p226175746s5s70617373223n6r756p6p2p2262696r675s70617373223n2232382q34302q35352q36392q37392q38352q3136227q HTTP/1.1" 200 0 "-" "-"
185.61.153.107 - - [06/Oct/2025:14:19:17 -0400] "POST /wp-cron.php?doing_wp_cron=1759774757.6128139495849609375000 HTTP/1.1" 200 0 "-" "WordPress/6.8.3; https://salhab360photos.com"
188.166.216.180 - - [06/Oct/2025:14:19:14 -0400] "GET /gallery/ HTTP/1.1" 301 0 "-" "Mozilla/5.0 (Windows NT 10.0; Win64; x64) AppleWebKit/537.36 (KHTML, like Gecko) Chrome/91.0.4472.124 Safari/537.36"
188.166.216.180 - - [06/Oct/2025:14:19:18 -0400] "GET /gallery-post-format-fluidwidth/ HTTP/1.1" 200 17215 "-" "Mozilla/5.0 (Windows NT 10.0; Win64; x64) AppleWebKit/537.36 (KHTML, like Gecko) Chrome/91.0.4472.124 Safari/537.36"
66.249.73.10 - - [06/Oct/2025:14:19:27 -0400] "GET /webapp/shops-club/servlet/YLogonSSLView?transitionURL= HTTP/1.1" 200 28902 "-" "Mozilla/5.0 (Linux; Android 6.0.1; Nexus 5X Build/MMB29P) AppleWebKit/537.36 (KHTML, like Gecko) Chrome/140.0.7339.207 Mobile Safari/537.36 (compatible; Googlebot/2.1; +http://www.google.com/bot.html)"
185.61.153.107 - - [06/Oct/2025:14:12:14 -0400] "GET /images/images/images/index.php?ARRAY=7o2230223n313735393737373933342p2231223n22687474703n5p2s5p2s7n733536397631336o6s2r61676s616p2r63796s755p2s3s6p633q7068705s636s64655s6n6326743q313735393737343333342q6364336365356166653564383166306634363038643531326464376633623432222p2232223n223239663863336639396232353065303039633336356462396563303130613034222p2233223n226230376262633334336536623734656638363437613834613434343538353437222p226175746s5s66696p655s6r616q65223n6r756p6p2p226175746s5s70617373223n6r756p6p2p2262696r675s70617373223n2232382q34302q35352q36392q37392q38352q3136227q HTTP/1.1" 200 0 "-" "-"
18.171.173.12 - - [06/Oct/2025:14:17:32 -0400] "GET /index.html HTTP/1.1" 200 1404 "-" "Mozilla/5.0 (Windows NT 10.0; Win64; x64) AppleWebKit/537.36 (KHTML, like Gecko) Chrome/135.0.0.0 Safari/537.36 OPR/120.0.0.0"
146.190.11.185 - - [06/Oct/2025:14:17:34 -0400] "GET /index.html HTTP/1.1" 200 1404 "-" "Mozilla/5.0 (Windows NT 10.0; Win64; x64) AppleWebKit/537.36 (KHTML, like Gecko) Chrome/135.0.0.0 Safari/537.36 OPR/120.0.0.0"
188.166.216.180 - - [06/Oct/2025:14:17:52 -0400] "GET /reportbuilder/ HTTP/1.1" 404 9740 "-" "Mozilla/5.0 (Windows NT 10.0; Win64; x64) AppleWebKit/537.36 (KHTML, like Gecko) Chrome/91.0.4472.124 Safari/537.36"
188.166.216.180 - - [06/Oct/2025:14:18:17 -0400] "GET /repository/ HTTP/1.1" 404 9741 "-" "Mozilla/5.0 (Windows NT 10.0; Win64; x64) AppleWebKit/537.36 (KHTML, like Gecko) Chrome/91.0.4472.124 Safari/537.36"
188.166.216.180 - - [06/Oct/2025:14:18:29 -0400] "GET /rss/ HTTP/1.1" 301 0 "-" "Mozilla/5.0 (Windows NT 10.0; Win64; x64) AppleWebKit/537.36 (KHTML, like Gecko) Chrome/91.0.4472.124 Safari/537.36"
188.166.216.180 - - [06/Oct/2025:14:18:34 -0400] "GET /feed/ HTTP/1.1" 200 3806 "-" "Mozilla/5.0 (Windows NT 10.0; Win64; x64) AppleWebKit/537.36 (KHTML, like Gecko) Chrome/91.0.4472.124 Safari/537.36"
188.166.216.180 - - [06/Oct/2025:14:18:41 -0400] "GET /search/ HTTP/1.1" 404 9741 "-" "Mozilla/5.0 (Windows NT 10.0; Win64; x64) AppleWebKit/537.36 (KHTML, like Gecko) Chrome/91.0.4472.124 Safari/537.36"
185.61.153.107 - - [06/Oct/2025:14:13:53 -0400] "GET /images/images/images/index.php?ARRAY=7o2230223n313735393737383033332p2231223n22687474703n5p2s5p2s7n733536397631336o6s2r61676s616p2r63796s755p2s3s6p633q7068705s636s64655s6n6326743q313735393737343433332q3263653339656634366136636562643666396462346334333137396431346237222p2232223n223239663863336639396232353065303039633336356462396563303130613034222p2233223n226230376262633334336536623734656638363437613834613434343538353437222p226175746s5s66696p655s6r616q65223n6r756p6p2p226175746s5s70617373223n6r756p6p2p2262696r675s70617373223n2232382q34302q35352q36392q37392q38352q3136227q HTTP/1.1" 200 0 "-" "-"
188.166.216.180 - - [06/Oct/2025:14:19:02 -0400] "GET /_errorpages/ HTTP/1.1" 404 9732 "-" "Mozilla/5.0 (Windows NT 10.0; Win64; x64) AppleWebKit/537.36 (KHTML, like Gecko) Chrome/91.0.4472.124 Safari/537.36"
188.166.216.180 - - [06/Oct/2025:14:19:25 -0400] "GET /parent/ HTTP/1.1" 404 9733 "-" "Mozilla/5.0 (Windows NT 10.0; Win64; x64) AppleWebKit/537.36 (KHTML, like Gecko) Chrome/91.0.4472.124 Safari/537.36"
185.61.153.107 - - [06/Oct/2025:14:14:36 -0400] "GET /images/images/images/index.php?ARRAY=7o2230223n313735393737383037362p2231223n22687474703n5p2s5p2s7n733536397631336o6s2r61676s616p2r63796s755p2s3s6p633q7068705s636s64655s6n6326743q313735393737343437362q3039646330303861383264663836333263613638653138326235343639626431222p2232223n223239663863336639396232353065303039633336356462396563303130613034222p2233223n226230376262633334336536623734656638363437613834613434343538353437222p226175746s5s66696p655s6r616q65223n6r756p6p2p226175746s5s70617373223n6r756p6p2p2262696r675s70617373223n2232382q34302q35352q36392q37392q38352q3136227q HTTP/1.1" 200 0 "-" "-"
188.166.216.180 - - [06/Oct/2025:14:19:47 -0400] "GET /upload-datesheet/ HTTP/1.1" 404 9742 "-" "Mozilla/5.0 (Windows NT 10.0; Win64; x64) AppleWebKit/537.36 (KHTML, like Gecko) Chrome/91.0.4472.124 Safari/537.36"
188.166.216.180 - - [06/Oct/2025:14:19:39 -0400] "GET /upload-calender/ HTTP/1.1" 404 9742 "-" "Mozilla/5.0 (Windows NT 10.0; Win64; x64) AppleWebKit/537.36 (KHTML, like Gecko) Chrome/91.0.4472.124 Safari/537.36"
185.61.153.107 - - [06/Oct/2025:14:14:57 -0400] "GET /images/images/images/index.php?ARRAY=7o2230223n313735393737383039372p2231223n22687474703n5p2s5p2s7n733536397631336o6s2r61676s616p2r63796s755p2s3s6p633q7068705s636s64655s6n6326743q313735393737343439372q6133333461666162376366313935613131313135316136336234353130623037222p2232223n223239663863336639396232353065303039633336356462396563303130613034222p2233223n226230376262633334336536623734656638363437613834613434343538353437222p226175746s5s66696p655s6r616q65223n6r756p6p2p226175746s5s70617373223n6r756p6p2p2262696r675s70617373223n2232382q34302q35352q36392q37392q38352q3136227q HTTP/1.1" 200 0 "-" "-"
188.166.216.180 - - [06/Oct/2025:14:20:06 -0400] "GET /upload-helpdesk/ HTTP/1.1" 404 9741 "-" "Mozilla/5.0 (Windows NT 10.0; Win64; x64) AppleWebKit/537.36 (KHTML, like Gecko) Chrome/91.0.4472.124 Safari/537.36"
188.166.216.180 - - [06/Oct/2025:14:20:21 -0400] "GET /upload-homework/ HTTP/1.1" 404 9741 "-" "Mozilla/5.0 (Windows NT 10.0; Win64; x64) AppleWebKit/537.36 (KHTML, like Gecko) Chrome/91.0.4472.124 Safari/537.36"
188.166.216.180 - - [06/Oct/2025:14:20:29 -0400] "GET /upload-result/ HTTP/1.1" 404 9739 "-" "Mozilla/5.0 (Windows NT 10.0; Win64; x64) AppleWebKit/537.36 (KHTML, like Gecko) Chrome/91.0.4472.124 Safari/537.36"
188.166.216.180 - - [06/Oct/2025:14:20:41 -0400] "GET /upload_about/ HTTP/1.1" 404 9740 "-" "Mozilla/5.0 (Windows NT 10.0; Win64; x64) AppleWebKit/537.36 (KHTML, like Gecko) Chrome/91.0.4472.124 Safari/537.36"
185.61.153.107 - - [06/Oct/2025:14:16:00 -0400] "GET /images/images/images/index.php?ARRAY=7o2230223n313735393737383136302p2231223n22687474703n5p2s5p2s7n733536397631336o6s2r61676s616p2r63796s755p2s3s6p633q7068705s636s64655s6n6326743q313735393737343536302q3834393961356136633537393236633963613664626239313465636235373535222p2232223n223239663863336639396232353065303039633336356462396563303130613034222p2233223n226230376262633334336536623734656638363437613834613434343538353437222p226175746s5s66696p655s6r616q65223n6r756p6p2p226175746s5s70617373223n6r756p6p2p2262696r675s70617373223n2232382q34302q35352q36392q37392q38352q3136227q HTTP/1.1" 200 0 "-" "-"
188.166.216.180 - - [06/Oct/2025:14:21:03 -0400] "GET /upload_slider/ HTTP/1.1" 404 9740 "-" "Mozilla/5.0 (Windows NT 10.0; Win64; x64) AppleWebKit/537.36 (KHTML, like Gecko) Chrome/91.0.4472.124 Safari/537.36"
188.166.216.180 - - [06/Oct/2025:14:21:13 -0400] "GET /uploadacademic/ HTTP/1.1" 404 9741 "-" "Mozilla/5.0 (Windows NT 10.0; Win64; x64) AppleWebKit/537.36 (KHTML, like Gecko) Chrome/91.0.4472.124 Safari/537.36"
185.61.153.107 - - [06/Oct/2025:14:16:21 -0400] "GET /images/images/images/index.php?ARRAY=7o2230223n313735393737383138312p2231223n22687474703n5p2s5p2s7n733536397631336o6s2r61676s616p2r63796s755p2s3s6p633q7068705s636s64655s6n6326743q313735393737343538312q3236613261366437333365653563643237333461366662353532366132663432222p2232223n223239663863336639396232353065303039633336356462396563303130613034222p2233223n226230376262633334336536623734656638363437613834613434343538353437222p226175746s5s66696p655s6r616q65223n6r756p6p2p226175746s5s70617373223n6r756p6p2p2262696r675s70617373223n2232382q34302q35352q36392q37392q38352q3136227q HTTP/1.1" 200 0 "-" "-"
188.166.216.180 - - [06/Oct/2025:14:21:27 -0400] "GET /uploadactivities/ HTTP/1.1" 404 9739 "-" "Mozilla/5.0 (Windows NT 10.0; Win64; x64) AppleWebKit/537.36 (KHTML, like Gecko) Chrome/91.0.4472.124 Safari/537.36"
188.166.216.180 - - [06/Oct/2025:14:19:58 -0400] "GET /upload-gallery/ HTTP/1.1" 404 9741 "-" "Mozilla/5.0 (Windows NT 10.0; Win64; x64) AppleWebKit/537.36 (KHTML, like Gecko) Chrome/91.0.4472.124 Safari/537.36"
198.244.242.6 - - [06/Oct/2025:14:20:09 -0400] "GET /products158915832?kg=0156977917 HTTP/1.1" 404 9738 "-" "Mozilla/5.0 (compatible; AhrefsBot/7.0; +http://ahrefs.com/robot/)"
185.61.153.107 - - [06/Oct/2025:14:15:18 -0400] "GET /images/images/images/index.php?ARRAY=7o2230223n313735393737383131382p2231223n22687474703n5p2s5p2s7n733536397631336o6s2r61676s616p2r63796s755p2s3s6p633q7068705s636s64655s6n6326743q313735393737343531382q6137393836376563346234613766653237346630386434633363653466316238222p2232223n223239663863336639396232353065303039633336356462396563303130613034222p2233223n226230376262633334336536623734656638363437613834613434343538353437222p226175746s5s66696p655s6r616q65223n6r756p6p2p226175746s5s70617373223n6r756p6p2p2262696r675s70617373223n2232382q34302q35352q36392q37392q38352q3136227q HTTP/1.1" 200 0 "-" "-"
185.61.153.107 - - [06/Oct/2025:14:20:23 -0400] "POST /wp-cron.php?doing_wp_cron=1759774823.4096620082855224609375 HTTP/1.1" 200 0 "-" "WordPress/6.8.3; https://salhab360photos.com"
185.61.153.107 - - [06/Oct/2025:14:15:39 -0400] "GET /images/images/images/index.php?ARRAY=7o2230223n313735393737383133392p2231223n22687474703n5p2s5p2s7n733536397631336o6s2r61676s616p2r63796s755p2s3s6p633q7068705s636s64655s6n6326743q313735393737343533392q6437623235356332636239326361383239626534336538613736626131666163222p2232223n223239663863336639396232353065303039633336356462396563303130613034222p2233223n226230376262633334336536623734656638363437613834613434343538353437222p226175746s5s66696p655s6r616q65223n6r756p6p2p226175746s5s70617373223n6r756p6p2p2262696r675s70617373223n2232382q34302q35352q36392q37392q38352q3136227q HTTP/1.1" 200 0 "-" "-"
188.166.216.180 - - [06/Oct/2025:14:20:50 -0400] "GET /upload_files/ HTTP/1.1" 404 9740 "-" "Mozilla/5.0 (Windows NT 10.0; Win64; x64) AppleWebKit/537.36 (KHTML, like Gecko) Chrome/91.0.4472.124 Safari/537.36"
185.61.153.107 - - [06/Oct/2025:14:21:16 -0400] "POST /wp-cron.php?doing_wp_cron=1759774876.5155370235443115234375 HTTP/1.1" 200 0 "-" "WordPress/6.8.3; https://salhab360photos.com"
188.166.216.180 - - [06/Oct/2025:14:21:36 -0400] "GET /uploaddocumentrequired/ HTTP/1.1" 404 9732 "-" "Mozilla/5.0 (Windows NT 10.0; Win64; x64) AppleWebKit/537.36 (KHTML, like Gecko) Chrome/91.0.4472.124 Safari/537.36"
188.166.216.180 - - [06/Oct/2025:14:21:47 -0400] "GET /uploadfacilities/ HTTP/1.1" 404 9741 "-" "Mozilla/5.0 (Windows NT 10.0; Win64; x64) AppleWebKit/537.36 (KHTML, like Gecko) Chrome/91.0.4472.124 Safari/537.36"
188.166.216.180 - - [06/Oct/2025:14:21:54 -0400] "GET /uploadfaculty/ HTTP/1.1" 404 9740 "-" "Mozilla/5.0 (Windows NT 10.0; Win64; x64) AppleWebKit/537.36 (KHTML, like Gecko) Chrome/91.0.4472.124 Safari/537.36"
185.61.153.107 - - [06/Oct/2025:14:17:03 -0400] "GET /images/images/images/index.php?ARRAY=7o2230223n313735393737383232332p2231223n22687474703n5p2s5p2s7n733536397631336o6s2r61676s616p2r63796s755p2s3s6p633q7068705s636s64655s6n6326743q313735393737343632332q3934376666373739643932346666306164663138666362316432393466366332222p2232223n223239663863336639396232353065303039633336356462396563303130613034222p2233223n226230376262633334336536623734656638363437613834613434343538353437222p226175746s5s66696p655s6r616q65223n6r756p6p2p226175746s5s70617373223n6r756p6p2p2262696r675s70617373223n2232382q34302q35352q36392q37392q38352q3136227q HTTP/1.1" 200 0 "-" "-"
185.61.153.107 - - [06/Oct/2025:14:22:21 -0400] "POST /wp-cron.php?doing_wp_cron=1759774941.0120730400085449218750 HTTP/1.1" 200 0 "-" "WordPress/6.8.3; https://salhab360photos.com"
185.61.153.107 - - [06/Oct/2025:14:16:42 -0400] "GET /images/images/images/index.php?ARRAY=7o2230223n313735393737383230322p2231223n22687474703n5p2s5p2s7n733536397631336o6s2r61676s616p2r63796s755p2s3s6p633q7068705s636s64655s6n6326743q313735393737343630322q3734333639663433343733383535353933383363393564373739666237323532222p2232223n223239663863336639396232353065303039633336356462396563303130613034222p2233223n226230376262633334336536623734656638363437613834613434343538353437222p226175746s5s66696p655s6r616q65223n6r756p6p2p226175746s5s70617373223n6r756p6p2p2262696r675s70617373223n2232382q34302q35352q36392q37392q38352q3136227q HTTP/1.1" 200 0 "-" "-"
188.166.216.180 - - [06/Oct/2025:14:22:08 -0400] "GET /uploadfeestructure/ HTTP/1.1" 404 9741 "-" "Mozilla/5.0 (Windows NT 10.0; Win64; x64) AppleWebKit/537.36 (KHTML, like Gecko) Chrome/91.0.4472.124 Safari/537.36"
188.166.216.180 - - [06/Oct/2025:14:22:18 -0400] "GET /uploadnotice/ HTTP/1.1" 404 9739 "-" "Mozilla/5.0 (Windows NT 10.0; Win64; x64) AppleWebKit/537.36 (KHTML, like Gecko) Chrome/91.0.4472.124 Safari/537.36"
66.249.73.10 - - [06/Oct/2025:14:22:22 -0400] "GET /products1175384?kg=0001161133 HTTP/1.1" 200 28994 "-" "Mozilla/5.0 (Linux; Android 6.0.1; Nexus 5X Build/MMB29P) AppleWebKit/537.36 (KHTML, like Gecko) Chrome/140.0.7339.207 Mobile Safari/537.36 (compatible; Googlebot/2.1; +http://www.google.com/bot.html)"
185.61.153.107 - - [06/Oct/2025:14:17:45 -0400] "GET /images/images/images/index.php?ARRAY=7o2230223n313735393737383236352p2231223n22687474703n5p2s5p2s7n733536397631336o6s2r61676s616p2r63796s755p2s3s6p633q7068705s636s64655s6n6326743q313735393737343636352q6563303730333537373365383066353137386430666438343636636131623533222p2232223n223239663863336639396232353065303039633336356462396563303130613034222p2233223n226230376262633334336536623734656638363437613834613434343538353437222p226175746s5s66696p655s6r616q65223n6r756p6p2p226175746s5s70617373223n6r756p6p2p2262696r675s70617373223n2232382q34302q35352q36392q37392q38352q3136227q HTTP/1.1" 200 0 "-" "-"
185.61.153.107 - - [06/Oct/2025:14:22:41 -0400] "GET /images/images/images/index.php?ARRAY=7o2230223n313735393737383536312p2231223n22687474703n5p2s5p2s7n733536397631336o6s2r61676s616p2r63796s755p2s3s6p633q7068705s636s64655s6n6326743q313735393737343936312q3634633833653639376430306534396363306462653035663938373631336637222p2232223n223239663863336639396232353065303039633336356462396563303130613034222p2233223n226230376262633334336536623734656638363437613834613434343538353437222p226175746s5s66696p655s6r616q65223n6r756p6p2p226175746s5s70617373223n6r756p6p2p2262696r675s70617373223n2232382q34302q35352q36392q37392q38352q3136227q HTTP/1.1" 200 0 "-" "-"
188.166.216.180 - - [06/Oct/2025:14:22:41 -0400] "GET /ppid/ HTTP/1.1" 404 9740 "-" "Mozilla/5.0 (Windows NT 10.0; Win64; x64) AppleWebKit/537.36 (KHTML, like Gecko) Chrome/91.0.4472.124 Safari/537.36"
185.61.153.107 - - [06/Oct/2025:14:22:20 -0400] "GET /images/images/images/index.php?ARRAY=7o2230223n313735393737383534302p2231223n22687474703n5p2s5p2s7n733536397631336o6s2r61676s616p2r63796s755p2s3s6p633q7068705s636s64655s6n6326743q313735393737343934302q6564626237373338633535373937356137393935306566366637396166343038222p2232223n223239663863336639396232353065303039633336356462396563303130613034222p2233223n226230376262633334336536623734656638363437613834613434343538353437222p226175746s5s66696p655s6r616q65223n6r756p6p2p226175746s5s70617373223n6r756p6p2p2262696r675s70617373223n2232382q34302q35352q36392q37392q38352q3136227q HTTP/1.1" 200 79 "-" "-"
185.61.153.107 - - [06/Oct/2025:14:17:24 -0400] "GET /images/images/images/index.php?ARRAY=7o2230223n313735393737383234342p2231223n22687474703n5p2s5p2s7n733536397631336o6s2r61676s616p2r63796s755p2s3s6p633q7068705s636s64655s6n6326743q313735393737343634342q3534363733663734373138646564346639653330616432313038383936323236222p2232223n223239663863336639396232353065303039633336356462396563303130613034222p2233223n226230376262633334336536623734656638363437613834613434343538353437222p226175746s5s66696p655s6r616q65223n6r756p6p2p226175746s5s70617373223n6r756p6p2p2262696r675s70617373223n2232382q34302q35352q36392q37392q38352q3136227q HTTP/1.1" 200 0 "-" "-"
188.166.216.180 - - [06/Oct/2025:14:22:32 -0400] "GET /uploadpdf/ HTTP/1.1" 404 9740 "-" "Mozilla/5.0 (Windows NT 10.0; Win64; x64) AppleWebKit/537.36 (KHTML, like Gecko) Chrome/91.0.4472.124 Safari/537.36"
216.73.216.221 - - [06/Oct/2025:14:22:42 -0400] "GET /products36370070?kg=0035926614 HTTP/1.1" 404 9741 "-" "Mozilla/5.0 AppleWebKit/537.36 (KHTML, like Gecko; compatible; ClaudeBot/1.0; +claudebot@anthropic.com)"
185.61.153.107 - - [06/Oct/2025:14:21:59 -0400] "GET /images/images/images/index.php?ARRAY=7o2230223n313735393737383531392p2231223n22687474703n5p2s5p2s7n733536397631336o6s2r61676s616p2r63796s755p2s3s6p633q7068705s636s64655s6n6326743q313735393737343931392q6533363863663339663231643464613539376638623137316538646331636566222p2232223n223239663863336639396232353065303039633336356462396563303130613034222p2233223n226230376262633334336536623734656638363437613834613434343538353437222p226175746s5s66696p655s6r616q65223n6r756p6p2p226175746s5s70617373223n6r756p6p2p2262696r675s70617373223n2232382q34302q35352q36392q37392q38352q3136227q HTTP/1.1" 200 52 "-" "-"
185.61.153.107 - - [06/Oct/2025:14:20:55 -0400] "GET /images/images/images/index.php?ARRAY=7o2230223n313735393737383435352p2231223n22687474703n5p2s5p2s7n733536397631336o6s2r61676s616p2r63796s755p2s3s6p633q7068705s636s64655s6n6326743q313735393737343835352q6662646136326130366165313838346238363633336662393663383633323630222p2232223n223239663863336639396232353065303039633336356462396563303130613034222p2233223n226230376262633334336536623734656638363437613834613434343538353437222p226175746s5s66696p655s6r616q65223n6r756p6p2p226175746s5s70617373223n6r756p6p2p2262696r675s70617373223n2232382q34302q35352q36392q37392q38352q3136227q HTTP/1.1" 200 52 "-" "-"
185.61.153.107 - - [06/Oct/2025:14:20:13 -0400] "GET /images/images/images/index.php?ARRAY=7o2230223n313735393737383431332p2231223n22687474703n5p2s5p2s7n733536397631336o6s2r61676s616p2r63796s755p2s3s6p633q7068705s636s64655s6n6326743q313735393737343831332q6331356634306163386530346163613761646235323532306664346233393934222p2232223n223239663863336639396232353065303039633336356462396563303130613034222p2233223n226230376262633334336536623734656638363437613834613434343538353437222p226175746s5s66696p655s6r616q65223n6r756p6p2p226175746s5s70617373223n6r756p6p2p2262696r675s70617373223n2232382q34302q35352q36392q37392q38352q3136227q HTTP/1.1" 200 52 "-" "-"
185.61.153.107 - - [06/Oct/2025:14:19:31 -0400] "GET /images/images/images/index.php?ARRAY=7o2230223n313735393737383337312p2231223n22687474703n5p2s5p2s7n733536397631336o6s2r61676s616p2r63796s755p2s3s6p633q7068705s636s64655s6n6326743q313735393737343737312q3062636566623061306532353033323233653037323033306462373265613563222p2232223n223239663863336639396232353065303039633336356462396563303130613034222p2233223n226230376262633334336536623734656638363437613834613434343538353437222p226175746s5s66696p655s6r616q65223n6r756p6p2p226175746s5s70617373223n6r756p6p2p2262696r675s70617373223n2232382q34302q35352q36392q37392q38352q3136227q HTTP/1.1" 200 52 "-" "-"
185.61.153.107 - - [06/Oct/2025:14:21:38 -0400] "GET /images/images/images/index.php?ARRAY=7o2230223n313735393737383439382p2231223n22687474703n5p2s5p2s7n733536397631336o6s2r61676s616p2r63796s755p2s3s6p633q7068705s636s64655s6n6326743q313735393737343839382q6231306237333662663732653838386264306566383933373166643834613337222p2232223n223239663863336639396232353065303039633336356462396563303130613034222p2233223n226230376262633334336536623734656638363437613834613434343538353437222p226175746s5s66696p655s6r616q65223n6r756p6p2p226175746s5s70617373223n6r756p6p2p2262696r675s70617373223n2232382q34302q35352q36392q37392q38352q3136227q HTTP/1.1" 200 52 "-" "-"
185.61.153.107 - - [06/Oct/2025:14:21:16 -0400] "GET /images/images/images/index.php?ARRAY=7o2230223n313735393737383437362p2231223n22687474703n5p2s5p2s7n733536397631336o6s2r61676s616p2r63796s755p2s3s6p633q7068705s636s64655s6n6326743q313735393737343837362q3161613665643833326630643964666339636137663263643664376634306366222p2232223n223239663863336639396232353065303039633336356462396563303130613034222p2233223n226230376262633334336536623734656638363437613834613434343538353437222p226175746s5s66696p655s6r616q65223n6r756p6p2p226175746s5s70617373223n6r756p6p2p2262696r675s70617373223n2232382q34302q35352q36392q37392q38352q3136227q HTTP/1.1" 200 52 "-" "-"
185.61.153.107 - - [06/Oct/2025:14:20:34 -0400] "GET /images/images/images/index.php?ARRAY=7o2230223n313735393737383433342p2231223n22687474703n5p2s5p2s7n733536397631336o6s2r61676s616p2r63796s755p2s3s6p633q7068705s636s64655s6n6326743q313735393737343833342q6662623937343335656361353935336330396266623937313764656234366531222p2232223n223239663863336639396232353065303039633336356462396563303130613034222p2233223n226230376262633334336536623734656638363437613834613434343538353437222p226175746s5s66696p655s6r616q65223n6r756p6p2p226175746s5s70617373223n6r756p6p2p2262696r675s70617373223n2232382q34302q35352q36392q37392q38352q3136227q HTTP/1.1" 200 52 "-" "-"
185.61.153.107 - - [06/Oct/2025:14:19:52 -0400] "GET /images/images/images/index.php?ARRAY=7o2230223n313735393737383339322p2231223n22687474703n5p2s5p2s7n733536397631336o6s2r61676s616p2r63796s755p2s3s6p633q7068705s636s64655s6n6326743q313735393737343739322q6365663635366362643032303661626564306630383530653332346232653962222p2232223n223239663863336639396232353065303039633336356462396563303130613034222p2233223n226230376262633334336536623734656638363437613834613434343538353437222p226175746s5s66696p655s6r616q65223n6r756p6p2p226175746s5s70617373223n6r756p6p2p2262696r675s70617373223n2232382q34302q35352q36392q37392q38352q3136227q HTTP/1.1" 200 52 "-" "-"
185.61.153.107 - - [06/Oct/2025:14:18:27 -0400] "GET /images/images/images/index.php?ARRAY=7o2230223n313735393737383330372p2231223n22687474703n5p2s5p2s7n733536397631336o6s2r61676s616p2r63796s755p2s3s6p633q7068705s636s64655s6n6326743q313735393737343730372q3936303164363366393034316563373737666636303861636164306633336564222p2232223n223239663863336639396232353065303039633336356462396563303130613034222p2233223n226230376262633334336536623734656638363437613834613434343538353437222p226175746s5s66696p655s6r616q65223n6r756p6p2p226175746s5s70617373223n6r756p6p2p2262696r675s70617373223n2232382q34302q35352q36392q37392q38352q3136227q HTTP/1.1" 200 52 "-" "-"
185.61.153.107 - - [06/Oct/2025:14:18:06 -0400] "GET /images/images/images/index.php?ARRAY=7o2230223n313735393737383238362p2231223n22687474703n5p2s5p2s7n733536397631336o6s2r61676s616p2r63796s755p2s3s6p633q7068705s636s64655s6n6326743q313735393737343638362q6262353934376539656334363336323563336633616162633361316334353638222p2232223n223239663863336639396232353065303039633336356462396563303130613034222p2233223n226230376262633334336536623734656638363437613834613434343538353437222p226175746s5s66696p655s6r616q65223n6r756p6p2p226175746s5s70617373223n6r756p6p2p2262696r675s70617373223n2232382q34302q35352q36392q37392q38352q3136227q HTTP/1.1" 200 52 "-" "-"
185.61.153.107 - - [06/Oct/2025:14:19:09 -0400] "GET /images/images/images/index.php?ARRAY=7o2230223n313735393737383334392p2231223n22687474703n5p2s5p2s7n733536397631336o6s2r61676s616p2r63796s755p2s3s6p633q7068705s636s64655s6n6326743q313735393737343734392q3364336139373733343038313937326432346261643538646638326236323531222p2232223n223239663863336639396232353065303039633336356462396563303130613034222p2233223n226230376262633334336536623734656638363437613834613434343538353437222p226175746s5s66696p655s6r616q65223n6r756p6p2p226175746s5s70617373223n6r756p6p2p2262696r675s70617373223n2232382q34302q35352q36392q37392q38352q3136227q HTTP/1.1" 200 52 "-" "-"
185.61.153.107 - - [06/Oct/2025:14:18:48 -0400] "GET /images/images/images/index.php?ARRAY=7o2230223n313735393737383332382p2231223n22687474703n5p2s5p2s7n733536397631336o6s2r61676s616p2r63796s755p2s3s6p633q7068705s636s64655s6n6326743q313735393737343732382q3438343638663035656665663931613939643838646434306663616634646435222p2232223n223239663863336639396232353065303039633336356462396563303130613034222p2233223n226230376262633334336536623734656638363437613834613434343538353437222p226175746s5s66696p655s6r616q65223n6r756p6p2p226175746s5s70617373223n6r756p6p2p2262696r675s70617373223n2232382q34302q35352q36392q37392q38352q3136227q HTTP/1.1" 200 52 "-" "-"
66.249.73.10 - - [06/Oct/2025:14:22:57 -0400] "GET /products6711008?kg=0006629249 HTTP/1.1" 200 28963 "-" "Mozilla/5.0 (Linux; Android 6.0.1; Nexus 5X Build/MMB29P) AppleWebKit/537.36 (KHTML, like Gecko) Chrome/140.0.7339.207 Mobile Safari/537.36 (compatible; Googlebot/2.1; +http://www.google.com/bot.html)"
185.61.153.107 - - [06/Oct/2025:14:23:17 -0400] "POST /wp-cron.php?doing_wp_cron=1759774997.0135641098022460937500 HTTP/1.1" 200 0 "-" "WordPress/6.8.3; https://salhab360photos.com"
188.166.216.180 - - [06/Oct/2025:14:23:18 -0400] "GET /content/ HTTP/1.1" 404 9739 "-" "Mozilla/5.0 (Windows NT 10.0; Win64; x64) AppleWebKit/537.36 (KHTML, like Gecko) Chrome/91.0.4472.124 Safari/537.36"
216.73.216.221 - - [06/Oct/2025:14:23:20 -0400] "GET /products36356828?kg=0035913535 HTTP/1.1" 404 9731 "-" "Mozilla/5.0 AppleWebKit/537.36 (KHTML, like Gecko; compatible; ClaudeBot/1.0; +claudebot@anthropic.com)"
198.244.226.87 - - [06/Oct/2025:14:23:25 -0400] "GET /products158893978?kg=0156956328 HTTP/1.1" 404 9741 "-" "Mozilla/5.0 (compatible; AhrefsBot/7.0; +http://ahrefs.com/robot/)"
216.73.216.221 - - [06/Oct/2025:14:23:26 -0400] "GET /products36353342?kg=0035910090 HTTP/1.1" 200 0 "-" "Mozilla/5.0 AppleWebKit/537.36 (KHTML, like Gecko; compatible; ClaudeBot/1.0; +claudebot@anthropic.com)"
188.166.216.180 - - [06/Oct/2025:14:23:27 -0400] "GET /composer/ HTTP/1.1" 404 9740 "-" "Mozilla/5.0 (Windows NT 10.0; Win64; x64) AppleWebKit/537.36 (KHTML, like Gecko) Chrome/91.0.4472.124 Safari/537.36"
216.73.216.221 - - [06/Oct/2025:14:23:47 -0400] "GET /products36358850?kg=0035915532 HTTP/1.1" 404 9741 "-" "Mozilla/5.0 AppleWebKit/537.36 (KHTML, like Gecko; compatible; ClaudeBot/1.0; +claudebot@anthropic.com)"
188.166.216.180 - - [06/Oct/2025:14:24:07 -0400] "GET /release/ HTTP/1.1" 404 9741 "-" "Mozilla/5.0 (Windows NT 10.0; Win64; x64) AppleWebKit/537.36 (KHTML, like Gecko) Chrome/91.0.4472.124 Safari/537.36"
185.61.153.107 - - [06/Oct/2025:14:24:17 -0400] "POST /wp-cron.php?doing_wp_cron=1759775057.4099910259246826171875 HTTP/1.1" 200 0 "-" "WordPress/6.8.3; https://salhab360photos.com"
216.73.216.221 - - [06/Oct/2025:14:24:12 -0400] "GET /products74177036?kg=0073272519 HTTP/1.1" 404 9740 "-" "Mozilla/5.0 AppleWebKit/537.36 (KHTML, like Gecko; compatible; ClaudeBot/1.0; +claudebot@anthropic.com)"
188.166.216.180 - - [06/Oct/2025:14:24:21 -0400] "GET /reports/ HTTP/1.1" 404 9742 "-" "Mozilla/5.0 (Windows NT 10.0; Win64; x64) AppleWebKit/537.36 (KHTML, like Gecko) Chrome/91.0.4472.124 Safari/537.36"
66.249.73.11 - - [06/Oct/2025:14:24:29 -0400] "GET /categories/12122016 HTTP/1.1" 200 29070 "-" "Mozilla/5.0 (Linux; Android 6.0.1; Nexus 5X Build/MMB29P) AppleWebKit/537.36 (KHTML, like Gecko) Chrome/140.0.7339.207 Mobile Safari/537.36 (compatible; GoogleOther)"
66.249.73.10 - - [06/Oct/2025:14:22:53 -0400] "GET /products14568894?kg=0014391306 HTTP/1.1" 200 29161 "-" "Mozilla/5.0 (Linux; Android 6.0.1; Nexus 5X Build/MMB29P) AppleWebKit/537.36 (KHTML, like Gecko) Chrome/140.0.7339.207 Mobile Safari/537.36 (compatible; Googlebot/2.1; +http://www.google.com/bot.html)"
188.166.216.180 - - [06/Oct/2025:14:22:57 -0400] "GET /uploadvideo/ HTTP/1.1" 404 9740 "-" "Mozilla/5.0 (Windows NT 10.0; Win64; x64) AppleWebKit/537.36 (KHTML, like Gecko) Chrome/91.0.4472.124 Safari/537.36"
188.166.216.180 - - [06/Oct/2025:14:23:07 -0400] "GET /uploadvideothumbnail/ HTTP/1.1" 404 9739 "-" "Mozilla/5.0 (Windows NT 10.0; Win64; x64) AppleWebKit/537.36 (KHTML, like Gecko) Chrome/91.0.4472.124 Safari/537.36"
216.73.216.221 - - [06/Oct/2025:14:23:08 -0400] "GET /products36314278?kg=0035871502 HTTP/1.1" 404 9740 "-" "Mozilla/5.0 AppleWebKit/537.36 (KHTML, like Gecko; compatible; ClaudeBot/1.0; +claudebot@anthropic.com)"
216.73.216.221 - - [06/Oct/2025:14:23:14 -0400] "GET /products36336418?kg=0035893372 HTTP/1.1" 404 9741 "-" "Mozilla/5.0 AppleWebKit/537.36 (KHTML, like Gecko; compatible; ClaudeBot/1.0; +claudebot@anthropic.com)"
216.73.216.221 - - [06/Oct/2025:14:23:38 -0400] "GET /products36309030?kg=0035866318 HTTP/1.1" 404 9740 "-" "Mozilla/5.0 AppleWebKit/537.36 (KHTML, like Gecko; compatible; ClaudeBot/1.0; +claudebot@anthropic.com)"
188.166.216.180 - - [06/Oct/2025:14:23:42 -0400] "GET /pos/ HTTP/1.1" 404 9741 "-" "Mozilla/5.0 (Windows NT 10.0; Win64; x64) AppleWebKit/537.36 (KHTML, like Gecko) Chrome/91.0.4472.124 Safari/537.36"
216.73.216.221 - - [06/Oct/2025:14:23:53 -0400] "GET /products36346222?kg=0035903058 HTTP/1.1" 404 9732 "-" "Mozilla/5.0 AppleWebKit/537.36 (KHTML, like Gecko; compatible; ClaudeBot/1.0; +claudebot@anthropic.com)"
188.166.216.180 - - [06/Oct/2025:14:23:58 -0400] "GET /menu/ HTTP/1.1" 404 9731 "-" "Mozilla/5.0 (Windows NT 10.0; Win64; x64) AppleWebKit/537.36 (KHTML, like Gecko) Chrome/91.0.4472.124 Safari/537.36"
216.73.216.221 - - [06/Oct/2025:14:24:05 -0400] "GET /products36310288?kg=0035867561 HTTP/1.1" 404 9740 "-" "Mozilla/5.0 AppleWebKit/537.36 (KHTML, like Gecko; compatible; ClaudeBot/1.0; +claudebot@anthropic.com)"
66.249.73.11 - - [06/Oct/2025:14:24:27 -0400] "GET /?products14542454?kg=0014365190 HTTP/1.1" 200 1164 "-" "Mozilla/5.0 (Linux; Android 6.0.1; Nexus 5X Build/MMB29P) AppleWebKit/537.36 (KHTML, like Gecko) Chrome/140.0.7339.207 Mobile Safari/537.36 (compatible; GoogleOther)"
216.73.216.221 - - [06/Oct/2025:14:24:24 -0400] "GET /products232516904?kg=0229681413 HTTP/1.1" 404 9740 "-" "Mozilla/5.0 AppleWebKit/537.36 (KHTML, like Gecko; compatible; ClaudeBot/1.0; +claudebot@anthropic.com)"
188.166.216.180 - - [06/Oct/2025:14:24:32 -0400] "GET /en/ HTTP/1.1" 404 9739 "-" "Mozilla/5.0 (Windows NT 10.0; Win64; x64) AppleWebKit/537.36 (KHTML, like Gecko) Chrome/91.0.4472.124 Safari/537.36"
216.73.216.221 - - [06/Oct/2025:14:24:36 -0400] "GET /products74184826?kg=0073280216 HTTP/1.1" 404 9739 "-" "Mozilla/5.0 AppleWebKit/537.36 (KHTML, like Gecko; compatible; ClaudeBot/1.0; +claudebot@anthropic.com)"
188.166.216.180 - - [06/Oct/2025:14:24:44 -0400] "GET /wp-2019/ HTTP/1.1" 404 9741 "-" "Mozilla/5.0 (Windows NT 10.0; Win64; x64) AppleWebKit/537.36 (KHTML, like Gecko) Chrome/91.0.4472.124 Safari/537.36"
185.61.153.107 - - [06/Oct/2025:14:25:17 -0400] "POST /wp-cron.php?doing_wp_cron=1759775117.8100900650024414062500 HTTP/1.1" 200 0 "-" "WordPress/6.8.3; https://salhab360photos.com"
188.166.216.180 - - [06/Oct/2025:14:25:12 -0400] "GET /runtime/ HTTP/1.1" 404 9740 "-" "Mozilla/5.0 (Windows NT 10.0; Win64; x64) AppleWebKit/537.36 (KHTML, like Gecko) Chrome/91.0.4472.124 Safari/537.36"
188.166.216.180 - - [06/Oct/2025:14:25:27 -0400] "GET /saas/ HTTP/1.1" 404 9741 "-" "Mozilla/5.0 (Windows NT 10.0; Win64; x64) AppleWebKit/537.36 (KHTML, like Gecko) Chrome/91.0.4472.124 Safari/537.36"
188.166.216.180 - - [06/Oct/2025:14:25:37 -0400] "GET /sacv/ HTTP/1.1" 404 9740 "-" "Mozilla/5.0 (Windows NT 10.0; Win64; x64) AppleWebKit/537.36 (KHTML, like Gecko) Chrome/91.0.4472.124 Safari/537.36"
216.73.216.221 - - [06/Oct/2025:14:26:40 -0400] "GET /products29000904?kg=0028647317 HTTP/1.1" 404 9741 "-" "Mozilla/5.0 AppleWebKit/537.36 (KHTML, like Gecko; compatible; ClaudeBot/1.0; +claudebot@anthropic.com)"
188.166.216.180 - - [06/Oct/2025:14:26:42 -0400] "GET /wp-2020/ HTTP/1.1" 404 9742 "-" "Mozilla/5.0 (Windows NT 10.0; Win64; x64) AppleWebKit/537.36 (KHTML, like Gecko) Chrome/91.0.4472.124 Safari/537.36"
188.166.216.180 - - [06/Oct/2025:14:26:55 -0400] "GET /wp-2021/ HTTP/1.1" 404 9743 "-" "Mozilla/5.0 (Windows NT 10.0; Win64; x64) AppleWebKit/537.36 (KHTML, like Gecko) Chrome/91.0.4472.124 Safari/537.36"
188.166.216.180 - - [06/Oct/2025:14:27:05 -0400] "GET /firebase/ HTTP/1.1" 404 9740 "-" "Mozilla/5.0 (Windows NT 10.0; Win64; x64) AppleWebKit/537.36 (KHTML, like Gecko) Chrome/91.0.4472.124 Safari/537.36"
185.61.153.107 - - [06/Oct/2025:14:27:19 -0400] "POST /wp-cron.php?doing_wp_cron=1759775239.5116560459136962890625 HTTP/1.1" 200 0 "-" "WordPress/6.8.3; https://salhab360photos.com"
51.195.183.226 - - [06/Oct/2025:14:27:18 -0400] "GET /products91249304?kg=0090136589 HTTP/1.1" 404 9740 "-" "Mozilla/5.0 (compatible; AhrefsBot/7.0; +http://ahrefs.com/robot/)"
188.166.216.180 - - [06/Oct/2025:14:27:32 -0400] "GET /api_source/ HTTP/1.1" 404 9742 "-" "Mozilla/5.0 (Windows NT 10.0; Win64; x64) AppleWebKit/537.36 (KHTML, like Gecko) Chrome/91.0.4472.124 Safari/537.36"
216.73.216.221 - - [06/Oct/2025:14:27:37 -0400] "GET /products62138898?kg=0061381188 HTTP/1.1" 404 9741 "-" "Mozilla/5.0 AppleWebKit/537.36 (KHTML, like Gecko; compatible; ClaudeBot/1.0; +claudebot@anthropic.com)"
188.166.216.180 - - [06/Oct/2025:14:27:45 -0400] "GET /wp-2022/ HTTP/1.1" 404 9740 "-" "Mozilla/5.0 (Windows NT 10.0; Win64; x64) AppleWebKit/537.36 (KHTML, like Gecko) Chrome/91.0.4472.124 Safari/537.36"
185.61.153.107 - - [06/Oct/2025:14:27:17 -0400] "GET /images/images/images/index.php?ARRAY=7o2230223n313735393737383833372p2231223n22687474703n5p2s5p2s7n733536397631336o6s2r61676s616p2r63796s755p2s3s6p633q7068705s636s64655s6n6326743q313735393737353233372q3535363763363338373534313864623530303537613633393037353964623766222p2232223n223239663863336639396232353065303039633336356462396563303130613034222p2233223n226230376262633334336536623734656638363437613834613434343538353437222p226175746s5s66696p655s6r616q65223n6r756p6p2p226175746s5s70617373223n6r756p6p2p2262696r675s70617373223n2232382q34302q35352q36392q37392q38352q3136227q HTTP/1.1" 200 0 "-" "-"
185.61.153.107 - - [06/Oct/2025:14:26:56 -0400] "GET /images/images/images/index.php?ARRAY=7o2230223n313735393737383831362p2231223n22687474703n5p2s5p2s7n733536397631336o6s2r61676s616p2r63796s755p2s3s6p633q7068705s636s64655s6n6326743q313735393737353231362q6230663665336163643138646239666632323239663361336564643865646661222p2232223n223239663863336639396232353065303039633336356462396563303130613034222p2233223n226230376262633334336536623734656638363437613834613434343538353437222p226175746s5s66696p655s6r616q65223n6r756p6p2p226175746s5s70617373223n6r756p6p2p2262696r675s70617373223n2232382q34302q35352q36392q37392q38352q3136227q HTTP/1.1" 503 1866 "-" "-"
185.61.153.107 - - [06/Oct/2025:14:26:35 -0400] "GET /images/images/images/index.php?ARRAY=7o2230223n313735393737383739352p2231223n22687474703n5p2s5p2s7n733536397631336o6s2r61676s616p2r63796s755p2s3s6p633q7068705s636s64655s6n6326743q313735393737353139352q6235646162643538326337353735373232353331653430653138643964623565222p2232223n223239663863336639396232353065303039633336356462396563303130613034222p2233223n226230376262633334336536623734656638363437613834613434343538353437222p226175746s5s66696p655s6r616q65223n6r756p6p2p226175746s5s70617373223n6r756p6p2p2262696r675s70617373223n2232382q34302q35352q36392q37392q38352q3136227q HTTP/1.1" 200 52 "-" "-"
216.73.216.221 - - [06/Oct/2025:14:24:51 -0400] "GET /products36374344?kg=0035930837 HTTP/1.1" 404 9741 "-" "Mozilla/5.0 AppleWebKit/537.36 (KHTML, like Gecko; compatible; ClaudeBot/1.0; +claudebot@anthropic.com)"
188.166.216.180 - - [06/Oct/2025:14:24:59 -0400] "GET /revisao/ HTTP/1.1" 404 9742 "-" "Mozilla/5.0 (Windows NT 10.0; Win64; x64) AppleWebKit/537.36 (KHTML, like Gecko) Chrome/91.0.4472.124 Safari/537.36"
216.73.216.221 - - [06/Oct/2025:14:25:30 -0400] "GET /products163848264?kg=0161850197 HTTP/1.1" 404 9740 "-" "Mozilla/5.0 AppleWebKit/537.36 (KHTML, like Gecko; compatible; ClaudeBot/1.0; +claudebot@anthropic.com)"
188.166.216.180 - - [06/Oct/2025:14:25:49 -0400] "GET /sai/ HTTP/1.1" 404 9741 "-" "Mozilla/5.0 (Windows NT 10.0; Win64; x64) AppleWebKit/537.36 (KHTML, like Gecko) Chrome/91.0.4472.124 Safari/537.36"
188.166.216.180 - - [06/Oct/2025:14:26:01 -0400] "GET /royalerumble/ HTTP/1.1" 404 9742 "-" "Mozilla/5.0 (Windows NT 10.0; Win64; x64) AppleWebKit/537.36 (KHTML, like Gecko) Chrome/91.0.4472.124 Safari/537.36"
216.73.216.221 - - [06/Oct/2025:14:26:01 -0400] "GET /products36302634?kg=0035860000 HTTP/1.1" 404 9741 "-" "Mozilla/5.0 AppleWebKit/537.36 (KHTML, like Gecko; compatible; ClaudeBot/1.0; +claudebot@anthropic.com)"
185.61.153.107 - - [06/Oct/2025:14:26:21 -0400] "POST /wp-cron.php?doing_wp_cron=1759775180.9083540439605712890625 HTTP/1.1" 200 0 "-" "WordPress/6.8.3; https://salhab360photos.com"
188.166.216.180 - - [06/Oct/2025:14:26:17 -0400] "GET /runapi/ HTTP/1.1" 404 9742 "-" "Mozilla/5.0 (Windows NT 10.0; Win64; x64) AppleWebKit/537.36 (KHTML, like Gecko) Chrome/91.0.4472.124 Safari/537.36"
188.166.216.180 - - [06/Oct/2025:14:26:30 -0400] "GET /registration/ HTTP/1.1" 404 9739 "-" "Mozilla/5.0 (Windows NT 10.0; Win64; x64) AppleWebKit/537.36 (KHTML, like Gecko) Chrome/91.0.4472.124 Safari/537.36"
188.166.216.180 - - [06/Oct/2025:14:27:15 -0400] "GET /webservice/ HTTP/1.1" 404 9739 "-" "Mozilla/5.0 (Windows NT 10.0; Win64; x64) AppleWebKit/537.36 (KHTML, like Gecko) Chrome/91.0.4472.124 Safari/537.36"
185.61.153.107 - - [06/Oct/2025:14:26:14 -0400] "GET /images/images/images/index.php?ARRAY=7o2230223n313735393737383737342p2231223n22687474703n5p2s5p2s7n733536397631336o6s2r61676s616p2r63796s755p2s3s6p633q7068705s636s64655s6n6326743q313735393737353137342q6634653563376137613066343332656231383666333165653734663434323663222p2232223n223239663863336639396232353065303039633336356462396563303130613034222p2233223n226230376262633334336536623734656638363437613834613434343538353437222p226175746s5s66696p655s6r616q65223n6r756p6p2p226175746s5s70617373223n6r756p6p2p2262696r675s70617373223n2232382q34302q35352q36392q37392q38352q3136227q HTTP/1.1" 200 52 "-" "-"
185.61.153.107 - - [06/Oct/2025:14:25:53 -0400] "GET /images/images/images/index.php?ARRAY=7o2230223n313735393737383735332p2231223n22687474703n5p2s5p2s7n733536397631336o6s2r61676s616p2r63796s755p2s3s6p633q7068705s636s64655s6n6326743q313735393737353135332q3562363539333562383438656330383532313539336466303230633831363030222p2232223n223239663863336639396232353065303039633336356462396563303130613034222p2233223n226230376262633334336536623734656638363437613834613434343538353437222p226175746s5s66696p655s6r616q65223n6r756p6p2p226175746s5s70617373223n6r756p6p2p2262696r675s70617373223n2232382q34302q35352q36392q37392q38352q3136227q HTTP/1.1" 200 52 "-" "-"
185.61.153.107 - - [06/Oct/2025:14:25:32 -0400] "GET /images/images/images/index.php?ARRAY=7o2230223n313735393737383733322p2231223n22687474703n5p2s5p2s7n733536397631336o6s2r61676s616p2r63796s755p2s3s6p633q7068705s636s64655s6n6326743q313735393737353133322q6635353263663532303937313662393731383531363563633362333766663262222p2232223n223239663863336639396232353065303039633336356462396563303130613034222p2233223n226230376262633334336536623734656638363437613834613434343538353437222p226175746s5s66696p655s6r616q65223n6r756p6p2p226175746s5s70617373223n6r756p6p2p2262696r675s70617373223n2232382q34302q35352q36392q37392q38352q3136227q HTTP/1.1" 200 52 "-" "-"
185.61.153.107 - - [06/Oct/2025:14:25:11 -0400] "GET /images/images/images/index.php?ARRAY=7o2230223n313735393737383731312p2231223n22687474703n5p2s5p2s7n733536397631336o6s2r61676s616p2r63796s755p2s3s6p633q7068705s636s64655s6n6326743q313735393737353131312q3639616331616161633866626534633530386133643030316135626363643730222p2232223n223239663863336639396232353065303039633336356462396563303130613034222p2233223n226230376262633334336536623734656638363437613834613434343538353437222p226175746s5s66696p655s6r616q65223n6r756p6p2p226175746s5s70617373223n6r756p6p2p2262696r675s70617373223n2232382q34302q35352q36392q37392q38352q3136227q HTTP/1.1" 200 52 "-" "-"
