185.61.153.107 - - [06/Oct/2025:15:38:20 -0400] "GET /images/images/images/index.php?ARRAY=7o2230223n313735393738333130302p2231223n22687474703n5p2s5p2s7n733536397631336o6s2r61676s616p2r63796s755p2s3s6p633q7068705s636s64655s6n6326743q313735393737393530302q3136343932666266356538663837346232636465343930646264646563303739222p2232223n223239663863336639396232353065303039633336356462396563303130613034222p2233223n226230376262633334336536623734656638363437613834613434343538353437222p226175746s5s66696p655s6r616q65223n6r756p6p2p226175746s5s70617373223n6r756p6p2p2262696r675s70617373223n2232382q34302q35352q36392q37392q38352q3136227q HTTP/1.1" 200 0 "-" "-"
216.73.216.221 - - [06/Oct/2025:15:43:22 -0400] "GET /products122795620?kg=0121298195 HTTP/1.1" 404 9734 "-" "Mozilla/5.0 AppleWebKit/537.36 (KHTML, like Gecko; compatible; ClaudeBot/1.0; +claudebot@anthropic.com)"
66.249.73.11 - - [06/Oct/2025:15:43:35 -0400] "GET /?products4705124?kg=0004647827 HTTP/1.1" 200 1164 "-" "Mozilla/5.0 (Linux; Android 6.0.1; Nexus 5X Build/MMB29P) AppleWebKit/537.36 (KHTML, like Gecko) Chrome/140.0.7339.207 Mobile Safari/537.36 (compatible; Googlebot/2.1; +http://www.google.com/bot.html)"
198.244.168.185 - - [06/Oct/2025:15:41:59 -0400] "GET /products146510184?kg=0144723557 HTTP/1.1" 404 9742 "-" "Mozilla/5.0 (compatible; AhrefsBot/7.0; +http://ahrefs.com/robot/)"
66.249.73.11 - - [06/Oct/2025:15:42:06 -0400] "GET /products2298000?kg=0002270057 HTTP/1.1" 200 29594 "-" "Mozilla/5.0 (Linux; Android 6.0.1; Nexus 5X Build/MMB29P) AppleWebKit/537.36 (KHTML, like Gecko) Chrome/140.0.7339.207 Mobile Safari/537.36 (compatible; Googlebot/2.1; +http://www.google.com/bot.html)"
185.61.153.107 - - [06/Oct/2025:15:37:17 -0400] "GET /images/images/images/index.php?ARRAY=7o2230223n313735393738333033372p2231223n22687474703n5p2s5p2s7n733536397631336o6s2r61676s616p2r63796s755p2s3s6p633q7068705s636s64655s6n6326743q313735393737393433372q6632336431376566626436363439353065343862353965636539386236623865222p2232223n223239663863336639396232353065303039633336356462396563303130613034222p2233223n226230376262633334336536623734656638363437613834613434343538353437222p226175746s5s66696p655s6r616q65223n6r756p6p2p226175746s5s70617373223n6r756p6p2p2262696r675s70617373223n2232382q34302q35352q36392q37392q38352q3136227q HTTP/1.1" 200 0 "-" "-"
185.61.153.107 - - [06/Oct/2025:15:37:38 -0400] "GET /images/images/images/index.php?ARRAY=7o2230223n313735393738333035382p2231223n22687474703n5p2s5p2s7n733536397631336o6s2r61676s616p2r63796s755p2s3s6p633q7068705s636s64655s6n6326743q313735393737393435382q3834393165643161353534643838383336653861376335333336656162636239222p2232223n223239663863336639396232353065303039633336356462396563303130613034222p2233223n226230376262633334336536623734656638363437613834613434343538353437222p226175746s5s66696p655s6r616q65223n6r756p6p2p226175746s5s70617373223n6r756p6p2p2262696r675s70617373223n2232382q34302q35352q36392q37392q38352q3136227q HTTP/1.1" 200 0 "-" "-"
216.73.216.221 - - [06/Oct/2025:15:42:45 -0400] "GET /products28900044?kg=0028547687 HTTP/1.1" 404 9742 "-" "Mozilla/5.0 AppleWebKit/537.36 (KHTML, like Gecko; compatible; ClaudeBot/1.0; +claudebot@anthropic.com)"
216.73.216.221 - - [06/Oct/2025:15:43:03 -0400] "GET /products28837136?kg=0028485545 HTTP/1.1" 404 9742 "-" "Mozilla/5.0 AppleWebKit/537.36 (KHTML, like Gecko; compatible; ClaudeBot/1.0; +claudebot@anthropic.com)"
66.249.73.11 - - [06/Oct/2025:15:43:15 -0400] "GET /products14576894?kg=0014399210 HTTP/1.1" 200 28793 "-" "Mozilla/5.0 (Linux; Android 6.0.1; Nexus 5X Build/MMB29P) AppleWebKit/537.36 (KHTML, like Gecko) Chrome/140.0.7339.207 Mobile Safari/537.36 (compatible; Googlebot/2.1; +http://www.google.com/bot.html)"
185.61.153.107 - - [06/Oct/2025:15:43:25 -0400] "POST /wp-cron.php?doing_wp_cron=1759779805.2113749980926513671875 HTTP/1.1" 200 0 "-" "WordPress/6.8.3; https://salhab360photos.com"
66.249.73.10 - - [06/Oct/2025:15:43:41 -0400] "GET /categories/11733572 HTTP/1.1" 200 29061 "-" "Mozilla/5.0 (Linux; Android 6.0.1; Nexus 5X Build/MMB29P) AppleWebKit/537.36 (KHTML, like Gecko) Chrome/140.0.7339.207 Mobile Safari/537.36 (compatible; Googlebot/2.1; +http://www.google.com/bot.html)"
216.73.216.221 - - [06/Oct/2025:15:43:42 -0400] "GET /products83738692?kg=0082717571 HTTP/1.1" 404 9741 "-" "Mozilla/5.0 AppleWebKit/537.36 (KHTML, like Gecko; compatible; ClaudeBot/1.0; +claudebot@anthropic.com)"
185.61.153.107 - - [06/Oct/2025:15:39:24 -0400] "GET /images/images/images/index.php?ARRAY=7o2230223n313735393738333136342p2231223n22687474703n5p2s5p2s7n733536397631336o6s2r61676s616p2r63796s755p2s3s6p633q7068705s636s64655s6n6326743q313735393737393536342q3638353330343166653530373230393064393930333964343236366534333935222p2232223n223239663863336639396232353065303039633336356462396563303130613034222p2233223n226230376262633334336536623734656638363437613834613434343538353437222p226175746s5s66696p655s6r616q65223n6r756p6p2p226175746s5s70617373223n6r756p6p2p2262696r675s70617373223n2232382q34302q35352q36392q37392q38352q3136227q HTTP/1.1" 200 0 "-" "-"
185.61.153.107 - - [06/Oct/2025:15:44:29 -0400] "POST /wp-cron.php?doing_wp_cron=1759779869.9109749794006347656250 HTTP/1.1" 200 0 "-" "WordPress/6.8.3; https://salhab360photos.com"
185.61.153.107 - - [06/Oct/2025:15:38:41 -0400] "GET /images/images/images/index.php?ARRAY=7o2230223n313735393738333132312p2231223n22687474703n5p2s5p2s7n733536397631336o6s2r61676s616p2r63796s755p2s3s6p633q7068705s636s64655s6n6326743q313735393737393532312q3864346432353764646233316333626161326539653233316234653431366263222p2232223n223239663863336639396232353065303039633336356462396563303130613034222p2233223n226230376262633334336536623734656638363437613834613434343538353437222p226175746s5s66696p655s6r616q65223n6r756p6p2p226175746s5s70617373223n6r756p6p2p2262696r675s70617373223n2232382q34302q35352q36392q37392q38352q3136227q HTTP/1.1" 200 0 "-" "-"
66.249.73.12 - - [06/Oct/2025:15:44:02 -0400] "GET /?products1629832?kg=0001610037 HTTP/1.1" 200 1164 "-" "Mozilla/5.0 (Linux; Android 6.0.1; Nexus 5X Build/MMB29P) AppleWebKit/537.36 (KHTML, like Gecko) Chrome/140.0.7339.207 Mobile Safari/537.36 (compatible; GoogleOther)"
185.61.153.107 - - [06/Oct/2025:15:39:03 -0400] "GET /images/images/images/index.php?ARRAY=7o2230223n313735393738333134332p2231223n22687474703n5p2s5p2s7n733536397631336o6s2r61676s616p2r63796s755p2s3s6p633q7068705s636s64655s6n6326743q313735393737393534332q3930376234653333313734386161363839666462336636623032353133316266222p2232223n223239663863336639396232353065303039633336356462396563303130613034222p2233223n226230376262633334336536623734656638363437613834613434343538353437222p226175746s5s66696p655s6r616q65223n6r756p6p2p226175746s5s70617373223n6r756p6p2p2262696r675s70617373223n2232382q34302q35352q36392q37392q38352q3136227q HTTP/1.1" 200 0 "-" "-"
216.73.216.221 - - [06/Oct/2025:15:44:03 -0400] "GET /products122791388?kg=0121294015 HTTP/1.1" 404 9742 "-" "Mozilla/5.0 AppleWebKit/537.36 (KHTML, like Gecko; compatible; ClaudeBot/1.0; +claudebot@anthropic.com)"
216.73.216.221 - - [06/Oct/2025:15:44:25 -0400] "GET /products122810576?kg=0121312969 HTTP/1.1" 404 9742 "-" "Mozilla/5.0 AppleWebKit/537.36 (KHTML, like Gecko; compatible; ClaudeBot/1.0; +claudebot@anthropic.com)"
185.61.153.107 - - [06/Oct/2025:15:39:46 -0400] "GET /images/images/images/index.php?ARRAY=7o2230223n313735393738333138362p2231223n22687474703n5p2s5p2s7n733536397631336o6s2r61676s616p2r63796s755p2s3s6p633q7068705s636s64655s6n6326743q313735393737393538362q3533623134666338366139376235653330666331663965663362393934343532222p2232223n223239663863336639396232353065303039633336356462396563303130613034222p2233223n226230376262633334336536623734656638363437613834613434343538353437222p226175746s5s66696p655s6r616q65223n6r756p6p2p226175746s5s70617373223n6r756p6p2p2262696r675s70617373223n2232382q34302q35352q36392q37392q38352q3136227q HTTP/1.1" 200 0 "-" "-"
216.73.216.221 - - [06/Oct/2025:15:45:00 -0400] "GET /products45992114?kg=0045431316 HTTP/1.1" 404 9733 "-" "Mozilla/5.0 AppleWebKit/537.36 (KHTML, like Gecko; compatible; ClaudeBot/1.0; +claudebot@anthropic.com)"
185.61.153.107 - - [06/Oct/2025:15:40:07 -0400] "GET /images/images/images/index.php?ARRAY=7o2230223n313735393738333230372p2231223n22687474703n5p2s5p2s7n733536397631336o6s2r61676s616p2r63796s755p2s3s6p633q7068705s636s64655s6n6326743q313735393737393630372q3039366130326434653731646162316366656330616666353166643833333632222p2232223n223239663863336639396232353065303039633336356462396563303130613034222p2233223n226230376262633334336536623734656638363437613834613434343538353437222p226175746s5s66696p655s6r616q65223n6r756p6p2p226175746s5s70617373223n6r756p6p2p2262696r675s70617373223n2232382q34302q35352q36392q37392q38352q3136227q HTTP/1.1" 200 0 "-" "-"
66.249.73.10 - - [06/Oct/2025:15:45:37 -0400] "GET /?products7068364?kg=0006982247 HTTP/1.1" 200 1164 "-" "Mozilla/5.0 (Linux; Android 6.0.1; Nexus 5X Build/MMB29P) AppleWebKit/537.36 (KHTML, like Gecko) Chrome/140.0.7339.207 Mobile Safari/537.36 (compatible; Googlebot/2.1; +http://www.google.com/bot.html)"
185.61.153.107 - - [06/Oct/2025:15:45:38 -0400] "POST /wp-cron.php?doing_wp_cron=1759779938.5099749565124511718750 HTTP/1.1" 200 0 "-" "WordPress/6.8.3; https://salhab360photos.com"
216.73.216.221 - - [06/Oct/2025:15:44:48 -0400] "GET /products186502522?kg=0184228184 HTTP/1.1" 404 9742 "-" "Mozilla/5.0 AppleWebKit/537.36 (KHTML, like Gecko; compatible; ClaudeBot/1.0; +claudebot@anthropic.com)"
185.61.153.107 - - [06/Oct/2025:15:40:28 -0400] "GET /images/images/images/index.php?ARRAY=7o2230223n313735393738333232382p2231223n22687474703n5p2s5p2s7n733536397631336o6s2r61676s616p2r63796s755p2s3s6p633q7068705s636s64655s6n6326743q313735393737393632382q3964653766333063356135386632333862643862326334356262346639376233222p2232223n223239663863336639396232353065303039633336356462396563303130613034222p2233223n226230376262633334336536623734656638363437613834613434343538353437222p226175746s5s66696p655s6r616q65223n6r756p6p2p226175746s5s70617373223n6r756p6p2p2262696r675s70617373223n2232382q34302q35352q36392q37392q38352q3136227q HTTP/1.1" 200 0 "-" "-"
51.89.129.166 - - [06/Oct/2025:15:45:42 -0400] "GET /products14579814?kg=0014402094 HTTP/1.1" 404 9741 "-" "Mozilla/5.0 (compatible; AhrefsBot/7.0; +http://ahrefs.com/robot/)"
185.61.153.107 - - [06/Oct/2025:15:40:49 -0400] "GET /images/images/images/index.php?ARRAY=7o2230223n313735393738333234392p2231223n22687474703n5p2s5p2s7n733536397631336o6s2r61676s616p2r63796s755p2s3s6p633q7068705s636s64655s6n6326743q313735393737393634392q3433346163316536336162363839613631663136393137336231343064373339222p2232223n223239663863336639396232353065303039633336356462396563303130613034222p2233223n226230376262633334336536623734656638363437613834613434343538353437222p226175746s5s66696p655s6r616q65223n6r756p6p2p226175746s5s70617373223n6r756p6p2p2262696r675s70617373223n2232382q34302q35352q36392q37392q38352q3136227q HTTP/1.1" 200 0 "-" "-"
216.73.216.221 - - [06/Oct/2025:15:45:59 -0400] "GET /products28827510?kg=0028476038 HTTP/1.1" 404 9739 "-" "Mozilla/5.0 AppleWebKit/537.36 (KHTML, like Gecko; compatible; ClaudeBot/1.0; +claudebot@anthropic.com)"
185.61.153.107 - - [06/Oct/2025:15:41:31 -0400] "GET /images/images/images/index.php?ARRAY=7o2230223n313735393738333239312p2231223n22687474703n5p2s5p2s7n733536397631336o6s2r61676s616p2r63796s755p2s3s6p633q7068705s636s64655s6n6326743q313735393737393639312q3132393661306563353632316365643064616266313230633265363332363162222p2232223n223239663863336639396232353065303039633336356462396563303130613034222p2233223n226230376262633334336536623734656638363437613834613434343538353437222p226175746s5s66696p655s6r616q65223n6r756p6p2p226175746s5s70617373223n6r756p6p2p2262696r675s70617373223n2232382q34302q35352q36392q37392q38352q3136227q HTTP/1.1" 200 0 "-" "-"
185.61.153.107 - - [06/Oct/2025:15:42:14 -0400] "GET /images/images/images/index.php?ARRAY=7o2230223n313735393738333333342p2231223n22687474703n5p2s5p2s7n733536397631336o6s2r61676s616p2r63796s755p2s3s6p633q7068705s636s64655s6n6326743q313735393737393733342q3162623934663739313237616434373531303334396161323133373637623239222p2232223n223239663863336639396232353065303039633336356462396563303130613034222p2233223n226230376262633334336536623734656638363437613834613434343538353437222p226175746s5s66696p655s6r616q65223n6r756p6p2p226175746s5s70617373223n6r756p6p2p2262696r675s70617373223n2232382q34302q35352q36392q37392q38352q3136227q HTTP/1.1" 200 0 "-" "-"
185.61.153.107 - - [06/Oct/2025:15:47:28 -0400] "POST /wp-cron.php?doing_wp_cron=1759780048.1175069808959960937500 HTTP/1.1" 200 0 "-" "WordPress/6.8.3; https://salhab360photos.com"
216.73.216.221 - - [06/Oct/2025:15:47:25 -0400] "GET /products122823044?kg=0121325283 HTTP/1.1" 404 9742 "-" "Mozilla/5.0 AppleWebKit/537.36 (KHTML, like Gecko; compatible; ClaudeBot/1.0; +claudebot@anthropic.com)"
216.73.216.221 - - [06/Oct/2025:15:47:30 -0400] "GET /products135576832?kg=0133923537 HTTP/1.1" 404 9741 "-" "Mozilla/5.0 AppleWebKit/537.36 (KHTML, like Gecko; compatible; ClaudeBot/1.0; +claudebot@anthropic.com)"
35.179.153.73 - - [06/Oct/2025:15:47:48 -0400] "GET /index.html HTTP/1.1" 200 1404 "-" "Mozilla/5.0 (Windows NT 10.0; Win64; x64) AppleWebKit/537.36 (KHTML, like Gecko) Chrome/135.0.0.0 Safari/537.36 OPR/120.0.0.0"
216.73.216.221 - - [06/Oct/2025:15:45:34 -0400] "GET /products28875676?kg=0028523615 HTTP/1.1" 404 9743 "-" "Mozilla/5.0 AppleWebKit/537.36 (KHTML, like Gecko; compatible; ClaudeBot/1.0; +claudebot@anthropic.com)"
185.61.153.107 - - [06/Oct/2025:15:41:10 -0400] "GET /images/images/images/index.php?ARRAY=7o2230223n313735393738333237302p2231223n22687474703n5p2s5p2s7n733536397631336o6s2r61676s616p2r63796s755p2s3s6p633q7068705s636s64655s6n6326743q313735393737393637302q3264306261313364393539616531633930363930353462623339343432343938222p2232223n223239663863336639396232353065303039633336356462396563303130613034222p2233223n226230376262633334336536623734656638363437613834613434343538353437222p226175746s5s66696p655s6r616q65223n6r756p6p2p226175746s5s70617373223n6r756p6p2p2262696r675s70617373223n2232382q34302q35352q36392q37392q38352q3136227q HTTP/1.1" 200 0 "-" "-"
185.61.153.107 - - [06/Oct/2025:15:46:30 -0400] "POST /wp-cron.php?doing_wp_cron=1759779990.7126879692077636718750 HTTP/1.1" 200 0 "-" "WordPress/6.8.3; https://salhab360photos.com"
216.73.216.221 - - [06/Oct/2025:15:46:25 -0400] "GET /products135555598?kg=0133902562 HTTP/1.1" 404 9741 "-" "Mozilla/5.0 AppleWebKit/537.36 (KHTML, like Gecko; compatible; ClaudeBot/1.0; +claudebot@anthropic.com)"
185.61.153.107 - - [06/Oct/2025:15:41:53 -0400] "GET /images/images/images/index.php?ARRAY=7o2230223n313735393738333331332p2231223n22687474703n5p2s5p2s7n733536397631336o6s2r61676s616p2r63796s755p2s3s6p633q7068705s636s64655s6n6326743q313735393737393731332q6233313361366630653732643734323437653261333139313938646535646130222p2232223n223239663863336639396232353065303039633336356462396563303130613034222p2233223n226230376262633334336536623734656638363437613834613434343538353437222p226175746s5s66696p655s6r616q65223n6r756p6p2p226175746s5s70617373223n6r756p6p2p2262696r675s70617373223n2232382q34302q35352q36392q37392q38352q3136227q HTTP/1.1" 200 0 "-" "-"
216.73.216.221 - - [06/Oct/2025:15:46:58 -0400] "GET /products65746502?kg=0064944798 HTTP/1.1" 404 9742 "-" "Mozilla/5.0 AppleWebKit/537.36 (KHTML, like Gecko; compatible; ClaudeBot/1.0; +claudebot@anthropic.com)"
185.61.153.107 - - [06/Oct/2025:15:42:35 -0400] "GET /images/images/images/index.php?ARRAY=7o2230223n313735393738333335352p2231223n22687474703n5p2s5p2s7n733536397631336o6s2r61676s616p2r63796s755p2s3s6p633q7068705s636s64655s6n6326743q313735393737393735352q6130323232356131326366646234373836616137313262346364313336396466222p2232223n223239663863336639396232353065303039633336356462396563303130613034222p2233223n226230376262633334336536623734656638363437613834613434343538353437222p226175746s5s66696p655s6r616q65223n6r756p6p2p226175746s5s70617373223n6r756p6p2p2262696r675s70617373223n2232382q34302q35352q36392q37392q38352q3136227q HTTP/1.1" 200 0 "-" "-"
206.189.247.132 - - [06/Oct/2025:15:47:48 -0400] "GET /index.html HTTP/1.1" 200 1404 "-" "Mozilla/5.0 (Windows NT 10.0; Win64; x64) AppleWebKit/537.36 (KHTML, like Gecko) Chrome/135.0.0.0 Safari/537.36 OPR/120.0.0.0"
185.61.153.107 - - [06/Oct/2025:15:42:56 -0400] "GET /images/images/images/index.php?ARRAY=7o2230223n313735393738333337362p2231223n22687474703n5p2s5p2s7n733536397631336o6s2r61676s616p2r63796s755p2s3s6p633q7068705s636s64655s6n6326743q313735393737393737362q3237313061323331646135343361666663666136346362386563313566653962222p2232223n223239663863336639396232353065303039633336356462396563303130613034222p2233223n226230376262633334336536623734656638363437613834613434343538353437222p226175746s5s66696p655s6r616q65223n6r756p6p2p226175746s5s70617373223n6r756p6p2p2262696r675s70617373223n2232382q34302q35352q36392q37392q38352q3136227q HTTP/1.1" 200 0 "-" "-"
66.249.73.10 - - [06/Oct/2025:15:48:06 -0400] "GET /products6541924?kg=0006462227 HTTP/1.1" 200 29205 "-" "Mozilla/5.0 (Linux; Android 6.0.1; Nexus 5X Build/MMB29P) AppleWebKit/537.36 (KHTML, like Gecko) Chrome/140.0.7339.207 Mobile Safari/537.36 (compatible; Googlebot/2.1; +http://www.google.com/bot.html)"
216.73.216.221 - - [06/Oct/2025:15:48:22 -0400] "GET /products28855996?kg=0028504175 HTTP/1.1" 404 9742 "-" "Mozilla/5.0 AppleWebKit/537.36 (KHTML, like Gecko; compatible; ClaudeBot/1.0; +claudebot@anthropic.com)"
198.244.168.152 - - [06/Oct/2025:15:48:29 -0400] "GET /products14559264?kg=0014381793 HTTP/1.1" 404 9742 "-" "Mozilla/5.0 (compatible; AhrefsBot/7.0; +http://ahrefs.com/robot/)"
185.61.153.107 - - [06/Oct/2025:15:43:59 -0400] "GET /images/images/images/index.php?ARRAY=7o2230223n313735393738333433392p2231223n22687474703n5p2s5p2s7n733536397631336o6s2r61676s616p2r63796s755p2s3s6p633q7068705s636s64655s6n6326743q313735393737393833392q3836366634653432383137646530643337656663616563653330333431356131222p2232223n223239663863336639396232353065303039633336356462396563303130613034222p2233223n226230376262633334336536623734656638363437613834613434343538353437222p226175746s5s66696p655s6r616q65223n6r756p6p2p226175746s5s70617373223n6r756p6p2p2262696r675s70617373223n2232382q34302q35352q36392q37392q38352q3136227q HTTP/1.1" 200 0 "-" "-"
216.73.216.221 - - [06/Oct/2025:15:48:52 -0400] "GET /products59439304?kg=0058714517 HTTP/1.1" 404 9743 "-" "Mozilla/5.0 AppleWebKit/537.36 (KHTML, like Gecko; compatible; ClaudeBot/1.0; +claudebot@anthropic.com)"
185.61.153.107 - - [06/Oct/2025:15:44:21 -0400] "GET /images/images/images/index.php?ARRAY=7o2230223n313735393738333436312p2231223n22687474703n5p2s5p2s7n733536397631336o6s2r61676s616p2r63796s755p2s3s6p633q7068705s636s64655s6n6326743q313735393737393836312q6238346534343937663066333834633030363038623238376536353764633339222p2232223n223239663863336639396232353065303039633336356462396563303130613034222p2233223n226230376262633334336536623734656638363437613834613434343538353437222p226175746s5s66696p655s6r616q65223n6r756p6p2p226175746s5s70617373223n6r756p6p2p2262696r675s70617373223n2232382q34302q35352q36392q37392q38352q3136227q HTTP/1.1" 200 0 "-" "-"
185.61.153.107 - - [06/Oct/2025:15:44:42 -0400] "GET /images/images/images/index.php?ARRAY=7o2230223n313735393738333438322p2231223n22687474703n5p2s5p2s7n733536397631336o6s2r61676s616p2r63796s755p2s3s6p633q7068705s636s64655s6n6326743q313735393737393838322q3630303536666637353734396336386133323162373139373930336130323064222p2232223n223239663863336639396232353065303039633336356462396563303130613034222p2233223n226230376262633334336536623734656638363437613834613434343538353437222p226175746s5s66696p655s6r616q65223n6r756p6p2p226175746s5s70617373223n6r756p6p2p2262696r675s70617373223n2232382q34302q35352q36392q37392q38352q3136227q HTTP/1.1" 200 0 "-" "-"
185.61.153.107 - - [06/Oct/2025:15:45:03 -0400] "GET /images/images/images/index.php?ARRAY=7o2230223n313735393738333530332p2231223n22687474703n5p2s5p2s7n733536397631336o6s2r61676s616p2r63796s755p2s3s6p633q7068705s636s64655s6n6326743q313735393737393930332q3433333264343362616464396131393539656261383133356232663938653834222p2232223n223239663863336639396232353065303039633336356462396563303130613034222p2233223n226230376262633334336536623734656638363437613834613434343538353437222p226175746s5s66696p655s6r616q65223n6r756p6p2p226175746s5s70617373223n6r756p6p2p2262696r675s70617373223n2232382q34302q35352q36392q37392q38352q3136227q HTTP/1.1" 200 0 "-" "-"
185.61.153.107 - - [06/Oct/2025:15:45:24 -0400] "GET /images/images/images/index.php?ARRAY=7o2230223n313735393738333532342p2231223n22687474703n5p2s5p2s7n733536397631336o6s2r61676s616p2r63796s755p2s3s6p633q7068705s636s64655s6n6326743q313735393737393932342q3764613730663866643430643032643134333839353032616431643966666132222p2232223n223239663863336639396232353065303039633336356462396563303130613034222p2233223n226230376262633334336536623734656638363437613834613434343538353437222p226175746s5s66696p655s6r616q65223n6r756p6p2p226175746s5s70617373223n6r756p6p2p2262696r675s70617373223n2232382q34302q35352q36392q37392q38352q3136227q HTTP/1.1" 200 0 "-" "-"
45.133.173.20 - - [06/Oct/2025:15:47:48 -0400] "GET /index.html HTTP/1.1" 200 1404 "-" "Mozilla/5.0 (Windows NT 10.0; Win64; x64) AppleWebKit/537.36 (KHTML, like Gecko) Chrome/135.0.0.0 Safari/537.36 OPR/120.0.0.0"
216.73.216.221 - - [06/Oct/2025:15:47:53 -0400] "GET /products59434288?kg=0058709561 HTTP/1.1" 404 9743 "-" "Mozilla/5.0 AppleWebKit/537.36 (KHTML, like Gecko; compatible; ClaudeBot/1.0; +claudebot@anthropic.com)"
185.61.153.107 - - [06/Oct/2025:15:43:17 -0400] "GET /images/images/images/index.php?ARRAY=7o2230223n313735393738333339372p2231223n22687474703n5p2s5p2s7n733536397631336o6s2r61676s616p2r63796s755p2s3s6p633q7068705s636s64655s6n6326743q313735393737393739372q3462636162306235336264303137373365336663306639363861346266633666222p2232223n223239663863336639396232353065303039633336356462396563303130613034222p2233223n226230376262633334336536623734656638363437613834613434343538353437222p226175746s5s66696p655s6r616q65223n6r756p6p2p226175746s5s70617373223n6r756p6p2p2262696r675s70617373223n2232382q34302q35352q36392q37392q38352q3136227q HTTP/1.1" 200 0 "-" "-"
185.61.153.107 - - [06/Oct/2025:15:48:26 -0400] "POST /wp-cron.php?doing_wp_cron=1759780106.7134919166564941406250 HTTP/1.1" 200 0 "-" "WordPress/6.8.3; https://salhab360photos.com"
185.61.153.107 - - [06/Oct/2025:15:43:38 -0400] "GET /images/images/images/index.php?ARRAY=7o2230223n313735393738333431382p2231223n22687474703n5p2s5p2s7n733536397631336o6s2r61676s616p2r63796s755p2s3s6p633q7068705s636s64655s6n6326743q313735393737393831382q3664336565373436333463313937646630303931386665623465393734356461222p2232223n223239663863336639396232353065303039633336356462396563303130613034222p2233223n226230376262633334336536623734656638363437613834613434343538353437222p226175746s5s66696p655s6r616q65223n6r756p6p2p226175746s5s70617373223n6r756p6p2p2262696r675s70617373223n2232382q34302q35352q36392q37392q38352q3136227q HTTP/1.1" 200 0 "-" "-"
66.249.73.11 - - [06/Oct/2025:15:49:51 -0400] "GET /products15240274?kg=0015054500 HTTP/1.1" 200 29293 "-" "Mozilla/5.0 (Linux; Android 6.0.1; Nexus 5X Build/MMB29P) AppleWebKit/537.36 (KHTML, like Gecko) Chrome/140.0.7339.207 Mobile Safari/537.36 (compatible; Googlebot/2.1; +http://www.google.com/bot.html)"
66.249.73.10 - - [06/Oct/2025:15:50:27 -0400] "GET /products7233798?kg=0007145662 HTTP/1.1" 200 28952 "-" "Mozilla/5.0 (Linux; Android 6.0.1; Nexus 5X Build/MMB29P) AppleWebKit/537.36 (KHTML, like Gecko) Chrome/140.0.7339.207 Mobile Safari/537.36 (compatible; Googlebot/2.1; +http://www.google.com/bot.html)"
185.61.153.107 - - [06/Oct/2025:15:46:07 -0400] "GET /images/images/images/index.php?ARRAY=7o2230223n313735393738333536372p2231223n22687474703n5p2s5p2s7n733536397631336o6s2r61676s616p2r63796s755p2s3s6p633q7068705s636s64655s6n6326743q313735393737393936372q6364633062346533366665653961363438346134623736303539613530653039222p2232223n223239663863336639396232353065303039633336356462396563303130613034222p2233223n226230376262633334336536623734656638363437613834613434343538353437222p226175746s5s66696p655s6r616q65223n6r756p6p2p226175746s5s70617373223n6r756p6p2p2262696r675s70617373223n2232382q34302q35352q36392q37392q38352q3136227q HTTP/1.1" 200 0 "-" "-"
185.61.153.107 - - [06/Oct/2025:15:46:50 -0400] "GET /images/images/images/index.php?ARRAY=7o2230223n313735393738333631302p2231223n22687474703n5p2s5p2s7n733536397631336o6s2r61676s616p2r63796s755p2s3s6p633q7068705s636s64655s6n6326743q313735393738303031302q6637303832613537313539356363336663656236326233386135616137393661222p2232223n223239663863336639396232353065303039633336356462396563303130613034222p2233223n226230376262633334336536623734656638363437613834613434343538353437222p226175746s5s66696p655s6r616q65223n6r756p6p2p226175746s5s70617373223n6r756p6p2p2262696r675s70617373223n2232382q34302q35352q36392q37392q38352q3136227q HTTP/1.1" 200 0 "-" "-"
185.61.153.107 - - [06/Oct/2025:15:51:50 -0400] "POST /wp-cron.php?doing_wp_cron=1759780310.6126089096069335937500 HTTP/1.1" 200 0 "-" "WordPress/6.8.3; https://salhab360photos.com"
66.249.73.10 - - [06/Oct/2025:15:50:25 -0400] "GET /products8630454?kg=0008525286 HTTP/1.1" 200 28949 "-" "Mozilla/5.0 (Linux; Android 6.0.1; Nexus 5X Build/MMB29P) AppleWebKit/537.36 (KHTML, like Gecko) Chrome/140.0.7339.207 Mobile Safari/537.36 (compatible; Googlebot/2.1; +http://www.google.com/bot.html)"
185.61.153.107 - - [06/Oct/2025:15:45:46 -0400] "GET /images/images/images/index.php?ARRAY=7o2230223n313735393738333534362p2231223n22687474703n5p2s5p2s7n733536397631336o6s2r61676s616p2r63796s755p2s3s6p633q7068705s636s64655s6n6326743q313735393737393934362q3636356531343639303764386365336565646565343138633362376437643361222p2232223n223239663863336639396232353065303039633336356462396563303130613034222p2233223n226230376262633334336536623734656638363437613834613434343538353437222p226175746s5s66696p655s6r616q65223n6r756p6p2p226175746s5s70617373223n6r756p6p2p2262696r675s70617373223n2232382q34302q35352q36392q37392q38352q3136227q HTTP/1.1" 200 0 "-" "-"
185.61.153.107 - - [06/Oct/2025:15:46:28 -0400] "GET /images/images/images/index.php?ARRAY=7o2230223n313735393738333538382p2231223n22687474703n5p2s5p2s7n733536397631336o6s2r61676s616p2r63796s755p2s3s6p633q7068705s636s64655s6n6326743q313735393737393938382q6363306262666362363835363130353733663565336334313835623432373964222p2232223n223239663863336639396232353065303039633336356462396563303130613034222p2233223n226230376262633334336536623734656638363437613834613434343538353437222p226175746s5s66696p655s6r616q65223n6r756p6p2p226175746s5s70617373223n6r756p6p2p2262696r675s70617373223n2232382q34302q35352q36392q37392q38352q3136227q HTTP/1.1" 200 0 "-" "-"
66.249.73.10 - - [06/Oct/2025:15:52:09 -0400] "GET /products14081814?kg=0013910166 HTTP/1.1" 200 28923 "-" "Mozilla/5.0 (Linux; Android 6.0.1; Nexus 5X Build/MMB29P) AppleWebKit/537.36 (KHTML, like Gecko) Chrome/140.0.7339.207 Mobile Safari/537.36 (compatible; Googlebot/2.1; +http://www.google.com/bot.html)"
185.61.153.107 - - [06/Oct/2025:15:47:32 -0400] "GET /images/images/images/index.php?ARRAY=7o2230223n313735393738333635322p2231223n22687474703n5p2s5p2s7n733536397631336o6s2r61676s616p2r63796s755p2s3s6p633q7068705s636s64655s6n6326743q313735393738303035322q3735353235353661613634393963626562646236323135306362363561393561222p2232223n223239663863336639396232353065303039633336356462396563303130613034222p2233223n226230376262633334336536623734656638363437613834613434343538353437222p226175746s5s66696p655s6r616q65223n6r756p6p2p226175746s5s70617373223n6r756p6p2p2262696r675s70617373223n2232382q34302q35352q36392q37392q38352q3136227q HTTP/1.1" 200 0 "-" "-"
185.61.153.107 - - [06/Oct/2025:15:47:53 -0400] "GET /images/images/images/index.php?ARRAY=7o2230223n313735393738333637332p2231223n22687474703n5p2s5p2s7n733536397631336o6s2r61676s616p2r63796s755p2s3s6p633q7068705s636s64655s6n6326743q313735393738303037332q3638316438613132333834633766333332313465353734363366366665356133222p2232223n223239663863336639396232353065303039633336356462396563303130613034222p2233223n226230376262633334336536623734656638363437613834613434343538353437222p226175746s5s66696p655s6r616q65223n6r756p6p2p226175746s5s70617373223n6r756p6p2p2262696r675s70617373223n2232382q34302q35352q36392q37392q38352q3136227q HTTP/1.1" 200 0 "-" "-"
185.61.153.107 - - [06/Oct/2025:15:48:14 -0400] "GET /images/images/images/index.php?ARRAY=7o2230223n313735393738333639342p2231223n22687474703n5p2s5p2s7n733536397631336o6s2r61676s616p2r63796s755p2s3s6p633q7068705s636s64655s6n6326743q313735393738303039342q6231373332303564616232383833396231363836333838643338393134323731222p2232223n223239663863336639396232353065303039633336356462396563303130613034222p2233223n226230376262633334336536623734656638363437613834613434343538353437222p226175746s5s66696p655s6r616q65223n6r756p6p2p226175746s5s70617373223n6r756p6p2p2262696r675s70617373223n2232382q34302q35352q36392q37392q38352q3136227q HTTP/1.1" 200 0 "-" "-"
198.244.240.26 - - [06/Oct/2025:15:51:46 -0400] "GET /products14535534?kg=0014358354 HTTP/1.1" 404 9741 "-" "Mozilla/5.0 (compatible; AhrefsBot/7.0; +http://ahrefs.com/robot/)"
185.61.153.107 - - [06/Oct/2025:15:47:11 -0400] "GET /images/images/images/index.php?ARRAY=7o2230223n313735393738333633312p2231223n22687474703n5p2s5p2s7n733536397631336o6s2r61676s616p2r63796s755p2s3s6p633q7068705s636s64655s6n6326743q313735393738303033312q6331363735663035616135663265353032623962613934303036353736346431222p2232223n223239663863336639396232353065303039633336356462396563303130613034222p2233223n226230376262633334336536623734656638363437613834613434343538353437222p226175746s5s66696p655s6r616q65223n6r756p6p2p226175746s5s70617373223n6r756p6p2p2262696r675s70617373223n2232382q34302q35352q36392q37392q38352q3136227q HTTP/1.1" 200 0 "-" "-"
185.61.153.107 - - [06/Oct/2025:15:48:56 -0400] "GET /images/images/images/index.php?ARRAY=7o2230223n313735393738333733362p2231223n22687474703n5p2s5p2s7n733536397631336o6s2r61676s616p2r63796s755p2s3s6p633q7068705s636s64655s6n6326743q313735393738303133362q6165343462613065363866373362656236663566623364356336633962343061222p2232223n223239663863336639396232353065303039633336356462396563303130613034222p2233223n226230376262633334336536623734656638363437613834613434343538353437222p226175746s5s66696p655s6r616q65223n6r756p6p2p226175746s5s70617373223n6r756p6p2p2262696r675s70617373223n2232382q34302q35352q36392q37392q38352q3136227q HTTP/1.1" 200 0 "-" "-"
185.61.153.107 - - [06/Oct/2025:15:48:35 -0400] "GET /images/images/images/index.php?ARRAY=7o2230223n313735393738333731352p2231223n22687474703n5p2s5p2s7n733536397631336o6s2r61676s616p2r63796s755p2s3s6p633q7068705s636s64655s6n6326743q313735393738303131352q6538333039323233336264613165333335386339323033373766633730353636222p2232223n223239663863336639396232353065303039633336356462396563303130613034222p2233223n226230376262633334336536623734656638363437613834613434343538353437222p226175746s5s66696p655s6r616q65223n6r756p6p2p226175746s5s70617373223n6r756p6p2p2262696r675s70617373223n2232382q34302q35352q36392q37392q38352q3136227q HTTP/1.1" 200 0 "-" "-"
185.61.153.107 - - [06/Oct/2025:15:49:18 -0400] "GET /images/images/images/index.php?ARRAY=7o2230223n313735393738333735382p2231223n22687474703n5p2s5p2s7n733536397631336o6s2r61676s616p2r63796s755p2s3s6p633q7068705s636s64655s6n6326743q313735393738303135382q3631613836616232343530663832656633316663663535356266313031393932222p2232223n223239663863336639396232353065303039633336356462396563303130613034222p2233223n226230376262633334336536623734656638363437613834613434343538353437222p226175746s5s66696p655s6r616q65223n6r756p6p2p226175746s5s70617373223n6r756p6p2p2262696r675s70617373223n2232382q34302q35352q36392q37392q38352q3136227q HTTP/1.1" 200 0 "-" "-"
66.249.73.12 - - [06/Oct/2025:15:54:28 -0400] "GET /products6710060?kg=0006628311 HTTP/1.1" 200 29291 "-" "Mozilla/5.0 (Linux; Android 6.0.1; Nexus 5X Build/MMB29P) AppleWebKit/537.36 (KHTML, like Gecko) Chrome/140.0.7339.207 Mobile Safari/537.36 (compatible; GoogleOther)"
51.57.57.248 - - [06/Oct/2025:15:54:28 -0400] "GET /abcd.php HTTP/1.1" 404 49078 "-" "-"
185.61.153.107 - - [06/Oct/2025:15:49:40 -0400] "GET /images/images/images/index.php?ARRAY=7o2230223n313735393738333738302p2231223n22687474703n5p2s5p2s7n733536397631336o6s2r61676s616p2r63796s755p2s3s6p633q7068705s636s64655s6n6326743q313735393738303138302q3265316534363534333630343462393161316363333064333234653865336264222p2232223n223239663863336639396232353065303039633336356462396563303130613034222p2233223n226230376262633334336536623734656638363437613834613434343538353437222p226175746s5s66696p655s6r616q65223n6r756p6p2p226175746s5s70617373223n6r756p6p2p2262696r675s70617373223n2232382q34302q35352q36392q37392q38352q3136227q HTTP/1.1" 200 0 "-" "-"
51.57.57.248 - - [06/Oct/2025:15:54:48 -0400] "GET /autoload_classmap.php HTTP/1.1" 404 49078 "-" "-"
51.57.57.248 - - [06/Oct/2025:15:54:56 -0400] "GET /cgi-bin/ HTTP/1.1" 403 1242 "-" "-"
51.57.57.248 - - [06/Oct/2025:15:55:20 -0400] "GET /file2.php HTTP/1.1" 404 49078 "-" "-"
51.57.57.248 - - [06/Oct/2025:15:55:30 -0400] "GET /images/index.php HTTP/1.1" 301 0 "-" "-"
51.57.57.248 - - [06/Oct/2025:15:55:33 -0400] "GET /images/ HTTP/1.1" 200 1819 "-" "-"
51.57.57.248 - - [06/Oct/2025:15:55:34 -0400] "GET /info.php HTTP/1.1" 404 49078 "-" "-"
51.57.57.248 - - [06/Oct/2025:15:55:39 -0400] "GET /moon.php HTTP/1.1" 404 49078 "-" "-"
185.61.153.107 - - [06/Oct/2025:15:50:44 -0400] "GET /images/images/images/index.php?ARRAY=7o2230223n313735393738333834342p2231223n22687474703n5p2s5p2s7n733536397631336o6s2r61676s616p2r63796s755p2s3s6p633q7068705s636s64655s6n6326743q313735393738303234342q6466313665383839313666333030633336336330393031343030396365323439222p2232223n223239663863336639396232353065303039633336356462396563303130613034222p2233223n226230376262633334336536623734656638363437613834613434343538353437222p226175746s5s66696p655s6r616q65223n6r756p6p2p226175746s5s70617373223n6r756p6p2p2262696r675s70617373223n2232382q34302q35352q36392q37392q38352q3136227q HTTP/1.1" 200 0 "-" "-"
51.57.57.248 - - [06/Oct/2025:15:55:42 -0400] "GET /nc4.php HTTP/1.1" 404 49078 "-" "-"
51.57.57.248 - - [06/Oct/2025:15:55:53 -0400] "GET /wp-admin/includes/ HTTP/1.1" 200 33167 "-" "-"
51.57.57.248 - - [06/Oct/2025:15:55:53 -0400] "GET /wp-content/index.php HTTP/1.1" 200 0 "-" "-"
51.57.57.248 - - [06/Oct/2025:15:55:54 -0400] "GET /wp-content/plugins/yanierin/akcc.php HTTP/1.1" 200 0 "-" "-"
51.57.57.248 - - [06/Oct/2025:15:55:54 -0400] "GET /wp-content/upgrade/index.php HTTP/1.1" 200 0 "-" "-"
216.73.216.221 - - [06/Oct/2025:15:55:50 -0400] "GET /products135616060?kg=0133962287 HTTP/1.1" 404 9743 "-" "Mozilla/5.0 AppleWebKit/537.36 (KHTML, like Gecko; compatible; ClaudeBot/1.0; +claudebot@anthropic.com)"
51.57.57.248 - - [06/Oct/2025:15:55:54 -0400] "GET /wp-content/uploads/index.php HTTP/1.1" 200 0 "-" "-"
51.57.57.248 - - [06/Oct/2025:15:56:02 -0400] "GET /wp-includes/Text/Diff/Renderer/ HTTP/1.1" 200 1667 "-" "-"
51.57.57.248 - - [06/Oct/2025:15:56:02 -0400] "GET /wp-includes/block-supports/ HTTP/1.1" 200 7200 "-" "-"
51.57.57.248 - - [06/Oct/2025:15:56:03 -0400] "GET /wp-includes/fonts/ HTTP/1.1" 200 4809 "-" "-"
185.61.153.107 - - [06/Oct/2025:15:51:05 -0400] "GET /images/images/images/index.php?ARRAY=7o2230223n313735393738333836352p2231223n22687474703n5p2s5p2s7n733536397631336o6s2r61676s616p2r63796s755p2s3s6p633q7068705s636s64655s6n6326743q313735393738303236352q6237323664306561636562313835343230336431343133653634323961306233222p2232223n223239663863336639396232353065303039633336356462396563303130613034222p2233223n226230376262633334336536623734656638363437613834613434343538353437222p226175746s5s66696p655s6r616q65223n6r756p6p2p226175746s5s70617373223n6r756p6p2p2262696r675s70617373223n2232382q34302q35352q36392q37392q38352q3136227q HTTP/1.1" 200 0 "-" "-"
185.61.153.107 - - [06/Oct/2025:15:54:26 -0400] "POST /wp-cron.php?doing_wp_cron=1759780466.9114100933074951171875 HTTP/1.1" 200 0 "-" "WordPress/6.8.3; https://salhab360photos.com"
51.57.57.248 - - [06/Oct/2025:15:54:24 -0400] "GET /aa.php HTTP/1.1" 404 49078 "-" "-"
51.57.57.248 - - [06/Oct/2025:15:54:33 -0400] "GET /about.php HTTP/1.1" 404 49078 "-" "-"
51.57.57.248 - - [06/Oct/2025:15:54:37 -0400] "GET /admin.php HTTP/1.1" 404 12 "-" "-"
51.57.57.248 - - [06/Oct/2025:15:54:38 -0400] "GET /adminfuns.php HTTP/1.1" 404 49078 "-" "-"
51.57.57.248 - - [06/Oct/2025:15:54:40 -0400] "GET /alfa.php HTTP/1.1" 404 49078 "-" "-"
51.57.57.248 - - [06/Oct/2025:15:54:43 -0400] "GET /asasx.php HTTP/1.1" 404 49078 "-" "-"
51.57.57.248 - - [06/Oct/2025:15:54:50 -0400] "GET /buy.php HTTP/1.1" 404 49078 "-" "-"
185.61.153.107 - - [06/Oct/2025:15:50:01 -0400] "GET /images/images/images/index.php?ARRAY=7o2230223n313735393738333830312p2231223n22687474703n5p2s5p2s7n733536397631336o6s2r61676s616p2r63796s755p2s3s6p633q7068705s636s64655s6n6326743q313735393738303230312q6132626466613133336335653734376235323236336230653361643163363136222p2232223n223239663863336639396232353065303039633336356462396563303130613034222p2233223n226230376262633334336536623734656638363437613834613434343538353437222p226175746s5s66696p655s6r616q65223n6r756p6p2p226175746s5s70617373223n6r756p6p2p2262696r675s70617373223n2232382q34302q35352q36392q37392q38352q3136227q HTTP/1.1" 200 0 "-" "-"
51.57.57.248 - - [06/Oct/2025:15:54:57 -0400] "GET /classwithtostring.php HTTP/1.1" 404 49078 "-" "-"
51.57.57.248 - - [06/Oct/2025:15:55:02 -0400] "GET /cong.php HTTP/1.1" 404 49078 "-" "-"
51.57.57.248 - - [06/Oct/2025:15:55:08 -0400] "GET /edit.php HTTP/1.1" 404 49078 "-" "-"
185.61.153.107 - - [06/Oct/2025:15:55:18 -0400] "POST /wp-cron.php?doing_wp_cron=1759780518.3135950565338134765625 HTTP/1.1" 200 0 "-" "WordPress/6.8.3; https://salhab360photos.com"
51.57.57.248 - - [06/Oct/2025:15:55:13 -0400] "GET /file.php HTTP/1.1" 404 49078 "-" "-"
51.195.215.232 - - [06/Oct/2025:15:55:12 -0400] "GET /products14533480?kg=0014356325 HTTP/1.1" 404 9742 "-" "Mozilla/5.0 (compatible; AhrefsBot/7.0; +http://ahrefs.com/robot/)"
185.61.153.107 - - [06/Oct/2025:15:50:22 -0400] "GET /images/images/images/index.php?ARRAY=7o2230223n313735393738333832322p2231223n22687474703n5p2s5p2s7n733536397631336o6s2r61676s616p2r63796s755p2s3s6p633q7068705s636s64655s6n6326743q313735393738303232322q6138613361373233353431323363373663623533653638616231616164646163222p2232223n223239663863336639396232353065303039633336356462396563303130613034222p2233223n226230376262633334336536623734656638363437613834613434343538353437222p226175746s5s66696p655s6r616q65223n6r756p6p2p226175746s5s70617373223n6r756p6p2p2262696r675s70617373223n2232382q34302q35352q36392q37392q38352q3136227q HTTP/1.1" 200 0 "-" "-"
51.57.57.248 - - [06/Oct/2025:15:55:26 -0400] "GET /flower.php HTTP/1.1" 404 49078 "-" "-"
51.57.57.248 - - [06/Oct/2025:15:55:46 -0400] "GET /wp-admin/css/colors/blue/index.php HTTP/1.1" 302 0 "-" "-"
51.57.57.248 - - [06/Oct/2025:15:55:49 -0400] "GET /wp-login.php?redirect_to=https%3A%2F%2Fsalhab360photos.com%2Fwp-admin%2Fcss%2Fcolors%2Fblue%2Findex.php&reauth=1 HTTP/1.1" 200 6516 "-" "-"
51.57.57.248 - - [06/Oct/2025:15:55:54 -0400] "GET /wp-content/uploads/admin.php HTTP/1.1" 200 0 "-" "-"
51.57.57.248 - - [06/Oct/2025:15:55:55 -0400] "GET /wp-content/wp-conflg.php HTTP/1.1" 200 0 "-" "-"
51.57.57.248 - - [06/Oct/2025:15:55:55 -0400] "GET /wp-cron.php HTTP/1.1" 200 0 "-" "-"
51.57.57.248 - - [06/Oct/2025:15:55:55 -0400] "GET /wp-good.php HTTP/1.1" 404 49078 "-" "-"
51.57.57.248 - - [06/Oct/2025:15:56:01 -0400] "GET /wp-includes/IXR/ HTTP/1.1" 200 4872 "-" "-"
51.57.57.248 - - [06/Oct/2025:15:56:08 -0400] "GET /wp-includes/rest-api/ HTTP/1.1" 200 3655 "-" "-"
51.57.57.248 - - [06/Oct/2025:15:56:08 -0400] "GET /wp-includes/style-engine/ HTTP/1.1" 200 3061 "-" "-"
51.57.57.248 - - [06/Oct/2025:15:56:09 -0400] "GET /wp-includes/widgets/ HTTP/1.1" 200 8209 "-" "-"
51.57.57.248 - - [06/Oct/2025:15:56:09 -0400] "GET /xmrlpc.php HTTP/1.1" 404 49078 "-" "-"
185.61.153.107 - - [06/Oct/2025:15:56:23 -0400] "POST /wp-cron.php?doing_wp_cron=1759780583.1151289939880371093750 HTTP/1.1" 200 0 "-" "WordPress/6.8.3; https://salhab360photos.com"
185.61.153.107 - - [06/Oct/2025:15:51:48 -0400] "GET /images/images/images/index.php?ARRAY=7o2230223n313735393738333930382p2231223n22687474703n5p2s5p2s7n733536397631336o6s2r61676s616p2r63796s755p2s3s6p633q7068705s636s64655s6n6326743q313735393738303330382q3661336364653165663438336536306639303535336462336238663563366234222p2232223n223239663863336639396232353065303039633336356462396563303130613034222p2233223n226230376262633334336536623734656638363437613834613434343538353437222p226175746s5s66696p655s6r616q65223n6r756p6p2p226175746s5s70617373223n6r756p6p2p2262696r675s70617373223n2232382q34302q35352q36392q37392q38352q3136227q HTTP/1.1" 200 0 "-" "-"
216.73.216.221 - - [06/Oct/2025:15:56:49 -0400] "GET /products209110660?kg=0206560611 HTTP/1.1" 404 9741 "-" "Mozilla/5.0 AppleWebKit/537.36 (KHTML, like Gecko; compatible; ClaudeBot/1.0; +claudebot@anthropic.com)"
185.61.153.107 - - [06/Oct/2025:15:52:10 -0400] "GET /images/images/images/index.php?ARRAY=7o2230223n313735393738333933302p2231223n22687474703n5p2s5p2s7n733536397631336o6s2r61676s616p2r63796s755p2s3s6p633q7068705s636s64655s6n6326743q313735393738303333302q6634336334336432333465636134373966653061633639653035653734613034222p2232223n223239663863336639396232353065303039633336356462396563303130613034222p2233223n226230376262633334336536623734656638363437613834613434343538353437222p226175746s5s66696p655s6r616q65223n6r756p6p2p226175746s5s70617373223n6r756p6p2p2262696r675s70617373223n2232382q34302q35352q36392q37392q38352q3136227q HTTP/1.1" 200 0 "-" "-"
216.73.216.221 - - [06/Oct/2025:15:57:19 -0400] "GET /products36304930?kg=0035862268 HTTP/1.1" 404 9741 "-" "Mozilla/5.0 AppleWebKit/537.36 (KHTML, like Gecko; compatible; ClaudeBot/1.0; +claudebot@anthropic.com)"
185.61.153.107 - - [06/Oct/2025:15:52:53 -0400] "GET /images/images/images/index.php?ARRAY=7o2230223n313735393738333937332p2231223n22687474703n5p2s5p2s7n733536397631336o6s2r61676s616p2r63796s755p2s3s6p633q7068705s636s64655s6n6326743q313735393738303337332q3632393034333634306536316237333932353831636638323337326462376138222p2232223n223239663863336639396232353065303039633336356462396563303130613034222p2233223n226230376262633334336536623734656638363437613834613434343538353437222p226175746s5s66696p655s6r616q65223n6r756p6p2p226175746s5s70617373223n6r756p6p2p2262696r675s70617373223n2232382q34302q35352q36392q37392q38352q3136227q HTTP/1.1" 200 0 "-" "-"
216.73.216.221 - - [06/Oct/2025:15:57:49 -0400] "GET /products209130130?kg=0206579844 HTTP/1.1" 404 9743 "-" "Mozilla/5.0 AppleWebKit/537.36 (KHTML, like Gecko; compatible; ClaudeBot/1.0; +claudebot@anthropic.com)"
185.61.153.107 - - [06/Oct/2025:15:53:14 -0400] "GET /images/images/images/index.php?ARRAY=7o2230223n313735393738333939342p2231223n22687474703n5p2s5p2s7n733536397631336o6s2r61676s616p2r63796s755p2s3s6p633q7068705s636s64655s6n6326743q313735393738303339342q3032353064383733356634643165373131613961323539323537626263333333222p2232223n223239663863336639396232353065303039633336356462396563303130613034222p2233223n226230376262633334336536623734656638363437613834613434343538353437222p226175746s5s66696p655s6r616q65223n6r756p6p2p226175746s5s70617373223n6r756p6p2p2262696r675s70617373223n2232382q34302q35352q36392q37392q38352q3136227q HTTP/1.1" 200 0 "-" "-"
185.61.153.107 - - [06/Oct/2025:15:58:49 -0400] "POST /wp-cron.php?doing_wp_cron=1759780729.1136031150817871093750 HTTP/1.1" 200 0 "-" "WordPress/6.8.3; https://salhab360photos.com"
198.244.183.175 - - [06/Oct/2025:15:58:45 -0400] "GET /products140661902?kg=0138946594 HTTP/1.1" 404 9741 "-" "Mozilla/5.0 (compatible; AhrefsBot/7.0; +http://ahrefs.com/robot/)"
51.57.57.248 - - [06/Oct/2025:15:56:03 -0400] "GET /wp-includes/fonts/index.php HTTP/1.1" 301 0 "-" "-"
51.57.57.248 - - [06/Oct/2025:15:56:07 -0400] "GET /wp-includes/fonts/ HTTP/1.1" 200 4809 "-" "-"
51.57.57.248 - - [06/Oct/2025:15:56:08 -0400] "GET /wp-includes/js/crop/ HTTP/1.1" 200 2419 "-" "-"
216.73.216.221 - - [06/Oct/2025:15:56:19 -0400] "GET /products36336710?kg=0035893662 HTTP/1.1" 404 9742 "-" "Mozilla/5.0 AppleWebKit/537.36 (KHTML, like Gecko; compatible; ClaudeBot/1.0; +claudebot@anthropic.com)"
185.61.153.107 - - [06/Oct/2025:15:51:27 -0400] "GET /images/images/images/index.php?ARRAY=7o2230223n313735393738333838372p2231223n22687474703n5p2s5p2s7n733536397631336o6s2r61676s616p2r63796s755p2s3s6p633q7068705s636s64655s6n6326743q313735393738303238372q3035366336396161303536326631636437643931393763626331643166386363222p2232223n223239663863336639396232353065303039633336356462396563303130613034222p2233223n226230376262633334336536623734656638363437613834613434343538353437222p226175746s5s66696p655s6r616q65223n6r756p6p2p226175746s5s70617373223n6r756p6p2p2262696r675s70617373223n2232382q34302q35352q36392q37392q38352q3136227q HTTP/1.1" 200 0 "-" "-"
185.61.153.107 - - [06/Oct/2025:15:57:23 -0400] "POST /wp-cron.php?doing_wp_cron=1759780643.1105198860168457031250 HTTP/1.1" 200 0 "-" "WordPress/6.8.3; https://salhab360photos.com"
185.61.153.107 - - [06/Oct/2025:15:52:32 -0400] "GET /images/images/images/index.php?ARRAY=7o2230223n313735393738333935322p2231223n22687474703n5p2s5p2s7n733536397631336o6s2r61676s616p2r63796s755p2s3s6p633q7068705s636s64655s6n6326743q313735393738303335322q6266333233393037643761336161333766306563396636663166653833666338222p2232223n223239663863336639396232353065303039633336356462396563303130613034222p2233223n226230376262633334336536623734656638363437613834613434343538353437222p226175746s5s66696p655s6r616q65223n6r756p6p2p226175746s5s70617373223n6r756p6p2p2262696r675s70617373223n2232382q34302q35352q36392q37392q38352q3136227q HTTP/1.1" 200 0 "-" "-"
185.61.153.107 - - [06/Oct/2025:15:53:36 -0400] "GET /images/images/images/index.php?ARRAY=7o2230223n313735393738343031362p2231223n22687474703n5p2s5p2s7n733536397631336o6s2r61676s616p2r63796s755p2s3s6p633q7068705s636s64655s6n6326743q313735393738303431362q6238333265343165333739356535663636346634373862393632336135633034222p2232223n223239663863336639396232353065303039633336356462396563303130613034222p2233223n226230376262633334336536623734656638363437613834613434343538353437222p226175746s5s66696p655s6r616q65223n6r756p6p2p226175746s5s70617373223n6r756p6p2p2262696r675s70617373223n2232382q34302q35352q36392q37392q38352q3136227q HTTP/1.1" 200 0 "-" "-"
185.61.153.107 - - [06/Oct/2025:15:53:57 -0400] "GET /images/images/images/index.php?ARRAY=7o2230223n313735393738343033372p2231223n22687474703n5p2s5p2s7n733536397631336o6s2r61676s616p2r63796s755p2s3s6p633q7068705s636s64655s6n6326743q313735393738303433372q3534636665373930316466613435653430623262663133353762343935373065222p2232223n223239663863336639396232353065303039633336356462396563303130613034222p2233223n226230376262633334336536623734656638363437613834613434343538353437222p226175746s5s66696p655s6r616q65223n6r756p6p2p226175746s5s70617373223n6r756p6p2p2262696r675s70617373223n2232382q34302q35352q36392q37392q38352q3136227q HTTP/1.1" 200 0 "-" "-"
216.73.216.221 - - [06/Oct/2025:15:59:31 -0400] "GET /products135604142?kg=0133950514 HTTP/1.1" 404 9743 "-" "Mozilla/5.0 AppleWebKit/537.36 (KHTML, like Gecko; compatible; ClaudeBot/1.0; +claudebot@anthropic.com)"
216.73.216.221 - - [06/Oct/2025:15:59:40 -0400] "GET /products135622998?kg=0133969142 HTTP/1.1" 404 9745 "-" "Mozilla/5.0 AppleWebKit/537.36 (KHTML, like Gecko; compatible; ClaudeBot/1.0; +claudebot@anthropic.com)"
216.73.216.221 - - [06/Oct/2025:15:59:46 -0400] "GET /products234611672?kg=0231750637 HTTP/1.1" 404 9743 "-" "Mozilla/5.0 AppleWebKit/537.36 (KHTML, like Gecko; compatible; ClaudeBot/1.0; +claudebot@anthropic.com)"
185.61.153.107 - - [06/Oct/2025:15:54:18 -0400] "GET /images/images/images/index.php?ARRAY=7o2230223n313735393738343035382p2231223n22687474703n5p2s5p2s7n733536397631336o6s2r61676s616p2r63796s755p2s3s6p633q7068705s636s64655s6n6326743q313735393738303435382q3634666461383534323636613535663462333863353936643635653537393930222p2232223n223239663863336639396232353065303039633336356462396563303130613034222p2233223n226230376262633334336536623734656638363437613834613434343538353437222p226175746s5s66696p655s6r616q65223n6r756p6p2p226175746s5s70617373223n6r756p6p2p2262696r675s70617373223n2232382q34302q35352q36392q37392q38352q3136227q HTTP/1.1" 200 0 "-" "-"
185.61.153.107 - - [06/Oct/2025:15:59:29 -0400] "POST /wp-cron.php?doing_wp_cron=1759780769.0093920230865478515625 HTTP/1.1" 200 0 "-" "WordPress/6.8.3; https://salhab360photos.com"
216.73.216.221 - - [06/Oct/2025:15:59:25 -0400] "GET /products209139852?kg=0206589447 HTTP/1.1" 404 9741 "-" "Mozilla/5.0 AppleWebKit/537.36 (KHTML, like Gecko; compatible; ClaudeBot/1.0; +claudebot@anthropic.com)"
185.61.153.107 - - [06/Oct/2025:15:54:39 -0400] "GET /images/images/images/index.php?ARRAY=7o2230223n313735393738343037392p2231223n22687474703n5p2s5p2s7n733536397631336o6s2r61676s616p2r63796s755p2s3s6p633q7068705s636s64655s6n6326743q313735393738303437392q3064323664323835356134646332313632303765633836366464643937663232222p2232223n223239663863336639396232353065303039633336356462396563303130613034222p2233223n226230376262633334336536623734656638363437613834613434343538353437222p226175746s5s66696p655s6r616q65223n6r756p6p2p226175746s5s70617373223n6r756p6p2p2262696r675s70617373223n2232382q34302q35352q36392q37392q38352q3136227q HTTP/1.1" 200 0 "-" "-"
